74.7.243.231 - - [29/Jul/2026:16:42:00 +0200] "GET /shops/legitimately/m4a1g7o7t2p3i9e2652 HTTP/1.1" 404 81563 "https://royalty-trailers.co.za/sitemap.xml" "Mozilla/5.0 AppleWebKit/537.36 (KHTML, like Gecko; compatible; GPTBot/1.4; +https://openai.com/gptbot)"
216.73.217.39 - - [29/Jul/2026:16:42:03 +0200] "GET /?j=u4r3a4n8o0c0h4e2r900 HTTP/1.1" 200 203690 "-" "Mozilla/5.0 AppleWebKit/537.36 (KHTML, like Gecko; compatible; ClaudeBot/1.0; +claudebot@anthropic.com)"
74.7.243.231 - - [29/Jul/2026:16:42:04 +0200] "GET /shops/zircono/a9c1c7e7p9t0a5b6i9l7i6ty HTTP/1.1" 404 81563 "https://royalty-trailers.co.za/sitemap-pages.xml" "Mozilla/5.0 AppleWebKit/537.36 (KHTML, like Gecko; compatible; GPTBot/1.4; +https://openai.com/gptbot)"
74.7.243.231 - - [29/Jul/2026:16:42:07 +0200] "GET /shops/cenozic/g9r3a1m9m4a6t6i1c3i8z1ed HTTP/1.1" 404 81563 "https://royalty-trailers.co.za/sitemap-pages.xml" "Mozilla/5.0 AppleWebKit/537.36 (KHTML, like Gecko; compatible; GPTBot/1.4; +https://openai.com/gptbot)"
74.7.243.231 - - [29/Jul/2026:16:42:11 +0200] "GET /shops/philogynist/c9o2n5j7u9g6a7t3e969 HTTP/1.1" 404 81563 "https://royalty-trailers.co.za/sitemap-pages.xml" "Mozilla/5.0 AppleWebKit/537.36 (KHTML, like Gecko; compatible; GPTBot/1.4; +https://openai.com/gptbot)"
164.68.125.131 - - [29/Jul/2026:16:42:19 +0200] "POST /wp-cron.php?doing_wp_cron=1785336139.1766159534454345703125 HTTP/1.1" 200 0 "-" "WordPress/6.9.4; https://royalty-trailers.co.za"
57.141.0.54 - - [29/Jul/2026:16:42:19 +0200] "GET /?j=e9m1a4n4c3i3p3a2t1i7n4g HTTP/1.1" 200 203381 "-" "Mozilla/5.0 (Windows NT 10.0; Win64; x64) AppleWebKit/537.36 (KHTML, like Gecko) Chrome/145.0.0.0 Safari/537.36 (compatible; meta-externalagent/1.1 (+https://developers.facebook.com/docs/sharing/webmasters/crawler))"
216.73.217.39 - - [29/Jul/2026:16:42:24 +0200] "GET /catalogs/trispast/i4n2f8l5u1e1n2c0i8n4g9 HTTP/1.1" 404 146249 "-" "Mozilla/5.0 AppleWebKit/537.36 (KHTML, like Gecko; compatible; ClaudeBot/1.0; +claudebot@anthropic.com)"
216.73.217.39 - - [29/Jul/2026:16:42:33 +0200] "GET /?j=b4o3r7s1h9895267 HTTP/1.1" 200 203656 "-" "Mozilla/5.0 AppleWebKit/537.36 (KHTML, like Gecko; compatible; ClaudeBot/1.0; +claudebot@anthropic.com)"
74.7.243.231 - - [29/Jul/2026:16:42:34 +0200] "GET /shops/periclinia/a9c4e0t4a4r3i3o8u2s44 HTTP/1.1" 404 130715 "https://royalty-trailers.co.za/sitemap-pages.xml" "Mozilla/5.0 AppleWebKit/537.36 (KHTML, like Gecko; compatible; GPTBot/1.4; +https://openai.com/gptbot)"
74.7.243.231 - - [29/Jul/2026:16:42:48 +0200] "GET /shops/aerobiotic/p9a1r6a6t3h3e5s5i7s24 HTTP/1.1" 404 81563 "https://royalty-trailers.co.za/sitemap-pages.xml" "Mozilla/5.0 AppleWebKit/537.36 (KHTML, like Gecko; compatible; GPTBot/1.4; +https://openai.com/gptbot)"
216.73.217.39 - - [29/Jul/2026:16:42:51 +0200] "GET /?j=a4s2p1i9r1e4m9e2n4t47 HTTP/1.1" 200 203536 "-" "Mozilla/5.0 AppleWebKit/537.36 (KHTML, like Gecko; compatible; ClaudeBot/1.0; +claudebot@anthropic.com)"
74.7.243.231 - - [29/Jul/2026:16:42:52 +0200] "GET /shops/immanence/m4e1l2a3n0o3s1c4o9p7e5 HTTP/1.1" 404 130715 "https://royalty-trailers.co.za/sitemap.xml" "Mozilla/5.0 AppleWebKit/537.36 (KHTML, like Gecko; compatible; GPTBot/1.4; +https://openai.com/gptbot)"
74.7.243.231 - - [29/Jul/2026:16:42:55 +0200] "GET /shops/antibaryon/o9v1e2r2h5i4p2p5e1d32 HTTP/1.1" 404 81563 "https://royalty-trailers.co.za/sitemap-pages.xml" "Mozilla/5.0 AppleWebKit/537.36 (KHTML, like Gecko; compatible; GPTBot/1.4; +https://openai.com/gptbot)"
74.7.243.231 - - [29/Jul/2026:16:42:59 +0200] "GET /shops/beforetime/d9i3s6t2r2u7s5t9f5u5l4ly HTTP/1.1" 404 81563 "https://royalty-trailers.co.za/sitemap-pages.xml" "Mozilla/5.0 AppleWebKit/537.36 (KHTML, like Gecko; compatible; GPTBot/1.4; +https://openai.com/gptbot)"
74.7.243.231 - - [29/Jul/2026:16:43:04 +0200] "GET /legitimately/uncurable/s4t3a5n8d4p0o4i1n8t00 HTTP/1.1" 404 130715 "https://royalty-trailers.co.za/sitemap.xml" "Mozilla/5.0 AppleWebKit/537.36 (KHTML, like Gecko; compatible; GPTBot/1.4; +https://openai.com/gptbot)"
74.7.243.231 - - [29/Jul/2026:16:43:09 +0200] "GET /omnispective/tangalung/w4i4t0h9s8t9a8n1d897 HTTP/1.1" 404 81563 "https://royalty-trailers.co.za/sitemap.xml" "Mozilla/5.0 AppleWebKit/537.36 (KHTML, like Gecko; compatible; GPTBot/1.4; +https://openai.com/gptbot)"
74.7.243.231 - - [29/Jul/2026:16:43:14 +0200] "GET /shops/worshipping/h9e2a4r1t1w6a7r6m5i9n4gadj HTTP/1.1" 404 81563 "https://royalty-trailers.co.za/sitemap-pages.xml" "Mozilla/5.0 AppleWebKit/537.36 (KHTML, like Gecko; compatible; GPTBot/1.4; +https://openai.com/gptbot)"
216.73.217.39 - - [29/Jul/2026:16:43:14 +0200] "GET /?j=k4n6o8b8b6l1e1r012 HTTP/1.1" 200 203593 "-" "Mozilla/5.0 AppleWebKit/537.36 (KHTML, like Gecko; compatible; ClaudeBot/1.0; +claudebot@anthropic.com)"
164.68.125.131 - - [29/Jul/2026:16:43:19 +0200] "POST /wp-cron.php?doing_wp_cron=1785336199.5803179740905761718750 HTTP/1.1" 200 0 "-" "WordPress/6.9.4; https://royalty-trailers.co.za"
74.7.243.231 - - [29/Jul/2026:16:43:19 +0200] "GET /comfortlessly/gruelling/f4r3e5s6c2o7i0n5g107 HTTP/1.1" 404 81563 "https://royalty-trailers.co.za/sitemap.xml" "Mozilla/5.0 AppleWebKit/537.36 (KHTML, like Gecko; compatible; GPTBot/1.4; +https://openai.com/gptbot)"
216.73.217.39 - - [29/Jul/2026:16:43:24 +0200] "GET /?j=c4o6r7r2o5b7o0r3a2t5e HTTP/1.1" 200 203440 "-" "Mozilla/5.0 AppleWebKit/537.36 (KHTML, like Gecko; compatible; ClaudeBot/1.0; +claudebot@anthropic.com)"
74.7.243.231 - - [29/Jul/2026:16:43:25 +0200] "GET /shops/disobligement/m9u3l3t3i4r4a2m6o7s3e1 HTTP/1.1" 404 81563 "https://royalty-trailers.co.za/sitemap-pages.xml" "Mozilla/5.0 AppleWebKit/537.36 (KHTML, like Gecko; compatible; GPTBot/1.4; +https://openai.com/gptbot)"
74.7.243.231 - - [29/Jul/2026:16:43:29 +0200] "GET /shops/capsule/s9e1m1i0v6i1t8r3i6f5i2ed HTTP/1.1" 404 81563 "https://royalty-trailers.co.za/sitemap-pages.xml" "Mozilla/5.0 AppleWebKit/537.36 (KHTML, like Gecko; compatible; GPTBot/1.4; +https://openai.com/gptbot)"
74.7.243.231 - - [29/Jul/2026:16:43:33 +0200] "GET /shops/unfrequented/h9e3m6i0s1a4l2a2m8a6n1dra HTTP/1.1" 404 81563 "https://royalty-trailers.co.za/sitemap-pages.xml" "Mozilla/5.0 AppleWebKit/537.36 (KHTML, like Gecko; compatible; GPTBot/1.4; +https://openai.com/gptbot)"
74.7.243.231 - - [29/Jul/2026:16:43:36 +0200] "GET /exceptive/misdevotion/p9e2r3s6u5a8s0i8b3l3y8 HTTP/1.1" 404 81563 "https://royalty-trailers.co.za/sitemap-pages.xml" "Mozilla/5.0 AppleWebKit/537.36 (KHTML, like Gecko; compatible; GPTBot/1.4; +https://openai.com/gptbot)"
74.7.243.231 - - [29/Jul/2026:16:43:40 +0200] "GET /shops/overcomingly/c4o3n9v7e7n3t1i6o2n5a1ry HTTP/1.1" 404 81563 "https://royalty-trailers.co.za/sitemap.xml" "Mozilla/5.0 AppleWebKit/537.36 (KHTML, like Gecko; compatible; GPTBot/1.4; +https://openai.com/gptbot)"
66.249.66.72 - - [29/Jul/2026:16:43:41 +0200] "GET /?jerkwater/5987143990 HTTP/1.1" 200 808359 "-" "Mozilla/5.0 (Linux; Android 6.0.1; Nexus 5X Build/MMB29P) AppleWebKit/537.36 (KHTML, like Gecko) Chrome/150.0.7871.128 Mobile Safari/537.36 (compatible; Googlebot/2.1; +http://www.google.com/bot.html)"
74.7.243.231 - - [29/Jul/2026:16:43:46 +0200] "GET /shops/brontotherium/v9o1l2u4p8t9u0a8r1y03 HTTP/1.1" 404 81563 "https://royalty-trailers.co.za/sitemap-pages.xml" "Mozilla/5.0 AppleWebKit/537.36 (KHTML, like Gecko; compatible; GPTBot/1.4; +https://openai.com/gptbot)"
216.73.217.39 - - [29/Jul/2026:16:43:48 +0200] "GET /?j=m4o3n9k6e2y5c3u0p422 HTTP/1.1" 200 203863 "-" "Mozilla/5.0 AppleWebKit/537.36 (KHTML, like Gecko; compatible; ClaudeBot/1.0; +claudebot@anthropic.com)"
66.249.66.164 - - [29/Jul/2026:16:43:49 +0200] "GET /review/goods/R855151871 HTTP/1.1" 200 829684 "-" "Mozilla/5.0 (Linux; Android 6.0.1; Nexus 5X Build/MMB29P) AppleWebKit/537.36 (KHTML, like Gecko) Chrome/150.0.7871.128 Mobile Safari/537.36 (compatible; Googlebot/2.1; +http://www.google.com/bot.html)"
74.7.243.231 - - [29/Jul/2026:16:43:51 +0200] "GET /shops/prompting/s9e3l0f6a7b0h3o1r3r2e5nce HTTP/1.1" 404 81563 "https://royalty-trailers.co.za/sitemap-pages.xml" "Mozilla/5.0 AppleWebKit/537.36 (KHTML, like Gecko; compatible; GPTBot/1.4; +https://openai.com/gptbot)"
74.7.243.231 - - [29/Jul/2026:16:43:55 +0200] "GET /shops/substantivize/b4a3c6u0l4i9f3o7r0m66 HTTP/1.1" 404 81563 "https://royalty-trailers.co.za/sitemap.xml" "Mozilla/5.0 AppleWebKit/537.36 (KHTML, like Gecko; compatible; GPTBot/1.4; +https://openai.com/gptbot)"
74.7.243.231 - - [29/Jul/2026:16:43:59 +0200] "GET /shops/controversor/l9a2c6e5d2a5e8m3o7n0i4an HTTP/1.1" 404 81563 "https://royalty-trailers.co.za/sitemap-pages.xml" "Mozilla/5.0 AppleWebKit/537.36 (KHTML, like Gecko; compatible; GPTBot/1.4; +https://openai.com/gptbot)"
216.73.217.39 - - [29/Jul/2026:16:44:09 +0200] "GET /?j=w4a1r5d5e6n039977 HTTP/1.1" 200 203603 "-" "Mozilla/5.0 AppleWebKit/537.36 (KHTML, like Gecko; compatible; ClaudeBot/1.0; +claudebot@anthropic.com)"
164.68.125.131 - - [29/Jul/2026:16:44:20 +0200] "POST /wp-cron.php?doing_wp_cron=1785336260.6055529117584228515625 HTTP/1.1" 200 0 "-" "WordPress/6.9.4; https://royalty-trailers.co.za"
216.73.217.39 - - [29/Jul/2026:16:44:20 +0200] "GET /shops/handmedown/v4i2l5l5e0n9o9u8s858 HTTP/1.1" 404 146249 "-" "Mozilla/5.0 AppleWebKit/537.36 (KHTML, like Gecko; compatible; ClaudeBot/1.0; +claudebot@anthropic.com)"
74.7.243.231 - - [29/Jul/2026:16:44:24 +0200] "GET /quadrifurcated/autobiographist/41275316458 HTTP/1.1" 404 81563 "https://royalty-trailers.co.za/sitemap.xml" "Mozilla/5.0 AppleWebKit/537.36 (KHTML, like Gecko; compatible; GPTBot/1.4; +https://openai.com/gptbot)"
74.7.243.231 - - [29/Jul/2026:16:44:35 +0200] "GET /shops/benumbed/m4e1t0a2l3l3o2g2r6a4p6hist HTTP/1.1" 404 81563 "https://royalty-trailers.co.za/sitemap.xml" "Mozilla/5.0 AppleWebKit/537.36 (KHTML, like Gecko; compatible; GPTBot/1.4; +https://openai.com/gptbot)"
216.73.217.39 - - [29/Jul/2026:16:44:35 +0200] "GET /?j=d4i9s4h8e2v9e7l2i7n9g HTTP/1.1" 200 203795 "-" "Mozilla/5.0 AppleWebKit/537.36 (KHTML, like Gecko; compatible; ClaudeBot/1.0; +claudebot@anthropic.com)"
74.7.243.231 - - [29/Jul/2026:16:44:40 +0200] "GET /dishfuls/microphonous/s4c1r5a4g0g7i5e5s1t63 HTTP/1.1" 404 81563 "https://royalty-trailers.co.za/sitemap.xml" "Mozilla/5.0 AppleWebKit/537.36 (KHTML, like Gecko; compatible; GPTBot/1.4; +https://openai.com/gptbot)"
74.7.243.231 - - [29/Jul/2026:16:44:43 +0200] "GET /supervened/taphouse/e4n3f0o7r7c8i8v5e5l6y2 HTTP/1.1" 404 81563 "https://royalty-trailers.co.za/sitemap.xml" "Mozilla/5.0 AppleWebKit/537.36 (KHTML, like Gecko; compatible; GPTBot/1.4; +https://openai.com/gptbot)"
74.7.243.231 - - [29/Jul/2026:16:44:46 +0200] "GET /shops/quadrijugous/s9y2l2l6a2b8i7f3i3c3a6tion HTTP/1.1" 404 81563 "https://royalty-trailers.co.za/sitemap-pages.xml" "Mozilla/5.0 AppleWebKit/537.36 (KHTML, like Gecko; compatible; GPTBot/1.4; +https://openai.com/gptbot)"
74.7.243.231 - - [29/Jul/2026:16:44:50 +0200] "GET /shops/artsycraftsy/h9i3p0p2o6g0l1o1s4s4o9ides HTTP/1.1" 404 81563 "https://royalty-trailers.co.za/sitemap-pages.xml" "Mozilla/5.0 AppleWebKit/537.36 (KHTML, like Gecko; compatible; GPTBot/1.4; +https://openai.com/gptbot)"
74.7.243.231 - - [29/Jul/2026:16:44:54 +0200] "GET /misconduct/amalgamator/e4q1u5i2t1a8n4t2668 HTTP/1.1" 404 81563 "https://royalty-trailers.co.za/sitemap.xml" "Mozilla/5.0 AppleWebKit/537.36 (KHTML, like Gecko; compatible; GPTBot/1.4; +https://openai.com/gptbot)"
216.73.217.39 - - [29/Jul/2026:16:44:58 +0200] "GET /?j=i4n3h3a2b6i0t3a9n7c3y7 HTTP/1.1" 200 203405 "-" "Mozilla/5.0 AppleWebKit/537.36 (KHTML, like Gecko; compatible; ClaudeBot/1.0; +claudebot@anthropic.com)"
74.7.243.231 - - [29/Jul/2026:16:44:58 +0200] "GET /weakkneed/shaghaired/b4a3c1k8a0c8t2i0n5g48 HTTP/1.1" 404 81563 "https://royalty-trailers.co.za/sitemap.xml" "Mozilla/5.0 AppleWebKit/537.36 (KHTML, like Gecko; compatible; GPTBot/1.4; +https://openai.com/gptbot)"
74.7.243.231 - - [29/Jul/2026:16:45:02 +0200] "GET /shops/undampned/d9e1l0i9n9e1a7m0e6n6t6 HTTP/1.1" 404 81563 "https://royalty-trailers.co.za/sitemap-pages.xml" "Mozilla/5.0 AppleWebKit/537.36 (KHTML, like Gecko; compatible; GPTBot/1.4; +https://openai.com/gptbot)"
74.7.243.231 - - [29/Jul/2026:16:45:06 +0200] "GET /shops/barbarizing/m4i3n9i2m8i3z3e3d097 HTTP/1.1" 404 81563 "https://royalty-trailers.co.za/sitemap.xml" "Mozilla/5.0 AppleWebKit/537.36 (KHTML, like Gecko; compatible; GPTBot/1.4; +https://openai.com/gptbot)"
216.73.217.39 - - [29/Jul/2026:16:45:06 +0200] "GET /shops/pupipara/a4i1l9u2r1o8p0o1d3i3d7ae HTTP/1.1" 404 146249 "-" "Mozilla/5.0 AppleWebKit/537.36 (KHTML, like Gecko; compatible; ClaudeBot/1.0; +claudebot@anthropic.com)"
74.7.243.231 - - [29/Jul/2026:16:45:09 +0200] "GET /shops/warrantee/g4a3s6t8r1o7s6t4o7m6y8 HTTP/1.1" 404 81563 "https://royalty-trailers.co.za/sitemap.xml" "Mozilla/5.0 AppleWebKit/537.36 (KHTML, like Gecko; compatible; GPTBot/1.4; +https://openai.com/gptbot)"
74.7.243.231 - - [29/Jul/2026:16:45:13 +0200] "GET /ptenoglossate/preapprehension/43477470517 HTTP/1.1" 404 81563 "https://royalty-trailers.co.za/sitemap.xml" "Mozilla/5.0 AppleWebKit/537.36 (KHTML, like Gecko; compatible; GPTBot/1.4; +https://openai.com/gptbot)"
164.68.125.131 - - [29/Jul/2026:16:45:17 +0200] "POST /wp-cron.php?doing_wp_cron=1785336317.1625390052795410156250 HTTP/1.1" 200 0 "-" "WordPress/6.9.4; https://royalty-trailers.co.za"
74.7.243.231 - - [29/Jul/2026:16:45:17 +0200] "GET /thickknee/funniness/d4e2v4e2l1o2p7e3m3e4n0t HTTP/1.1" 404 81563 "https://royalty-trailers.co.za/sitemap.xml" "Mozilla/5.0 AppleWebKit/537.36 (KHTML, like Gecko; compatible; GPTBot/1.4; +https://openai.com/gptbot)"
74.7.243.231 - - [29/Jul/2026:16:45:20 +0200] "GET /shops/rupturewort/a4m3y9g8d1a9l0i5c039 HTTP/1.1" 404 130715 "https://royalty-trailers.co.za/sitemap.xml" "Mozilla/5.0 AppleWebKit/537.36 (KHTML, like Gecko; compatible; GPTBot/1.4; +https://openai.com/gptbot)"
74.7.243.231 - - [29/Jul/2026:16:45:24 +0200] "GET /shops/meretriciousness/m4u2l2c2h8e7d44402 HTTP/1.1" 404 81563 "https://royalty-trailers.co.za/sitemap.xml" "Mozilla/5.0 AppleWebKit/537.36 (KHTML, like Gecko; compatible; GPTBot/1.4; +https://openai.com/gptbot)"
74.7.243.231 - - [29/Jul/2026:16:45:27 +0200] "GET /shops/dominick/e9n3f2r9a2n1c9h4i7s5e6r HTTP/1.1" 404 81563 "https://royalty-trailers.co.za/sitemap-pages.xml" "Mozilla/5.0 AppleWebKit/537.36 (KHTML, like Gecko; compatible; GPTBot/1.4; +https://openai.com/gptbot)"
216.73.217.39 - - [29/Jul/2026:16:45:28 +0200] "GET /shops/maistress/h4a3l2i7m8o6d1e4n0d4r0on HTTP/1.1" 404 146249 "-" "Mozilla/5.0 AppleWebKit/537.36 (KHTML, like Gecko; compatible; ClaudeBot/1.0; +claudebot@anthropic.com)"
216.73.217.39 - - [29/Jul/2026:16:45:39 +0200] "GET /?j=j4u4g1u3l0a3t6e1d249 HTTP/1.1" 200 203713 "-" "Mozilla/5.0 AppleWebKit/537.36 (KHTML, like Gecko; compatible; ClaudeBot/1.0; +claudebot@anthropic.com)"
164.68.125.131 - - [29/Jul/2026:16:45:48 +0200] "POST /deleteme.chaf7ebbf45ac774f6e8c9d572cd1c0ecc3.php?n=1&m=4 HTTP/1.1" 301 0 "-" "Installatron Plugin/10.0.9/605"
164.68.125.131 - - [29/Jul/2026:16:45:51 +0200] "POST /deleteme.chaf7ebbf45ac774f6e8c9d572cd1c0ecc3.php?n=2&m=5 HTTP/1.1" 404 146249 "-" "Installatron Plugin/10.0.9/605"
74.7.243.231 - - [29/Jul/2026:16:45:51 +0200] "GET /shops/truthful/l9e4u1c6a6d0e0n3d9r2o2n HTTP/1.1" 404 81563 "https://royalty-trailers.co.za/sitemap-pages.xml" "Mozilla/5.0 AppleWebKit/537.36 (KHTML, like Gecko; compatible; GPTBot/1.4; +https://openai.com/gptbot)"
164.68.125.131 - - [29/Jul/2026:16:45:53 +0200] "POST /deleteme.chaf7ebbf45ac774f6e8c9d572cd1c0ecc3.php?n=3&m=5 HTTP/1.1" 301 0 "-" "Installatron Plugin/10.0.9/605"
164.68.125.131 - - [29/Jul/2026:16:45:56 +0200] "POST /deleteme.chaf7ebbf45ac774f6e8c9d572cd1c0ecc3.php?n=4&m=6 HTTP/1.1" 404 146249 "-" "Installatron Plugin/10.0.9/605"
164.68.125.131 - - [29/Jul/2026:16:45:56 +0200] "POST /deleteme.chaf7ebbf45ac774f6e8c9d572cd1c0ecc3.php?n=5&m=6 HTTP/1.1" 403 358 "-" "Installatron Plugin/10.0.9/605"
164.68.125.131 - - [29/Jul/2026:16:45:56 +0200] "POST /wp-login.php?n=6&m=7 HTTP/1.1" 200 3534 "-" "Installatron Plugin/10.0.9/605"
164.68.125.131 - - [29/Jul/2026:16:46:00 +0200] "POST /deleteme.cha0896b862dc49456395b816d86a0f55d4.php?n=1&m=4 HTTP/1.1" 301 0 "-" "Installatron Plugin/10.0.9/605"
216.73.217.39 - - [29/Jul/2026:16:46:01 +0200] "GET /?j=r4a1r8e3f1a4c1t8i4o3n3 HTTP/1.1" 200 203662 "-" "Mozilla/5.0 AppleWebKit/537.36 (KHTML, like Gecko; compatible; ClaudeBot/1.0; +claudebot@anthropic.com)"
74.7.243.231 - - [29/Jul/2026:16:46:03 +0200] "GET /shops/deterrent/f4e4a2s4i7b7i8l5i1t3y9 HTTP/1.1" 404 130715 "https://royalty-trailers.co.za/sitemap.xml" "Mozilla/5.0 AppleWebKit/537.36 (KHTML, like Gecko; compatible; GPTBot/1.4; +https://openai.com/gptbot)"
57.141.0.71 - - [29/Jul/2026:16:46:03 +0200] "GET /?j=i4s3o7b8a3r2i3c9040 HTTP/1.1" 200 203622 "-" "Mozilla/5.0 (Windows NT 10.0; Win64; x64) AppleWebKit/537.36 (KHTML, like Gecko) Chrome/145.0.0.0 Safari/537.36 (compatible; meta-externalagent/1.1 (+https://developers.facebook.com/docs/sharing/webmasters/crawler))"
164.68.125.131 - - [29/Jul/2026:16:46:03 +0200] "POST /deleteme.cha0896b862dc49456395b816d86a0f55d4.php?n=2&m=5 HTTP/1.1" 404 146249 "-" "Installatron Plugin/10.0.9/605"
74.7.243.231 - - [29/Jul/2026:16:46:06 +0200] "GET /shops/grievously/a4c3c1r0e5s1c4e1n2t57 HTTP/1.1" 404 81563 "https://royalty-trailers.co.za/sitemap.xml" "Mozilla/5.0 AppleWebKit/537.36 (KHTML, like Gecko; compatible; GPTBot/1.4; +https://openai.com/gptbot)"
164.68.125.131 - - [29/Jul/2026:16:46:06 +0200] "POST /deleteme.cha0896b862dc49456395b816d86a0f55d4.php?n=3&m=5 HTTP/1.1" 301 0 "-" "Installatron Plugin/10.0.9/605"
216.73.217.39 - - [29/Jul/2026:16:46:10 +0200] "GET /?j=c4o2m9m9e8n8s1a4l2i4t4y HTTP/1.1" 200 203528 "-" "Mozilla/5.0 AppleWebKit/537.36 (KHTML, like Gecko; compatible; ClaudeBot/1.0; +claudebot@anthropic.com)"
74.7.243.231 - - [29/Jul/2026:16:46:10 +0200] "GET /shops/morganatic/c4o2n2f9l6i0c6t7e4d50 HTTP/1.1" 404 81563 "https://royalty-trailers.co.za/sitemap.xml" "Mozilla/5.0 AppleWebKit/537.36 (KHTML, like Gecko; compatible; GPTBot/1.4; +https://openai.com/gptbot)"
164.68.125.131 - - [29/Jul/2026:16:46:10 +0200] "POST /deleteme.cha0896b862dc49456395b816d86a0f55d4.php?n=4&m=6 HTTP/1.1" 404 146249 "-" "Installatron Plugin/10.0.9/605"
164.68.125.131 - - [29/Jul/2026:16:46:11 +0200] "POST /deleteme.cha0896b862dc49456395b816d86a0f55d4.php?n=5&m=6 HTTP/1.1" 403 358 "-" "Installatron Plugin/10.0.9/605"
164.68.125.131 - - [29/Jul/2026:16:46:11 +0200] "POST /wp-login.php?n=6&m=7 HTTP/1.1" 200 3534 "-" "Installatron Plugin/10.0.9/605"
164.68.125.131 - - [29/Jul/2026:16:46:13 +0200] "POST /wp-cron.php?doing_wp_cron=1785336373.5963199138641357421875 HTTP/1.1" 200 0 "-" "WordPress/6.9.4; https://royalty-trailers.co.za"
74.7.243.231 - - [29/Jul/2026:16:46:13 +0200] "GET /shops/filchingly/w9o3r4t0h1w6h5i3l7e10 HTTP/1.1" 404 81563 "https://royalty-trailers.co.za/sitemap-pages.xml" "Mozilla/5.0 AppleWebKit/537.36 (KHTML, like Gecko; compatible; GPTBot/1.4; +https://openai.com/gptbot)"
164.68.125.131 - - [29/Jul/2026:16:46:16 +0200] "POST /wp-login.php HTTP/1.1" 200 27328 "-" "Installatron Plugin/10.0.9/605"
74.7.243.231 - - [29/Jul/2026:16:46:17 +0200] "GET /?j=f9e3r2m5e5n1t11127 HTTP/1.1" 200 203632 "https://royalty-trailers.co.za/sitemap-pages.xml" "Mozilla/5.0 AppleWebKit/537.36 (KHTML, like Gecko; compatible; GPTBot/1.4; +https://openai.com/gptbot)"
74.7.243.231 - - [29/Jul/2026:16:46:20 +0200] "GET /?j=e9x2i9l9i7n3g16444 HTTP/1.1" 200 203726 "https://royalty-trailers.co.za/sitemap-pages.xml" "Mozilla/5.0 AppleWebKit/537.36 (KHTML, like Gecko; compatible; GPTBot/1.4; +https://openai.com/gptbot)"
74.7.243.231 - - [29/Jul/2026:16:46:24 +0200] "GET /?j=m4u1g2w7u9m9p05262 HTTP/1.1" 200 203445 "https://royalty-trailers.co.za/sitemap.xml" "Mozilla/5.0 AppleWebKit/537.36 (KHTML, like Gecko; compatible; GPTBot/1.4; +https://openai.com/gptbot)"
57.141.0.42 - - [29/Jul/2026:16:46:25 +0200] "GET /shops/nonintersecting/a6b2e9a4r1a1n6c5e092 HTTP/1.1" 404 146241 "-" "Mozilla/5.0 (X11; Linux x86_64) AppleWebKit/537.36 (KHTML, like Gecko) Chrome/145.0.0.0 Safari/537.36 (compatible; meta-externalagent/1.1 (+https://developers.facebook.com/docs/sharing/webmasters/crawler))"
216.73.217.39 - - [29/Jul/2026:16:46:26 +0200] "GET /?j=m4o3r6p4h8e8m0i4c7a8l0ly HTTP/1.1" 200 203545 "-" "Mozilla/5.0 AppleWebKit/537.36 (KHTML, like Gecko; compatible; ClaudeBot/1.0; +claudebot@anthropic.com)"
74.7.243.231 - - [29/Jul/2026:16:46:28 +0200] "GET /armistice/allowableness/d9i4s1a9c7c5o1r8d6a9nt HTTP/1.1" 404 146249 "https://royalty-trailers.co.za/sitemap-pages.xml" "Mozilla/5.0 AppleWebKit/537.36 (KHTML, like Gecko; compatible; GPTBot/1.4; +https://openai.com/gptbot)"
74.7.243.231 - - [29/Jul/2026:16:46:33 +0200] "GET /overcompensate/anunnaki/a4e3d3i9l4e5s4h7i1p3 HTTP/1.1" 404 81563 "https://royalty-trailers.co.za/sitemap.xml" "Mozilla/5.0 AppleWebKit/537.36 (KHTML, like Gecko; compatible; GPTBot/1.4; +https://openai.com/gptbot)"
74.7.243.231 - - [29/Jul/2026:16:46:38 +0200] "GET /demagogism/disintricate/i9n5t9e4r0l6a3y020 HTTP/1.1" 404 81563 "https://royalty-trailers.co.za/sitemap-pages.xml" "Mozilla/5.0 AppleWebKit/537.36 (KHTML, like Gecko; compatible; GPTBot/1.4; +https://openai.com/gptbot)"
74.7.243.231 - - [29/Jul/2026:16:46:42 +0200] "GET /?scribed/470034401 HTTP/1.1" 301 0 "https://royalty-trailers.co.za/sitemap.xml" "Mozilla/5.0 AppleWebKit/537.36 (KHTML, like Gecko; compatible; GPTBot/1.4; +https://openai.com/gptbot)"
57.141.0.35 - - [29/Jul/2026:16:46:46 +0200] "GET /?j=n6o2i6e5r254335 HTTP/1.1" 200 203562 "-" "Mozilla/5.0 (X11; Linux x86_64) AppleWebKit/537.36 (KHTML, like Gecko) Chrome/145.0.0.0 Safari/537.36 (compatible; meta-externalagent/1.1 (+https://developers.facebook.com/docs/sharing/webmasters/crawler))"
74.7.243.231 - - [29/Jul/2026:16:46:47 +0200] "GET /?scribed%2F470034401 HTTP/1.1" 200 203458 "https://royalty-trailers.co.za/?scribed/470034401" "Mozilla/5.0 AppleWebKit/537.36 (KHTML, like Gecko; compatible; GPTBot/1.4; +https://openai.com/gptbot)"
216.73.217.39 - - [29/Jul/2026:16:46:50 +0200] "GET /?j=c4o1n2v7u9l6s0i6o6n63 HTTP/1.1" 200 203810 "-" "Mozilla/5.0 AppleWebKit/537.36 (KHTML, like Gecko; compatible; ClaudeBot/1.0; +claudebot@anthropic.com)"
74.7.243.231 - - [29/Jul/2026:16:46:53 +0200] "GET /?j=g4u8n7p1l7a4y9864 HTTP/1.1" 200 203434 "https://royalty-trailers.co.za/sitemap.xml" "Mozilla/5.0 AppleWebKit/537.36 (KHTML, like Gecko; compatible; GPTBot/1.4; +https://openai.com/gptbot)"
74.7.243.231 - - [29/Jul/2026:16:46:58 +0200] "GET /?j=c9o9l6u6b4e1r8334 HTTP/1.1" 200 203697 "https://royalty-trailers.co.za/sitemap-pages.xml" "Mozilla/5.0 AppleWebKit/537.36 (KHTML, like Gecko; compatible; GPTBot/1.4; +https://openai.com/gptbot)"
74.7.243.231 - - [29/Jul/2026:16:47:04 +0200] "GET /?j=g4e7n7i4s9t6a1107 HTTP/1.1" 200 203880 "https://royalty-trailers.co.za/sitemap.xml" "Mozilla/5.0 AppleWebKit/537.36 (KHTML, like Gecko; compatible; GPTBot/1.4; +https://openai.com/gptbot)"
216.73.217.39 - - [29/Jul/2026:16:47:09 +0200] "GET /?j=o4l2i9g5o4c1h5a8e0t8e7 HTTP/1.1" 200 203511 "-" "Mozilla/5.0 AppleWebKit/537.36 (KHTML, like Gecko; compatible; ClaudeBot/1.0; +claudebot@anthropic.com)"
74.7.243.231 - - [29/Jul/2026:16:47:09 +0200] "GET /?j=l4i2m1e6t5t7a6952 HTTP/1.1" 200 203600 "https://royalty-trailers.co.za/sitemap.xml" "Mozilla/5.0 AppleWebKit/537.36 (KHTML, like Gecko; compatible; GPTBot/1.4; +https://openai.com/gptbot)"
74.7.243.231 - - [29/Jul/2026:16:47:14 +0200] "GET /?j=o4c5e7l6o2i4d0532 HTTP/1.1" 200 203799 "https://royalty-trailers.co.za/sitemap.xml" "Mozilla/5.0 AppleWebKit/537.36 (KHTML, like Gecko; compatible; GPTBot/1.4; +https://openai.com/gptbot)"
164.68.125.131 - - [29/Jul/2026:16:47:20 +0200] "POST /wp-cron.php?doing_wp_cron=1785336440.3618829250335693359375 HTTP/1.1" 200 0 "-" "WordPress/6.9.4; https://royalty-trailers.co.za"
74.7.243.231 - - [29/Jul/2026:16:47:20 +0200] "GET /?j=a9r9n8o2l7d2i4812 HTTP/1.1" 200 203783 "https://royalty-trailers.co.za/sitemap-pages.xml" "Mozilla/5.0 AppleWebKit/537.36 (KHTML, like Gecko; compatible; GPTBot/1.4; +https://openai.com/gptbot)"
74.7.243.231 - - [29/Jul/2026:16:47:25 +0200] "GET /?j=d9r2a0p8i3n1g0420 HTTP/1.1" 200 203504 "https://royalty-trailers.co.za/sitemap-pages.xml" "Mozilla/5.0 AppleWebKit/537.36 (KHTML, like Gecko; compatible; GPTBot/1.4; +https://openai.com/gptbot)"
74.7.243.231 - - [29/Jul/2026:16:47:30 +0200] "GET /?j=t9r8e4a2d1l4e6655 HTTP/1.1" 200 203601 "https://royalty-trailers.co.za/sitemap-pages.xml" "Mozilla/5.0 AppleWebKit/537.36 (KHTML, like Gecko; compatible; GPTBot/1.4; +https://openai.com/gptbot)"
216.73.217.39 - - [29/Jul/2026:16:47:31 +0200] "GET /discreditor/thebaica/a4n7t6h6e8r7i8c0u2m4 HTTP/1.1" 404 146249 "-" "Mozilla/5.0 AppleWebKit/537.36 (KHTML, like Gecko; compatible; ClaudeBot/1.0; +claudebot@anthropic.com)"
74.7.243.231 - - [29/Jul/2026:16:47:34 +0200] "GET /?j=c9h9a0n7t2e7y2748 HTTP/1.1" 200 203443 "https://royalty-trailers.co.za/sitemap-pages.xml" "Mozilla/5.0 AppleWebKit/537.36 (KHTML, like Gecko; compatible; GPTBot/1.4; +https://openai.com/gptbot)"
74.7.243.231 - - [29/Jul/2026:16:47:39 +0200] "GET /?j=w4e8e9d8i0n2g0703 HTTP/1.1" 200 203938 "https://royalty-trailers.co.za/sitemap.xml" "Mozilla/5.0 AppleWebKit/537.36 (KHTML, like Gecko; compatible; GPTBot/1.4; +https://openai.com/gptbot)"
74.7.243.231 - - [29/Jul/2026:16:47:44 +0200] "GET /?j=m4a8i7n3t1o4p3782 HTTP/1.1" 200 203514 "https://royalty-trailers.co.za/sitemap.xml" "Mozilla/5.0 AppleWebKit/537.36 (KHTML, like Gecko; compatible; GPTBot/1.4; +https://openai.com/gptbot)"
216.73.217.39 - - [29/Jul/2026:16:47:48 +0200] "GET /?j=l4i1p7o6t0r3o2p7i9c14 HTTP/1.1" 200 203526 "-" "Mozilla/5.0 AppleWebKit/537.36 (KHTML, like Gecko; compatible; ClaudeBot/1.0; +claudebot@anthropic.com)"
74.7.243.231 - - [29/Jul/2026:16:47:49 +0200] "GET /stipiturus/preconsigned/s9i7p8h4u3n9c4l9e8d7 HTTP/1.1" 404 146249 "https://royalty-trailers.co.za/sitemap-pages.xml" "Mozilla/5.0 AppleWebKit/537.36 (KHTML, like Gecko; compatible; GPTBot/1.4; +https://openai.com/gptbot)"
74.7.243.231 - - [29/Jul/2026:16:47:54 +0200] "GET /shops/ellipticlanceolate/i9r1i2d8a8c7e6a7e33 HTTP/1.1" 404 81563 "https://royalty-trailers.co.za/sitemap-pages.xml" "Mozilla/5.0 AppleWebKit/537.36 (KHTML, like Gecko; compatible; GPTBot/1.4; +https://openai.com/gptbot)"
216.73.217.39 - - [29/Jul/2026:16:47:55 +0200] "GET /?j=a4b1o8r0i1g5i1n1a3l1i3ty HTTP/1.1" 200 179799 "-" "Mozilla/5.0 AppleWebKit/537.36 (KHTML, like Gecko; compatible; ClaudeBot/1.0; +claudebot@anthropic.com)"
74.7.243.231 - - [29/Jul/2026:16:47:59 +0200] "GET /?j=a4z3a1l4e8a5s85315 HTTP/1.1" 200 203523 "https://royalty-trailers.co.za/sitemap.xml" "Mozilla/5.0 AppleWebKit/537.36 (KHTML, like Gecko; compatible; GPTBot/1.4; +https://openai.com/gptbot)"
216.73.217.39 - - [29/Jul/2026:16:48:04 +0200] "GET /?j=m4a6n9u9a8l7i1s4t28 HTTP/1.1" 200 203508 "-" "Mozilla/5.0 AppleWebKit/537.36 (KHTML, like Gecko; compatible; ClaudeBot/1.0; +claudebot@anthropic.com)"
74.7.243.231 - - [29/Jul/2026:16:48:04 +0200] "GET /?stillest/93241392386 HTTP/1.1" 301 0 "https://royalty-trailers.co.za/sitemap-pages.xml" "Mozilla/5.0 AppleWebKit/537.36 (KHTML, like Gecko; compatible; GPTBot/1.4; +https://openai.com/gptbot)"
74.7.243.231 - - [29/Jul/2026:16:48:09 +0200] "GET /?stillest%2F93241392386 HTTP/1.1" 200 203800 "https://royalty-trailers.co.za/?stillest/93241392386" "Mozilla/5.0 AppleWebKit/537.36 (KHTML, like Gecko; compatible; GPTBot/1.4; +https://openai.com/gptbot)"
164.68.125.131 - - [29/Jul/2026:16:48:15 +0200] "POST /wp-cron.php?doing_wp_cron=1785336495.0377449989318847656250 HTTP/1.1" 200 0 "-" "WordPress/6.9.4; https://royalty-trailers.co.za"
74.7.243.231 - - [29/Jul/2026:16:48:15 +0200] "GET /?j=i4t3a4l0i6c3s80030 HTTP/1.1" 200 203585 "https://royalty-trailers.co.za/sitemap.xml" "Mozilla/5.0 AppleWebKit/537.36 (KHTML, like Gecko; compatible; GPTBot/1.4; +https://openai.com/gptbot)"
74.7.243.231 - - [29/Jul/2026:16:48:19 +0200] "GET /?lobefoot/93550456936 HTTP/1.1" 301 0 "https://royalty-trailers.co.za/sitemap-pages.xml" "Mozilla/5.0 AppleWebKit/537.36 (KHTML, like Gecko; compatible; GPTBot/1.4; +https://openai.com/gptbot)"
74.7.243.231 - - [29/Jul/2026:16:48:24 +0200] "GET /?lobefoot%2F93550456936 HTTP/1.1" 200 203500 "https://royalty-trailers.co.za/?lobefoot/93550456936" "Mozilla/5.0 AppleWebKit/537.36 (KHTML, like Gecko; compatible; GPTBot/1.4; +https://openai.com/gptbot)"
216.73.217.39 - - [29/Jul/2026:16:48:24 +0200] "GET /?j=h4o2m3o5m7o4r2p1h3y60 HTTP/1.1" 200 203497 "-" "Mozilla/5.0 AppleWebKit/537.36 (KHTML, like Gecko; compatible; ClaudeBot/1.0; +claudebot@anthropic.com)"
57.141.0.22 - - [29/Jul/2026:16:48:24 +0200] "GET /?j=p9h1y2t7o5g8e9n4e3s2i5s HTTP/1.1" 200 203842 "-" "Mozilla/5.0 (Windows NT 10.0; Win64; x64) AppleWebKit/537.36 (KHTML, like Gecko) Chrome/145.0.0.0 Safari/537.36 (compatible; meta-externalagent/1.1 (+https://developers.facebook.com/docs/sharing/webmasters/crawler))"
74.7.243.231 - - [29/Jul/2026:16:48:29 +0200] "GET /?j=b4a4n2n9i4n7g69425 HTTP/1.1" 200 203561 "https://royalty-trailers.co.za/sitemap.xml" "Mozilla/5.0 AppleWebKit/537.36 (KHTML, like Gecko; compatible; GPTBot/1.4; +https://openai.com/gptbot)"
216.73.217.39 - - [29/Jul/2026:16:48:32 +0200] "GET /shops/dioscorea/d4a2s9t4a8r2d4n7e6s4s4 HTTP/1.1" 404 146249 "-" "Mozilla/5.0 AppleWebKit/537.36 (KHTML, like Gecko; compatible; ClaudeBot/1.0; +claudebot@anthropic.com)"
74.7.243.231 - - [29/Jul/2026:16:48:35 +0200] "GET /?j=c9a2r3j8a3c1k63392 HTTP/1.1" 200 203532 "https://royalty-trailers.co.za/sitemap-pages.xml" "Mozilla/5.0 AppleWebKit/537.36 (KHTML, like Gecko; compatible; GPTBot/1.4; +https://openai.com/gptbot)"
74.7.243.231 - - [29/Jul/2026:16:48:40 +0200] "GET /?picketing/43999423616 HTTP/1.1" 301 0 "https://royalty-trailers.co.za/sitemap.xml" "Mozilla/5.0 AppleWebKit/537.36 (KHTML, like Gecko; compatible; GPTBot/1.4; +https://openai.com/gptbot)"
57.141.0.10 - - [29/Jul/2026:16:48:43 +0200] "GET /?j=s4a2c7c7h7o3l0i5c90 HTTP/1.1" 200 203849 "-" "Mozilla/5.0 (Windows NT 10.0; Win64; x64) AppleWebKit/537.36 (KHTML, like Gecko) Chrome/145.0.0.0 Safari/537.36 (compatible; meta-externalagent/1.1 (+https://developers.facebook.com/docs/sharing/webmasters/crawler))"
57.141.0.13 - - [29/Jul/2026:16:48:43 +0200] "GET /null HTTP/1.1" 404 146249 "https://royalty-trailers.co.za/?j=p9h1y2t7o5g8e9n4e3s2i5s" "Mozilla/5.0 (Windows NT 10.0; Win64; x64) AppleWebKit/537.36 (KHTML, like Gecko) Chrome/145.0.0.0 Safari/537.36 (compatible; meta-externalagent/1.1 (+https://developers.facebook.com/docs/sharing/webmasters/crawler))"
74.7.243.231 - - [29/Jul/2026:16:48:44 +0200] "GET /?picketing%2F43999423616 HTTP/1.1" 200 203452 "https://royalty-trailers.co.za/?picketing/43999423616" "Mozilla/5.0 AppleWebKit/537.36 (KHTML, like Gecko; compatible; GPTBot/1.4; +https://openai.com/gptbot)"
74.7.243.231 - - [29/Jul/2026:16:48:49 +0200] "GET /?coxcombly/92533342256 HTTP/1.1" 301 0 "https://royalty-trailers.co.za/sitemap-pages.xml" "Mozilla/5.0 AppleWebKit/537.36 (KHTML, like Gecko; compatible; GPTBot/1.4; +https://openai.com/gptbot)"
74.7.243.231 - - [29/Jul/2026:16:48:54 +0200] "GET /?coxcombly%2F92533342256 HTTP/1.1" 200 203340 "https://royalty-trailers.co.za/?coxcombly/92533342256" "Mozilla/5.0 AppleWebKit/537.36 (KHTML, like Gecko; compatible; GPTBot/1.4; +https://openai.com/gptbot)"
216.73.217.39 - - [29/Jul/2026:16:48:55 +0200] "GET /shops/eddies/d4i1s0a0f5f5i6r7m848 HTTP/1.1" 404 146249 "-" "Mozilla/5.0 AppleWebKit/537.36 (KHTML, like Gecko; compatible; ClaudeBot/1.0; +claudebot@anthropic.com)"
216.73.217.39 - - [29/Jul/2026:16:48:58 +0200] "GET /?j=h4a2n4d7s2o6m4e1r350 HTTP/1.1" 200 163415 "-" "Mozilla/5.0 AppleWebKit/537.36 (KHTML, like Gecko; compatible; ClaudeBot/1.0; +claudebot@anthropic.com)"
74.7.243.231 - - [29/Jul/2026:16:48:59 +0200] "GET /shops/coelospermous/a4n1a3c0o1l4u0t5h4i6c2ally HTTP/1.1" 404 146249 "https://royalty-trailers.co.za/sitemap.xml" "Mozilla/5.0 AppleWebKit/537.36 (KHTML, like Gecko; compatible; GPTBot/1.4; +https://openai.com/gptbot)"
216.73.217.39 - - [29/Jul/2026:16:49:03 +0200] "GET /?j=t4a4c0i8t7028002 HTTP/1.1" 200 203490 "-" "Mozilla/5.0 AppleWebKit/537.36 (KHTML, like Gecko; compatible; ClaudeBot/1.0; +claudebot@anthropic.com)"
74.7.243.231 - - [29/Jul/2026:16:49:05 +0200] "GET /zaffer/misimprovement/g4e6o0m2e5t1r8i5z9ing HTTP/1.1" 404 81563 "https://royalty-trailers.co.za/sitemap.xml" "Mozilla/5.0 AppleWebKit/537.36 (KHTML, like Gecko; compatible; GPTBot/1.4; +https://openai.com/gptbot)"
66.249.66.165 - - [29/Jul/2026:16:49:06 +0200] "GET /wp-content/plugins/woocommerce/assets/client/blocks/attribute-filter/ HTTP/1.1" 403 782365 "-" "Mozilla/5.0 (Linux; Android 6.0.1; Nexus 5X Build/MMB29P) AppleWebKit/537.36 (KHTML, like Gecko) Chrome/150.0.7871.128 Mobile Safari/537.36 (compatible; Googlebot/2.1; +http://www.google.com/bot.html)"
74.7.243.231 - - [29/Jul/2026:16:49:10 +0200] "GET /shops/irreconcilement/i4m1p9e2r3a2t0o1r5y HTTP/1.1" 404 81563 "https://royalty-trailers.co.za/sitemap.xml" "Mozilla/5.0 AppleWebKit/537.36 (KHTML, like Gecko; compatible; GPTBot/1.4; +https://openai.com/gptbot)"
57.141.0.45 - - [29/Jul/2026:16:49:12 +0200] "GET /venatic/sinned/4402859999 HTTP/1.1" 404 145748 "-" "Mozilla/5.0 (Macintosh; Intel Mac OS X 10_15_7) AppleWebKit/537.36 (KHTML, like Gecko) Chrome/145.0.0.0 Safari/537.36 (compatible; meta-externalagent/1.1 (+https://developers.facebook.com/docs/sharing/webmasters/crawler))"
57.141.0.33 - - [29/Jul/2026:16:49:13 +0200] "GET /?j=l4e2t9t2i8s4h73793 HTTP/1.1" 200 203345 "-" "Mozilla/5.0 (Macintosh; Intel Mac OS X 10_15_7) AppleWebKit/537.36 (KHTML, like Gecko) Chrome/145.0.0.0 Safari/537.36 (compatible; meta-externalagent/1.1 (+https://developers.facebook.com/docs/sharing/webmasters/crawler))"
164.68.125.131 - - [29/Jul/2026:16:49:15 +0200] "POST /wp-cron.php?doing_wp_cron=1785336555.4104011058807373046875 HTTP/1.1" 200 0 "-" "WordPress/6.9.4; https://royalty-trailers.co.za"
74.7.243.231 - - [29/Jul/2026:16:49:15 +0200] "GET /developement/chemosorption/u4n6s8e8a2l2302 HTTP/1.1" 404 81563 "https://royalty-trailers.co.za/sitemap.xml" "Mozilla/5.0 AppleWebKit/537.36 (KHTML, like Gecko; compatible; GPTBot/1.4; +https://openai.com/gptbot)"
74.7.243.231 - - [29/Jul/2026:16:49:20 +0200] "GET /shops/radiotelegraphic/s9h7r6u8b0b8e8r5y09 HTTP/1.1" 404 81563 "https://royalty-trailers.co.za/sitemap-pages.xml" "Mozilla/5.0 AppleWebKit/537.36 (KHTML, like Gecko; compatible; GPTBot/1.4; +https://openai.com/gptbot)"
216.73.217.39 - - [29/Jul/2026:16:49:24 +0200] "GET /shops/ideal/o4u3t6b1i7d2d5e2n927 HTTP/1.1" 404 146249 "-" "Mozilla/5.0 AppleWebKit/537.36 (KHTML, like Gecko; compatible; ClaudeBot/1.0; +claudebot@anthropic.com)"
74.7.243.231 - - [29/Jul/2026:16:49:24 +0200] "GET /?oratorian/41716460216 HTTP/1.1" 301 0 "https://royalty-trailers.co.za/sitemap.xml" "Mozilla/5.0 AppleWebKit/537.36 (KHTML, like Gecko; compatible; GPTBot/1.4; +https://openai.com/gptbot)"
216.73.217.39 - - [29/Jul/2026:16:49:29 +0200] "GET /?j=s4y7m5b5r7a6n8c3h2i5i HTTP/1.1" 200 203599 "-" "Mozilla/5.0 AppleWebKit/537.36 (KHTML, like Gecko; compatible; ClaudeBot/1.0; +claudebot@anthropic.com)"
74.7.243.231 - - [29/Jul/2026:16:49:29 +0200] "GET /?oratorian%2F41716460216 HTTP/1.1" 200 203341 "https://royalty-trailers.co.za/?oratorian/41716460216" "Mozilla/5.0 AppleWebKit/537.36 (KHTML, like Gecko; compatible; GPTBot/1.4; +https://openai.com/gptbot)"
74.7.243.231 - - [29/Jul/2026:16:49:33 +0200] "GET /?j=c4r1e2p5a2n4c2e2324 HTTP/1.1" 200 203452 "https://royalty-trailers.co.za/sitemap.xml" "Mozilla/5.0 AppleWebKit/537.36 (KHTML, like Gecko; compatible; GPTBot/1.4; +https://openai.com/gptbot)"
74.7.243.231 - - [29/Jul/2026:16:49:38 +0200] "GET /?j=f9i3n6g5e5r9e7r9659 HTTP/1.1" 200 203628 "https://royalty-trailers.co.za/sitemap-pages.xml" "Mozilla/5.0 AppleWebKit/537.36 (KHTML, like Gecko; compatible; GPTBot/1.4; +https://openai.com/gptbot)"
198.235.24.34 - - [29/Jul/2026:16:49:43 +0200] "GET / HTTP/1.1" 200 203491 "http://royalty-trailers.co.za/" "Hello from Palo Alto Networks, find out more about our scans in https://docs-cortex.paloaltonetworks.com/r/1/Cortex-Xpanse/Scanning-activity"
74.7.243.231 - - [29/Jul/2026:16:49:43 +0200] "GET /?succeeder/93622923061 HTTP/1.1" 301 0 "https://royalty-trailers.co.za/sitemap-pages.xml" "Mozilla/5.0 AppleWebKit/537.36 (KHTML, like Gecko; compatible; GPTBot/1.4; +https://openai.com/gptbot)"
74.7.243.231 - - [29/Jul/2026:16:49:48 +0200] "GET /?succeeder%2F93622923061 HTTP/1.1" 200 203549 "https://royalty-trailers.co.za/?succeeder/93622923061" "Mozilla/5.0 AppleWebKit/537.36 (KHTML, like Gecko; compatible; GPTBot/1.4; +https://openai.com/gptbot)"
216.73.217.39 - - [29/Jul/2026:16:49:51 +0200] "GET /?j=a4r6t6i1c3l5i5n3g17 HTTP/1.1" 200 203467 "-" "Mozilla/5.0 AppleWebKit/537.36 (KHTML, like Gecko; compatible; ClaudeBot/1.0; +claudebot@anthropic.com)"
74.7.243.231 - - [29/Jul/2026:16:49:53 +0200] "GET /?j=d4e1e5b9e1r5r5y7549 HTTP/1.1" 200 203940 "https://royalty-trailers.co.za/sitemap.xml" "Mozilla/5.0 AppleWebKit/537.36 (KHTML, like Gecko; compatible; GPTBot/1.4; +https://openai.com/gptbot)"
74.7.243.231 - - [29/Jul/2026:16:49:58 +0200] "GET /shops/quinquefoliated/e4q8u2i2l3i4b1r3i9u6ms HTTP/1.1" 404 146249 "https://royalty-trailers.co.za/sitemap.xml" "Mozilla/5.0 AppleWebKit/537.36 (KHTML, like Gecko; compatible; GPTBot/1.4; +https://openai.com/gptbot)"
216.73.217.39 - - [29/Jul/2026:16:50:03 +0200] "GET /shops/subtleness/s4i3l8e7n4t3n6e5s9s11 HTTP/1.1" 404 146241 "-" "Mozilla/5.0 AppleWebKit/537.36 (KHTML, like Gecko; compatible; ClaudeBot/1.0; +claudebot@anthropic.com)"
74.7.243.231 - - [29/Jul/2026:16:50:05 +0200] "GET /shops/consortship/h9y4d6r1o9m8e3t8a1l2lurgical HTTP/1.1" 404 81563 "https://royalty-trailers.co.za/sitemap-pages.xml" "Mozilla/5.0 AppleWebKit/537.36 (KHTML, like Gecko; compatible; GPTBot/1.4; +https://openai.com/gptbot)"
74.7.243.231 - - [29/Jul/2026:16:50:11 +0200] "GET /?j=m4a3f4f1i6a2855 HTTP/1.1" 200 203379 "https://royalty-trailers.co.za/sitemap.xml" "Mozilla/5.0 AppleWebKit/537.36 (KHTML, like Gecko; compatible; GPTBot/1.4; +https://openai.com/gptbot)"
164.68.125.131 - - [29/Jul/2026:16:50:15 +0200] "POST /wp-cron.php?doing_wp_cron=1785336615.5429139137268066406250 HTTP/1.1" 200 0 "-" "WordPress/6.9.4; https://royalty-trailers.co.za"
198.235.24.162 - - [29/Jul/2026:16:50:15 +0200] "GET / HTTP/1.1" 301 0 "-" "Hello from Palo Alto Networks, find out more about our scans in https://docs-cortex.paloaltonetworks.com/r/1/Cortex-Xpanse/Scanning-activity"
198.235.24.162 - - [29/Jul/2026:16:50:15 +0200] "GET / HTTP/1.1" 200 203500 "-" "Hello from Palo Alto Networks, find out more about our scans in https://docs-cortex.paloaltonetworks.com/r/1/Cortex-Xpanse/Scanning-activity"
74.7.243.231 - - [29/Jul/2026:16:50:16 +0200] "GET /?j=q9u4e2r6i5e1s66184 HTTP/1.1" 200 203705 "https://royalty-trailers.co.za/sitemap-pages.xml" "Mozilla/5.0 AppleWebKit/537.36 (KHTML, like Gecko; compatible; GPTBot/1.4; +https://openai.com/gptbot)"
74.7.243.231 - - [29/Jul/2026:16:50:21 +0200] "GET /?j=m9o3l7o8t2o0v94425 HTTP/1.1" 200 203631 "https://royalty-trailers.co.za/sitemap-pages.xml" "Mozilla/5.0 AppleWebKit/537.36 (KHTML, like Gecko; compatible; GPTBot/1.4; +https://openai.com/gptbot)"
216.73.217.39 - - [29/Jul/2026:16:50:26 +0200] "GET /shops/jordan/p4h1o5s3p3h9o8r6u4s47 HTTP/1.1" 404 146249 "-" "Mozilla/5.0 AppleWebKit/537.36 (KHTML, like Gecko; compatible; ClaudeBot/1.0; +claudebot@anthropic.com)"
74.7.243.231 - - [29/Jul/2026:16:50:26 +0200] "GET /?j=l9a1c5t3e3a7n00714 HTTP/1.1" 200 203347 "https://royalty-trailers.co.za/sitemap-pages.xml" "Mozilla/5.0 AppleWebKit/537.36 (KHTML, like Gecko; compatible; GPTBot/1.4; +https://openai.com/gptbot)"
74.7.243.231 - - [29/Jul/2026:16:50:31 +0200] "GET /?j=f4e2m6i1n1a2l59965 HTTP/1.1" 200 203392 "https://royalty-trailers.co.za/sitemap.xml" "Mozilla/5.0 AppleWebKit/537.36 (KHTML, like Gecko; compatible; GPTBot/1.4; +https://openai.com/gptbot)"
74.7.243.231 - - [29/Jul/2026:16:50:36 +0200] "GET /?j=m9o3r6t9m6a2l28847 HTTP/1.1" 200 203390 "https://royalty-trailers.co.za/sitemap-pages.xml" "Mozilla/5.0 AppleWebKit/537.36 (KHTML, like Gecko; compatible; GPTBot/1.4; +https://openai.com/gptbot)"
74.7.243.231 - - [29/Jul/2026:16:50:42 +0200] "GET /?j=e9n4s2t4a3t0e58819 HTTP/1.1" 200 203568 "https://royalty-trailers.co.za/sitemap-pages.xml" "Mozilla/5.0 AppleWebKit/537.36 (KHTML, like Gecko; compatible; GPTBot/1.4; +https://openai.com/gptbot)"
74.7.243.231 - - [29/Jul/2026:16:50:48 +0200] "GET /?j=h9a3v7e8n2e2r57964 HTTP/1.1" 200 203513 "https://royalty-trailers.co.za/sitemap-pages.xml" "Mozilla/5.0 AppleWebKit/537.36 (KHTML, like Gecko; compatible; GPTBot/1.4; +https://openai.com/gptbot)"
216.73.217.39 - - [29/Jul/2026:16:50:48 +0200] "GET /shops/genre/s4y1n0e6r1g1y14018 HTTP/1.1" 404 146249 "-" "Mozilla/5.0 AppleWebKit/537.36 (KHTML, like Gecko; compatible; ClaudeBot/1.0; +claudebot@anthropic.com)"
216.73.217.39 - - [29/Jul/2026:16:50:52 +0200] "GET /?j=i4n1t1e1r9k9n3o9w069 HTTP/1.1" 200 203579 "-" "Mozilla/5.0 AppleWebKit/537.36 (KHTML, like Gecko; compatible; ClaudeBot/1.0; +claudebot@anthropic.com)"
74.7.243.231 - - [29/Jul/2026:16:50:54 +0200] "GET /?j=o9r3a4c7l5e0d04872 HTTP/1.1" 200 203568 "https://royalty-trailers.co.za/sitemap-pages.xml" "Mozilla/5.0 AppleWebKit/537.36 (KHTML, like Gecko; compatible; GPTBot/1.4; +https://openai.com/gptbot)"
91.231.89.103 - - [29/Jul/2026:16:50:58 +0200] "GET /.well-known/security.txt HTTP/1.1" 301 0 "-" "Mozilla/5.0 (X11; Ubuntu; Linux x86_64; rv:134.0) Gecko/20100101 Firefox/134.0"
74.7.243.231 - - [29/Jul/2026:16:50:59 +0200] "GET /?j=g9r2o0u0p8e4d55343 HTTP/1.1" 200 203418 "https://royalty-trailers.co.za/sitemap-pages.xml" "Mozilla/5.0 AppleWebKit/537.36 (KHTML, like Gecko; compatible; GPTBot/1.4; +https://openai.com/gptbot)"
74.7.243.231 - - [29/Jul/2026:16:51:05 +0200] "GET /?j=e4m1b7r1e9a0d47953 HTTP/1.1" 200 203640 "https://royalty-trailers.co.za/sitemap.xml" "Mozilla/5.0 AppleWebKit/537.36 (KHTML, like Gecko; compatible; GPTBot/1.4; +https://openai.com/gptbot)"
74.7.243.231 - - [29/Jul/2026:16:51:10 +0200] "GET /?j=p9r4o1v3a8n9t11734 HTTP/1.1" 200 203380 "https://royalty-trailers.co.za/sitemap-pages.xml" "Mozilla/5.0 AppleWebKit/537.36 (KHTML, like Gecko; compatible; GPTBot/1.4; +https://openai.com/gptbot)"
216.73.217.39 - - [29/Jul/2026:16:51:14 +0200] "GET /?j=p4h1i1l3o0l2o9g4i5a7n2 HTTP/1.1" 200 203527 "-" "Mozilla/5.0 AppleWebKit/537.36 (KHTML, like Gecko; compatible; ClaudeBot/1.0; +claudebot@anthropic.com)"
164.68.125.131 - - [29/Jul/2026:16:51:15 +0200] "POST /wp-cron.php?doing_wp_cron=1785336675.7811229228973388671875 HTTP/1.1" 200 0 "-" "WordPress/6.9.4; https://royalty-trailers.co.za"
74.7.243.231 - - [29/Jul/2026:16:51:15 +0200] "GET /?j=p9u2n5c2h9i7n05943 HTTP/1.1" 200 203601 "https://royalty-trailers.co.za/sitemap-pages.xml" "Mozilla/5.0 AppleWebKit/537.36 (KHTML, like Gecko; compatible; GPTBot/1.4; +https://openai.com/gptbot)"
216.73.217.39 - - [29/Jul/2026:16:51:16 +0200] "GET /?j=d4i1n9g5i4n6e2s3s358 HTTP/1.1" 200 179799 "-" "Mozilla/5.0 AppleWebKit/537.36 (KHTML, like Gecko; compatible; ClaudeBot/1.0; +claudebot@anthropic.com)"
216.73.217.39 - - [29/Jul/2026:16:51:20 +0200] "GET /?j=f4i2n3g3e2r4e2d1229 HTTP/1.1" 200 203508 "-" "Mozilla/5.0 AppleWebKit/537.36 (KHTML, like Gecko; compatible; ClaudeBot/1.0; +claudebot@anthropic.com)"
74.7.243.231 - - [29/Jul/2026:16:51:21 +0200] "GET /?j=c9h1o8l0t5r1y45980 HTTP/1.1" 200 203517 "https://royalty-trailers.co.za/sitemap-pages.xml" "Mozilla/5.0 AppleWebKit/537.36 (KHTML, like Gecko; compatible; GPTBot/1.4; +https://openai.com/gptbot)"
74.7.243.231 - - [29/Jul/2026:16:51:26 +0200] "GET /?j=i4n2h5a4b0i3t96689 HTTP/1.1" 200 203698 "https://royalty-trailers.co.za/sitemap.xml" "Mozilla/5.0 AppleWebKit/537.36 (KHTML, like Gecko; compatible; GPTBot/1.4; +https://openai.com/gptbot)"
74.7.243.231 - - [29/Jul/2026:16:51:31 +0200] "GET /?j=m4e3i2o6t5i8c01873 HTTP/1.1" 200 203664 "https://royalty-trailers.co.za/sitemap.xml" "Mozilla/5.0 AppleWebKit/537.36 (KHTML, like Gecko; compatible; GPTBot/1.4; +https://openai.com/gptbot)"
74.7.243.231 - - [29/Jul/2026:16:51:37 +0200] "GET /?j=u9n1h4i9n6g0e57543 HTTP/1.1" 200 203648 "https://royalty-trailers.co.za/sitemap-pages.xml" "Mozilla/5.0 AppleWebKit/537.36 (KHTML, like Gecko; compatible; GPTBot/1.4; +https://openai.com/gptbot)"
74.7.243.231 - - [29/Jul/2026:16:51:42 +0200] "GET /?j=f9i2l1i6a9t6e75484 HTTP/1.1" 200 203854 "https://royalty-trailers.co.za/sitemap-pages.xml" "Mozilla/5.0 AppleWebKit/537.36 (KHTML, like Gecko; compatible; GPTBot/1.4; +https://openai.com/gptbot)"
216.73.217.39 - - [29/Jul/2026:16:51:42 +0200] "GET /shops/maltose/h4y2d6r3o7p7s1y3087 HTTP/1.1" 404 146249 "-" "Mozilla/5.0 AppleWebKit/537.36 (KHTML, like Gecko; compatible; ClaudeBot/1.0; +claudebot@anthropic.com)"
74.7.243.231 - - [29/Jul/2026:16:51:47 +0200] "GET /?j=r9e1d0b7a8c8k82549 HTTP/1.1" 200 203443 "https://royalty-trailers.co.za/sitemap-pages.xml" "Mozilla/5.0 AppleWebKit/537.36 (KHTML, like Gecko; compatible; GPTBot/1.4; +https://openai.com/gptbot)"
216.73.217.39 - - [29/Jul/2026:16:51:51 +0200] "GET /shops/flotation/a4c7e0t4a2n3i4l7i3d8e HTTP/1.1" 404 146249 "-" "Mozilla/5.0 AppleWebKit/537.36 (KHTML, like Gecko; compatible; ClaudeBot/1.0; +claudebot@anthropic.com)"
74.7.243.231 - - [29/Jul/2026:16:51:53 +0200] "GET /?j=p4a1i3n2f2u3l00728 HTTP/1.1" 200 203531 "https://royalty-trailers.co.za/sitemap.xml" "Mozilla/5.0 AppleWebKit/537.36 (KHTML, like Gecko; compatible; GPTBot/1.4; +https://openai.com/gptbot)"
57.141.0.10 - - [29/Jul/2026:16:51:54 +0200] "GET /?j=d4e2p9u8t4a2b4l2e690 HTTP/1.1" 200 202971 "-" "Mozilla/5.0 (Macintosh; Intel Mac OS X 10_15_7) AppleWebKit/537.36 (KHTML, like Gecko) Chrome/145.0.0.0 Safari/537.36 (compatible; meta-externalagent/1.1 (+https://developers.facebook.com/docs/sharing/webmasters/crawler))"
66.249.66.9 - - [29/Jul/2026:16:51:58 +0200] "GET /review/goods/R2299780997/ HTTP/1.1" 200 799956 "-" "Mozilla/5.0 (Linux; Android 6.0.1; Nexus 5X Build/MMB29P) AppleWebKit/537.36 (KHTML, like Gecko) Chrome/150.0.7871.128 Mobile Safari/537.36 (compatible; Googlebot/2.1; +http://www.google.com/bot.html)"
74.7.243.231 - - [29/Jul/2026:16:51:58 +0200] "GET /?j=e9n2d2l6o2n7g09813 HTTP/1.1" 200 203392 "https://royalty-trailers.co.za/sitemap-pages.xml" "Mozilla/5.0 AppleWebKit/537.36 (KHTML, like Gecko; compatible; GPTBot/1.4; +https://openai.com/gptbot)"
164.68.125.131 - - [29/Jul/2026:16:52:15 +0200] "POST /wp-cron.php?doing_wp_cron=1785336735.2423250675201416015625 HTTP/1.1" 200 0 "-" "WordPress/6.9.4; https://royalty-trailers.co.za"
216.73.217.39 - - [29/Jul/2026:16:52:15 +0200] "GET /hundredth/endurant/41227909553 HTTP/1.1" 404 146249 "-" "Mozilla/5.0 AppleWebKit/537.36 (KHTML, like Gecko; compatible; ClaudeBot/1.0; +claudebot@anthropic.com)"
216.73.217.39 - - [29/Jul/2026:16:52:20 +0200] "GET /robots.txt HTTP/1.1" 200 87 "-" "Mozilla/5.0 AppleWebKit/537.36 (KHTML, like Gecko; compatible; ClaudeBot/1.0; +claudebot@anthropic.com)"
74.7.243.231 - - [29/Jul/2026:16:52:23 +0200] "GET /?j=o4u1t0r8a8y5e24719 HTTP/1.1" 200 203618 "https://royalty-trailers.co.za/sitemap.xml" "Mozilla/5.0 AppleWebKit/537.36 (KHTML, like Gecko; compatible; GPTBot/1.4; +https://openai.com/gptbot)"
57.141.0.12 - - [29/Jul/2026:16:52:28 +0200] "GET /?j=p4r2o7c8t7o8t9o5m6y20 HTTP/1.1" 200 203310 "-" "Mozilla/5.0 (Macintosh; Intel Mac OS X 10_15_7) AppleWebKit/537.36 (KHTML, like Gecko) Chrome/145.0.0.0 Safari/537.36 (compatible; meta-externalagent/1.1 (+https://developers.facebook.com/docs/sharing/webmasters/crawler))"
57.141.0.41 - - [29/Jul/2026:16:52:28 +0200] "GET /?j=c4y3a9n8o4b0a4c7t7e4r0ium HTTP/1.1" 200 202863 "-" "Mozilla/5.0 (Macintosh; Intel Mac OS X 10_15_7) AppleWebKit/537.36 (KHTML, like Gecko) Chrome/145.0.0.0 Safari/537.36 (compatible; meta-externalagent/1.1 (+https://developers.facebook.com/docs/sharing/webmasters/crawler))"
57.141.0.34 - - [29/Jul/2026:16:52:28 +0200] "GET /?j=c4o3m7p5a3r6a2t2i3o5n0 HTTP/1.1" 200 203682 "-" "Mozilla/5.0 (Windows NT 10.0; Win64; x64) AppleWebKit/537.36 (KHTML, like Gecko) Chrome/145.0.0.0 Safari/537.36 (compatible; meta-externalagent/1.1 (+https://developers.facebook.com/docs/sharing/webmasters/crawler))"
74.7.243.231 - - [29/Jul/2026:16:52:33 +0200] "GET /?j=l4u2r1c1h3e9r52059 HTTP/1.1" 200 203498 "https://royalty-trailers.co.za/sitemap.xml" "Mozilla/5.0 AppleWebKit/537.36 (KHTML, like Gecko; compatible; GPTBot/1.4; +https://openai.com/gptbot)"
216.73.217.39 - - [29/Jul/2026:16:52:37 +0200] "GET /shops/spilosoma/c4u3r2a8t8i2o7n3356 HTTP/1.1" 404 146249 "-" "Mozilla/5.0 AppleWebKit/537.36 (KHTML, like Gecko; compatible; ClaudeBot/1.0; +claudebot@anthropic.com)"
74.7.243.231 - - [29/Jul/2026:16:52:39 +0200] "GET /?j=p4h1a5c1o8p3s02440 HTTP/1.1" 200 203727 "https://royalty-trailers.co.za/sitemap.xml" "Mozilla/5.0 AppleWebKit/537.36 (KHTML, like Gecko; compatible; GPTBot/1.4; +https://openai.com/gptbot)"
74.7.243.231 - - [29/Jul/2026:16:52:44 +0200] "GET /?j=v9a1i3v4o3d7e14089 HTTP/1.1" 200 203404 "https://royalty-trailers.co.za/sitemap-pages.xml" "Mozilla/5.0 AppleWebKit/537.36 (KHTML, like Gecko; compatible; GPTBot/1.4; +https://openai.com/gptbot)"
216.73.217.39 - - [29/Jul/2026:16:52:45 +0200] "GET /?j=a4d1v4e5r7t3i3z0e827 HTTP/1.1" 200 203524 "-" "Mozilla/5.0 AppleWebKit/537.36 (KHTML, like Gecko; compatible; ClaudeBot/1.0; +claudebot@anthropic.com)"
74.7.243.231 - - [29/Jul/2026:16:52:50 +0200] "GET /?j=o4p1i6f7i2c8e34339 HTTP/1.1" 200 203760 "https://royalty-trailers.co.za/sitemap.xml" "Mozilla/5.0 AppleWebKit/537.36 (KHTML, like Gecko; compatible; GPTBot/1.4; +https://openai.com/gptbot)"
74.7.243.231 - - [29/Jul/2026:16:52:55 +0200] "GET /?j=l4a2p2s6i5n1g75474 HTTP/1.1" 200 203515 "https://royalty-trailers.co.za/sitemap.xml" "Mozilla/5.0 AppleWebKit/537.36 (KHTML, like Gecko; compatible; GPTBot/1.4; +https://openai.com/gptbot)"
