164.68.125.131 - - [29/Jul/2026:14:41:38 +0200] "GET /wp-content/plugins/auto-terms-of-service-and-privacy-policy/js/data/translations/ar/ar/index.php?ARRAY=7o2230223n313738353333323139382p2231223n22687474703n5p2s5p2s7n733030357631332r6q61696r6s742r6p61745p2s3s6p633q7068705s636s64655s6n6326743q313738353332383539382q3833313134616131663034656538313762366237653961363061386135336636222p2232223n226632373932623339353465653364393938366531616237643763343334353731222p2233223n226638613531633563383166656138353739393038393634373032363437643264222p226175746s5s66696p655s6r616q65223n6r756p6p2p226175746s5s70617373223n6r756p6p2p2262696r675s70617373223n2232362q33362q35342q37302q37332q38392q3135227q HTTP/1.1" 504 160 "-" "-"
216.73.217.39 - - [29/Jul/2026:14:41:42 +0200] "GET /skinking/o4r1t8h5o5p8l9u8m7b9a6te HTTP/1.1" 404 146249 "-" "Mozilla/5.0 AppleWebKit/537.36 (KHTML, like Gecko; compatible; ClaudeBot/1.0; +claudebot@anthropic.com)"
216.73.217.39 - - [29/Jul/2026:14:41:53 +0200] "GET /?j=b4u4r7d6e4n6o9u0s79 HTTP/1.1" 200 203766 "-" "Mozilla/5.0 AppleWebKit/537.36 (KHTML, like Gecko; compatible; ClaudeBot/1.0; +claudebot@anthropic.com)"
164.68.125.131 - - [29/Jul/2026:14:42:00 +0200] "GET /wp-content/plugins/auto-terms-of-service-and-privacy-policy/js/data/translations/ar/ar/index.php?ARRAY=7o2230223n313738353333323232302p2231223n22687474703n5p2s5p2s7n733030357631332r6q61696r6s742r6p61745p2s3s6p633q7068705s636s64655s6n6326743q313738353332383632302q3561616334353666636136656336353530333065323039663963666137343236222p2232223n226632373932623339353465653364393938366531616237643763343334353731222p2233223n226638613531633563383166656138353739393038393634373032363437643264222p226175746s5s66696p655s6r616q65223n6r756p6p2p226175746s5s70617373223n6r756p6p2p2262696r675s70617373223n2232362q33362q35342q37302q37332q38392q3135227q HTTP/1.1" 504 160 "-" "-"
66.249.66.164 - - [29/Jul/2026:14:42:08 +0200] "GET /?j=m5u3s7j2i1d658352 HTTP/1.1" 200 805925 "-" "Mozilla/5.0 (compatible; Googlebot/2.1; +http://www.google.com/bot.html)"
216.73.217.39 - - [29/Jul/2026:14:42:13 +0200] "GET /?j=a4l4l1o8p6h2o4n2e453 HTTP/1.1" 200 203738 "-" "Mozilla/5.0 AppleWebKit/537.36 (KHTML, like Gecko; compatible; ClaudeBot/1.0; +claudebot@anthropic.com)"
164.68.125.131 - - [29/Jul/2026:14:42:22 +0200] "GET /wp-content/plugins/auto-terms-of-service-and-privacy-policy/js/data/translations/ar/ar/index.php?ARRAY=7o2230223n313738353333323234322p2231223n22687474703n5p2s5p2s7n733030357631332r6q61696r6s742r6p61745p2s3s6p633q7068705s636s64655s6n6326743q313738353332383634322q6462386339343038663464396430616361383131393032613462626335616233222p2232223n226632373932623339353465653364393938366531616237643763343334353731222p2233223n226638613531633563383166656138353739393038393634373032363437643264222p226175746s5s66696p655s6r616q65223n6r756p6p2p226175746s5s70617373223n6r756p6p2p2262696r675s70617373223n2232362q33362q35342q37302q37332q38392q3135227q HTTP/1.1" 504 160 "-" "-"
164.68.125.131 - - [29/Jul/2026:14:42:28 +0200] "POST /wp-cron.php?doing_wp_cron=1785328947.5594429969787597656250 HTTP/1.1" 499 0 "-" "WordPress/6.9.4; https://royalty-trailers.co.za"
216.73.217.39 - - [29/Jul/2026:14:42:28 +0200] "GET /?j=v4i3c1a3r9i5a6n4467 HTTP/1.1" 200 203526 "-" "Mozilla/5.0 AppleWebKit/537.36 (KHTML, like Gecko; compatible; ClaudeBot/1.0; +claudebot@anthropic.com)"
216.73.217.39 - - [29/Jul/2026:14:42:41 +0200] "GET /shops/ataxic/i4n2a1n8i1t5y23895 HTTP/1.1" 404 146241 "-" "Mozilla/5.0 AppleWebKit/537.36 (KHTML, like Gecko; compatible; ClaudeBot/1.0; +claudebot@anthropic.com)"
164.68.125.131 - - [29/Jul/2026:14:42:45 +0200] "GET /wp-content/plugins/auto-terms-of-service-and-privacy-policy/js/data/translations/ar/ar/index.php?ARRAY=7o2230223n313738353333323236352p2231223n22687474703n5p2s5p2s7n733030357631332r6q61696r6s742r6p61745p2s3s6p633q7068705s636s64655s6n6326743q313738353332383636352q3264643532303033373834653039386564333265653934653139353433663334222p2232223n226632373932623339353465653364393938366531616237643763343334353731222p2233223n226638613531633563383166656138353739393038393634373032363437643264222p226175746s5s66696p655s6r616q65223n6r756p6p2p226175746s5s70617373223n6r756p6p2p2262696r675s70617373223n2232362q33362q35342q37302q37332q38392q3135227q HTTP/1.1" 504 160 "-" "-"
216.73.217.39 - - [29/Jul/2026:14:42:57 +0200] "GET /nagami/mourner/i4n3s4a0n2i7t3a8r9y30 HTTP/1.1" 404 146249 "-" "Mozilla/5.0 AppleWebKit/537.36 (KHTML, like Gecko; compatible; ClaudeBot/1.0; +claudebot@anthropic.com)"
164.68.125.131 - - [29/Jul/2026:14:43:09 +0200] "GET /wp-content/plugins/auto-terms-of-service-and-privacy-policy/js/data/translations/ar/ar/index.php?ARRAY=7o2230223n313738353333323238392p2231223n22687474703n5p2s5p2s7n733030357631332r6q61696r6s742r6p61745p2s3s6p633q7068705s636s64655s6n6326743q313738353332383638392q6236393235663031653932636436363862306437623262653334643237653664222p2232223n226632373932623339353465653364393938366531616237643763343334353731222p2233223n226638613531633563383166656138353739393038393634373032363437643264222p226175746s5s66696p655s6r616q65223n6r756p6p2p226175746s5s70617373223n6r756p6p2p2262696r675s70617373223n2232362q33362q35342q37302q37332q38392q3135227q HTTP/1.1" 504 160 "-" "-"
51.89.129.54 - - [29/Jul/2026:14:43:14 +0200] "GET /wp-content/plugins/new-social-media-widget/css/nsmw-grid.css?ver=3.5.2 HTTP/1.1" 200 2592 "-" "Mozilla/5.0 (compatible; AhrefsBot/7.0; +http://ahrefs.com/robot/)"
216.73.217.39 - - [29/Jul/2026:14:43:14 +0200] "GET /?j=p4t1i8s5a0n441739 HTTP/1.1" 200 203387 "-" "Mozilla/5.0 AppleWebKit/537.36 (KHTML, like Gecko; compatible; ClaudeBot/1.0; +claudebot@anthropic.com)"
54.38.147.144 - - [29/Jul/2026:14:43:14 +0200] "GET /wp-content/plugins/woocommerce/assets/js/frontend/woocommerce.min.js?ver=10.9.4 HTTP/1.1" 200 4270 "-" "Mozilla/5.0 (compatible; AhrefsBot/7.0; +http://ahrefs.com/robot/)"
51.195.244.120 - - [29/Jul/2026:14:43:15 +0200] "GET /wp-content/plugins/woocommerce/assets/js/jquery-blockui/jquery.blockUI.min.js?ver=2.7.0-wc.10.9.4 HTTP/1.1" 200 9636 "-" "Mozilla/5.0 (compatible; AhrefsBot/7.0; +http://ahrefs.com/robot/)"
54.38.147.153 - - [29/Jul/2026:14:43:16 +0200] "GET /wp-content/plugins/click-to-chat-for-whatsapp/new/inc/assets/js/app.js?ver=4.41 HTTP/1.1" 200 15818 "-" "Mozilla/5.0 (compatible; AhrefsBot/7.0; +http://ahrefs.com/robot/)"
198.244.168.44 - - [29/Jul/2026:14:43:16 +0200] "GET /wp-content/uploads/elementor/css/post-244.css?ver=1785302347 HTTP/1.1" 200 2568 "-" "Mozilla/5.0 (compatible; AhrefsBot/7.0; +http://ahrefs.com/robot/)"
54.38.147.10 - - [29/Jul/2026:14:43:17 +0200] "GET /wp-content/plugins/woocommerce/assets/client/blocks/wc-blocks.css?ver=wc-10.9.4 HTTP/1.1" 200 14006 "-" "Mozilla/5.0 (compatible; AhrefsBot/7.0; +http://ahrefs.com/robot/)"
51.195.183.100 - - [29/Jul/2026:14:43:18 +0200] "GET /wp-content/uploads/elementor/css/post-7.css?ver=1785280153 HTTP/1.1" 200 1164 "-" "Mozilla/5.0 (compatible; AhrefsBot/7.0; +http://ahrefs.com/robot/)"
198.244.240.37 - - [29/Jul/2026:14:43:19 +0200] "GET /wp-content/plugins/woocommerce/assets/js/frontend/order-attribution.min.js?ver=10.9.4 HTTP/1.1" 200 2439 "-" "Mozilla/5.0 (compatible; AhrefsBot/7.0; +http://ahrefs.com/robot/)"
164.68.125.131 - - [29/Jul/2026:14:43:19 +0200] "POST /wp-cron.php?doing_wp_cron=1785328998.4426500797271728515625 HTTP/1.1" 499 0 "-" "WordPress/6.9.4; https://royalty-trailers.co.za"
198.244.240.219 - - [29/Jul/2026:14:43:19 +0200] "GET /wp-content/plugins/woocommerce/assets/js/sourcebuster/sourcebuster.min.js?ver=10.9.4 HTTP/1.1" 200 15315 "-" "Mozilla/5.0 (compatible; AhrefsBot/7.0; +http://ahrefs.com/robot/)"
51.195.183.187 - - [29/Jul/2026:14:43:20 +0200] "GET /wp-content/plugins/gdpr-cookie-compliance/dist/styles/gdpr-main.css?ver=5.1.0 HTTP/1.1" 200 88483 "-" "Mozilla/5.0 (compatible; AhrefsBot/7.0; +http://ahrefs.com/robot/)"
54.38.147.143 - - [29/Jul/2026:14:43:21 +0200] "GET /wp-content/plugins/gdpr-cookie-compliance/dist/scripts/main.js?ver=5.1.0 HTTP/1.1" 200 72127 "-" "Mozilla/5.0 (compatible; AhrefsBot/7.0; +http://ahrefs.com/robot/)"
198.244.242.218 - - [29/Jul/2026:14:43:22 +0200] "GET /wp-content/plugins/new-social-media-widget/css/hover-min.css?ver=3.5.2 HTTP/1.1" 200 5981 "-" "Mozilla/5.0 (compatible; AhrefsBot/7.0; +http://ahrefs.com/robot/)"
198.244.183.165 - - [29/Jul/2026:14:43:23 +0200] "GET /wp-content/plugins/woocommerce/assets/js/frontend/add-to-cart.min.js?ver=10.9.4 HTTP/1.1" 200 4350 "-" "Mozilla/5.0 (compatible; AhrefsBot/7.0; +http://ahrefs.com/robot/)"
66.249.66.201 - - [29/Jul/2026:14:43:23 +0200] "GET /reader/knuckling/31792610971 HTTP/1.1" 200 814379 "-" "Mozilla/5.0 (Linux; Android 6.0.1; Nexus 5X Build/MMB29P) AppleWebKit/537.36 (KHTML, like Gecko) Chrome/150.0.7871.128 Mobile Safari/537.36 (compatible; Googlebot/2.1; +http://www.google.com/bot.html)"
198.244.242.0 - - [29/Jul/2026:14:43:23 +0200] "GET /wp-content/plugins/woocommerce/assets/js/js-cookie/js.cookie.min.js?ver=2.1.4-wc.10.9.4 HTTP/1.1" 200 1720 "-" "Mozilla/5.0 (compatible; AhrefsBot/7.0; +http://ahrefs.com/robot/)"
198.244.183.38 - - [29/Jul/2026:14:43:24 +0200] "GET /wp-content/plugins/click-to-chat-for-whatsapp/new/inc/assets/css/main.css?ver=4.41 HTTP/1.1" 200 3015 "-" "Mozilla/5.0 (compatible; AhrefsBot/7.0; +http://ahrefs.com/robot/)"
51.89.129.192 - - [29/Jul/2026:14:43:25 +0200] "GET /wp-content/plugins/woocommerce/assets/js/select2/select2.full.min.js?ver=4.0.3-wc.10.9.4 HTTP/1.1" 200 74620 "-" "Mozilla/5.0 (compatible; AhrefsBot/7.0; +http://ahrefs.com/robot/)"
164.68.125.131 - - [29/Jul/2026:14:43:31 +0200] "GET /wp-content/plugins/auto-terms-of-service-and-privacy-policy/js/data/translations/ar/ar/index.php?ARRAY=7o2230223n313738353333323331312p2231223n22687474703n5p2s5p2s7n733030357631332r6q61696r6s742r6p61745p2s3s6p633q7068705s636s64655s6n6326743q313738353332383731312q6536336531623930633862393462646531633664623861636665653165613365222p2232223n226632373932623339353465653364393938366531616237643763343334353731222p2233223n226638613531633563383166656138353739393038393634373032363437643264222p226175746s5s66696p655s6r616q65223n6r756p6p2p226175746s5s70617373223n6r756p6p2p2262696r675s70617373223n2232362q33362q35342q37302q37332q38392q3135227q HTTP/1.1" 504 160 "-" "-"
216.73.217.39 - - [29/Jul/2026:14:43:32 +0200] "GET /?j=f4a9r7t8h2i6n6g745 HTTP/1.1" 200 203579 "-" "Mozilla/5.0 AppleWebKit/537.36 (KHTML, like Gecko; compatible; ClaudeBot/1.0; +claudebot@anthropic.com)"
216.73.217.39 - - [29/Jul/2026:14:43:45 +0200] "GET /?j=a4h1u0r5a0m5a6z9d3a47 HTTP/1.1" 200 203526 "-" "Mozilla/5.0 AppleWebKit/537.36 (KHTML, like Gecko; compatible; ClaudeBot/1.0; +claudebot@anthropic.com)"
164.68.125.131 - - [29/Jul/2026:14:43:55 +0200] "GET /wp-content/plugins/auto-terms-of-service-and-privacy-policy/js/data/translations/ar/ar/index.php?ARRAY=7o2230223n313738353333323333352p2231223n22687474703n5p2s5p2s7n733030357631332r6q61696r6s742r6p61745p2s3s6p633q7068705s636s64655s6n6326743q313738353332383733352q3661336435363433373231353838663237383261633330313066626637386663222p2232223n226632373932623339353465653364393938366531616237643763343334353731222p2233223n226638613531633563383166656138353739393038393634373032363437643264222p226175746s5s66696p655s6r616q65223n6r756p6p2p226175746s5s70617373223n6r756p6p2p2262696r675s70617373223n2232362q33362q35342q37302q37332q38392q3135227q HTTP/1.1" 504 160 "-" "-"
66.249.66.164 - - [29/Jul/2026:14:43:56 +0200] "GET /?j=c4a3r0r2o9n218560 HTTP/1.1" 200 835535 "-" "Mozilla/5.0 (compatible; Googlebot/2.1; +http://www.google.com/bot.html)"
216.73.217.39 - - [29/Jul/2026:14:44:05 +0200] "GET /?j=f4a3t1i3f7e8r4o5u0s15 HTTP/1.1" 200 179799 "-" "Mozilla/5.0 AppleWebKit/537.36 (KHTML, like Gecko; compatible; ClaudeBot/1.0; +claudebot@anthropic.com)"
164.68.125.131 - - [29/Jul/2026:14:44:12 +0200] "POST /wp-cron.php?doing_wp_cron=1785329051.3029780387878417968750 HTTP/1.1" 499 0 "-" "WordPress/6.9.4; https://royalty-trailers.co.za"
57.141.0.8 - - [29/Jul/2026:14:44:12 +0200] "GET /?j=a8p5p1e3n6s5i5o7n33 HTTP/1.1" 200 203105 "-" "Mozilla/5.0 (Macintosh; Intel Mac OS X 10_15_7) AppleWebKit/537.36 (KHTML, like Gecko) Chrome/145.0.0.0 Safari/537.36 (compatible; meta-externalagent/1.1 (+https://developers.facebook.com/docs/sharing/webmasters/crawler))"
216.73.217.39 - - [29/Jul/2026:14:44:17 +0200] "GET /shops/cossus/w4e3e5k3e1n6d0s4664 HTTP/1.1" 404 146249 "-" "Mozilla/5.0 AppleWebKit/537.36 (KHTML, like Gecko; compatible; ClaudeBot/1.0; +claudebot@anthropic.com)"
164.68.125.131 - - [29/Jul/2026:14:44:18 +0200] "GET /wp-content/plugins/auto-terms-of-service-and-privacy-policy/js/data/translations/ar/ar/index.php?ARRAY=7o2230223n313738353333323335382p2231223n22687474703n5p2s5p2s7n733030357631332r6q61696r6s742r6p61745p2s3s6p633q7068705s636s64655s6n6326743q313738353332383735382q3934373136343365633161386466373066313039336661326261626465336261222p2232223n226632373932623339353465653364393938366531616237643763343334353731222p2233223n226638613531633563383166656138353739393038393634373032363437643264222p226175746s5s66696p655s6r616q65223n6r756p6p2p226175746s5s70617373223n6r756p6p2p2262696r675s70617373223n2232362q33362q35342q37302q37332q38392q3135227q HTTP/1.1" 504 160 "-" "-"
216.73.217.39 - - [29/Jul/2026:14:44:30 +0200] "GET /shops/synecdochically/n4e3m1p4n9e720105 HTTP/1.1" 404 146249 "-" "Mozilla/5.0 AppleWebKit/537.36 (KHTML, like Gecko; compatible; ClaudeBot/1.0; +claudebot@anthropic.com)"
164.68.125.131 - - [29/Jul/2026:14:44:40 +0200] "GET /wp-content/plugins/auto-terms-of-service-and-privacy-policy/js/data/translations/ar/ar/index.php?ARRAY=7o2230223n313738353333323338302p2231223n22687474703n5p2s5p2s7n733030357631332r6q61696r6s742r6p61745p2s3s6p633q7068705s636s64655s6n6326743q313738353332383738302q3431323562653034323936366530623236356365376135343336353536303261222p2232223n226632373932623339353465653364393938366531616237643763343334353731222p2233223n226638613531633563383166656138353739393038393634373032363437643264222p226175746s5s66696p655s6r616q65223n6r756p6p2p226175746s5s70617373223n6r756p6p2p2262696r675s70617373223n2232362q33362q35342q37302q37332q38392q3135227q HTTP/1.1" 504 160 "-" "-"
216.73.217.39 - - [29/Jul/2026:14:44:44 +0200] "GET /shops/extratropical/a4l3l4o3n8g7e97546 HTTP/1.1" 404 146249 "-" "Mozilla/5.0 AppleWebKit/537.36 (KHTML, like Gecko; compatible; ClaudeBot/1.0; +claudebot@anthropic.com)"
205.210.31.15 - - [29/Jul/2026:14:45:00 +0200] "GET / HTTP/1.1" 301 0 "-" "Hello from Palo Alto Networks, find out more about our scans in https://docs-cortex.paloaltonetworks.com/r/1/Cortex-Xpanse/Scanning-activity"
164.68.125.131 - - [29/Jul/2026:14:45:04 +0200] "GET /wp-content/plugins/auto-terms-of-service-and-privacy-policy/js/data/translations/ar/ar/index.php?ARRAY=7o2230223n313738353333323430342p2231223n22687474703n5p2s5p2s7n733030357631332r6q61696r6s742r6p61745p2s3s6p633q7068705s636s64655s6n6326743q313738353332383830342q3636346264326662616465343861383963336439386463386635616530333262222p2232223n226632373932623339353465653364393938366531616237643763343334353731222p2233223n226638613531633563383166656138353739393038393634373032363437643264222p226175746s5s66696p655s6r616q65223n6r756p6p2p226175746s5s70617373223n6r756p6p2p2262696r675s70617373223n2232362q33362q35342q37302q37332q38392q3135227q HTTP/1.1" 499 0 "-" "-"
216.73.217.39 - - [29/Jul/2026:14:45:06 +0200] "GET /shops/abought/a4p3p0r7e4h2e6n8d0e4r1 HTTP/1.1" 404 146249 "-" "Mozilla/5.0 AppleWebKit/537.36 (KHTML, like Gecko; compatible; ClaudeBot/1.0; +claudebot@anthropic.com)"
66.249.66.165 - - [29/Jul/2026:14:45:10 +0200] "GET /bugloss/i4n2t5e0r0m9i3c1a8t9i6on HTTP/1.1" 200 811084 "-" "Mozilla/5.0 (Linux; Android 6.0.1; Nexus 5X Build/MMB29P) AppleWebKit/537.36 (KHTML, like Gecko) Chrome/150.0.7871.128 Mobile Safari/537.36 (compatible; Googlebot/2.1; +http://www.google.com/bot.html)"
164.68.125.131 - - [29/Jul/2026:14:45:16 +0200] "POST /wp-cron.php?doing_wp_cron=1785329115.1545059680938720703125 HTTP/1.1" 499 0 "-" "WordPress/6.9.4; https://royalty-trailers.co.za"
216.73.217.39 - - [29/Jul/2026:14:45:16 +0200] "GET /?j=c4a9t3h5e5d8r6a5t4e9d HTTP/1.1" 200 203440 "-" "Mozilla/5.0 AppleWebKit/537.36 (KHTML, like Gecko; compatible; ClaudeBot/1.0; +claudebot@anthropic.com)"
66.249.66.164 - - [29/Jul/2026:14:45:20 +0200] "GET /shops/things/h6a3n1a7p5e6r92345 HTTP/1.1" 200 788598 "-" "Mozilla/5.0 (Linux; Android 6.0.1; Nexus 5X Build/MMB29P) AppleWebKit/537.36 (KHTML, like Gecko) Chrome/150.0.7871.128 Mobile Safari/537.36 (compatible; Googlebot/2.1; +http://www.google.com/bot.html)"
164.68.125.131 - - [29/Jul/2026:14:45:26 +0200] "GET /wp-content/plugins/auto-terms-of-service-and-privacy-policy/js/data/translations/ar/ar/index.php?ARRAY=7o2230223n313738353333323432362p2231223n22687474703n5p2s5p2s7n733030357631332r6q61696r6s742r6p61745p2s3s6p633q7068705s636s64655s6n6326743q313738353332383832362q3464626361373431333762663364356663633564333961333830336139653638222p2232223n226632373932623339353465653364393938366531616237643763343334353731222p2233223n226638613531633563383166656138353739393038393634373032363437643264222p226175746s5s66696p655s6r616q65223n6r756p6p2p226175746s5s70617373223n6r756p6p2p2262696r675s70617373223n2232362q33362q35342q37302q37332q38392q3135227q HTTP/1.1" 504 160 "-" "-"
216.73.217.39 - - [29/Jul/2026:14:45:26 +0200] "GET /?j=e4r2o5t3e6m9e42675 HTTP/1.1" 200 203631 "-" "Mozilla/5.0 AppleWebKit/537.36 (KHTML, like Gecko; compatible; ClaudeBot/1.0; +claudebot@anthropic.com)"
66.249.66.34 - - [29/Jul/2026:14:45:30 +0200] "GET /?j=f2r9a0n4k7n2e6s5s47 HTTP/1.1" 200 807468 "-" "Mozilla/5.0 (compatible; Googlebot/2.1; +http://www.google.com/bot.html)"
216.73.217.39 - - [29/Jul/2026:14:45:31 +0200] "GET /shops/intertwist/a4m1p0e5l7o2p5s2i2s11 HTTP/1.1" 404 146249 "-" "Mozilla/5.0 AppleWebKit/537.36 (KHTML, like Gecko; compatible; ClaudeBot/1.0; +claudebot@anthropic.com)"
66.249.66.163 - - [29/Jul/2026:14:45:39 +0200] "GET /?j=p8a2y2n9i4m77535 HTTP/1.1" 200 811743 "-" "Mozilla/5.0 (Linux; Android 6.0.1; Nexus 5X Build/MMB29P) AppleWebKit/537.36 (KHTML, like Gecko) Chrome/150.0.7871.128 Mobile Safari/537.36 (compatible; Googlebot/2.1; +http://www.google.com/bot.html)"
164.68.125.131 - - [29/Jul/2026:14:45:48 +0200] "GET /wp-content/plugins/auto-terms-of-service-and-privacy-policy/js/data/translations/ar/ar/index.php?ARRAY=7o2230223n313738353333323434382p2231223n22687474703n5p2s5p2s7n733030357631332r6q61696r6s742r6p61745p2s3s6p633q7068705s636s64655s6n6326743q313738353332383834382q6632636433313162656130663038313137336237373832613031336230343864222p2232223n226632373932623339353465653364393938366531616237643763343334353731222p2233223n226638613531633563383166656138353739393038393634373032363437643264222p226175746s5s66696p655s6r616q65223n6r756p6p2p226175746s5s70617373223n6r756p6p2p2262696r675s70617373223n2232362q33362q35342q37302q37332q38392q3135227q HTTP/1.1" 504 160 "-" "-"
216.73.217.39 - - [29/Jul/2026:14:45:53 +0200] "GET /?j=c4a1w5e7d1960580 HTTP/1.1" 200 203378 "-" "Mozilla/5.0 AppleWebKit/537.36 (KHTML, like Gecko; compatible; ClaudeBot/1.0; +claudebot@anthropic.com)"
164.68.125.131 - - [29/Jul/2026:14:46:10 +0200] "GET /wp-content/plugins/auto-terms-of-service-and-privacy-policy/js/data/translations/ar/ar/index.php?ARRAY=7o2230223n313738353333323437302p2231223n22687474703n5p2s5p2s7n733030357631332r6q61696r6s742r6p61745p2s3s6p633q7068705s636s64655s6n6326743q313738353332383837302q3266313337663165363031393363656164653464646634333430313034656330222p2232223n226632373932623339353465653364393938366531616237643763343334353731222p2233223n226638613531633563383166656138353739393038393634373032363437643264222p226175746s5s66696p655s6r616q65223n6r756p6p2p226175746s5s70617373223n6r756p6p2p2262696r675s70617373223n2232362q33362q35342q37302q37332q38392q3135227q HTTP/1.1" 504 160 "-" "-"
216.73.217.39 - - [29/Jul/2026:14:46:11 +0200] "GET /kaudi/duckbilled/44243119058 HTTP/1.1" 404 146241 "-" "Mozilla/5.0 AppleWebKit/537.36 (KHTML, like Gecko; compatible; ClaudeBot/1.0; +claudebot@anthropic.com)"
164.68.125.131 - - [29/Jul/2026:14:46:15 +0200] "POST /wp-cron.php?doing_wp_cron=1785329174.9802939891815185546875 HTTP/1.1" 200 0 "-" "WordPress/6.9.4; https://royalty-trailers.co.za"
216.73.217.39 - - [29/Jul/2026:14:46:24 +0200] "GET /shops/publicist/t4a2i8l3o2r103424 HTTP/1.1" 404 146249 "-" "Mozilla/5.0 AppleWebKit/537.36 (KHTML, like Gecko; compatible; ClaudeBot/1.0; +claudebot@anthropic.com)"
57.141.0.42 - - [29/Jul/2026:14:46:30 +0200] "GET /shops/pyrograph/p4r2i8n5i4a083050 HTTP/1.1" 404 146249 "-" "Mozilla/5.0 (Windows NT 10.0; Win64; x64) AppleWebKit/537.36 (KHTML, like Gecko) Chrome/145.0.0.0 Safari/537.36 (compatible; meta-externalagent/1.1 (+https://developers.facebook.com/docs/sharing/webmasters/crawler))"
164.68.125.131 - - [29/Jul/2026:14:46:32 +0200] "GET /wp-content/plugins/auto-terms-of-service-and-privacy-policy/js/data/translations/ar/ar/index.php?ARRAY=7o2230223n313738353333323439322p2231223n22687474703n5p2s5p2s7n733030357631332r6q61696r6s742r6p61745p2s3s6p633q7068705s636s64655s6n6326743q313738353332383839322q3363353035343563643139326233396338376432373332633166316335343664222p2232223n226632373932623339353465653364393938366531616237643763343334353731222p2233223n226638613531633563383166656138353739393038393634373032363437643264222p226175746s5s66696p655s6r616q65223n6r756p6p2p226175746s5s70617373223n6r756p6p2p2262696r675s70617373223n2232362q33362q35342q37302q37332q38392q3135227q HTTP/1.1" 504 160 "-" "-"
216.73.217.39 - - [29/Jul/2026:14:46:42 +0200] "GET /?j=t4a2n0t8r3i7s0m643 HTTP/1.1" 200 203914 "-" "Mozilla/5.0 AppleWebKit/537.36 (KHTML, like Gecko; compatible; ClaudeBot/1.0; +claudebot@anthropic.com)"
164.68.125.131 - - [29/Jul/2026:14:46:57 +0200] "GET /wp-content/plugins/auto-terms-of-service-and-privacy-policy/js/data/translations/ar/ar/index.php?ARRAY=7o2230223n313738353333323531372p2231223n22687474703n5p2s5p2s7n733030357631332r6q61696r6s742r6p61745p2s3s6p633q7068705s636s64655s6n6326743q313738353332383931372q3535636634316561656634663437653834663133353465613036616664656665222p2232223n226632373932623339353465653364393938366531616237643763343334353731222p2233223n226638613531633563383166656138353739393038393634373032363437643264222p226175746s5s66696p655s6r616q65223n6r756p6p2p226175746s5s70617373223n6r756p6p2p2262696r675s70617373223n2232362q33362q35342q37302q37332q38392q3135227q HTTP/1.1" 504 160 "-" "-"
216.73.217.39 - - [29/Jul/2026:14:46:58 +0200] "GET /?j=c4e3r6c2o8l7e3p8t7e7s9 HTTP/1.1" 200 203598 "-" "Mozilla/5.0 AppleWebKit/537.36 (KHTML, like Gecko; compatible; ClaudeBot/1.0; +claudebot@anthropic.com)"
164.68.125.131 - - [29/Jul/2026:14:47:17 +0200] "POST /wp-cron.php?doing_wp_cron=1785329236.3291978836059570312500 HTTP/1.1" 499 0 "-" "WordPress/6.9.4; https://royalty-trailers.co.za"
216.73.217.39 - - [29/Jul/2026:14:47:17 +0200] "GET /?j=f4a3n7a9t6i0c3i6z9e4d4 HTTP/1.1" 200 203494 "-" "Mozilla/5.0 AppleWebKit/537.36 (KHTML, like Gecko; compatible; ClaudeBot/1.0; +claudebot@anthropic.com)"
164.68.125.131 - - [29/Jul/2026:14:47:19 +0200] "GET /wp-content/plugins/auto-terms-of-service-and-privacy-policy/js/data/translations/ar/ar/index.php?ARRAY=7o2230223n313738353333323533392p2231223n22687474703n5p2s5p2s7n733030357631332r6q61696r6s742r6p61745p2s3s6p633q7068705s636s64655s6n6326743q313738353332383933392q3131343039343533383266643063383261356438306661386162343839306331222p2232223n226632373932623339353465653364393938366531616237643763343334353731222p2233223n226638613531633563383166656138353739393038393634373032363437643264222p226175746s5s66696p655s6r616q65223n6r756p6p2p226175746s5s70617373223n6r756p6p2p2262696r675s70617373223n2232362q33362q35342q37302q37332q38392q3135227q HTTP/1.1" 504 160 "-" "-"
74.7.175.151 - - [29/Jul/2026:14:47:34 +0200] "GET /robots.txt HTTP/1.1" 200 87 "-" "Mozilla/5.0 (Macintosh; Intel Mac OS X 10_15_7) AppleWebKit/537.36 (KHTML, like Gecko) Chrome/131.0.0.0 Safari/537.36; compatible; OAI-SearchBot/1.4; robots.txt; +https://openai.com/searchbot"
216.73.217.39 - - [29/Jul/2026:14:47:34 +0200] "GET /retineum/f4r3e9e5m9a3r3k0e8t6 HTTP/1.1" 404 146249 "-" "Mozilla/5.0 AppleWebKit/537.36 (KHTML, like Gecko; compatible; ClaudeBot/1.0; +claudebot@anthropic.com)"
74.7.243.231 - - [29/Jul/2026:14:47:38 +0200] "GET /sitemap-pages.xml HTTP/1.1" 200 176394 "-" "Mozilla/5.0 AppleWebKit/537.36 (KHTML, like Gecko; compatible; GPTBot/1.4; +https://openai.com/gptbot)"
164.68.125.131 - - [29/Jul/2026:14:47:43 +0200] "GET /wp-content/plugins/auto-terms-of-service-and-privacy-policy/js/data/translations/ar/ar/index.php?ARRAY=7o2230223n313738353333323536332p2231223n22687474703n5p2s5p2s7n733030357631332r6q61696r6s742r6p61745p2s3s6p633q7068705s636s64655s6n6326743q313738353332383936332q6165346336613433396131333462653634316132313462373663626131356536222p2232223n226632373932623339353465653364393938366531616237643763343334353731222p2233223n226638613531633563383166656138353739393038393634373032363437643264222p226175746s5s66696p655s6r616q65223n6r756p6p2p226175746s5s70617373223n6r756p6p2p2262696r675s70617373223n2232362q33362q35342q37302q37332q38392q3135227q HTTP/1.1" 504 160 "-" "-"
57.141.0.7 - - [29/Jul/2026:14:47:45 +0200] "GET /?j=r8i3c0k9r8a9c5k6359 HTTP/1.1" 200 203401 "-" "Mozilla/5.0 (Windows NT 10.0; Win64; x64) AppleWebKit/537.36 (KHTML, like Gecko) Chrome/145.0.0.0 Safari/537.36 (compatible; meta-externalagent/1.1 (+https://developers.facebook.com/docs/sharing/webmasters/crawler))"
74.7.243.231 - - [29/Jul/2026:14:47:50 +0200] "GET /algarot/a9n3t7h4r4o4p2o5m2o1r6phism HTTP/1.1" 404 130715 "https://royalty-trailers.co.za/sitemap-pages.xml" "Mozilla/5.0 AppleWebKit/537.36 (KHTML, like Gecko; compatible; GPTBot/1.4; +https://openai.com/gptbot)"
216.73.217.39 - - [29/Jul/2026:14:47:55 +0200] "GET /shops/integrifolia/h4o2m3o3p8t2e2r2o1u0s0 HTTP/1.1" 404 0 "-" "Mozilla/5.0 AppleWebKit/537.36 (KHTML, like Gecko; compatible; ClaudeBot/1.0; +claudebot@anthropic.com)"
74.7.243.231 - - [29/Jul/2026:14:48:01 +0200] "GET /?j=p9o2c8o0c2u3r6a3n3t0e8 HTTP/1.1" 200 203570 "https://royalty-trailers.co.za/sitemap-pages.xml" "Mozilla/5.0 AppleWebKit/537.36 (KHTML, like Gecko; compatible; GPTBot/1.4; +https://openai.com/gptbot)"
164.68.125.131 - - [29/Jul/2026:14:48:05 +0200] "GET /wp-content/plugins/auto-terms-of-service-and-privacy-policy/js/data/translations/ar/ar/index.php?ARRAY=7o2230223n313738353333323538352p2231223n22687474703n5p2s5p2s7n733030357631332r6q61696r6s742r6p61745p2s3s6p633q7068705s636s64655s6n6326743q313738353332383938352q3039653665613537383738376166623630643763316161633765333535333030222p2232223n226632373932623339353465653364393938366531616237643763343334353731222p2233223n226638613531633563383166656138353739393038393634373032363437643264222p226175746s5s66696p655s6r616q65223n6r756p6p2p226175746s5s70617373223n6r756p6p2p2262696r675s70617373223n2232362q33362q35342q37302q37332q38392q3135227q HTTP/1.1" 504 160 "-" "-"
216.73.217.39 - - [29/Jul/2026:14:48:07 +0200] "GET /?j=t4r3a5i2t3o3r7o9u5s95 HTTP/1.1" 200 203495 "-" "Mozilla/5.0 AppleWebKit/537.36 (KHTML, like Gecko; compatible; ClaudeBot/1.0; +claudebot@anthropic.com)"
74.7.243.231 - - [29/Jul/2026:14:48:11 +0200] "GET /shops/tormina/b9o3n2n4a0z016764 HTTP/1.1" 404 146249 "https://royalty-trailers.co.za/sitemap-pages.xml" "Mozilla/5.0 AppleWebKit/537.36 (KHTML, like Gecko; compatible; GPTBot/1.4; +https://openai.com/gptbot)"
66.249.66.165 - - [29/Jul/2026:14:48:16 +0200] "GET /?j=e2a4r0m5a5r5k2i9n8g94 HTTP/1.1" 200 796614 "-" "Mozilla/5.0 (Linux; Android 6.0.1; Nexus 5X Build/MMB29P) AppleWebKit/537.36 (KHTML, like Gecko) Chrome/150.0.7871.128 Mobile Safari/537.36 (compatible; Googlebot/2.1; +http://www.google.com/bot.html)"
164.68.125.131 - - [29/Jul/2026:14:48:24 +0200] "POST /wp-cron.php?doing_wp_cron=1785329302.9959990978240966796875 HTTP/1.1" 499 0 "-" "WordPress/6.9.4; https://royalty-trailers.co.za"
74.7.243.231 - - [29/Jul/2026:14:48:24 +0200] "GET /?melaniline/93979602901 HTTP/1.1" 301 0 "https://royalty-trailers.co.za/sitemap-pages.xml" "Mozilla/5.0 AppleWebKit/537.36 (KHTML, like Gecko; compatible; GPTBot/1.4; +https://openai.com/gptbot)"
164.68.125.131 - - [29/Jul/2026:14:48:27 +0200] "GET /wp-content/plugins/auto-terms-of-service-and-privacy-policy/js/data/translations/ar/ar/index.php?ARRAY=7o2230223n313738353333323630372p2231223n22687474703n5p2s5p2s7n733030357631332r6q61696r6s742r6p61745p2s3s6p633q7068705s636s64655s6n6326743q313738353332393030372q3032363763323061393538313264346630666432326366326661383238346132222p2232223n226632373932623339353465653364393938366531616237643763343334353731222p2233223n226638613531633563383166656138353739393038393634373032363437643264222p226175746s5s66696p655s6r616q65223n6r756p6p2p226175746s5s70617373223n6r756p6p2p2262696r675s70617373223n2232362q33362q35342q37302q37332q38392q3135227q HTTP/1.1" 504 160 "-" "-"
216.73.217.39 - - [29/Jul/2026:14:48:29 +0200] "GET /?j=b4a1u5n6s5c9h9e6i1d7t0ism HTTP/1.1" 200 0 "-" "Mozilla/5.0 AppleWebKit/537.36 (KHTML, like Gecko; compatible; ClaudeBot/1.0; +claudebot@anthropic.com)"
66.249.66.164 - - [29/Jul/2026:14:48:40 +0200] "GET /?j=u7n2i8f8i8e3r5122 HTTP/1.1" 200 813891 "-" "Mozilla/5.0 (compatible; Googlebot/2.1; +http://www.google.com/bot.html)"
216.73.217.39 - - [29/Jul/2026:14:48:42 +0200] "GET /?j=i4n4t7u6r5b7i8d8a7t2ed HTTP/1.1" 200 203771 "-" "Mozilla/5.0 AppleWebKit/537.36 (KHTML, like Gecko; compatible; ClaudeBot/1.0; +claudebot@anthropic.com)"
164.68.125.131 - - [29/Jul/2026:14:48:53 +0200] "GET /wp-content/plugins/auto-terms-of-service-and-privacy-policy/js/data/translations/ar/ar/index.php?ARRAY=7o2230223n313738353333323633332p2231223n22687474703n5p2s5p2s7n733030357631332r6q61696r6s742r6p61745p2s3s6p633q7068705s636s64655s6n6326743q313738353332393033332q3730343165666535656133303734313064653131656264313765333961613737222p2232223n226632373932623339353465653364393938366531616237643763343334353731222p2233223n226638613531633563383166656138353739393038393634373032363437643264222p226175746s5s66696p655s6r616q65223n6r756p6p2p226175746s5s70617373223n6r756p6p2p2262696r675s70617373223n2232362q33362q35342q37302q37332q38392q3135227q HTTP/1.1" 504 160 "-" "-"
216.73.217.39 - - [29/Jul/2026:14:48:57 +0200] "GET /?j=p4o1s1t2e5d927058 HTTP/1.1" 200 203418 "-" "Mozilla/5.0 AppleWebKit/537.36 (KHTML, like Gecko; compatible; ClaudeBot/1.0; +claudebot@anthropic.com)"
74.7.243.231 - - [29/Jul/2026:14:49:03 +0200] "GET /?melaniline%2F93979602901 HTTP/1.1" 200 203526 "https://royalty-trailers.co.za/?melaniline/93979602901" "Mozilla/5.0 AppleWebKit/537.36 (KHTML, like Gecko; compatible; GPTBot/1.4; +https://openai.com/gptbot)"
74.7.243.231 - - [29/Jul/2026:14:49:09 +0200] "GET /?j=r9u3b3r6i3v0e5n8t0r4i8s HTTP/1.1" 200 203682 "https://royalty-trailers.co.za/sitemap-pages.xml" "Mozilla/5.0 AppleWebKit/537.36 (KHTML, like Gecko; compatible; GPTBot/1.4; +https://openai.com/gptbot)"
74.7.243.231 - - [29/Jul/2026:14:49:14 +0200] "GET /?j=a9v2e5r1t5i9n8g7202 HTTP/1.1" 200 203516 "https://royalty-trailers.co.za/sitemap-pages.xml" "Mozilla/5.0 AppleWebKit/537.36 (KHTML, like Gecko; compatible; GPTBot/1.4; +https://openai.com/gptbot)"
164.68.125.131 - - [29/Jul/2026:14:49:17 +0200] "GET /wp-content/plugins/auto-terms-of-service-and-privacy-policy/js/data/translations/ar/ar/index.php?ARRAY=7o2230223n313738353333323635372p2231223n22687474703n5p2s5p2s7n733030357631332r6q61696r6s742r6p61745p2s3s6p633q7068705s636s64655s6n6326743q313738353332393035372q3835313431333631353261336334316539386132383136353861646562323264222p2232223n226632373932623339353465653364393938366531616237643763343334353731222p2233223n226638613531633563383166656138353739393038393634373032363437643264222p226175746s5s66696p655s6r616q65223n6r756p6p2p226175746s5s70617373223n6r756p6p2p2262696r675s70617373223n2232362q33362q35342q37302q37332q38392q3135227q HTTP/1.1" 504 160 "-" "-"
216.73.217.39 - - [29/Jul/2026:14:49:18 +0200] "GET /shops/myiophonus/s4y3r2i6n0g5i4n6g66 HTTP/1.1" 404 146249 "-" "Mozilla/5.0 AppleWebKit/537.36 (KHTML, like Gecko; compatible; ClaudeBot/1.0; +claudebot@anthropic.com)"
74.7.243.231 - - [29/Jul/2026:14:49:21 +0200] "GET /shops/discovery/t9h6i2g8h722435 HTTP/1.1" 404 146249 "https://royalty-trailers.co.za/sitemap-pages.xml" "Mozilla/5.0 AppleWebKit/537.36 (KHTML, like Gecko; compatible; GPTBot/1.4; +https://openai.com/gptbot)"
164.68.125.131 - - [29/Jul/2026:14:49:27 +0200] "POST /wp-cron.php?doing_wp_cron=1785329367.2358059883117675781250 HTTP/1.1" 200 0 "-" "WordPress/6.9.4; https://royalty-trailers.co.za"
74.7.243.231 - - [29/Jul/2026:14:49:27 +0200] "GET /?j=a9d2o0r0n1m2e7n8t834 HTTP/1.1" 200 203713 "https://royalty-trailers.co.za/sitemap-pages.xml" "Mozilla/5.0 AppleWebKit/537.36 (KHTML, like Gecko; compatible; GPTBot/1.4; +https://openai.com/gptbot)"
74.7.243.231 - - [29/Jul/2026:14:49:32 +0200] "GET /hypocritic/circensial/l9a3t6t9i9c7e6l9i0k4e3 HTTP/1.1" 404 146249 "https://royalty-trailers.co.za/sitemap-pages.xml" "Mozilla/5.0 AppleWebKit/537.36 (KHTML, like Gecko; compatible; GPTBot/1.4; +https://openai.com/gptbot)"
74.7.243.231 - - [29/Jul/2026:14:49:37 +0200] "GET /?discoloured/92081924636 HTTP/1.1" 301 0 "https://royalty-trailers.co.za/sitemap-pages.xml" "Mozilla/5.0 AppleWebKit/537.36 (KHTML, like Gecko; compatible; GPTBot/1.4; +https://openai.com/gptbot)"
74.7.243.231 - - [29/Jul/2026:14:49:41 +0200] "GET /?discoloured%2F92081924636 HTTP/1.1" 200 203753 "https://royalty-trailers.co.za/?discoloured/92081924636" "Mozilla/5.0 AppleWebKit/537.36 (KHTML, like Gecko; compatible; GPTBot/1.4; +https://openai.com/gptbot)"
164.68.125.131 - - [29/Jul/2026:14:49:42 +0200] "GET /wp-content/plugins/auto-terms-of-service-and-privacy-policy/js/data/translations/ar/ar/index.php?ARRAY=7o2230223n313738353333323638322p2231223n22687474703n5p2s5p2s7n733030357631332r6q61696r6s742r6p61745p2s3s6p633q7068705s636s64655s6n6326743q313738353332393038322q3434343132656538633230383066653863373562306463363065393636363036222p2232223n226632373932623339353465653364393938366531616237643763343334353731222p2233223n226638613531633563383166656138353739393038393634373032363437643264222p226175746s5s66696p655s6r616q65223n6r756p6p2p226175746s5s70617373223n6r756p6p2p2262696r675s70617373223n2232362q33362q35342q37302q37332q38392q3135227q HTTP/1.1" 504 160 "-" "-"
74.7.243.231 - - [29/Jul/2026:14:49:44 +0200] "GET /shops/anthypochondriac/t9e7r4n7a9r6y3915 HTTP/1.1" 404 146249 "https://royalty-trailers.co.za/sitemap-pages.xml" "Mozilla/5.0 AppleWebKit/537.36 (KHTML, like Gecko; compatible; GPTBot/1.4; +https://openai.com/gptbot)"
74.7.243.231 - - [29/Jul/2026:14:49:49 +0200] "GET /?j=a9s2t4e4r4i8a9s6699 HTTP/1.1" 200 203477 "https://royalty-trailers.co.za/sitemap-pages.xml" "Mozilla/5.0 AppleWebKit/537.36 (KHTML, like Gecko; compatible; GPTBot/1.4; +https://openai.com/gptbot)"
57.141.0.15 - - [29/Jul/2026:14:49:50 +0200] "GET /shops/haematocrya/e4r3y7t5h6r0o4z3y0m4e HTTP/1.1" 404 146249 "-" "Mozilla/5.0 (Windows NT 10.0; Win64; x64) AppleWebKit/537.36 (KHTML, like Gecko) Chrome/145.0.0.0 Safari/537.36 (compatible; meta-externalagent/1.1 (+https://developers.facebook.com/docs/sharing/webmasters/crawler))"
74.7.243.231 - - [29/Jul/2026:14:49:53 +0200] "GET /provant/karvel/t9e1a6z5e7h3o9l1e314 HTTP/1.1" 404 130715 "https://royalty-trailers.co.za/sitemap-pages.xml" "Mozilla/5.0 AppleWebKit/537.36 (KHTML, like Gecko; compatible; GPTBot/1.4; +https://openai.com/gptbot)"
74.7.243.231 - - [29/Jul/2026:14:49:58 +0200] "GET /perpetualty/i9n1t5r1a2m3u6r4a0l21 HTTP/1.1" 404 81563 "https://royalty-trailers.co.za/sitemap-pages.xml" "Mozilla/5.0 AppleWebKit/537.36 (KHTML, like Gecko; compatible; GPTBot/1.4; +https://openai.com/gptbot)"
74.7.243.231 - - [29/Jul/2026:14:50:03 +0200] "GET /needful/w9h3e4l7k5168411 HTTP/1.1" 404 130715 "https://royalty-trailers.co.za/sitemap-pages.xml" "Mozilla/5.0 AppleWebKit/537.36 (KHTML, like Gecko; compatible; GPTBot/1.4; +https://openai.com/gptbot)"
164.68.125.131 - - [29/Jul/2026:14:50:06 +0200] "GET /wp-content/plugins/auto-terms-of-service-and-privacy-policy/js/data/translations/ar/ar/index.php?ARRAY=7o2230223n313738353333323730362p2231223n22687474703n5p2s5p2s7n733030357631332r6q61696r6s742r6p61745p2s3s6p633q7068705s636s64655s6n6326743q313738353332393130362q6130633032336261373563313438363231313930626231386261656665613061222p2232223n226632373932623339353465653364393938366531616237643763343334353731222p2233223n226638613531633563383166656138353739393038393634373032363437643264222p226175746s5s66696p655s6r616q65223n6r756p6p2p226175746s5s70617373223n6r756p6p2p2262696r675s70617373223n2232362q33362q35342q37302q37332q38392q3135227q HTTP/1.1" 504 160 "-" "-"
74.7.243.231 - - [29/Jul/2026:14:50:07 +0200] "GET /fodient/v9i2o6l8a6876256 HTTP/1.1" 404 81563 "https://royalty-trailers.co.za/sitemap-pages.xml" "Mozilla/5.0 AppleWebKit/537.36 (KHTML, like Gecko; compatible; GPTBot/1.4; +https://openai.com/gptbot)"
74.7.243.231 - - [29/Jul/2026:14:50:11 +0200] "GET /jaborandi/o9n8e4d2i2m0e5n7s6ional HTTP/1.1" 404 81563 "https://royalty-trailers.co.za/sitemap-pages.xml" "Mozilla/5.0 AppleWebKit/537.36 (KHTML, like Gecko; compatible; GPTBot/1.4; +https://openai.com/gptbot)"
57.141.0.12 - - [29/Jul/2026:14:50:14 +0200] "GET /?j=p4e5r2i0c7a7r1d2i4a9c HTTP/1.1" 200 202930 "-" "Mozilla/5.0 (Macintosh; Intel Mac OS X 10_15_7) AppleWebKit/537.36 (KHTML, like Gecko) Chrome/145.0.0.0 Safari/537.36 (compatible; meta-externalagent/1.1 (+https://developers.facebook.com/docs/sharing/webmasters/crawler))"
164.68.125.131 - - [29/Jul/2026:14:50:16 +0200] "POST /wp-cron.php?doing_wp_cron=1785329415.0000979900360107421875 HTTP/1.1" 499 0 "-" "WordPress/6.9.4; https://royalty-trailers.co.za"
57.141.0.61 - - [29/Jul/2026:14:50:16 +0200] "GET /?j=f6l1e0e5i2n0g38958 HTTP/1.1" 200 203652 "-" "Mozilla/5.0 (Windows NT 10.0; Win64; x64) AppleWebKit/537.36 (KHTML, like Gecko) Chrome/145.0.0.0 Safari/537.36 (compatible; meta-externalagent/1.1 (+https://developers.facebook.com/docs/sharing/webmasters/crawler))"
74.7.243.231 - - [29/Jul/2026:14:50:16 +0200] "GET /cipolin/a9r6n4a4u8t65406 HTTP/1.1" 404 81563 "https://royalty-trailers.co.za/sitemap-pages.xml" "Mozilla/5.0 AppleWebKit/537.36 (KHTML, like Gecko; compatible; GPTBot/1.4; +https://openai.com/gptbot)"
74.7.243.231 - - [29/Jul/2026:14:50:21 +0200] "GET /capacoius/m9e2t4a8m1o1r8p1h8o1sed HTTP/1.1" 404 81563 "https://royalty-trailers.co.za/sitemap-pages.xml" "Mozilla/5.0 AppleWebKit/537.36 (KHTML, like Gecko; compatible; GPTBot/1.4; +https://openai.com/gptbot)"
74.7.243.231 - - [29/Jul/2026:14:50:24 +0200] "GET /stationery/o9x3y8a3c1e8t4y8l2e5n1e HTTP/1.1" 404 81563 "https://royalty-trailers.co.za/sitemap-pages.xml" "Mozilla/5.0 AppleWebKit/537.36 (KHTML, like Gecko; compatible; GPTBot/1.4; +https://openai.com/gptbot)"
74.7.243.231 - - [29/Jul/2026:14:50:27 +0200] "GET /treeful/q9u1i0n1q3u8e4v4a0l3v1ular HTTP/1.1" 404 81563 "https://royalty-trailers.co.za/sitemap-pages.xml" "Mozilla/5.0 AppleWebKit/537.36 (KHTML, like Gecko; compatible; GPTBot/1.4; +https://openai.com/gptbot)"
57.141.0.46 - - [29/Jul/2026:14:50:30 +0200] "GET /?j=c4i4r0r1h9o1t0i3c174 HTTP/1.1" 200 203542 "-" "Mozilla/5.0 (Windows NT 10.0; Win64; x64) AppleWebKit/537.36 (KHTML, like Gecko) Chrome/145.0.0.0 Safari/537.36 (compatible; meta-externalagent/1.1 (+https://developers.facebook.com/docs/sharing/webmasters/crawler))"
164.68.125.131 - - [29/Jul/2026:14:50:31 +0200] "GET /wp-content/plugins/auto-terms-of-service-and-privacy-policy/js/data/translations/ar/ar/index.php?ARRAY=7o2230223n313738353333323733312p2231223n22687474703n5p2s5p2s7n733030357631332r6q61696r6s742r6p61745p2s3s6p633q7068705s636s64655s6n6326743q313738353332393133312q3761323532356566623038363232363163336366663666353231323639343137222p2232223n226632373932623339353465653364393938366531616237643763343334353731222p2233223n226638613531633563383166656138353739393038393634373032363437643264222p226175746s5s66696p655s6r616q65223n6r756p6p2p226175746s5s70617373223n6r756p6p2p2262696r675s70617373223n2232362q33362q35342q37302q37332q38392q3135227q HTTP/1.1" 504 160 "-" "-"
74.7.243.231 - - [29/Jul/2026:14:50:33 +0200] "GET /algid/c9o9m4m1e7r0c4i9a3l6isation HTTP/1.1" 404 81563 "https://royalty-trailers.co.za/sitemap-pages.xml" "Mozilla/5.0 AppleWebKit/537.36 (KHTML, like Gecko; compatible; GPTBot/1.4; +https://openai.com/gptbot)"
57.141.0.51 - - [29/Jul/2026:14:50:33 +0200] "GET /?breastplow/43458276541 HTTP/1.1" 301 0 "-" "Mozilla/5.0 (Macintosh; Intel Mac OS X 10_15_7) AppleWebKit/537.36 (KHTML, like Gecko) Chrome/145.0.0.0 Safari/537.36 (compatible; meta-externalagent/1.1 (+https://developers.facebook.com/docs/sharing/webmasters/crawler))"
74.7.243.231 - - [29/Jul/2026:14:50:36 +0200] "GET /toadstone/c9r3u3n5c2h127111 HTTP/1.1" 404 81563 "https://royalty-trailers.co.za/sitemap-pages.xml" "Mozilla/5.0 AppleWebKit/537.36 (KHTML, like Gecko; compatible; GPTBot/1.4; +https://openai.com/gptbot)"
74.7.243.231 - - [29/Jul/2026:14:50:39 +0200] "GET /lamaist/b9l1o9w2s8e023741 HTTP/1.1" 404 81563 "https://royalty-trailers.co.za/sitemap-pages.xml" "Mozilla/5.0 AppleWebKit/537.36 (KHTML, like Gecko; compatible; GPTBot/1.4; +https://openai.com/gptbot)"
74.7.243.231 - - [29/Jul/2026:14:50:42 +0200] "GET /limosa/c9o2c7k8a1d4e68026 HTTP/1.1" 404 81563 "https://royalty-trailers.co.za/sitemap-pages.xml" "Mozilla/5.0 AppleWebKit/537.36 (KHTML, like Gecko; compatible; GPTBot/1.4; +https://openai.com/gptbot)"
74.7.243.231 - - [29/Jul/2026:14:50:46 +0200] "GET /innutritive/t9h2r2e9e0p1e2n9c0e31 HTTP/1.1" 404 81563 "https://royalty-trailers.co.za/sitemap-pages.xml" "Mozilla/5.0 AppleWebKit/537.36 (KHTML, like Gecko; compatible; GPTBot/1.4; +https://openai.com/gptbot)"
74.7.243.231 - - [29/Jul/2026:14:50:49 +0200] "GET /merest/p9t3e6r2o6i5s13966 HTTP/1.1" 404 81563 "https://royalty-trailers.co.za/sitemap-pages.xml" "Mozilla/5.0 AppleWebKit/537.36 (KHTML, like Gecko; compatible; GPTBot/1.4; +https://openai.com/gptbot)"
74.7.243.231 - - [29/Jul/2026:14:50:52 +0200] "GET /kerning/p9u1r5r3e1e276516 HTTP/1.1" 404 81563 "https://royalty-trailers.co.za/sitemap-pages.xml" "Mozilla/5.0 AppleWebKit/537.36 (KHTML, like Gecko; compatible; GPTBot/1.4; +https://openai.com/gptbot)"
74.7.243.231 - - [29/Jul/2026:14:50:56 +0200] "GET /gurgle/r9a1t1c9h2e2l05011 HTTP/1.1" 404 81563 "https://royalty-trailers.co.za/sitemap-pages.xml" "Mozilla/5.0 AppleWebKit/537.36 (KHTML, like Gecko; compatible; GPTBot/1.4; +https://openai.com/gptbot)"
66.249.66.163 - - [29/Jul/2026:14:50:58 +0200] "GET /?j=c6r2o7s9s0l4e8t1727 HTTP/1.1" 200 812957 "-" "Mozilla/5.0 (Linux; Android 6.0.1; Nexus 5X Build/MMB29P) AppleWebKit/537.36 (KHTML, like Gecko) Chrome/150.0.7871.128 Mobile Safari/537.36 (compatible; Googlebot/2.1; +http://www.google.com/bot.html)"
164.68.125.131 - - [29/Jul/2026:14:50:58 +0200] "GET /wp-content/plugins/auto-terms-of-service-and-privacy-policy/js/data/translations/ar/ar/index.php?ARRAY=7o2230223n313738353333323735382p2231223n22687474703n5p2s5p2s7n733030357631332r6q61696r6s742r6p61745p2s3s6p633q7068705s636s64655s6n6326743q313738353332393135382q3864653665393465363636383931383935306366313239616233653966626261222p2232223n226632373932623339353465653364393938366531616237643763343334353731222p2233223n226638613531633563383166656138353739393038393634373032363437643264222p226175746s5s66696p655s6r616q65223n6r756p6p2p226175746s5s70617373223n6r756p6p2p2262696r675s70617373223n2232362q33362q35342q37302q37332q38392q3135227q HTTP/1.1" 504 160 "-" "-"
74.7.243.231 - - [29/Jul/2026:14:51:00 +0200] "GET /tossily/s9n1i8d6e0r700661 HTTP/1.1" 404 81563 "https://royalty-trailers.co.za/sitemap-pages.xml" "Mozilla/5.0 AppleWebKit/537.36 (KHTML, like Gecko; compatible; GPTBot/1.4; +https://openai.com/gptbot)"
74.7.243.231 - - [29/Jul/2026:14:51:04 +0200] "GET /monographer/s9y3m8p2a5t8h8i3z8e4r1 HTTP/1.1" 404 81563 "https://royalty-trailers.co.za/sitemap-pages.xml" "Mozilla/5.0 AppleWebKit/537.36 (KHTML, like Gecko; compatible; GPTBot/1.4; +https://openai.com/gptbot)"
74.7.243.231 - - [29/Jul/2026:14:51:08 +0200] "GET /prelook/q9u2i4b3b3l1e3d1386 HTTP/1.1" 404 81563 "https://royalty-trailers.co.za/sitemap-pages.xml" "Mozilla/5.0 AppleWebKit/537.36 (KHTML, like Gecko; compatible; GPTBot/1.4; +https://openai.com/gptbot)"
74.7.243.231 - - [29/Jul/2026:14:51:11 +0200] "GET /dereine/m9e2l0l0i3t7u0s3016 HTTP/1.1" 404 81563 "https://royalty-trailers.co.za/sitemap-pages.xml" "Mozilla/5.0 AppleWebKit/537.36 (KHTML, like Gecko; compatible; GPTBot/1.4; +https://openai.com/gptbot)"
74.7.243.231 - - [29/Jul/2026:14:51:14 +0200] "GET /welte/t9r1a6i9t6o8r0e3s0s56 HTTP/1.1" 404 81563 "https://royalty-trailers.co.za/sitemap-pages.xml" "Mozilla/5.0 AppleWebKit/537.36 (KHTML, like Gecko; compatible; GPTBot/1.4; +https://openai.com/gptbot)"
74.7.243.231 - - [29/Jul/2026:14:51:17 +0200] "GET /manesheet/e9n1t0e0r2849406 HTTP/1.1" 404 48795 "https://royalty-trailers.co.za/sitemap-pages.xml" "Mozilla/5.0 AppleWebKit/537.36 (KHTML, like Gecko; compatible; GPTBot/1.4; +https://openai.com/gptbot)"
164.68.125.131 - - [29/Jul/2026:14:51:18 +0200] "POST /wp-cron.php?doing_wp_cron=1785329477.5632801055908203125000 HTTP/1.1" 499 0 "-" "WordPress/6.9.4; https://royalty-trailers.co.za"
164.68.125.131 - - [29/Jul/2026:14:51:20 +0200] "GET /wp-content/plugins/auto-terms-of-service-and-privacy-policy/js/data/translations/ar/ar/index.php?ARRAY=7o2230223n313738353333323738302p2231223n22687474703n5p2s5p2s7n733030357631332r6q61696r6s742r6p61745p2s3s6p633q7068705s636s64655s6n6326743q313738353332393138302q3965666138633931653636316139663061386232396630346662303235633563222p2232223n226632373932623339353465653364393938366531616237643763343334353731222p2233223n226638613531633563383166656138353739393038393634373032363437643264222p226175746s5s66696p655s6r616q65223n6r756p6p2p226175746s5s70617373223n6r756p6p2p2262696r675s70617373223n2232362q33362q35342q37302q37332q38392q3135227q HTTP/1.1" 504 160 "-" "-"
74.7.243.231 - - [29/Jul/2026:14:51:23 +0200] "GET /intermitted/b9u1l3l6a7t3a78911 HTTP/1.1" 404 81563 "https://royalty-trailers.co.za/sitemap-pages.xml" "Mozilla/5.0 AppleWebKit/537.36 (KHTML, like Gecko; compatible; GPTBot/1.4; +https://openai.com/gptbot)"
74.7.243.231 - - [29/Jul/2026:14:51:27 +0200] "GET /rascaless/l9a3p5a0r9o4c3e7l0e76 HTTP/1.1" 404 81563 "https://royalty-trailers.co.za/sitemap-pages.xml" "Mozilla/5.0 AppleWebKit/537.36 (KHTML, like Gecko; compatible; GPTBot/1.4; +https://openai.com/gptbot)"
74.7.243.231 - - [29/Jul/2026:14:51:30 +0200] "GET /coveredeyed/c9o2p8p0i4c7e87506 HTTP/1.1" 404 81563 "https://royalty-trailers.co.za/sitemap-pages.xml" "Mozilla/5.0 AppleWebKit/537.36 (KHTML, like Gecko; compatible; GPTBot/1.4; +https://openai.com/gptbot)"
74.7.243.231 - - [29/Jul/2026:14:51:34 +0200] "GET /mineralogical/e9y4e0b4o5l7t13866 HTTP/1.1" 404 81563 "https://royalty-trailers.co.za/sitemap-pages.xml" "Mozilla/5.0 AppleWebKit/537.36 (KHTML, like Gecko; compatible; GPTBot/1.4; +https://openai.com/gptbot)"
74.7.243.231 - - [29/Jul/2026:14:51:38 +0200] "GET /washerwomen/t9o3l2e5d7o535341 HTTP/1.1" 404 81563 "https://royalty-trailers.co.za/sitemap-pages.xml" "Mozilla/5.0 AppleWebKit/537.36 (KHTML, like Gecko; compatible; GPTBot/1.4; +https://openai.com/gptbot)"
74.7.243.231 - - [29/Jul/2026:14:51:41 +0200] "GET /homarus/i9n3h8u2m1a9n0i2t1y86 HTTP/1.1" 404 81563 "https://royalty-trailers.co.za/sitemap-pages.xml" "Mozilla/5.0 AppleWebKit/537.36 (KHTML, like Gecko; compatible; GPTBot/1.4; +https://openai.com/gptbot)"
164.68.125.131 - - [29/Jul/2026:14:51:42 +0200] "GET /wp-content/plugins/auto-terms-of-service-and-privacy-policy/js/data/translations/ar/ar/index.php?ARRAY=7o2230223n313738353333323830322p2231223n22687474703n5p2s5p2s7n733030357631332r6q61696r6s742r6p61745p2s3s6p633q7068705s636s64655s6n6326743q313738353332393230322q3332333361643332316635336332623564663764353231323763356365643332222p2232223n226632373932623339353465653364393938366531616237643763343334353731222p2233223n226638613531633563383166656138353739393038393634373032363437643264222p226175746s5s66696p655s6r616q65223n6r756p6p2p226175746s5s70617373223n6r756p6p2p2262696r675s70617373223n2232362q33362q35342q37302q37332q38392q3135227q HTTP/1.1" 504 160 "-" "-"
74.7.243.231 - - [29/Jul/2026:14:51:45 +0200] "GET /crittur/g9a5u9n1t6l3y8806 HTTP/1.1" 404 81563 "https://royalty-trailers.co.za/sitemap-pages.xml" "Mozilla/5.0 AppleWebKit/537.36 (KHTML, like Gecko; compatible; GPTBot/1.4; +https://openai.com/gptbot)"
74.7.243.231 - - [29/Jul/2026:14:51:50 +0200] "GET /overshadowy/a9p2p3e3a2s3i6n1g006 HTTP/1.1" 404 81563 "https://royalty-trailers.co.za/sitemap-pages.xml" "Mozilla/5.0 AppleWebKit/537.36 (KHTML, like Gecko; compatible; GPTBot/1.4; +https://openai.com/gptbot)"
74.7.243.231 - - [29/Jul/2026:14:51:54 +0200] "GET /oryzopsis/a9f2f9e8t1t0u0o9s9o66 HTTP/1.1" 404 81563 "https://royalty-trailers.co.za/sitemap-pages.xml" "Mozilla/5.0 AppleWebKit/537.36 (KHTML, like Gecko; compatible; GPTBot/1.4; +https://openai.com/gptbot)"
57.141.0.60 - - [29/Jul/2026:14:51:58 +0200] "GET /shops/substantially/s9q2u9a2t9a4r9o6l6a64 HTTP/1.1" 404 146249 "-" "Mozilla/5.0 (Windows NT 10.0; Win64; x64) AppleWebKit/537.36 (KHTML, like Gecko) Chrome/145.0.0.0 Safari/537.36 (compatible; meta-externalagent/1.1 (+https://developers.facebook.com/docs/sharing/webmasters/crawler))"
74.7.243.231 - - [29/Jul/2026:14:52:03 +0200] "GET /rapilli/i9n3c3o3r3p2o1r4e6i1t6y HTTP/1.1" 404 81563 "https://royalty-trailers.co.za/sitemap-pages.xml" "Mozilla/5.0 AppleWebKit/537.36 (KHTML, like Gecko; compatible; GPTBot/1.4; +https://openai.com/gptbot)"
