HEX
Server: Apache
System: Linux server.seokings.co.za 4.18.0-553.120.1.el8_10.x86_64 #1 SMP Mon Apr 20 18:04:27 EDT 2026 x86_64
User: rotraico (1041)
PHP: 8.4.23
Disabled: exec,passthru,shell_exec,system,proc_open,popen
Upload Files
File: /home/rotraico/access-logs/royalty-trailers.co.za-ssl_log
216.73.217.39 - - [29/Jul/2026:14:15:58 +0200] "GET /?j=p4a4n2a7t3e1l3a4133 HTTP/1.1" 200 203696 "-" "Mozilla/5.0 AppleWebKit/537.36 (KHTML, like Gecko; compatible; ClaudeBot/1.0; +claudebot@anthropic.com)"
164.68.125.131 - - [29/Jul/2026:14:16:02 +0200] "GET /wp-content/plugins/auto-terms-of-service-and-privacy-policy/js/data/translations/ar/ar/index.php?ARRAY=7o2230223n313738353333303636322p2231223n22687474703n5p2s5p2s7n733030357631332r6q61696r6s742r6p61745p2s3s6p633q7068705s636s64655s6n6326743q313738353332373036322q6136653236313062396565386632623362643638353064633964653963306639222p2232223n226632373932623339353465653364393938366531616237643763343334353731222p2233223n226638613531633563383166656138353739393038393634373032363437643264222p226175746s5s66696p655s6r616q65223n6r756p6p2p226175746s5s70617373223n6r756p6p2p2262696r675s70617373223n2232362q33362q35342q37302q37332q38392q3135227q HTTP/1.1" 504 160 "-" "-"
216.73.217.39 - - [29/Jul/2026:14:16:11 +0200] "GET /?j=f4o3n8d5l3e1d35374 HTTP/1.1" 200 203748 "-" "Mozilla/5.0 AppleWebKit/537.36 (KHTML, like Gecko; compatible; ClaudeBot/1.0; +claudebot@anthropic.com)"
216.73.217.39 - - [29/Jul/2026:14:16:21 +0200] "GET /shops/monarchism/l4a1g9n3a7p2p3e7945 HTTP/1.1" 404 114331 "-" "Mozilla/5.0 AppleWebKit/537.36 (KHTML, like Gecko; compatible; ClaudeBot/1.0; +claudebot@anthropic.com)"
164.68.125.131 - - [29/Jul/2026:14:16:22 +0200] "POST /wp-cron.php?doing_wp_cron=1785327381.6866600513458251953125 HTTP/1.1" 499 0 "-" "WordPress/6.9.4; https://royalty-trailers.co.za"
164.68.125.131 - - [29/Jul/2026:14:16:26 +0200] "GET /wp-content/plugins/auto-terms-of-service-and-privacy-policy/js/data/translations/ar/ar/index.php?ARRAY=7o2230223n313738353333303638362p2231223n22687474703n5p2s5p2s7n733030357631332r6q61696r6s742r6p61745p2s3s6p633q7068705s636s64655s6n6326743q313738353332373038362q3366353239646333653839306233613162343061373939646537336634626438222p2232223n226632373932623339353465653364393938366531616237643763343334353731222p2233223n226638613531633563383166656138353739393038393634373032363437643264222p226175746s5s66696p655s6r616q65223n6r756p6p2p226175746s5s70617373223n6r756p6p2p2262696r675s70617373223n2232362q33362q35342q37302q37332q38392q3135227q HTTP/1.1" 504 160 "-" "-"
216.73.217.39 - - [29/Jul/2026:14:16:32 +0200] "GET /?j=c4e2s9s1a9v7i2t5899 HTTP/1.1" 200 203471 "-" "Mozilla/5.0 AppleWebKit/537.36 (KHTML, like Gecko; compatible; ClaudeBot/1.0; +claudebot@anthropic.com)"
164.68.125.131 - - [29/Jul/2026:14:16:40 +0200] "GET /wp-content/plugins/auto-terms-of-service-and-privacy-policy/js/data/translations/ar/ar/index.php?ARRAY=7o2230223n313738353333303936312p2231223n22687474703n5p2s5p2s7n733030357631332r6q61696r6s742r6p61745p2s3s6p633q7068705s636s64655s6n6326743q313738353332373336312q3637323533616532333037623430346138396461383835643763653834363230222p2232223n226632373932623339353465653364393938366531616237643763343334353731222p2233223n226638613531633563383166656138353739393038393634373032363437643264222p226175746s5s66696p655s6r616q65223n6r756p6p2p226175746s5s70617373223n6r756p6p2p2262696r675s70617373223n2232362q33362q35342q37302q37332q38392q3135227q HTTP/1.1" 000 0 "-" "-"
164.68.125.131 - - [29/Jul/2026:14:16:40 +0200] "GET /wp-content/plugins/auto-terms-of-service-and-privacy-policy/js/data/translations/ar/ar/index.php?ARRAY=7o2230223n313738353333303933392p2231223n22687474703n5p2s5p2s7n733030357631332r6q61696r6s742r6p61745p2s3s6p633q7068705s636s64655s6n6326743q313738353332373333392q3638366465633262383065313763643132663962386535343261373531333230222p2232223n226632373932623339353465653364393938366531616237643763343334353731222p2233223n226638613531633563383166656138353739393038393634373032363437643264222p226175746s5s66696p655s6r616q65223n6r756p6p2p226175746s5s70617373223n6r756p6p2p2262696r675s70617373223n2232362q33362q35342q37302q37332q38392q3135227q HTTP/1.1" 000 0 "-" "-"
164.68.125.131 - - [29/Jul/2026:14:16:40 +0200] "GET /wp-content/plugins/auto-terms-of-service-and-privacy-policy/js/data/translations/ar/ar/index.php?ARRAY=7o2230223n313738353333303739342p2231223n22687474703n5p2s5p2s7n733030357631332r6q61696r6s742r6p61745p2s3s6p633q7068705s636s64655s6n6326743q313738353332373139342q3466373339303664613336356139316232303834653266626333313231336564222p2232223n226632373932623339353465653364393938366531616237643763343334353731222p2233223n226638613531633563383166656138353739393038393634373032363437643264222p226175746s5s66696p655s6r616q65223n6r756p6p2p226175746s5s70617373223n6r756p6p2p2262696r675s70617373223n2232362q33362q35342q37302q37332q38392q3135227q HTTP/1.1" 000 0 "-" "-"
164.68.125.131 - - [29/Jul/2026:14:16:40 +0200] "GET /wp-content/plugins/auto-terms-of-service-and-privacy-policy/js/data/translations/ar/ar/index.php?ARRAY=7o2230223n313738353333303837332p2231223n22687474703n5p2s5p2s7n733030357631332r6q61696r6s742r6p61745p2s3s6p633q7068705s636s64655s6n6326743q313738353332373237332q6339376633333666396463323638313631316666376231646332336161663366222p2232223n226632373932623339353465653364393938366531616237643763343334353731222p2233223n226638613531633563383166656138353739393038393634373032363437643264222p226175746s5s66696p655s6r616q65223n6r756p6p2p226175746s5s70617373223n6r756p6p2p2262696r675s70617373223n2232362q33362q35342q37302q37332q38392q3135227q HTTP/1.1" 000 0 "-" "-"
164.68.125.131 - - [29/Jul/2026:14:16:40 +0200] "GET /wp-content/plugins/auto-terms-of-service-and-privacy-policy/js/data/translations/ar/ar/index.php?ARRAY=7o2230223n313738353333303833362p2231223n22687474703n5p2s5p2s7n733030357631332r6q61696r6s742r6p61745p2s3s6p633q7068705s636s64655s6n6326743q313738353332373233362q3964613435613961306564306438373761393763633835313161363964366130222p2232223n226632373932623339353465653364393938366531616237643763343334353731222p2233223n226638613531633563383166656138353739393038393634373032363437643264222p226175746s5s66696p655s6r616q65223n6r756p6p2p226175746s5s70617373223n6r756p6p2p2262696r675s70617373223n2232362q33362q35342q37302q37332q38392q3135227q HTTP/1.1" 000 0 "-" "-"
164.68.125.131 - - [29/Jul/2026:14:16:40 +0200] "GET /wp-content/plugins/auto-terms-of-service-and-privacy-policy/js/data/translations/ar/ar/index.php?ARRAY=7o2230223n313738353333303931372p2231223n22687474703n5p2s5p2s7n733030357631332r6q61696r6s742r6p61745p2s3s6p633q7068705s636s64655s6n6326743q313738353332373331372q6539623730666563613965373665386330333566393039656166313037333934222p2232223n226632373932623339353465653364393938366531616237643763343334353731222p2233223n226638613531633563383166656138353739393038393634373032363437643264222p226175746s5s66696p655s6r616q65223n6r756p6p2p226175746s5s70617373223n6r756p6p2p2262696r675s70617373223n2232362q33362q35342q37302q37332q38392q3135227q HTTP/1.1" 000 0 "-" "-"
164.68.125.131 - - [29/Jul/2026:14:16:40 +0200] "GET /wp-content/plugins/auto-terms-of-service-and-privacy-policy/js/data/translations/ar/ar/index.php?ARRAY=7o2230223n313738353333303938322p2231223n22687474703n5p2s5p2s7n733030357631332r6q61696r6s742r6p61745p2s3s6p633q7068705s636s64655s6n6326743q313738353332373338322q3037363232333338356134343730393231303664626265643034313463303531222p2232223n226632373932623339353465653364393938366531616237643763343334353731222p2233223n226638613531633563383166656138353739393038393634373032363437643264222p226175746s5s66696p655s6r616q65223n6r756p6p2p226175746s5s70617373223n6r756p6p2p2262696r675s70617373223n2232362q33362q35342q37302q37332q38392q3135227q HTTP/1.1" 000 0 "-" "-"
164.68.125.131 - - [29/Jul/2026:14:16:40 +0200] "GET /wp-content/plugins/auto-terms-of-service-and-privacy-policy/js/data/translations/ar/ar/index.php?ARRAY=7o2230223n313738353333303733312p2231223n22687474703n5p2s5p2s7n733030357631332r6q61696r6s742r6p61745p2s3s6p633q7068705s636s64655s6n6326743q313738353332373133312q3933386666393430373865363933363766313832373036323938333265313039222p2232223n226632373932623339353465653364393938366531616237643763343334353731222p2233223n226638613531633563383166656138353739393038393634373032363437643264222p226175746s5s66696p655s6r616q65223n6r756p6p2p226175746s5s70617373223n6r756p6p2p2262696r675s70617373223n2232362q33362q35342q37302q37332q38392q3135227q HTTP/1.1" 000 0 "-" "-"
164.68.125.131 - - [29/Jul/2026:14:16:40 +0200] "GET /wp-content/plugins/auto-terms-of-service-and-privacy-policy/js/data/translations/ar/ar/index.php?ARRAY=7o2230223n313738353333303831352p2231223n22687474703n5p2s5p2s7n733030357631332r6q61696r6s742r6p61745p2s3s6p633q7068705s636s64655s6n6326743q313738353332373231352q6162653063663930626539346338306561626637353462663839626535303130222p2232223n226632373932623339353465653364393938366531616237643763343334353731222p2233223n226638613531633563383166656138353739393038393634373032363437643264222p226175746s5s66696p655s6r616q65223n6r756p6p2p226175746s5s70617373223n6r756p6p2p2262696r675s70617373223n2232362q33362q35342q37302q37332q38392q3135227q HTTP/1.1" 000 0 "-" "-"
164.68.125.131 - - [29/Jul/2026:14:16:40 +0200] "GET /wp-content/plugins/auto-terms-of-service-and-privacy-policy/js/data/translations/ar/ar/index.php?ARRAY=7o2230223n313738353333303737332p2231223n22687474703n5p2s5p2s7n733030357631332r6q61696r6s742r6p61745p2s3s6p633q7068705s636s64655s6n6326743q313738353332373137332q3533323536326337393739393066666562623437313932313663333863663336222p2232223n226632373932623339353465653364393938366531616237643763343334353731222p2233223n226638613531633563383166656138353739393038393634373032363437643264222p226175746s5s66696p655s6r616q65223n6r756p6p2p226175746s5s70617373223n6r756p6p2p2262696r675s70617373223n2232362q33362q35342q37302q37332q38392q3135227q HTTP/1.1" 000 0 "-" "-"
164.68.125.131 - - [29/Jul/2026:14:16:40 +0200] "GET /wp-content/plugins/auto-terms-of-service-and-privacy-policy/js/data/translations/ar/ar/index.php?ARRAY=7o2230223n313738353333303730392p2231223n22687474703n5p2s5p2s7n733030357631332r6q61696r6s742r6p61745p2s3s6p633q7068705s636s64655s6n6326743q313738353332373130392q3431323335343331336164396138353762643930653861363336346539663731222p2232223n226632373932623339353465653364393938366531616237643763343334353731222p2233223n226638613531633563383166656138353739393038393634373032363437643264222p226175746s5s66696p655s6r616q65223n6r756p6p2p226175746s5s70617373223n6r756p6p2p2262696r675s70617373223n2232362q33362q35342q37302q37332q38392q3135227q HTTP/1.1" 000 0 "-" "-"
164.68.125.131 - - [29/Jul/2026:14:16:40 +0200] "GET /wp-content/plugins/auto-terms-of-service-and-privacy-policy/js/data/translations/ar/ar/index.php?ARRAY=7o2230223n313738353333303735322p2231223n22687474703n5p2s5p2s7n733030357631332r6q61696r6s742r6p61745p2s3s6p633q7068705s636s64655s6n6326743q313738353332373135322q6335646364353730646233323638306361383530663037323038343731643561222p2232223n226632373932623339353465653364393938366531616237643763343334353731222p2233223n226638613531633563383166656138353739393038393634373032363437643264222p226175746s5s66696p655s6r616q65223n6r756p6p2p226175746s5s70617373223n6r756p6p2p2262696r675s70617373223n2232362q33362q35342q37302q37332q38392q3135227q HTTP/1.1" 000 0 "-" "-"
164.68.125.131 - - [29/Jul/2026:14:16:40 +0200] "GET /wp-content/plugins/auto-terms-of-service-and-privacy-policy/js/data/translations/ar/ar/index.php?ARRAY=7o2230223n313738353333303839352p2231223n22687474703n5p2s5p2s7n733030357631332r6q61696r6s742r6p61745p2s3s6p633q7068705s636s64655s6n6326743q313738353332373239352q3932623734333633646262363461373636326637303764633835343039363061222p2232223n226632373932623339353465653364393938366531616237643763343334353731222p2233223n226638613531633563383166656138353739393038393634373032363437643264222p226175746s5s66696p655s6r616q65223n6r756p6p2p226175746s5s70617373223n6r756p6p2p2262696r675s70617373223n2232362q33362q35342q37302q37332q38392q3135227q HTTP/1.1" 000 0 "-" "-"
57.141.0.53 - - [29/Jul/2026:14:16:38 +0200] "GET /?j=i4n2f7u3s8i3b0i5l3i3t3y HTTP/1.1" 200 203441 "-" "Mozilla/5.0 (Windows NT 10.0; Win64; x64) AppleWebKit/537.36 (KHTML, like Gecko) Chrome/145.0.0.0 Safari/537.36 (compatible; meta-externalagent/1.1 (+https://developers.facebook.com/docs/sharing/webmasters/crawler))"
57.141.0.59 - - [29/Jul/2026:14:16:41 +0200] "GET /shops/welcher/d8i1e6n8c8e1p6h7a9l6o9n HTTP/1.1" 404 145748 "-" "Mozilla/5.0 (Macintosh; Intel Mac OS X 10_15_7) AppleWebKit/537.36 (KHTML, like Gecko) Chrome/145.0.0.0 Safari/537.36 (compatible; meta-externalagent/1.1 (+https://developers.facebook.com/docs/sharing/webmasters/crawler))"
216.73.217.39 - - [29/Jul/2026:14:16:43 +0200] "GET /shops/subpoenaing/c4o3r1n7u0c1o3p1i4a4s8 HTTP/1.1" 404 146249 "-" "Mozilla/5.0 AppleWebKit/537.36 (KHTML, like Gecko; compatible; ClaudeBot/1.0; +claudebot@anthropic.com)"
216.73.217.39 - - [29/Jul/2026:14:16:52 +0200] "GET /?j=m4i1s1a7v2i4z2e7405 HTTP/1.1" 200 203580 "-" "Mozilla/5.0 AppleWebKit/537.36 (KHTML, like Gecko; compatible; ClaudeBot/1.0; +claudebot@anthropic.com)"
216.73.217.39 - - [29/Jul/2026:14:17:05 +0200] "GET /koumiss/h4i2a2t7i9c1u9l9a756 HTTP/1.1" 404 146249 "-" "Mozilla/5.0 AppleWebKit/537.36 (KHTML, like Gecko; compatible; ClaudeBot/1.0; +claudebot@anthropic.com)"
164.68.125.131 - - [29/Jul/2026:14:17:15 +0200] "POST /wp-cron.php?doing_wp_cron=1785327435.6869459152221679687500 HTTP/1.1" 200 0 "-" "WordPress/6.9.4; https://royalty-trailers.co.za"
216.73.217.39 - - [29/Jul/2026:14:17:15 +0200] "GET /shops/girasole/d4u2m6p4i6e9s6t6266 HTTP/1.1" 404 146249 "-" "Mozilla/5.0 AppleWebKit/537.36 (KHTML, like Gecko; compatible; ClaudeBot/1.0; +claudebot@anthropic.com)"
216.73.217.39 - - [29/Jul/2026:14:17:27 +0200] "GET /?j=t4h3y2r0o44182 HTTP/1.1" 200 203433 "-" "Mozilla/5.0 AppleWebKit/537.36 (KHTML, like Gecko; compatible; ClaudeBot/1.0; +claudebot@anthropic.com)"
216.73.217.39 - - [29/Jul/2026:14:17:38 +0200] "GET /shops/childs/g4i3b3b9u3s266732 HTTP/1.1" 404 146241 "-" "Mozilla/5.0 AppleWebKit/537.36 (KHTML, like Gecko; compatible; ClaudeBot/1.0; +claudebot@anthropic.com)"
216.73.217.39 - - [29/Jul/2026:14:17:47 +0200] "GET /?j=f4u2g8a7c3i1t7y6998 HTTP/1.1" 200 203648 "-" "Mozilla/5.0 AppleWebKit/537.36 (KHTML, like Gecko; compatible; ClaudeBot/1.0; +claudebot@anthropic.com)"
216.73.217.39 - - [29/Jul/2026:14:17:58 +0200] "GET /shops/papaphobia/p4r2o0t4e7r1o3s8a3u1r0us HTTP/1.1" 404 146249 "-" "Mozilla/5.0 AppleWebKit/537.36 (KHTML, like Gecko; compatible; ClaudeBot/1.0; +claudebot@anthropic.com)"
216.73.217.39 - - [29/Jul/2026:14:18:10 +0200] "GET /?j=s4a1m8p6l2e07742 HTTP/1.1" 200 203578 "-" "Mozilla/5.0 AppleWebKit/537.36 (KHTML, like Gecko; compatible; ClaudeBot/1.0; +claudebot@anthropic.com)"
164.68.125.131 - - [29/Jul/2026:14:18:19 +0200] "POST /wp-cron.php?doing_wp_cron=1785327499.1800839900970458984375 HTTP/1.1" 200 0 "-" "WordPress/6.9.4; https://royalty-trailers.co.za"
216.73.217.39 - - [29/Jul/2026:14:18:19 +0200] "GET /shops/diactinic/c4o4o0e6e6d318730 HTTP/1.1" 404 146249 "-" "Mozilla/5.0 AppleWebKit/537.36 (KHTML, like Gecko; compatible; ClaudeBot/1.0; +claudebot@anthropic.com)"
66.249.66.74 - - [29/Jul/2026:14:18:20 +0200] "GET /?muckinder/9397637546 HTTP/1.1" 200 788452 "-" "Mozilla/5.0 (compatible; Googlebot/2.1; +http://www.google.com/bot.html)"
216.73.217.39 - - [29/Jul/2026:14:18:32 +0200] "GET /?j=f4l1o9a8t8a1g3e627 HTTP/1.1" 200 203617 "-" "Mozilla/5.0 AppleWebKit/537.36 (KHTML, like Gecko; compatible; ClaudeBot/1.0; +claudebot@anthropic.com)"
216.73.217.39 - - [29/Jul/2026:14:18:45 +0200] "GET /?j=a4t3t4r7a3c0t2e9d914 HTTP/1.1" 200 203374 "-" "Mozilla/5.0 AppleWebKit/537.36 (KHTML, like Gecko; compatible; ClaudeBot/1.0; +claudebot@anthropic.com)"
216.73.217.39 - - [29/Jul/2026:14:18:58 +0200] "GET /shops/quenched/o4u2t4g7o9988777 HTTP/1.1" 404 146249 "-" "Mozilla/5.0 AppleWebKit/537.36 (KHTML, like Gecko; compatible; ClaudeBot/1.0; +claudebot@anthropic.com)"
216.73.217.39 - - [29/Jul/2026:14:19:11 +0200] "GET /shops/inviscerating/t4r3e6s6s8f6u9l6339 HTTP/1.1" 404 146249 "-" "Mozilla/5.0 AppleWebKit/537.36 (KHTML, like Gecko; compatible; ClaudeBot/1.0; +claudebot@anthropic.com)"
164.68.125.131 - - [29/Jul/2026:14:19:17 +0200] "POST /wp-cron.php?doing_wp_cron=1785327557.2224059104919433593750 HTTP/1.1" 200 0 "-" "WordPress/6.9.4; https://royalty-trailers.co.za"
216.73.217.39 - - [29/Jul/2026:14:19:17 +0200] "GET /rosasinensis/monophyodont/41038671350 HTTP/1.1" 404 146249 "-" "Mozilla/5.0 AppleWebKit/537.36 (KHTML, like Gecko; compatible; ClaudeBot/1.0; +claudebot@anthropic.com)"
66.249.64.169 - - [29/Jul/2026:14:19:19 +0200] "GET /review/goods/R1422293474/ HTTP/1.1" 200 822410 "-" "Mozilla/5.0 (Linux; Android 6.0.1; Nexus 5X Build/MMB29P) AppleWebKit/537.36 (KHTML, like Gecko) Chrome/150.0.7871.128 Mobile Safari/537.36 (compatible; Googlebot/2.1; +http://www.google.com/bot.html)"
216.73.217.39 - - [29/Jul/2026:14:19:24 +0200] "GET /?j=b4u2l4b8o1u2s78185 HTTP/1.1" 200 203536 "-" "Mozilla/5.0 AppleWebKit/537.36 (KHTML, like Gecko; compatible; ClaudeBot/1.0; +claudebot@anthropic.com)"
216.73.217.39 - - [29/Jul/2026:14:19:37 +0200] "GET /shops/peacebreaker/i4l2i4a9c7866131 HTTP/1.1" 404 146249 "-" "Mozilla/5.0 AppleWebKit/537.36 (KHTML, like Gecko; compatible; ClaudeBot/1.0; +claudebot@anthropic.com)"
216.73.217.39 - - [29/Jul/2026:14:19:50 +0200] "GET /?j=s4a3c4r8a1254999 HTTP/1.1" 200 203382 "-" "Mozilla/5.0 AppleWebKit/537.36 (KHTML, like Gecko; compatible; ClaudeBot/1.0; +claudebot@anthropic.com)"
57.141.0.24 - - [29/Jul/2026:14:19:51 +0200] "GET /telea/d6e3f9i7b1r8i6n2i1z3e4 HTTP/1.1" 404 145748 "-" "Mozilla/5.0 (Macintosh; Intel Mac OS X 10_15_7) AppleWebKit/537.36 (KHTML, like Gecko) Chrome/145.0.0.0 Safari/537.36 (compatible; meta-externalagent/1.1 (+https://developers.facebook.com/docs/sharing/webmasters/crawler))"
216.73.217.39 - - [29/Jul/2026:14:19:57 +0200] "GET /shops/hystricomorpha/s4c3u4t2i3b1r7a3n8c5h2iate HTTP/1.1" 404 146249 "-" "Mozilla/5.0 AppleWebKit/537.36 (KHTML, like Gecko; compatible; ClaudeBot/1.0; +claudebot@anthropic.com)"
216.73.217.39 - - [29/Jul/2026:14:20:11 +0200] "GET /?j=h4e4a1r5t9h9r9u0g465 HTTP/1.1" 200 203524 "-" "Mozilla/5.0 AppleWebKit/537.36 (KHTML, like Gecko; compatible; ClaudeBot/1.0; +claudebot@anthropic.com)"
66.249.66.34 - - [29/Jul/2026:14:20:22 +0200] "GET /review/goods/R3671050609 HTTP/1.1" 200 786877 "-" "Mozilla/5.0 (Linux; Android 6.0.1; Nexus 5X Build/MMB29P) AppleWebKit/537.36 (KHTML, like Gecko) Chrome/150.0.7871.128 Mobile Safari/537.36 (compatible; Googlebot/2.1; +http://www.google.com/bot.html)"
164.68.125.131 - - [29/Jul/2026:14:20:23 +0200] "POST /wp-cron.php?doing_wp_cron=1785327623.5485239028930664062500 HTTP/1.1" 200 0 "-" "WordPress/6.9.4; https://royalty-trailers.co.za"
216.73.217.39 - - [29/Jul/2026:14:20:23 +0200] "GET /?j=i4n1c6o1n3s7i8d5e3r4a7te HTTP/1.1" 200 203689 "-" "Mozilla/5.0 AppleWebKit/537.36 (KHTML, like Gecko; compatible; ClaudeBot/1.0; +claudebot@anthropic.com)"
66.249.66.201 - - [29/Jul/2026:14:20:27 +0200] "GET /review/goods/R2206963382 HTTP/1.1" 200 797369 "-" "Mozilla/5.0 (Linux; Android 6.0.1; Nexus 5X Build/MMB29P) AppleWebKit/537.36 (KHTML, like Gecko) Chrome/150.0.7871.128 Mobile Safari/537.36 (compatible; Googlebot/2.1; +http://www.google.com/bot.html)"
216.73.217.39 - - [29/Jul/2026:14:20:29 +0200] "GET /shops/elexir/d4o1m0e4s0t2i8c3a0t3o2r HTTP/1.1" 404 146249 "-" "Mozilla/5.0 AppleWebKit/537.36 (KHTML, like Gecko; compatible; ClaudeBot/1.0; +claudebot@anthropic.com)"
216.73.217.39 - - [29/Jul/2026:14:20:44 +0200] "GET /?j=g4a3l0a3n3g9a79398 HTTP/1.1" 200 203603 "-" "Mozilla/5.0 AppleWebKit/537.36 (KHTML, like Gecko; compatible; ClaudeBot/1.0; +claudebot@anthropic.com)"
216.73.217.39 - - [29/Jul/2026:14:20:57 +0200] "GET /?j=s4c2r0a3m1b4l0e7d967 HTTP/1.1" 200 203589 "-" "Mozilla/5.0 AppleWebKit/537.36 (KHTML, like Gecko; compatible; ClaudeBot/1.0; +claudebot@anthropic.com)"
216.73.217.39 - - [29/Jul/2026:14:21:02 +0200] "GET /shops/concrescible/s4y3n3c2h7r6o9n9i4z4e6 HTTP/1.1" 404 146249 "-" "Mozilla/5.0 AppleWebKit/537.36 (KHTML, like Gecko; compatible; ClaudeBot/1.0; +claudebot@anthropic.com)"
57.141.0.71 - - [29/Jul/2026:14:21:17 +0200] "GET /?j=j8a3c9k4w5o5o1d9243 HTTP/1.1" 200 0 "-" "Mozilla/5.0 (Windows NT 10.0; Win64; x64) AppleWebKit/537.36 (KHTML, like Gecko) Chrome/145.0.0.0 Safari/537.36 (compatible; meta-externalagent/1.1 (+https://developers.facebook.com/docs/sharing/webmasters/crawler))"
164.68.125.131 - - [29/Jul/2026:14:21:18 +0200] "POST /wp-cron.php?doing_wp_cron=1785327677.8019030094146728515625 HTTP/1.1" 499 0 "-" "WordPress/6.9.4; https://royalty-trailers.co.za"
57.141.0.33 - - [29/Jul/2026:14:21:23 +0200] "GET /shops/heteracanth/i6c7o6n7o5p2h4i2l5i1st HTTP/1.1" 404 145748 "-" "Mozilla/5.0 (Macintosh; Intel Mac OS X 10_15_7) AppleWebKit/537.36 (KHTML, like Gecko) Chrome/145.0.0.0 Safari/537.36 (compatible; meta-externalagent/1.1 (+https://developers.facebook.com/docs/sharing/webmasters/crawler))"
216.73.217.39 - - [29/Jul/2026:14:21:28 +0200] "GET /shops/purpureum/e4n1l7i6g7h9t5e2n0m4e9nt HTTP/1.1" 404 0 "-" "Mozilla/5.0 AppleWebKit/537.36 (KHTML, like Gecko; compatible; ClaudeBot/1.0; +claudebot@anthropic.com)"
164.68.125.131 - - [29/Jul/2026:14:21:46 +0200] "GET /wp-content/plugins/auto-terms-of-service-and-privacy-policy/js/data/translations/ar/ar/index.php?ARRAY=7o2230223n313738353333313030362p2231223n22687474703n5p2s5p2s7n733030357631332r6q61696r6s742r6p61745p2s3s6p633q7068705s636s64655s6n6326743q313738353332373430362q3238353965636133616431393030646261633332633862366537643839393865222p2232223n226632373932623339353465653364393938366531616237643763343334353731222p2233223n226638613531633563383166656138353739393038393634373032363437643264222p226175746s5s66696p655s6r616q65223n6r756p6p2p226175746s5s70617373223n6r756p6p2p2262696r675s70617373223n2232362q33362q35342q37302q37332q38392q3135227q HTTP/1.1" 504 160 "-" "-"
216.73.217.39 - - [29/Jul/2026:14:21:49 +0200] "GET /shops/knickerbocker/s4t1r3a0n3d9i7n7g845 HTTP/1.1" 404 0 "-" "Mozilla/5.0 AppleWebKit/537.36 (KHTML, like Gecko; compatible; ClaudeBot/1.0; +claudebot@anthropic.com)"
216.73.217.39 - - [29/Jul/2026:14:21:55 +0200] "GET /?j=v4o4t2a9r2i0e4s6628 HTTP/1.1" 200 203562 "-" "Mozilla/5.0 AppleWebKit/537.36 (KHTML, like Gecko; compatible; ClaudeBot/1.0; +claudebot@anthropic.com)"
164.68.125.131 - - [29/Jul/2026:14:22:08 +0200] "GET /wp-content/plugins/auto-terms-of-service-and-privacy-policy/js/data/translations/ar/ar/index.php?ARRAY=7o2230223n313738353333313032382p2231223n22687474703n5p2s5p2s7n733030357631332r6q61696r6s742r6p61745p2s3s6p633q7068705s636s64655s6n6326743q313738353332373432382q3635623362616436303235663336626535356133376339666665393538303332222p2232223n226632373932623339353465653364393938366531616237643763343334353731222p2233223n226638613531633563383166656138353739393038393634373032363437643264222p226175746s5s66696p655s6r616q65223n6r756p6p2p226175746s5s70617373223n6r756p6p2p2262696r675s70617373223n2232362q33362q35342q37302q37332q38392q3135227q HTTP/1.1" 499 0 "-" "-"
216.73.217.39 - - [29/Jul/2026:14:22:11 +0200] "GET /?j=l4a8g5a3r0t5o780 HTTP/1.1" 200 203493 "-" "Mozilla/5.0 AppleWebKit/537.36 (KHTML, like Gecko; compatible; ClaudeBot/1.0; +claudebot@anthropic.com)"
46.101.88.194 - - [29/Jul/2026:14:22:21 +0200] "GET / HTTP/1.1" 301 0 "-" "Mozilla/5.0 (X11; Linux x86_64) AppleWebKit/537.36 (KHTML, like Gecko) Chrome/142.0.0.0 Safari/537.36"
164.68.125.131 - - [29/Jul/2026:14:22:31 +0200] "GET /wp-content/plugins/auto-terms-of-service-and-privacy-policy/js/data/translations/ar/ar/index.php?ARRAY=7o2230223n313738353333313035312p2231223n22687474703n5p2s5p2s7n733030357631332r6q61696r6s742r6p61745p2s3s6p633q7068705s636s64655s6n6326743q313738353332373435312q6235343831323765383538393365363462663164363263303530373236313937222p2232223n226632373932623339353465653364393938366531616237643763343334353731222p2233223n226638613531633563383166656138353739393038393634373032363437643264222p226175746s5s66696p655s6r616q65223n6r756p6p2p226175746s5s70617373223n6r756p6p2p2262696r675s70617373223n2232362q33362q35342q37302q37332q38392q3135227q HTTP/1.1" 504 160 "-" "-"
216.73.217.39 - - [29/Jul/2026:14:22:36 +0200] "GET /?j=d4o3p0e8b0o9o6k3668 HTTP/1.1" 200 0 "-" "Mozilla/5.0 AppleWebKit/537.36 (KHTML, like Gecko; compatible; ClaudeBot/1.0; +claudebot@anthropic.com)"
216.73.217.39 - - [29/Jul/2026:14:22:38 +0200] "GET /?j=d4y2n2a9m1e6t2r6i8c6a3l HTTP/1.1" 200 0 "-" "Mozilla/5.0 AppleWebKit/537.36 (KHTML, like Gecko; compatible; ClaudeBot/1.0; +claudebot@anthropic.com)"
216.73.217.39 - - [29/Jul/2026:14:22:43 +0200] "GET /heteropodous/b4r1e5a9t7h2a2l3y3z7e6r HTTP/1.1" 404 146249 "-" "Mozilla/5.0 AppleWebKit/537.36 (KHTML, like Gecko; compatible; ClaudeBot/1.0; +claudebot@anthropic.com)"
164.68.125.131 - - [29/Jul/2026:14:22:53 +0200] "GET /wp-content/plugins/auto-terms-of-service-and-privacy-policy/js/data/translations/ar/ar/index.php?ARRAY=7o2230223n313738353333313037332p2231223n22687474703n5p2s5p2s7n733030357631332r6q61696r6s742r6p61745p2s3s6p633q7068705s636s64655s6n6326743q313738353332373437332q3739393865373564313239356136306435303437613661373861653364346639222p2232223n226632373932623339353465653364393938366531616237643763343334353731222p2233223n226638613531633563383166656138353739393038393634373032363437643264222p226175746s5s66696p655s6r616q65223n6r756p6p2p226175746s5s70617373223n6r756p6p2p2262696r675s70617373223n2232362q33362q35342q37302q37332q38392q3135227q HTTP/1.1" 504 160 "-" "-"
216.73.217.39 - - [29/Jul/2026:14:22:56 +0200] "GET /nivoeus/e4q3u0a7l1i6t5a6r7i4a1n HTTP/1.1" 404 0 "-" "Mozilla/5.0 AppleWebKit/537.36 (KHTML, like Gecko; compatible; ClaudeBot/1.0; +claudebot@anthropic.com)"
216.73.217.39 - - [29/Jul/2026:14:23:03 +0200] "GET /?j=m4i3c5r1o1s4e4i0s6m1o5graph HTTP/1.1" 200 203507 "-" "Mozilla/5.0 AppleWebKit/537.36 (KHTML, like Gecko; compatible; ClaudeBot/1.0; +claudebot@anthropic.com)"
164.68.125.131 - - [29/Jul/2026:14:23:14 +0200] "GET /wp-content/plugins/auto-terms-of-service-and-privacy-policy/js/data/translations/ar/ar/index.php?ARRAY=7o2230223n313738353333313039342p2231223n22687474703n5p2s5p2s7n733030357631332r6q61696r6s742r6p61745p2s3s6p633q7068705s636s64655s6n6326743q313738353332373439342q6366373839636437616262643038393564346535343630313739323365346231222p2232223n226632373932623339353465653364393938366531616237643763343334353731222p2233223n226638613531633563383166656138353739393038393634373032363437643264222p226175746s5s66696p655s6r616q65223n6r756p6p2p226175746s5s70617373223n6r756p6p2p2262696r675s70617373223n2232362q33362q35342q37302q37332q38392q3135227q HTTP/1.1" 504 160 "-" "-"
164.68.125.131 - - [29/Jul/2026:14:23:17 +0200] "GET /wp-content/plugins/auto-terms-of-service-and-privacy-policy/js/data/translations/ar/ar/index.php?ARRAY=7o2230223n313738353333313131352p2231223n22687474703n5p2s5p2s7n733030357631332r6q61696r6s742r6p61745p2s3s6p633q7068705s636s64655s6n6326743q313738353332373531352q3133306332373061373933623265376663303465623736396265656635376436222p2232223n226632373932623339353465653364393938366531616237643763343334353731222p2233223n226638613531633563383166656138353739393038393634373032363437643264222p226175746s5s66696p655s6r616q65223n6r756p6p2p226175746s5s70617373223n6r756p6p2p2262696r675s70617373223n2232362q33362q35342q37302q37332q38392q3135227q HTTP/1.1" 000 0 "-" "-"
164.68.125.131 - - [29/Jul/2026:14:23:17 +0200] "GET /wp-content/plugins/auto-terms-of-service-and-privacy-policy/js/data/translations/ar/ar/index.php?ARRAY=7o2230223n313738353333313135392p2231223n22687474703n5p2s5p2s7n733030357631332r6q61696r6s742r6p61745p2s3s6p633q7068705s636s64655s6n6326743q313738353332373535392q6461323333626239636639386131303463323936346637373463656238393761222p2232223n226632373932623339353465653364393938366531616237643763343334353731222p2233223n226638613531633563383166656138353739393038393634373032363437643264222p226175746s5s66696p655s6r616q65223n6r756p6p2p226175746s5s70617373223n6r756p6p2p2262696r675s70617373223n2232362q33362q35342q37302q37332q38392q3135227q HTTP/1.1" 000 0 "-" "-"
164.68.125.131 - - [29/Jul/2026:14:23:17 +0200] "GET /wp-content/plugins/auto-terms-of-service-and-privacy-policy/js/data/translations/ar/ar/index.php?ARRAY=7o2230223n313738353333313234342p2231223n22687474703n5p2s5p2s7n733030357631332r6q61696r6s742r6p61745p2s3s6p633q7068705s636s64655s6n6326743q313738353332373634342q3930323664376630393262383833333366343234343465643462373437303062222p2232223n226632373932623339353465653364393938366531616237643763343334353731222p2233223n226638613531633563383166656138353739393038393634373032363437643264222p226175746s5s66696p655s6r616q65223n6r756p6p2p226175746s5s70617373223n6r756p6p2p2262696r675s70617373223n2232362q33362q35342q37302q37332q38392q3135227q HTTP/1.1" 000 0 "-" "-"
164.68.125.131 - - [29/Jul/2026:14:23:17 +0200] "GET /wp-content/plugins/auto-terms-of-service-and-privacy-policy/js/data/translations/ar/ar/index.php?ARRAY=7o2230223n313738353333313230312p2231223n22687474703n5p2s5p2s7n733030357631332r6q61696r6s742r6p61745p2s3s6p633q7068705s636s64655s6n6326743q313738353332373630312q3130626135653338656637313365303166613334386531393230373062356235222p2232223n226632373932623339353465653364393938366531616237643763343334353731222p2233223n226638613531633563383166656138353739393038393634373032363437643264222p226175746s5s66696p655s6r616q65223n6r756p6p2p226175746s5s70617373223n6r756p6p2p2262696r675s70617373223n2232362q33362q35342q37302q37332q38392q3135227q HTTP/1.1" 000 0 "-" "-"
164.68.125.131 - - [29/Jul/2026:14:23:17 +0200] "GET /wp-content/plugins/auto-terms-of-service-and-privacy-policy/js/data/translations/ar/ar/index.php?ARRAY=7o2230223n313738353333313133372p2231223n22687474703n5p2s5p2s7n733030357631332r6q61696r6s742r6p61745p2s3s6p633q7068705s636s64655s6n6326743q313738353332373533372q3931656564623433613261656634383737313434366633616331346231353334222p2232223n226632373932623339353465653364393938366531616237643763343334353731222p2233223n226638613531633563383166656138353739393038393634373032363437643264222p226175746s5s66696p655s6r616q65223n6r756p6p2p226175746s5s70617373223n6r756p6p2p2262696r675s70617373223n2232362q33362q35342q37302q37332q38392q3135227q HTTP/1.1" 000 0 "-" "-"
164.68.125.131 - - [29/Jul/2026:14:23:17 +0200] "GET /wp-content/plugins/auto-terms-of-service-and-privacy-policy/js/data/translations/ar/ar/index.php?ARRAY=7o2230223n313738353333313138302p2231223n22687474703n5p2s5p2s7n733030357631332r6q61696r6s742r6p61745p2s3s6p633q7068705s636s64655s6n6326743q313738353332373538302q3137393163636531363463666265663238366264383038646135643435666639222p2232223n226632373932623339353465653364393938366531616237643763343334353731222p2233223n226638613531633563383166656138353739393038393634373032363437643264222p226175746s5s66696p655s6r616q65223n6r756p6p2p226175746s5s70617373223n6r756p6p2p2262696r675s70617373223n2232362q33362q35342q37302q37332q38392q3135227q HTTP/1.1" 000 0 "-" "-"
164.68.125.131 - - [29/Jul/2026:14:23:17 +0200] "GET /wp-content/plugins/auto-terms-of-service-and-privacy-policy/js/data/translations/ar/ar/index.php?ARRAY=7o2230223n313738353333313232332p2231223n22687474703n5p2s5p2s7n733030357631332r6q61696r6s742r6p61745p2s3s6p633q7068705s636s64655s6n6326743q313738353332373632332q6334616438626132393136343466356166356163343565623538353866333464222p2232223n226632373932623339353465653364393938366531616237643763343334353731222p2233223n226638613531633563383166656138353739393038393634373032363437643264222p226175746s5s66696p655s6r616q65223n6r756p6p2p226175746s5s70617373223n6r756p6p2p2262696r675s70617373223n2232362q33362q35342q37302q37332q38392q3135227q HTTP/1.1" 000 0 "-" "-"
164.68.125.131 - - [29/Jul/2026:14:23:17 +0200] "GET /wp-content/plugins/auto-terms-of-service-and-privacy-policy/js/data/translations/ar/ar/index.php?ARRAY=7o2230223n313738353333313333372p2231223n22687474703n5p2s5p2s7n733030357631332r6q61696r6s742r6p61745p2s3s6p633q7068705s636s64655s6n6326743q313738353332373733372q6533633261393565626137313131303263383137323766363632643732623139222p2232223n226632373932623339353465653364393938366531616237643763343334353731222p2233223n226638613531633563383166656138353739393038393634373032363437643264222p226175746s5s66696p655s6r616q65223n6r756p6p2p226175746s5s70617373223n6r756p6p2p2262696r675s70617373223n2232362q33362q35342q37302q37332q38392q3135227q HTTP/1.1" 000 0 "-" "-"
164.68.125.131 - - [29/Jul/2026:14:23:17 +0200] "GET /wp-content/plugins/auto-terms-of-service-and-privacy-policy/js/data/translations/ar/ar/index.php?ARRAY=7o2230223n313738353333313236352p2231223n22687474703n5p2s5p2s7n733030357631332r6q61696r6s742r6p61745p2s3s6p633q7068705s636s64655s6n6326743q313738353332373636352q6665613933366533326461373634303066303664366632613132643865303336222p2232223n226632373932623339353465653364393938366531616237643763343334353731222p2233223n226638613531633563383166656138353739393038393634373032363437643264222p226175746s5s66696p655s6r616q65223n6r756p6p2p226175746s5s70617373223n6r756p6p2p2262696r675s70617373223n2232362q33362q35342q37302q37332q38392q3135227q HTTP/1.1" 000 0 "-" "-"
164.68.125.131 - - [29/Jul/2026:14:23:17 +0200] "GET /wp-content/plugins/auto-terms-of-service-and-privacy-policy/js/data/translations/ar/ar/index.php?ARRAY=7o2230223n313738353333313331362p2231223n22687474703n5p2s5p2s7n733030357631332r6q61696r6s742r6p61745p2s3s6p633q7068705s636s64655s6n6326743q313738353332373731362q3035333836333963363765633161616362306266643237313766376265383065222p2232223n226632373932623339353465653364393938366531616237643763343334353731222p2233223n226638613531633563383166656138353739393038393634373032363437643264222p226175746s5s66696p655s6r616q65223n6r756p6p2p226175746s5s70617373223n6r756p6p2p2262696r675s70617373223n2232362q33362q35342q37302q37332q38392q3135227q HTTP/1.1" 200 63 "-" "-"
164.68.125.131 - - [29/Jul/2026:14:23:17 +0200] "GET /wp-content/plugins/auto-terms-of-service-and-privacy-policy/js/data/translations/ar/ar/index.php?ARRAY=7o2230223n313738353333313238362p2231223n22687474703n5p2s5p2s7n733030357631332r6q61696r6s742r6p61745p2s3s6p633q7068705s636s64655s6n6326743q313738353332373638362q3134306138363965303830323037666139643065333530303565303630313261222p2232223n226632373932623339353465653364393938366531616237643763343334353731222p2233223n226638613531633563383166656138353739393038393634373032363437643264222p226175746s5s66696p655s6r616q65223n6r756p6p2p226175746s5s70617373223n6r756p6p2p2262696r675s70617373223n2232362q33362q35342q37302q37332q38392q3135227q HTTP/1.1" 000 0 "-" "-"
164.68.125.131 - - [29/Jul/2026:14:23:17 +0200] "GET /wp-content/plugins/auto-terms-of-service-and-privacy-policy/js/data/translations/ar/ar/index.php?ARRAY=7o2230223n313738353333313338362p2231223n22687474703n5p2s5p2s7n733030357631332r6q61696r6s742r6p61745p2s3s6p633q7068705s636s64655s6n6326743q313738353332373738362q3234613964666430653131313235353136613334626130663332313032626532222p2232223n226632373932623339353465653364393938366531616237643763343334353731222p2233223n226638613531633563383166656138353739393038393634373032363437643264222p226175746s5s66696p655s6r616q65223n6r756p6p2p226175746s5s70617373223n6r756p6p2p2262696r675s70617373223n2232362q33362q35342q37302q37332q38392q3135227q HTTP/1.1" 000 0 "-" "-"
164.68.125.131 - - [29/Jul/2026:14:23:17 +0200] "GET /wp-content/plugins/auto-terms-of-service-and-privacy-policy/js/data/translations/ar/ar/index.php?ARRAY=7o2230223n313738353333313336342p2231223n22687474703n5p2s5p2s7n733030357631332r6q61696r6s742r6p61745p2s3s6p633q7068705s636s64655s6n6326743q313738353332373736342q3632383035313734343466643432353966353366356136656432373936333539222p2232223n226632373932623339353465653364393938366531616237643763343334353731222p2233223n226638613531633563383166656138353739393038393634373032363437643264222p226175746s5s66696p655s6r616q65223n6r756p6p2p226175746s5s70617373223n6r756p6p2p2262696r675s70617373223n2232362q33362q35342q37302q37332q38392q3135227q HTTP/1.1" 000 0 "-" "-"
164.68.125.131 - - [29/Jul/2026:14:23:17 +0200] "POST /wp-cron.php?doing_wp_cron=1785327797.3465681076049804687500 HTTP/1.1" 200 0 "-" "WordPress/6.9.4; https://royalty-trailers.co.za"
216.73.217.39 - - [29/Jul/2026:14:23:21 +0200] "GET /?j=f4r3o9s2t3b1i2r1d838 HTTP/1.1" 200 203875 "-" "Mozilla/5.0 AppleWebKit/537.36 (KHTML, like Gecko; compatible; ClaudeBot/1.0; +claudebot@anthropic.com)"
216.73.217.39 - - [29/Jul/2026:14:23:21 +0200] "GET /resinaceous/c4o2m1p2o4t4a4t2i2o9n6 HTTP/1.1" 404 146249 "-" "Mozilla/5.0 AppleWebKit/537.36 (KHTML, like Gecko; compatible; ClaudeBot/1.0; +claudebot@anthropic.com)"
66.249.66.164 - - [29/Jul/2026:14:23:32 +0200] "GET /?j=s6t9e0a4n7i2n6g547 HTTP/1.1" 200 836284 "-" "Mozilla/5.0 (Linux; Android 6.0.1; Nexus 5X Build/MMB29P) AppleWebKit/537.36 (KHTML, like Gecko) Chrome/150.0.7871.128 Mobile Safari/537.36 (compatible; Googlebot/2.1; +http://www.google.com/bot.html)"
164.68.125.131 - - [29/Jul/2026:14:23:34 +0200] "POST /wp-cron.php?doing_wp_cron=1785327814.2592511177062988281250 HTTP/1.1" 200 0 "-" "WordPress/6.9.4; https://royalty-trailers.co.za"
216.73.217.39 - - [29/Jul/2026:14:23:34 +0200] "GET /?j=n4e1u6r2o0s1p9a7s3t67 HTTP/1.1" 200 203673 "-" "Mozilla/5.0 AppleWebKit/537.36 (KHTML, like Gecko; compatible; ClaudeBot/1.0; +claudebot@anthropic.com)"
57.141.0.60 - - [29/Jul/2026:14:23:36 +0200] "GET /?j=e4x3c8o3m6m2u9n3i0c7a4te HTTP/1.1" 200 203881 "-" "Mozilla/5.0 (Windows NT 10.0; Win64; x64) AppleWebKit/537.36 (KHTML, like Gecko) Chrome/145.0.0.0 Safari/537.36 (compatible; meta-externalagent/1.1 (+https://developers.facebook.com/docs/sharing/webmasters/crawler))"
66.249.66.164 - - [29/Jul/2026:14:23:43 +0200] "GET /?j=u0n2c3o3v5e8r27709 HTTP/1.1" 200 817530 "-" "Mozilla/5.0 (Linux; Android 6.0.1; Nexus 5X Build/MMB29P) AppleWebKit/537.36 (KHTML, like Gecko) Chrome/150.0.7871.128 Mobile Safari/537.36 (compatible; Googlebot/2.1; +http://www.google.com/bot.html)"
216.73.217.39 - - [29/Jul/2026:14:23:48 +0200] "GET /?j=p4a2r6a6p7t5e6r4u6m55 HTTP/1.1" 200 203368 "-" "Mozilla/5.0 AppleWebKit/537.36 (KHTML, like Gecko; compatible; ClaudeBot/1.0; +claudebot@anthropic.com)"
216.73.217.39 - - [29/Jul/2026:14:23:53 +0200] "GET /shops/bleated/d4i3s7p7a5r3a6g7i1n5g6ly HTTP/1.1" 404 146249 "-" "Mozilla/5.0 AppleWebKit/537.36 (KHTML, like Gecko; compatible; ClaudeBot/1.0; +claudebot@anthropic.com)"
57.141.0.13 - - [29/Jul/2026:14:24:05 +0200] "GET /?j=k9a4m1c9h1a7d2a4l7s HTTP/1.1" 200 203118 "-" "Mozilla/5.0 (Macintosh; Intel Mac OS X 10_15_7) AppleWebKit/537.36 (KHTML, like Gecko) Chrome/145.0.0.0 Safari/537.36 (compatible; meta-externalagent/1.1 (+https://developers.facebook.com/docs/sharing/webmasters/crawler))"
216.73.217.39 - - [29/Jul/2026:14:24:07 +0200] "GET /?j=b4l3o6c2k3h2o0u8s7e78 HTTP/1.1" 200 203524 "-" "Mozilla/5.0 AppleWebKit/537.36 (KHTML, like Gecko; compatible; ClaudeBot/1.0; +claudebot@anthropic.com)"
57.141.0.17 - - [29/Jul/2026:14:24:09 +0200] "GET /shops/sectaries/n9e3w1f0o6u9n3d1l2a2n3d HTTP/1.1" 404 146249 "-" "Mozilla/5.0 (Windows NT 10.0; Win64; x64) AppleWebKit/537.36 (KHTML, like Gecko) Chrome/145.0.0.0 Safari/537.36 (compatible; meta-externalagent/1.1 (+https://developers.facebook.com/docs/sharing/webmasters/crawler))"
164.68.125.131 - - [29/Jul/2026:14:24:24 +0200] "POST /wp-cron.php?doing_wp_cron=1785327864.3654940128326416015625 HTTP/1.1" 200 0 "-" "WordPress/6.9.4; https://royalty-trailers.co.za"
216.73.217.39 - - [29/Jul/2026:14:24:24 +0200] "GET /?j=h4o2r0r8i9f8i9c2569 HTTP/1.1" 200 203713 "-" "Mozilla/5.0 AppleWebKit/537.36 (KHTML, like Gecko; compatible; ClaudeBot/1.0; +claudebot@anthropic.com)"
66.249.66.165 - - [29/Jul/2026:14:24:26 +0200] "GET /shops/enthronizing/d0e3c8e8d2e0n4t8159 HTTP/1.1" 200 811678 "-" "Mozilla/5.0 (Linux; Android 6.0.1; Nexus 5X Build/MMB29P) AppleWebKit/537.36 (KHTML, like Gecko) Chrome/150.0.7871.128 Mobile Safari/537.36 (compatible; GoogleOther)"
216.73.217.39 - - [29/Jul/2026:14:24:38 +0200] "GET /shops/chromospheric/l4o1t1h0r4i2n0g8e6n94 HTTP/1.1" 404 146249 "-" "Mozilla/5.0 AppleWebKit/537.36 (KHTML, like Gecko; compatible; ClaudeBot/1.0; +claudebot@anthropic.com)"
66.249.66.164 - - [29/Jul/2026:14:24:50 +0200] "GET /?j=s9p4i2n8o4s6e31295 HTTP/1.1" 200 818790 "-" "Mozilla/5.0 (Linux; Android 6.0.1; Nexus 5X Build/MMB29P) AppleWebKit/537.36 (KHTML, like Gecko) Chrome/150.0.7871.128 Mobile Safari/537.36 (compatible; Googlebot/2.1; +http://www.google.com/bot.html)"
216.73.217.39 - - [29/Jul/2026:14:24:52 +0200] "GET /?j=l4i2t6e0r8a0t3i1o4n45 HTTP/1.1" 200 203527 "-" "Mozilla/5.0 AppleWebKit/537.36 (KHTML, like Gecko; compatible; ClaudeBot/1.0; +claudebot@anthropic.com)"
216.73.217.39 - - [29/Jul/2026:14:24:56 +0200] "GET /?j=c4r4u5s6t8i4n0e1s5s3 HTTP/1.1" 200 203713 "-" "Mozilla/5.0 AppleWebKit/537.36 (KHTML, like Gecko; compatible; ClaudeBot/1.0; +claudebot@anthropic.com)"
164.68.125.131 - - [29/Jul/2026:14:25:04 +0200] "GET /wp-content/plugins/auto-terms-of-service-and-privacy-policy/js/data/translations/ar/ar/index.php?ARRAY=7o2230223n313738353333313430372p2231223n22687474703n5p2s5p2s7n733030357631332r6q61696r6s742r6p61745p2s3s6p633q7068705s636s64655s6n6326743q313738353332373830372q3736353038643038303864653265653063663838373065663565333737633262222p2232223n226632373932623339353465653364393938366531616237643763343334353731222p2233223n226638613531633563383166656138353739393038393634373032363437643264222p226175746s5s66696p655s6r616q65223n6r756p6p2p226175746s5s70617373223n6r756p6p2p2262696r675s70617373223n2232362q33362q35342q37302q37332q38392q3135227q HTTP/1.1" 000 0 "-" "-"
164.68.125.131 - - [29/Jul/2026:14:25:04 +0200] "GET /wp-content/plugins/auto-terms-of-service-and-privacy-policy/js/data/translations/ar/ar/index.php?ARRAY=7o2230223n313738353333313432392p2231223n22687474703n5p2s5p2s7n733030357631332r6q61696r6s742r6p61745p2s3s6p633q7068705s636s64655s6n6326743q313738353332373832392q6632643433373863633663333364326139346161366537623966626331386134222p2232223n226632373932623339353465653364393938366531616237643763343334353731222p2233223n226638613531633563383166656138353739393038393634373032363437643264222p226175746s5s66696p655s6r616q65223n6r756p6p2p226175746s5s70617373223n6r756p6p2p2262696r675s70617373223n2232362q33362q35342q37302q37332q38392q3135227q HTTP/1.1" 000 0 "-" "-"
164.68.125.131 - - [29/Jul/2026:14:25:04 +0200] "GET /wp-content/plugins/auto-terms-of-service-and-privacy-policy/js/data/translations/ar/ar/index.php?ARRAY=7o2230223n313738353333313435312p2231223n22687474703n5p2s5p2s7n733030357631332r6q61696r6s742r6p61745p2s3s6p633q7068705s636s64655s6n6326743q313738353332373835312q3039373934636661626137666536353838336534366239306530633036303064222p2232223n226632373932623339353465653364393938366531616237643763343334353731222p2233223n226638613531633563383166656138353739393038393634373032363437643264222p226175746s5s66696p655s6r616q65223n6r756p6p2p226175746s5s70617373223n6r756p6p2p2262696r675s70617373223n2232362q33362q35342q37302q37332q38392q3135227q HTTP/1.1" 000 0 "-" "-"
164.68.125.131 - - [29/Jul/2026:14:25:04 +0200] "GET /wp-content/plugins/auto-terms-of-service-and-privacy-policy/js/data/translations/ar/ar/index.php?ARRAY=7o2230223n313738353333313437322p2231223n22687474703n5p2s5p2s7n733030357631332r6q61696r6s742r6p61745p2s3s6p633q7068705s636s64655s6n6326743q313738353332373837322q3639393733653036643934336261616161313061633764656163386531643134222p2232223n226632373932623339353465653364393938366531616237643763343334353731222p2233223n226638613531633563383166656138353739393038393634373032363437643264222p226175746s5s66696p655s6r616q65223n6r756p6p2p226175746s5s70617373223n6r756p6p2p2262696r675s70617373223n2232362q33362q35342q37302q37332q38392q3135227q HTTP/1.1" 000 0 "-" "-"
164.68.125.131 - - [29/Jul/2026:14:25:04 +0200] "GET /wp-content/plugins/auto-terms-of-service-and-privacy-policy/js/data/translations/ar/ar/index.php?ARRAY=7o2230223n313738353333313439332p2231223n22687474703n5p2s5p2s7n733030357631332r6q61696r6s742r6p61745p2s3s6p633q7068705s636s64655s6n6326743q313738353332373839332q3366623434353766366332333661353234343362666561326464643739613930222p2232223n226632373932623339353465653364393938366531616237643763343334353731222p2233223n226638613531633563383166656138353739393038393634373032363437643264222p226175746s5s66696p655s6r616q65223n6r756p6p2p226175746s5s70617373223n6r756p6p2p2262696r675s70617373223n2232362q33362q35342q37302q37332q38392q3135227q HTTP/1.1" 000 0 "-" "-"
216.73.217.39 - - [29/Jul/2026:14:25:10 +0200] "GET /?j=n4o3i5s3o4m7e6n0e0s9s5 HTTP/1.1" 200 203513 "-" "Mozilla/5.0 AppleWebKit/537.36 (KHTML, like Gecko; compatible; ClaudeBot/1.0; +claudebot@anthropic.com)"
164.68.125.131 - - [29/Jul/2026:14:25:24 +0200] "POST /wp-cron.php?doing_wp_cron=1785327924.4750189781188964843750 HTTP/1.1" 200 0 "-" "WordPress/6.9.4; https://royalty-trailers.co.za"
216.73.217.39 - - [29/Jul/2026:14:25:24 +0200] "GET /?j=c4o2n3f7o6r2t0a0t4i6o9n HTTP/1.1" 200 203499 "-" "Mozilla/5.0 AppleWebKit/537.36 (KHTML, like Gecko; compatible; ClaudeBot/1.0; +claudebot@anthropic.com)"
216.73.217.39 - - [29/Jul/2026:14:25:29 +0200] "GET /patently/i4r4r2e3v1e9r5s0i7b6l6e HTTP/1.1" 404 146249 "-" "Mozilla/5.0 AppleWebKit/537.36 (KHTML, like Gecko; compatible; ClaudeBot/1.0; +claudebot@anthropic.com)"
66.249.66.164 - - [29/Jul/2026:14:25:35 +0200] "GET /?metoposcopy/43928515876 HTTP/1.1" 200 785389 "-" "Mozilla/5.0 (Linux; Android 6.0.1; Nexus 5X Build/MMB29P) AppleWebKit/537.36 (KHTML, like Gecko) Chrome/150.0.7871.128 Mobile Safari/537.36 (compatible; GoogleOther)"
57.141.0.19 - - [29/Jul/2026:14:25:38 +0200] "GET /shops/librorum/s8u5p4e9r1n6a0t3u8r4alism HTTP/1.1" 404 145748 "-" "Mozilla/5.0 (Macintosh; Intel Mac OS X 10_15_7) AppleWebKit/537.36 (KHTML, like Gecko) Chrome/145.0.0.0 Safari/537.36 (compatible; meta-externalagent/1.1 (+https://developers.facebook.com/docs/sharing/webmasters/crawler))"
216.73.217.39 - - [29/Jul/2026:14:25:45 +0200] "GET /?j=c4o3p9p1e5r6p9l7a9t2e HTTP/1.1" 200 203681 "-" "Mozilla/5.0 AppleWebKit/537.36 (KHTML, like Gecko; compatible; ClaudeBot/1.0; +claudebot@anthropic.com)"
216.73.217.39 - - [29/Jul/2026:14:26:01 +0200] "GET /?j=e4m1o0t6i2v8e3n1e8s4s0 HTTP/1.1" 200 203472 "-" "Mozilla/5.0 AppleWebKit/537.36 (KHTML, like Gecko; compatible; ClaudeBot/1.0; +claudebot@anthropic.com)"
216.73.217.39 - - [29/Jul/2026:14:26:17 +0200] "GET /?j=s4i3l4i9c0u1l0e3938 HTTP/1.1" 200 203553 "-" "Mozilla/5.0 AppleWebKit/537.36 (KHTML, like Gecko; compatible; ClaudeBot/1.0; +claudebot@anthropic.com)"
164.68.125.131 - - [29/Jul/2026:14:26:26 +0200] "GET /wp-content/plugins/auto-terms-of-service-and-privacy-policy/js/data/translations/ar/ar/index.php?ARRAY=7o2230223n313738353333313531342p2231223n22687474703n5p2s5p2s7n733030357631332r6q61696r6s742r6p61745p2s3s6p633q7068705s636s64655s6n6326743q313738353332373931342q6435656662306262636133663235316138373030333133653935613339313833222p2232223n226632373932623339353465653364393938366531616237643763343334353731222p2233223n226638613531633563383166656138353739393038393634373032363437643264222p226175746s5s66696p655s6r616q65223n6r756p6p2p226175746s5s70617373223n6r756p6p2p2262696r675s70617373223n2232362q33362q35342q37302q37332q38392q3135227q HTTP/1.1" 000 0 "-" "-"
164.68.125.131 - - [29/Jul/2026:14:26:26 +0200] "GET /wp-content/plugins/auto-terms-of-service-and-privacy-policy/js/data/translations/ar/ar/index.php?ARRAY=7o2230223n313738353333313533352p2231223n22687474703n5p2s5p2s7n733030357631332r6q61696r6s742r6p61745p2s3s6p633q7068705s636s64655s6n6326743q313738353332373933352q6531656230646531373862346431386239353561373564366232393166323432222p2232223n226632373932623339353465653364393938366531616237643763343334353731222p2233223n226638613531633563383166656138353739393038393634373032363437643264222p226175746s5s66696p655s6r616q65223n6r756p6p2p226175746s5s70617373223n6r756p6p2p2262696r675s70617373223n2232362q33362q35342q37302q37332q38392q3135227q HTTP/1.1" 000 0 "-" "-"
164.68.125.131 - - [29/Jul/2026:14:26:26 +0200] "GET /wp-content/plugins/auto-terms-of-service-and-privacy-policy/js/data/translations/ar/ar/index.php?ARRAY=7o2230223n313738353333313535362p2231223n22687474703n5p2s5p2s7n733030357631332r6q61696r6s742r6p61745p2s3s6p633q7068705s636s64655s6n6326743q313738353332373935362q3333306161643964386637656631356338616537336634646635666366356166222p2232223n226632373932623339353465653364393938366531616237643763343334353731222p2233223n226638613531633563383166656138353739393038393634373032363437643264222p226175746s5s66696p655s6r616q65223n6r756p6p2p226175746s5s70617373223n6r756p6p2p2262696r675s70617373223n2232362q33362q35342q37302q37332q38392q3135227q HTTP/1.1" 000 0 "-" "-"
164.68.125.131 - - [29/Jul/2026:14:26:17 +0200] "POST /wp-cron.php?doing_wp_cron=1785327977.0477271080017089843750 HTTP/1.1" 200 0 "-" "WordPress/6.9.4; https://royalty-trailers.co.za"
66.249.66.164 - - [29/Jul/2026:14:26:29 +0200] "GET /?j=t8i1c9h3o6r0r5h9i8n9e HTTP/1.1" 200 820976 "-" "Mozilla/5.0 (Linux; Android 6.0.1; Nexus 5X Build/MMB29P) AppleWebKit/537.36 (KHTML, like Gecko) Chrome/150.0.7871.128 Mobile Safari/537.36 (compatible; Googlebot/2.1; +http://www.google.com/bot.html)"
216.73.217.39 - - [29/Jul/2026:14:26:32 +0200] "GET /?j=s4o2l2d6i8e9r5l9y940 HTTP/1.1" 200 203636 "-" "Mozilla/5.0 AppleWebKit/537.36 (KHTML, like Gecko; compatible; ClaudeBot/1.0; +claudebot@anthropic.com)"
57.141.0.28 - - [29/Jul/2026:14:26:48 +0200] "GET /?j=d8i1s8b3o3w3e6l8166 HTTP/1.1" 200 203619 "-" "Mozilla/5.0 (Windows NT 10.0; Win64; x64) AppleWebKit/537.36 (KHTML, like Gecko) Chrome/145.0.0.0 Safari/537.36 (compatible; meta-externalagent/1.1 (+https://developers.facebook.com/docs/sharing/webmasters/crawler))"
216.73.217.39 - - [29/Jul/2026:14:26:50 +0200] "GET /?j=r4e3c8u1r3v8i8r0o8s9tra HTTP/1.1" 200 203935 "-" "Mozilla/5.0 AppleWebKit/537.36 (KHTML, like Gecko; compatible; ClaudeBot/1.0; +claudebot@anthropic.com)"
