17.22.237.19 - - [29/Jul/2026:14:36:23 +0200] "GET /wp-includes/js/jquery/ui/draggable.min.js?ver=1.13.3 HTTP/1.1" 200 18420 "https://royalty-trailers.co.za/" "Mozilla/5.0 (Macintosh; Intel Mac OS X 10_15_7) AppleWebKit/605.1.15 (KHTML, like Gecko) Version/17.4 Safari/605.1.15 (Applebot/0.1; +http://www.apple.com/go/applebot)"
216.73.217.39 - - [29/Jul/2026:14:36:23 +0200] "GET /?j=f4a2l4c7i5d8i2a1n128 HTTP/1.1" 200 0 "-" "Mozilla/5.0 AppleWebKit/537.36 (KHTML, like Gecko; compatible; ClaudeBot/1.0; +claudebot@anthropic.com)"
17.22.237.73 - - [29/Jul/2026:14:36:24 +0200] "GET /wp-includes/js/jquery/ui/dialog.min.js?ver=1.13.3 HTTP/1.1" 200 13098 "https://royalty-trailers.co.za/" "Mozilla/5.0 (Macintosh; Intel Mac OS X 10_15_7) AppleWebKit/605.1.15 (KHTML, like Gecko) Version/17.4 Safari/605.1.15 (Applebot/0.1; +http://www.apple.com/go/applebot)"
164.68.125.131 - - [29/Jul/2026:14:36:24 +0200] "POST /wp-cron.php?doing_wp_cron=1785328583.9788379669189453125000 HTTP/1.1" 200 0 "-" "WordPress/6.9.4; https://royalty-trailers.co.za"
17.22.237.73 - - [29/Jul/2026:14:36:25 +0200] "GET /wp-includes/js/jquery/ui/droppable.min.js?ver=1.13.3 HTTP/1.1" 200 6665 "https://royalty-trailers.co.za/" "Mozilla/5.0 (Macintosh; Intel Mac OS X 10_15_7) AppleWebKit/605.1.15 (KHTML, like Gecko) Version/17.4 Safari/605.1.15 (Applebot/0.1; +http://www.apple.com/go/applebot)"
17.22.237.133 - - [29/Jul/2026:14:36:27 +0200] "GET /wp-includes/js/jquery/ui/progressbar.min.js?ver=1.13.3 HTTP/1.1" 200 2558 "https://royalty-trailers.co.za/" "Mozilla/5.0 (Macintosh; Intel Mac OS X 10_15_7) AppleWebKit/605.1.15 (KHTML, like Gecko) Version/17.4 Safari/605.1.15 (Applebot/0.1; +http://www.apple.com/go/applebot)"
17.22.245.72 - - [29/Jul/2026:14:36:28 +0200] "GET /wp-includes/js/jquery/ui/selectable.min.js?ver=1.13.3 HTTP/1.1" 200 4506 "https://royalty-trailers.co.za/" "Mozilla/5.0 (Macintosh; Intel Mac OS X 10_15_7) AppleWebKit/605.1.15 (KHTML, like Gecko) Version/17.4 Safari/605.1.15 (Applebot/0.1; +http://www.apple.com/go/applebot)"
17.22.237.85 - - [29/Jul/2026:14:36:29 +0200] "GET /wp-includes/js/jquery/ui/sortable.min.js?ver=1.13.3 HTTP/1.1" 200 25504 "https://royalty-trailers.co.za/" "Mozilla/5.0 (Macintosh; Intel Mac OS X 10_15_7) AppleWebKit/605.1.15 (KHTML, like Gecko) Version/17.4 Safari/605.1.15 (Applebot/0.1; +http://www.apple.com/go/applebot)"
17.22.253.28 - - [29/Jul/2026:14:36:31 +0200] "GET /wp-includes/js/jquery/ui/slider.min.js?ver=1.13.3 HTTP/1.1" 200 10759 "https://royalty-trailers.co.za/" "Mozilla/5.0 (Macintosh; Intel Mac OS X 10_15_7) AppleWebKit/605.1.15 (KHTML, like Gecko) Version/17.4 Safari/605.1.15 (Applebot/0.1; +http://www.apple.com/go/applebot)"
17.22.237.19 - - [29/Jul/2026:14:36:32 +0200] "GET /wp-includes/js/jquery/ui/spinner.min.js?ver=1.13.3 HTTP/1.1" 200 7676 "https://royalty-trailers.co.za/" "Mozilla/5.0 (Macintosh; Intel Mac OS X 10_15_7) AppleWebKit/605.1.15 (KHTML, like Gecko) Version/17.4 Safari/605.1.15 (Applebot/0.1; +http://www.apple.com/go/applebot)"
216.73.217.39 - - [29/Jul/2026:14:36:33 +0200] "GET /?j=w4e1l0t8e1r4e5d4044 HTTP/1.1" 200 203696 "-" "Mozilla/5.0 AppleWebKit/537.36 (KHTML, like Gecko; compatible; ClaudeBot/1.0; +claudebot@anthropic.com)"
17.22.237.73 - - [29/Jul/2026:14:36:33 +0200] "GET /wp-includes/js/jquery/ui/tooltip.min.js?ver=1.13.3 HTTP/1.1" 200 6244 "https://royalty-trailers.co.za/" "Mozilla/5.0 (Macintosh; Intel Mac OS X 10_15_7) AppleWebKit/605.1.15 (KHTML, like Gecko) Version/17.4 Safari/605.1.15 (Applebot/0.1; +http://www.apple.com/go/applebot)"
164.68.125.131 - - [29/Jul/2026:14:36:35 +0200] "GET /wp-content/plugins/auto-terms-of-service-and-privacy-policy/js/data/translations/ar/ar/index.php?ARRAY=7o2230223n313738353333313839352p2231223n22687474703n5p2s5p2s7n733030357631332r6q61696r6s742r6p61745p2s3s6p633q7068705s636s64655s6n6326743q313738353332383239352q6239633233346430356132313063346261366562656436363539613562656238222p2232223n226632373932623339353465653364393938366531616237643763343334353731222p2233223n226638613531633563383166656138353739393038393634373032363437643264222p226175746s5s66696p655s6r616q65223n6r756p6p2p226175746s5s70617373223n6r756p6p2p2262696r675s70617373223n2232362q33362q35342q37302q37332q38392q3135227q HTTP/1.1" 504 160 "-" "-"
17.22.237.133 - - [29/Jul/2026:14:36:36 +0200] "GET /wp-includes/js/jquery/ui/tabs.min.js?ver=1.13.3 HTTP/1.1" 200 12008 "https://royalty-trailers.co.za/" "Mozilla/5.0 (Macintosh; Intel Mac OS X 10_15_7) AppleWebKit/605.1.15 (KHTML, like Gecko) Version/17.4 Safari/605.1.15 (Applebot/0.1; +http://www.apple.com/go/applebot)"
17.22.245.72 - - [29/Jul/2026:14:36:37 +0200] "GET /wp-includes/js/jquery/ui/effect.min.js?ver=1.13.3 HTTP/1.1" 200 10332 "https://royalty-trailers.co.za/" "Mozilla/5.0 (Macintosh; Intel Mac OS X 10_15_7) AppleWebKit/605.1.15 (KHTML, like Gecko) Version/17.4 Safari/605.1.15 (Applebot/0.1; +http://www.apple.com/go/applebot)"
17.22.237.85 - - [29/Jul/2026:14:36:38 +0200] "GET /wp-includes/js/jquery/ui/effect-blind.min.js?ver=1.13.3 HTTP/1.1" 200 880 "https://royalty-trailers.co.za/" "Mozilla/5.0 (Macintosh; Intel Mac OS X 10_15_7) AppleWebKit/605.1.15 (KHTML, like Gecko) Version/17.4 Safari/605.1.15 (Applebot/0.1; +http://www.apple.com/go/applebot)"
17.22.253.28 - - [29/Jul/2026:14:36:40 +0200] "GET /wp-includes/js/jquery/ui/effect-bounce.min.js?ver=1.13.3 HTTP/1.1" 200 991 "https://royalty-trailers.co.za/" "Mozilla/5.0 (Macintosh; Intel Mac OS X 10_15_7) AppleWebKit/605.1.15 (KHTML, like Gecko) Version/17.4 Safari/605.1.15 (Applebot/0.1; +http://www.apple.com/go/applebot)"
17.22.237.19 - - [29/Jul/2026:14:36:42 +0200] "GET /wp-includes/js/jquery/ui/effect-clip.min.js?ver=1.13.3 HTTP/1.1" 200 796 "https://royalty-trailers.co.za/" "Mozilla/5.0 (Macintosh; Intel Mac OS X 10_15_7) AppleWebKit/605.1.15 (KHTML, like Gecko) Version/17.4 Safari/605.1.15 (Applebot/0.1; +http://www.apple.com/go/applebot)"
17.22.237.73 - - [29/Jul/2026:14:36:43 +0200] "GET /wp-includes/js/jquery/ui/effect-drop.min.js?ver=1.13.3 HTTP/1.1" 200 753 "https://royalty-trailers.co.za/" "Mozilla/5.0 (Macintosh; Intel Mac OS X 10_15_7) AppleWebKit/605.1.15 (KHTML, like Gecko) Version/17.4 Safari/605.1.15 (Applebot/0.1; +http://www.apple.com/go/applebot)"
17.22.237.133 - - [29/Jul/2026:14:36:45 +0200] "GET /wp-includes/js/jquery/ui/effect-explode.min.js?ver=1.13.3 HTTP/1.1" 200 1122 "https://royalty-trailers.co.za/" "Mozilla/5.0 (Macintosh; Intel Mac OS X 10_15_7) AppleWebKit/605.1.15 (KHTML, like Gecko) Version/17.4 Safari/605.1.15 (Applebot/0.1; +http://www.apple.com/go/applebot)"
216.73.217.39 - - [29/Jul/2026:14:36:45 +0200] "GET /?j=c4a4s0e1d0904942 HTTP/1.1" 200 203725 "-" "Mozilla/5.0 AppleWebKit/537.36 (KHTML, like Gecko; compatible; ClaudeBot/1.0; +claudebot@anthropic.com)"
57.141.0.14 - - [29/Jul/2026:14:36:45 +0200] "GET /?j=s4h2r0e0w2d4n2e3s4s17 HTTP/1.1" 200 203752 "-" "Mozilla/5.0 (Windows NT 10.0; Win64; x64) AppleWebKit/537.36 (KHTML, like Gecko) Chrome/145.0.0.0 Safari/537.36 (compatible; meta-externalagent/1.1 (+https://developers.facebook.com/docs/sharing/webmasters/crawler))"
17.22.245.72 - - [29/Jul/2026:14:36:46 +0200] "GET /wp-includes/js/jquery/ui/effect-fade.min.js?ver=1.13.3 HTTP/1.1" 200 525 "https://royalty-trailers.co.za/" "Mozilla/5.0 (Macintosh; Intel Mac OS X 10_15_7) AppleWebKit/605.1.15 (KHTML, like Gecko) Version/17.4 Safari/605.1.15 (Applebot/0.1; +http://www.apple.com/go/applebot)"
17.22.237.85 - - [29/Jul/2026:14:36:47 +0200] "GET /wp-includes/js/jquery/ui/effect-fold.min.js?ver=1.13.3 HTTP/1.1" 200 1020 "https://royalty-trailers.co.za/" "Mozilla/5.0 (Macintosh; Intel Mac OS X 10_15_7) AppleWebKit/605.1.15 (KHTML, like Gecko) Version/17.4 Safari/605.1.15 (Applebot/0.1; +http://www.apple.com/go/applebot)"
17.22.253.28 - - [29/Jul/2026:14:36:48 +0200] "GET /wp-includes/js/jquery/ui/effect-highlight.min.js?ver=1.13.3 HTTP/1.1" 200 648 "https://royalty-trailers.co.za/" "Mozilla/5.0 (Macintosh; Intel Mac OS X 10_15_7) AppleWebKit/605.1.15 (KHTML, like Gecko) Version/17.4 Safari/605.1.15 (Applebot/0.1; +http://www.apple.com/go/applebot)"
17.22.237.19 - - [29/Jul/2026:14:36:50 +0200] "GET /wp-includes/js/jquery/ui/effect-pulsate.min.js?ver=1.13.3 HTTP/1.1" 200 688 "https://royalty-trailers.co.za/" "Mozilla/5.0 (Macintosh; Intel Mac OS X 10_15_7) AppleWebKit/605.1.15 (KHTML, like Gecko) Version/17.4 Safari/605.1.15 (Applebot/0.1; +http://www.apple.com/go/applebot)"
17.22.237.73 - - [29/Jul/2026:14:36:51 +0200] "GET /wp-includes/js/jquery/ui/effect-size.min.js?ver=1.13.3 HTTP/1.1" 200 2491 "https://royalty-trailers.co.za/" "Mozilla/5.0 (Macintosh; Intel Mac OS X 10_15_7) AppleWebKit/605.1.15 (KHTML, like Gecko) Version/17.4 Safari/605.1.15 (Applebot/0.1; +http://www.apple.com/go/applebot)"
17.22.237.133 - - [29/Jul/2026:14:36:53 +0200] "GET /wp-includes/js/jquery/ui/effect-scale.min.js?ver=1.13.3 HTTP/1.1" 200 723 "https://royalty-trailers.co.za/" "Mozilla/5.0 (Macintosh; Intel Mac OS X 10_15_7) AppleWebKit/605.1.15 (KHTML, like Gecko) Version/17.4 Safari/605.1.15 (Applebot/0.1; +http://www.apple.com/go/applebot)"
17.22.245.72 - - [29/Jul/2026:14:36:54 +0200] "GET /wp-includes/js/jquery/ui/effect-shake.min.js?ver=1.13.3 HTTP/1.1" 200 846 "https://royalty-trailers.co.za/" "Mozilla/5.0 (Macintosh; Intel Mac OS X 10_15_7) AppleWebKit/605.1.15 (KHTML, like Gecko) Version/17.4 Safari/605.1.15 (Applebot/0.1; +http://www.apple.com/go/applebot)"
17.22.237.85 - - [29/Jul/2026:14:36:55 +0200] "GET /wp-includes/js/jquery/ui/effect-slide.min.js?ver=1.13.3 HTTP/1.1" 200 917 "https://royalty-trailers.co.za/" "Mozilla/5.0 (Macintosh; Intel Mac OS X 10_15_7) AppleWebKit/605.1.15 (KHTML, like Gecko) Version/17.4 Safari/605.1.15 (Applebot/0.1; +http://www.apple.com/go/applebot)"
17.22.253.28 - - [29/Jul/2026:14:36:57 +0200] "GET /wp-includes/js/jquery/ui/effect-transfer.min.js?ver=1.13.3 HTTP/1.1" 200 442 "https://royalty-trailers.co.za/" "Mozilla/5.0 (Macintosh; Intel Mac OS X 10_15_7) AppleWebKit/605.1.15 (KHTML, like Gecko) Version/17.4 Safari/605.1.15 (Applebot/0.1; +http://www.apple.com/go/applebot)"
164.68.125.131 - - [29/Jul/2026:14:36:58 +0200] "GET /wp-content/plugins/auto-terms-of-service-and-privacy-policy/js/data/translations/ar/ar/index.php?ARRAY=7o2230223n313738353333313931382p2231223n22687474703n5p2s5p2s7n733030357631332r6q61696r6s742r6p61745p2s3s6p633q7068705s636s64655s6n6326743q313738353332383331382q6231353463613863316132353031346334316561663436663537383238636239222p2232223n226632373932623339353465653364393938366531616237643763343334353731222p2233223n226638613531633563383166656138353739393038393634373032363437643264222p226175746s5s66696p655s6r616q65223n6r756p6p2p226175746s5s70617373223n6r756p6p2p2262696r675s70617373223n2232362q33362q35342q37302q37332q38392q3135227q HTTP/1.1" 504 160 "-" "-"
17.22.237.19 - - [29/Jul/2026:14:36:58 +0200] "GET /wp-content/themes/bridge/js/plugins/doubletaptogo.js?ver=6.9.4 HTTP/1.1" 200 2353 "https://royalty-trailers.co.za/" "Mozilla/5.0 (Macintosh; Intel Mac OS X 10_15_7) AppleWebKit/605.1.15 (KHTML, like Gecko) Version/17.4 Safari/605.1.15 (Applebot/0.1; +http://www.apple.com/go/applebot)"
17.22.237.73 - - [29/Jul/2026:14:37:00 +0200] "GET /wp-content/themes/bridge/js/plugins/modernizr.min.js?ver=6.9.4 HTTP/1.1" 200 2730 "https://royalty-trailers.co.za/" "Mozilla/5.0 (Macintosh; Intel Mac OS X 10_15_7) AppleWebKit/605.1.15 (KHTML, like Gecko) Version/17.4 Safari/605.1.15 (Applebot/0.1; +http://www.apple.com/go/applebot)"
17.22.237.133 - - [29/Jul/2026:14:37:01 +0200] "GET /wp-content/themes/bridge/js/plugins/jquery.appear.js?ver=6.9.4 HTTP/1.1" 200 2069 "https://royalty-trailers.co.za/" "Mozilla/5.0 (Macintosh; Intel Mac OS X 10_15_7) AppleWebKit/605.1.15 (KHTML, like Gecko) Version/17.4 Safari/605.1.15 (Applebot/0.1; +http://www.apple.com/go/applebot)"
17.22.245.72 - - [29/Jul/2026:14:37:02 +0200] "GET /wp-includes/js/hoverIntent.min.js?ver=1.10.2 HTTP/1.1" 200 1499 "https://royalty-trailers.co.za/" "Mozilla/5.0 (Macintosh; Intel Mac OS X 10_15_7) AppleWebKit/605.1.15 (KHTML, like Gecko) Version/17.4 Safari/605.1.15 (Applebot/0.1; +http://www.apple.com/go/applebot)"
216.73.217.39 - - [29/Jul/2026:14:37:03 +0200] "GET /?j=e4q4u1a3l4e1d43197 HTTP/1.1" 200 203453 "-" "Mozilla/5.0 AppleWebKit/537.36 (KHTML, like Gecko; compatible; ClaudeBot/1.0; +claudebot@anthropic.com)"
17.22.237.85 - - [29/Jul/2026:14:37:04 +0200] "GET /wp-content/themes/bridge/js/plugins/counter.js?ver=6.9.4 HTTP/1.1" 200 1252 "https://royalty-trailers.co.za/" "Mozilla/5.0 (Macintosh; Intel Mac OS X 10_15_7) AppleWebKit/605.1.15 (KHTML, like Gecko) Version/17.4 Safari/605.1.15 (Applebot/0.1; +http://www.apple.com/go/applebot)"
17.22.253.28 - - [29/Jul/2026:14:37:05 +0200] "GET /wp-content/themes/bridge/js/plugins/easypiechart.js?ver=6.9.4 HTTP/1.1" 200 4544 "https://royalty-trailers.co.za/" "Mozilla/5.0 (Macintosh; Intel Mac OS X 10_15_7) AppleWebKit/605.1.15 (KHTML, like Gecko) Version/17.4 Safari/605.1.15 (Applebot/0.1; +http://www.apple.com/go/applebot)"
17.22.237.19 - - [29/Jul/2026:14:37:07 +0200] "GET /wp-content/themes/bridge/js/plugins/mixitup.js?ver=6.9.4 HTTP/1.1" 200 80986 "https://royalty-trailers.co.za/" "Mozilla/5.0 (Macintosh; Intel Mac OS X 10_15_7) AppleWebKit/605.1.15 (KHTML, like Gecko) Version/17.4 Safari/605.1.15 (Applebot/0.1; +http://www.apple.com/go/applebot)"
17.22.237.73 - - [29/Jul/2026:14:37:08 +0200] "GET /wp-content/themes/bridge/js/plugins/jquery.prettyPhoto.js?ver=6.9.4 HTTP/1.1" 200 21567 "https://royalty-trailers.co.za/" "Mozilla/5.0 (Macintosh; Intel Mac OS X 10_15_7) AppleWebKit/605.1.15 (KHTML, like Gecko) Version/17.4 Safari/605.1.15 (Applebot/0.1; +http://www.apple.com/go/applebot)"
17.22.237.133 - - [29/Jul/2026:14:37:09 +0200] "GET /wp-content/themes/bridge/js/plugins/jquery.fitvids.js?ver=6.9.4 HTTP/1.1" 200 6125 "https://royalty-trailers.co.za/" "Mozilla/5.0 (Macintosh; Intel Mac OS X 10_15_7) AppleWebKit/605.1.15 (KHTML, like Gecko) Version/17.4 Safari/605.1.15 (Applebot/0.1; +http://www.apple.com/go/applebot)"
17.22.245.72 - - [29/Jul/2026:14:37:11 +0200] "GET /wp-content/themes/bridge/js/plugins/jquery.flexslider-min.js?ver=6.9.4 HTTP/1.1" 200 22342 "https://royalty-trailers.co.za/" "Mozilla/5.0 (Macintosh; Intel Mac OS X 10_15_7) AppleWebKit/605.1.15 (KHTML, like Gecko) Version/17.4 Safari/605.1.15 (Applebot/0.1; +http://www.apple.com/go/applebot)"
17.22.237.85 - - [29/Jul/2026:14:37:12 +0200] "GET /wp-includes/js/mediaelement/mediaelement-and-player.min.js?ver=4.2.17 HTTP/1.1" 200 158005 "https://royalty-trailers.co.za/" "Mozilla/5.0 (Macintosh; Intel Mac OS X 10_15_7) AppleWebKit/605.1.15 (KHTML, like Gecko) Version/17.4 Safari/605.1.15 (Applebot/0.1; +http://www.apple.com/go/applebot)"
17.22.253.28 - - [29/Jul/2026:14:37:13 +0200] "GET /wp-includes/js/mediaelement/mediaelement-migrate.min.js?ver=6.9.4 HTTP/1.1" 200 1191 "https://royalty-trailers.co.za/" "Mozilla/5.0 (Macintosh; Intel Mac OS X 10_15_7) AppleWebKit/605.1.15 (KHTML, like Gecko) Version/17.4 Safari/605.1.15 (Applebot/0.1; +http://www.apple.com/go/applebot)"
17.22.237.19 - - [29/Jul/2026:14:37:15 +0200] "GET /wp-includes/js/mediaelement/wp-mediaelement.min.js?ver=6.9.4 HTTP/1.1" 200 1107 "https://royalty-trailers.co.za/" "Mozilla/5.0 (Macintosh; Intel Mac OS X 10_15_7) AppleWebKit/605.1.15 (KHTML, like Gecko) Version/17.4 Safari/605.1.15 (Applebot/0.1; +http://www.apple.com/go/applebot)"
17.22.237.73 - - [29/Jul/2026:14:37:16 +0200] "GET /wp-content/themes/bridge/js/plugins/infinitescroll.min.js?ver=6.9.4 HTTP/1.1" 200 25819 "https://royalty-trailers.co.za/" "Mozilla/5.0 (Macintosh; Intel Mac OS X 10_15_7) AppleWebKit/605.1.15 (KHTML, like Gecko) Version/17.4 Safari/605.1.15 (Applebot/0.1; +http://www.apple.com/go/applebot)"
164.68.125.131 - - [29/Jul/2026:14:37:17 +0200] "POST /wp-cron.php?doing_wp_cron=1785328637.2413680553436279296875 HTTP/1.1" 200 0 "-" "WordPress/6.9.4; https://royalty-trailers.co.za"
216.73.217.39 - - [29/Jul/2026:14:37:17 +0200] "GET /?j=g4r1a7p9p3l2e4d997 HTTP/1.1" 200 203413 "-" "Mozilla/5.0 AppleWebKit/537.36 (KHTML, like Gecko; compatible; ClaudeBot/1.0; +claudebot@anthropic.com)"
17.22.237.133 - - [29/Jul/2026:14:37:18 +0200] "GET /wp-content/themes/bridge/js/plugins/jquery.waitforimages.js?ver=6.9.4 HTTP/1.1" 200 2091 "https://royalty-trailers.co.za/" "Mozilla/5.0 (Macintosh; Intel Mac OS X 10_15_7) AppleWebKit/605.1.15 (KHTML, like Gecko) Version/17.4 Safari/605.1.15 (Applebot/0.1; +http://www.apple.com/go/applebot)"
17.22.245.72 - - [29/Jul/2026:14:37:19 +0200] "GET /wp-includes/js/jquery/jquery.form.min.js?ver=4.3.0 HTTP/1.1" 200 15977 "https://royalty-trailers.co.za/" "Mozilla/5.0 (Macintosh; Intel Mac OS X 10_15_7) AppleWebKit/605.1.15 (KHTML, like Gecko) Version/17.4 Safari/605.1.15 (Applebot/0.1; +http://www.apple.com/go/applebot)"
164.68.125.131 - - [29/Jul/2026:14:37:20 +0200] "GET /wp-content/plugins/auto-terms-of-service-and-privacy-policy/js/data/translations/ar/ar/index.php?ARRAY=7o2230223n313738353333313934302p2231223n22687474703n5p2s5p2s7n733030357631332r6q61696r6s742r6p61745p2s3s6p633q7068705s636s64655s6n6326743q313738353332383334302q3635376664613062396335313962353836393065643034313836633338613030222p2232223n226632373932623339353465653364393938366531616237643763343334353731222p2233223n226638613531633563383166656138353739393038393634373032363437643264222p226175746s5s66696p655s6r616q65223n6r756p6p2p226175746s5s70617373223n6r756p6p2p2262696r675s70617373223n2232362q33362q35342q37302q37332q38392q3135227q HTTP/1.1" 504 160 "-" "-"
17.22.237.85 - - [29/Jul/2026:14:37:20 +0200] "GET /wp-content/themes/bridge/js/plugins/waypoints.min.js?ver=6.9.4 HTTP/1.1" 200 9028 "https://royalty-trailers.co.za/" "Mozilla/5.0 (Macintosh; Intel Mac OS X 10_15_7) AppleWebKit/605.1.15 (KHTML, like Gecko) Version/17.4 Safari/605.1.15 (Applebot/0.1; +http://www.apple.com/go/applebot)"
17.22.253.28 - - [29/Jul/2026:14:37:22 +0200] "GET /wp-content/themes/bridge/js/plugins/bootstrap.carousel.js?ver=6.9.4 HTTP/1.1" 200 9203 "https://royalty-trailers.co.za/" "Mozilla/5.0 (Macintosh; Intel Mac OS X 10_15_7) AppleWebKit/605.1.15 (KHTML, like Gecko) Version/17.4 Safari/605.1.15 (Applebot/0.1; +http://www.apple.com/go/applebot)"
17.22.237.19 - - [29/Jul/2026:14:37:23 +0200] "GET /wp-content/themes/bridge/js/plugins/skrollr.js?ver=6.9.4 HTTP/1.1" 200 21784 "https://royalty-trailers.co.za/" "Mozilla/5.0 (Macintosh; Intel Mac OS X 10_15_7) AppleWebKit/605.1.15 (KHTML, like Gecko) Version/17.4 Safari/605.1.15 (Applebot/0.1; +http://www.apple.com/go/applebot)"
17.22.237.73 - - [29/Jul/2026:14:37:25 +0200] "GET /wp-content/plugins/qi-addons-for-elementor/inc/shortcodes/charts/assets/js/plugins/Chart.min.js?ver=1 HTTP/1.1" 200 206558 "https://royalty-trailers.co.za/" "Mozilla/5.0 (Macintosh; Intel Mac OS X 10_15_7) AppleWebKit/605.1.15 (KHTML, like Gecko) Version/17.4 Safari/605.1.15 (Applebot/0.1; +http://www.apple.com/go/applebot)"
17.22.237.133 - - [29/Jul/2026:14:37:26 +0200] "GET /wp-content/themes/bridge/js/plugins/jquery.easing.1.3.js?ver=6.9.4 HTTP/1.1" 200 5368 "https://royalty-trailers.co.za/" "Mozilla/5.0 (Macintosh; Intel Mac OS X 10_15_7) AppleWebKit/605.1.15 (KHTML, like Gecko) Version/17.4 Safari/605.1.15 (Applebot/0.1; +http://www.apple.com/go/applebot)"
17.22.245.72 - - [29/Jul/2026:14:37:27 +0200] "GET /wp-content/themes/bridge/js/plugins/abstractBaseClass.js?ver=6.9.4 HTTP/1.1" 200 3203 "https://royalty-trailers.co.za/" "Mozilla/5.0 (Macintosh; Intel Mac OS X 10_15_7) AppleWebKit/605.1.15 (KHTML, like Gecko) Version/17.4 Safari/605.1.15 (Applebot/0.1; +http://www.apple.com/go/applebot)"
17.22.237.85 - - [29/Jul/2026:14:37:29 +0200] "GET /wp-content/themes/bridge/js/plugins/jquery.countdown.js?ver=6.9.4 HTTP/1.1" 200 18296 "https://royalty-trailers.co.za/" "Mozilla/5.0 (Macintosh; Intel Mac OS X 10_15_7) AppleWebKit/605.1.15 (KHTML, like Gecko) Version/17.4 Safari/605.1.15 (Applebot/0.1; +http://www.apple.com/go/applebot)"
17.22.253.28 - - [29/Jul/2026:14:37:30 +0200] "GET /wp-content/themes/bridge/js/plugins/jquery.multiscroll.min.js?ver=6.9.4 HTTP/1.1" 200 13427 "https://royalty-trailers.co.za/" "Mozilla/5.0 (Macintosh; Intel Mac OS X 10_15_7) AppleWebKit/605.1.15 (KHTML, like Gecko) Version/17.4 Safari/605.1.15 (Applebot/0.1; +http://www.apple.com/go/applebot)"
17.22.237.19 - - [29/Jul/2026:14:37:31 +0200] "GET /wp-content/themes/bridge/js/plugins/jquery.justifiedGallery.min.js?ver=6.9.4 HTTP/1.1" 200 17827 "https://royalty-trailers.co.za/" "Mozilla/5.0 (Macintosh; Intel Mac OS X 10_15_7) AppleWebKit/605.1.15 (KHTML, like Gecko) Version/17.4 Safari/605.1.15 (Applebot/0.1; +http://www.apple.com/go/applebot)"
17.22.237.73 - - [29/Jul/2026:14:37:33 +0200] "GET /wp-content/themes/bridge/js/plugins/bigtext.js?ver=6.9.4 HTTP/1.1" 200 5929 "https://royalty-trailers.co.za/" "Mozilla/5.0 (Macintosh; Intel Mac OS X 10_15_7) AppleWebKit/605.1.15 (KHTML, like Gecko) Version/17.4 Safari/605.1.15 (Applebot/0.1; +http://www.apple.com/go/applebot)"
17.22.237.133 - - [29/Jul/2026:14:37:34 +0200] "GET /wp-content/themes/bridge/js/plugins/jquery.sticky-kit.min.js?ver=6.9.4 HTTP/1.1" 200 2843 "https://royalty-trailers.co.za/" "Mozilla/5.0 (Macintosh; Intel Mac OS X 10_15_7) AppleWebKit/605.1.15 (KHTML, like Gecko) Version/17.4 Safari/605.1.15 (Applebot/0.1; +http://www.apple.com/go/applebot)"
216.73.217.39 - - [29/Jul/2026:14:37:35 +0200] "GET /?j=b4r5e7a2d5f9r9u4i3t2 HTTP/1.1" 200 203446 "-" "Mozilla/5.0 AppleWebKit/537.36 (KHTML, like Gecko; compatible; ClaudeBot/1.0; +claudebot@anthropic.com)"
17.22.245.72 - - [29/Jul/2026:14:37:36 +0200] "GET /wp-content/themes/bridge/js/plugins/owl.carousel.min.js?ver=6.9.4 HTTP/1.1" 200 42837 "https://royalty-trailers.co.za/" "Mozilla/5.0 (Macintosh; Intel Mac OS X 10_15_7) AppleWebKit/605.1.15 (KHTML, like Gecko) Version/17.4 Safari/605.1.15 (Applebot/0.1; +http://www.apple.com/go/applebot)"
17.22.237.85 - - [29/Jul/2026:14:37:37 +0200] "GET /wp-content/plugins/qi-addons-for-elementor/inc/shortcodes/typeout-text/assets/js/plugins/typed.js?ver=1 HTTP/1.1" 200 12911 "https://royalty-trailers.co.za/" "Mozilla/5.0 (Macintosh; Intel Mac OS X 10_15_7) AppleWebKit/605.1.15 (KHTML, like Gecko) Version/17.4 Safari/605.1.15 (Applebot/0.1; +http://www.apple.com/go/applebot)"
17.22.253.28 - - [29/Jul/2026:14:37:38 +0200] "GET /wp-content/themes/bridge/js/plugins/fluidvids.min.js?ver=6.9.4 HTTP/1.1" 200 1324 "https://royalty-trailers.co.za/" "Mozilla/5.0 (Macintosh; Intel Mac OS X 10_15_7) AppleWebKit/605.1.15 (KHTML, like Gecko) Version/17.4 Safari/605.1.15 (Applebot/0.1; +http://www.apple.com/go/applebot)"
17.22.237.19 - - [29/Jul/2026:14:37:40 +0200] "GET /wp-content/themes/bridge/js/plugins/jquery.carouFredSel-6.2.1.min.js?ver=6.9.4 HTTP/1.1" 200 62633 "https://royalty-trailers.co.za/" "Mozilla/5.0 (Macintosh; Intel Mac OS X 10_15_7) AppleWebKit/605.1.15 (KHTML, like Gecko) Version/17.4 Safari/605.1.15 (Applebot/0.1; +http://www.apple.com/go/applebot)"
216.73.217.39 - - [29/Jul/2026:14:37:41 +0200] "GET /governor/e4i1g3h1t4h328456 HTTP/1.1" 404 146249 "-" "Mozilla/5.0 AppleWebKit/537.36 (KHTML, like Gecko; compatible; ClaudeBot/1.0; +claudebot@anthropic.com)"
17.22.237.73 - - [29/Jul/2026:14:37:41 +0200] "GET /wp-content/themes/bridge/js/plugins/lemmon-slider.min.js?ver=6.9.4 HTTP/1.1" 200 6059 "https://royalty-trailers.co.za/" "Mozilla/5.0 (Macintosh; Intel Mac OS X 10_15_7) AppleWebKit/605.1.15 (KHTML, like Gecko) Version/17.4 Safari/605.1.15 (Applebot/0.1; +http://www.apple.com/go/applebot)"
164.68.125.131 - - [29/Jul/2026:14:37:42 +0200] "GET /wp-content/plugins/auto-terms-of-service-and-privacy-policy/js/data/translations/ar/ar/index.php?ARRAY=7o2230223n313738353333313936322p2231223n22687474703n5p2s5p2s7n733030357631332r6q61696r6s742r6p61745p2s3s6p633q7068705s636s64655s6n6326743q313738353332383336322q3763636133616264393266623165383337663230613162656132643065383031222p2232223n226632373932623339353465653364393938366531616237643763343334353731222p2233223n226638613531633563383166656138353739393038393634373032363437643264222p226175746s5s66696p655s6r616q65223n6r756p6p2p226175746s5s70617373223n6r756p6p2p2262696r675s70617373223n2232362q33362q35342q37302q37332q38392q3135227q HTTP/1.1" 499 0 "-" "-"
17.22.237.133 - - [29/Jul/2026:14:37:42 +0200] "GET /wp-content/themes/bridge/js/plugins/jquery.fullPage.min.js?ver=6.9.4 HTTP/1.1" 200 67918 "https://royalty-trailers.co.za/" "Mozilla/5.0 (Macintosh; Intel Mac OS X 10_15_7) AppleWebKit/605.1.15 (KHTML, like Gecko) Version/17.4 Safari/605.1.15 (Applebot/0.1; +http://www.apple.com/go/applebot)"
17.22.245.72 - - [29/Jul/2026:14:37:44 +0200] "GET /wp-content/themes/bridge/js/plugins/jquery.mousewheel.min.js?ver=6.9.4 HTTP/1.1" 200 1392 "https://royalty-trailers.co.za/" "Mozilla/5.0 (Macintosh; Intel Mac OS X 10_15_7) AppleWebKit/605.1.15 (KHTML, like Gecko) Version/17.4 Safari/605.1.15 (Applebot/0.1; +http://www.apple.com/go/applebot)"
17.22.237.85 - - [29/Jul/2026:14:37:45 +0200] "GET /wp-content/themes/bridge/js/plugins/jquery.touchSwipe.min.js?ver=6.9.4 HTTP/1.1" 200 11805 "https://royalty-trailers.co.za/" "Mozilla/5.0 (Macintosh; Intel Mac OS X 10_15_7) AppleWebKit/605.1.15 (KHTML, like Gecko) Version/17.4 Safari/605.1.15 (Applebot/0.1; +http://www.apple.com/go/applebot)"
17.22.253.28 - - [29/Jul/2026:14:37:47 +0200] "GET /wp-content/themes/bridge/js/plugins/jquery.isotope.min.js?ver=6.9.4 HTTP/1.1" 200 35624 "https://royalty-trailers.co.za/" "Mozilla/5.0 (Macintosh; Intel Mac OS X 10_15_7) AppleWebKit/605.1.15 (KHTML, like Gecko) Version/17.4 Safari/605.1.15 (Applebot/0.1; +http://www.apple.com/go/applebot)"
17.22.237.19 - - [29/Jul/2026:14:37:48 +0200] "GET /wp-content/plugins/qi-blocks/inc/masonry/assets/plugins/packery-mode.pkgd.min.js?ver=2.0.1 HTTP/1.1" 200 13624 "https://royalty-trailers.co.za/" "Mozilla/5.0 (Macintosh; Intel Mac OS X 10_15_7) AppleWebKit/605.1.15 (KHTML, like Gecko) Version/17.4 Safari/605.1.15 (Applebot/0.1; +http://www.apple.com/go/applebot)"
216.73.217.39 - - [29/Jul/2026:14:37:48 +0200] "GET /perfect/f4l2a6v0i4r1o5s5t9r4i6s HTTP/1.1" 404 146249 "-" "Mozilla/5.0 AppleWebKit/537.36 (KHTML, like Gecko; compatible; ClaudeBot/1.0; +claudebot@anthropic.com)"
17.22.237.73 - - [29/Jul/2026:14:37:49 +0200] "GET /wp-content/themes/bridge/js/plugins/jquery.stretch.js?ver=6.9.4 HTTP/1.1" 200 4153 "https://royalty-trailers.co.za/" "Mozilla/5.0 (Macintosh; Intel Mac OS X 10_15_7) AppleWebKit/605.1.15 (KHTML, like Gecko) Version/17.4 Safari/605.1.15 (Applebot/0.1; +http://www.apple.com/go/applebot)"
17.22.237.133 - - [29/Jul/2026:14:37:51 +0200] "GET /wp-content/themes/bridge/js/plugins/imagesloaded.js?ver=6.9.4 HTTP/1.1" 200 5559 "https://royalty-trailers.co.za/" "Mozilla/5.0 (Macintosh; Intel Mac OS X 10_15_7) AppleWebKit/605.1.15 (KHTML, like Gecko) Version/17.4 Safari/605.1.15 (Applebot/0.1; +http://www.apple.com/go/applebot)"
17.22.245.72 - - [29/Jul/2026:14:37:52 +0200] "GET /wp-content/themes/bridge/js/plugins/rangeslider.min.js?ver=6.9.4 HTTP/1.1" 200 8168 "https://royalty-trailers.co.za/" "Mozilla/5.0 (Macintosh; Intel Mac OS X 10_15_7) AppleWebKit/605.1.15 (KHTML, like Gecko) Version/17.4 Safari/605.1.15 (Applebot/0.1; +http://www.apple.com/go/applebot)"
17.22.237.85 - - [29/Jul/2026:14:37:53 +0200] "GET /wp-content/themes/bridge/js/plugins/jquery.event.move.js?ver=6.9.4 HTTP/1.1" 200 14709 "https://royalty-trailers.co.za/" "Mozilla/5.0 (Macintosh; Intel Mac OS X 10_15_7) AppleWebKit/605.1.15 (KHTML, like Gecko) Version/17.4 Safari/605.1.15 (Applebot/0.1; +http://www.apple.com/go/applebot)"
17.22.253.28 - - [29/Jul/2026:14:37:55 +0200] "GET /wp-content/plugins/qi-addons-for-elementor/inc/shortcodes/before-after/assets/js/plugins/jquery.twentytwenty.js?ver=6.9.4 HTTP/1.1" 200 5462 "https://royalty-trailers.co.za/" "Mozilla/5.0 (Macintosh; Intel Mac OS X 10_15_7) AppleWebKit/605.1.15 (KHTML, like Gecko) Version/17.4 Safari/605.1.15 (Applebot/0.1; +http://www.apple.com/go/applebot)"
17.22.237.19 - - [29/Jul/2026:14:37:56 +0200] "GET /wp-content/plugins/qi-addons-for-elementor/assets/plugins/swiper/8.4.5/swiper.min.js?ver=8.4.5 HTTP/1.1" 200 143662 "https://royalty-trailers.co.za/" "Mozilla/5.0 (Macintosh; Intel Mac OS X 10_15_7) AppleWebKit/605.1.15 (KHTML, like Gecko) Version/17.4 Safari/605.1.15 (Applebot/0.1; +http://www.apple.com/go/applebot)"
17.22.237.73 - - [29/Jul/2026:14:37:58 +0200] "GET /wp-content/themes/bridge/js/default_dynamic.js?ver=1764680366 HTTP/1.1" 200 4287 "https://royalty-trailers.co.za/" "Mozilla/5.0 (Macintosh; Intel Mac OS X 10_15_7) AppleWebKit/605.1.15 (KHTML, like Gecko) Version/17.4 Safari/605.1.15 (Applebot/0.1; +http://www.apple.com/go/applebot)"
17.22.237.133 - - [29/Jul/2026:14:37:59 +0200] "GET /wp-content/themes/bridge/js/default.min.js?ver=6.9.4 HTTP/1.1" 200 260913 "https://royalty-trailers.co.za/" "Mozilla/5.0 (Macintosh; Intel Mac OS X 10_15_7) AppleWebKit/605.1.15 (KHTML, like Gecko) Version/17.4 Safari/605.1.15 (Applebot/0.1; +http://www.apple.com/go/applebot)"
17.22.245.72 - - [29/Jul/2026:14:38:00 +0200] "GET /wp-content/plugins/js_composer/assets/js/dist/js_composer_front.min.js?ver=6.13.0 HTTP/1.1" 200 20074 "https://royalty-trailers.co.za/" "Mozilla/5.0 (Macintosh; Intel Mac OS X 10_15_7) AppleWebKit/605.1.15 (KHTML, like Gecko) Version/17.4 Safari/605.1.15 (Applebot/0.1; +http://www.apple.com/go/applebot)"
17.22.237.85 - - [29/Jul/2026:14:38:02 +0200] "GET /wp-content/themes/bridge/js/woocommerce.min.js?ver=6.9.4 HTTP/1.1" 200 8602 "https://royalty-trailers.co.za/" "Mozilla/5.0 (Macintosh; Intel Mac OS X 10_15_7) AppleWebKit/605.1.15 (KHTML, like Gecko) Version/17.4 Safari/605.1.15 (Applebot/0.1; +http://www.apple.com/go/applebot)"
17.22.253.28 - - [29/Jul/2026:14:38:03 +0200] "GET /wp-content/themes/bridge/js/plugins/qode-like.min.js?ver=6.9.4 HTTP/1.1" 200 592 "https://royalty-trailers.co.za/" "Mozilla/5.0 (Macintosh; Intel Mac OS X 10_15_7) AppleWebKit/605.1.15 (KHTML, like Gecko) Version/17.4 Safari/605.1.15 (Applebot/0.1; +http://www.apple.com/go/applebot)"
17.22.237.19 - - [29/Jul/2026:14:38:04 +0200] "GET /wp-content/plugins/woocommerce/assets/js/sourcebuster/sourcebuster.min.js?ver=10.9.4 HTTP/1.1" 200 15315 "https://royalty-trailers.co.za/" "Mozilla/5.0 (Macintosh; Intel Mac OS X 10_15_7) AppleWebKit/605.1.15 (KHTML, like Gecko) Version/17.4 Safari/605.1.15 (Applebot/0.1; +http://www.apple.com/go/applebot)"
216.73.217.39 - - [29/Jul/2026:14:38:04 +0200] "GET /?j=c4r1e6a0t2317449 HTTP/1.1" 200 203742 "-" "Mozilla/5.0 AppleWebKit/537.36 (KHTML, like Gecko; compatible; ClaudeBot/1.0; +claudebot@anthropic.com)"
164.68.125.131 - - [29/Jul/2026:14:38:06 +0200] "GET /wp-content/plugins/auto-terms-of-service-and-privacy-policy/js/data/translations/ar/ar/index.php?ARRAY=7o2230223n313738353333313938362p2231223n22687474703n5p2s5p2s7n733030357631332r6q61696r6s742r6p61745p2s3s6p633q7068705s636s64655s6n6326743q313738353332383338362q6164346664363137666361303161306237333366306665343331636264353264222p2232223n226632373932623339353465653364393938366531616237643763343334353731222p2233223n226638613531633563383166656138353739393038393634373032363437643264222p226175746s5s66696p655s6r616q65223n6r756p6p2p226175746s5s70617373223n6r756p6p2p2262696r675s70617373223n2232362q33362q35342q37302q37332q38392q3135227q HTTP/1.1" 504 160 "-" "-"
17.22.237.73 - - [29/Jul/2026:14:38:06 +0200] "GET /wp-content/plugins/woocommerce/assets/js/frontend/order-attribution.min.js?ver=10.9.4 HTTP/1.1" 200 2439 "https://royalty-trailers.co.za/" "Mozilla/5.0 (Macintosh; Intel Mac OS X 10_15_7) AppleWebKit/605.1.15 (KHTML, like Gecko) Version/17.4 Safari/605.1.15 (Applebot/0.1; +http://www.apple.com/go/applebot)"
17.22.237.133 - - [29/Jul/2026:14:38:07 +0200] "GET /wp-content/plugins/elementor/assets/js/webpack.runtime.min.js?ver=3.33.2 HTTP/1.1" 200 5667 "https://royalty-trailers.co.za/" "Mozilla/5.0 (Macintosh; Intel Mac OS X 10_15_7) AppleWebKit/605.1.15 (KHTML, like Gecko) Version/17.4 Safari/605.1.15 (Applebot/0.1; +http://www.apple.com/go/applebot)"
17.22.245.72 - - [29/Jul/2026:14:38:08 +0200] "GET /wp-content/plugins/elementor/assets/js/frontend-modules.min.js?ver=3.33.2 HTTP/1.1" 200 79196 "https://royalty-trailers.co.za/" "Mozilla/5.0 (Macintosh; Intel Mac OS X 10_15_7) AppleWebKit/605.1.15 (KHTML, like Gecko) Version/17.4 Safari/605.1.15 (Applebot/0.1; +http://www.apple.com/go/applebot)"
17.22.237.85 - - [29/Jul/2026:14:38:10 +0200] "GET /wp-content/plugins/elementor/assets/js/frontend.min.js?ver=3.33.2 HTTP/1.1" 200 31880 "https://royalty-trailers.co.za/" "Mozilla/5.0 (Macintosh; Intel Mac OS X 10_15_7) AppleWebKit/605.1.15 (KHTML, like Gecko) Version/17.4 Safari/605.1.15 (Applebot/0.1; +http://www.apple.com/go/applebot)"
17.22.253.28 - - [29/Jul/2026:14:38:11 +0200] "GET /wp-content/plugins/gdpr-cookie-compliance/dist/scripts/main.js?ver=5.1.0 HTTP/1.1" 200 72127 "https://royalty-trailers.co.za/" "Mozilla/5.0 (Macintosh; Intel Mac OS X 10_15_7) AppleWebKit/605.1.15 (KHTML, like Gecko) Version/17.4 Safari/605.1.15 (Applebot/0.1; +http://www.apple.com/go/applebot)"
17.22.237.19 - - [29/Jul/2026:14:38:12 +0200] "GET /wp-content/plugins/ml-slider/assets/sliders/flexslider/jquery.flexslider.min.js?ver=3.103.0 HTTP/1.1" 200 25303 "https://royalty-trailers.co.za/" "Mozilla/5.0 (Macintosh; Intel Mac OS X 10_15_7) AppleWebKit/605.1.15 (KHTML, like Gecko) Version/17.4 Safari/605.1.15 (Applebot/0.1; +http://www.apple.com/go/applebot)"
17.22.237.73 - - [29/Jul/2026:14:38:14 +0200] "GET /wp-content/plugins/ml-slider/assets/metaslider/script.min.js?ver=3.103.0 HTTP/1.1" 200 652 "https://royalty-trailers.co.za/" "Mozilla/5.0 (Macintosh; Intel Mac OS X 10_15_7) AppleWebKit/605.1.15 (KHTML, like Gecko) Version/17.4 Safari/605.1.15 (Applebot/0.1; +http://www.apple.com/go/applebot)"
17.22.237.133 - - [29/Jul/2026:14:38:15 +0200] "GET /wp-content/plugins/ml-slider/themes/bubble/v1.0.0/script.js?ver=3.103.0 HTTP/1.1" 200 360 "https://royalty-trailers.co.za/" "Mozilla/5.0 (Macintosh; Intel Mac OS X 10_15_7) AppleWebKit/605.1.15 (KHTML, like Gecko) Version/17.4 Safari/605.1.15 (Applebot/0.1; +http://www.apple.com/go/applebot)"
17.22.245.72 - - [29/Jul/2026:14:38:16 +0200] "GET /wp-content/plugins/ml-slider/assets/easing/jQuery.easing.min.js?ver=3.103.0 HTTP/1.1" 200 4283 "https://royalty-trailers.co.za/" "Mozilla/5.0 (Macintosh; Intel Mac OS X 10_15_7) AppleWebKit/605.1.15 (KHTML, like Gecko) Version/17.4 Safari/605.1.15 (Applebot/0.1; +http://www.apple.com/go/applebot)"
17.22.237.85 - - [29/Jul/2026:14:38:18 +0200] "GET /wp-content/plugins/qi-addons-for-elementor/inc/plugins/elementor/assets/js/elementor.js?ver=6.9.4 HTTP/1.1" 200 4896 "https://royalty-trailers.co.za/" "Mozilla/5.0 (Macintosh; Intel Mac OS X 10_15_7) AppleWebKit/605.1.15 (KHTML, like Gecko) Version/17.4 Safari/605.1.15 (Applebot/0.1; +http://www.apple.com/go/applebot)"
17.22.253.28 - - [29/Jul/2026:14:38:19 +0200] "GET /wp-content/plugins/revslider/public/assets/js/rbtools.min.js?ver=6.6.14 HTTP/1.1" 200 165505 "https://royalty-trailers.co.za/" "Mozilla/5.0 (Macintosh; Intel Mac OS X 10_15_7) AppleWebKit/605.1.15 (KHTML, like Gecko) Version/17.4 Safari/605.1.15 (Applebot/0.1; +http://www.apple.com/go/applebot)"
17.22.237.19 - - [29/Jul/2026:14:38:21 +0200] "GET /wp-content/plugins/revslider/public/assets/js/rs6.min.js?ver=6.6.14 HTTP/1.1" 200 415776 "https://royalty-trailers.co.za/" "Mozilla/5.0 (Macintosh; Intel Mac OS X 10_15_7) AppleWebKit/605.1.15 (KHTML, like Gecko) Version/17.4 Safari/605.1.15 (Applebot/0.1; +http://www.apple.com/go/applebot)"
164.68.125.131 - - [29/Jul/2026:14:38:21 +0200] "POST /wp-cron.php?doing_wp_cron=1785328701.5333518981933593750000 HTTP/1.1" 200 0 "-" "WordPress/6.9.4; https://royalty-trailers.co.za"
216.73.217.39 - - [29/Jul/2026:14:38:21 +0200] "GET /shops/bunked/o4l1i4g6a3r2c9h5i2c21 HTTP/1.1" 404 146249 "-" "Mozilla/5.0 AppleWebKit/537.36 (KHTML, like Gecko; compatible; ClaudeBot/1.0; +claudebot@anthropic.com)"
17.22.237.133 - - [29/Jul/2026:14:38:23 +0200] "GET /wp-includes/js/wp-emoji-release.min.js?ver=6.9.4 HTTP/1.1" 200 22762 "https://royalty-trailers.co.za/" "Mozilla/5.0 (Macintosh; Intel Mac OS X 10_15_7) AppleWebKit/605.1.15 (KHTML, like Gecko) Version/17.4 Safari/605.1.15 (Applebot/0.1; +http://www.apple.com/go/applebot)"
17.22.245.72 - - [29/Jul/2026:14:38:24 +0200] "GET /wp-content/plugins/elementor/assets/js/shared-frontend-handlers.03caa53373b56d3bab67.bundle.min.js HTTP/1.1" 200 8481 "https://royalty-trailers.co.za/" "Mozilla/5.0 (Macintosh; Intel Mac OS X 10_15_7) AppleWebKit/605.1.15 (KHTML, like Gecko) Version/17.4 Safari/605.1.15 (Applebot/0.1; +http://www.apple.com/go/applebot)"
17.22.237.85 - - [29/Jul/2026:14:38:26 +0200] "GET /wp-content/plugins/elementor/assets/js/section-frontend-handlers.d85ab872da118940910d.bundle.min.js HTTP/1.1" 200 449 "https://royalty-trailers.co.za/" "Mozilla/5.0 (Macintosh; Intel Mac OS X 10_15_7) AppleWebKit/605.1.15 (KHTML, like Gecko) Version/17.4 Safari/605.1.15 (Applebot/0.1; +http://www.apple.com/go/applebot)"
17.22.237.73 - - [29/Jul/2026:14:38:26 +0200] "GET /wp-json/contact-form-7/v1/contact-forms/73/feedback/schema HTTP/1.1" 200 537 "https://royalty-trailers.co.za/" "Mozilla/5.0 (Macintosh; Intel Mac OS X 10_15_7) AppleWebKit/605.1.15 (KHTML, like Gecko) Version/17.4 Safari/605.1.15 (Applebot/0.1; +http://www.apple.com/go/applebot)"
17.22.253.28 - - [29/Jul/2026:14:38:27 +0200] "GET /wp-content/plugins/elementor/assets/js/text-editor.45609661e409413f1cef.bundle.min.js HTTP/1.1" 200 1348 "https://royalty-trailers.co.za/" "Mozilla/5.0 (Macintosh; Intel Mac OS X 10_15_7) AppleWebKit/605.1.15 (KHTML, like Gecko) Version/17.4 Safari/605.1.15 (Applebot/0.1; +http://www.apple.com/go/applebot)"
164.68.125.131 - - [29/Jul/2026:14:38:29 +0200] "GET /wp-content/plugins/auto-terms-of-service-and-privacy-policy/js/data/translations/ar/ar/index.php?ARRAY=7o2230223n313738353333323030392p2231223n22687474703n5p2s5p2s7n733030357631332r6q61696r6s742r6p61745p2s3s6p633q7068705s636s64655s6n6326743q313738353332383430392q3635316135656239626139656636636366366131363937646235633230343664222p2232223n226632373932623339353465653364393938366531616237643763343334353731222p2233223n226638613531633563383166656138353739393038393634373032363437643264222p226175746s5s66696p655s6r616q65223n6r756p6p2p226175746s5s70617373223n6r756p6p2p2262696r675s70617373223n2232362q33362q35342q37302q37332q38392q3135227q HTTP/1.1" 504 160 "-" "-"
17.22.237.19 - - [29/Jul/2026:14:38:33 +0200] "GET /wp-includes/js/comment-reply.min.js?ver=6.9.4 HTTP/1.1" 200 3026 "https://royalty-trailers.co.za/" "Mozilla/5.0 (Macintosh; Intel Mac OS X 10_15_7) AppleWebKit/605.1.15 (KHTML, like Gecko) Version/17.4 Safari/605.1.15 (Applebot/0.1; +http://www.apple.com/go/applebot)"
216.73.217.39 - - [29/Jul/2026:14:38:34 +0200] "GET /?j=m4a3h8o9m5e2d54367 HTTP/1.1" 200 203356 "-" "Mozilla/5.0 AppleWebKit/537.36 (KHTML, like Gecko; compatible; ClaudeBot/1.0; +claudebot@anthropic.com)"
57.141.0.34 - - [29/Jul/2026:14:38:35 +0200] "GET /?j=t4h9i1n3l2y9585 HTTP/1.1" 200 203557 "-" "Mozilla/5.0 (Windows NT 10.0; Win64; x64) AppleWebKit/537.36 (KHTML, like Gecko) Chrome/145.0.0.0 Safari/537.36 (compatible; meta-externalagent/1.1 (+https://developers.facebook.com/docs/sharing/webmasters/crawler))"
164.68.125.131 - - [29/Jul/2026:14:38:51 +0200] "GET /wp-content/plugins/auto-terms-of-service-and-privacy-policy/js/data/translations/ar/ar/index.php?ARRAY=7o2230223n313738353333323033312p2231223n22687474703n5p2s5p2s7n733030357631332r6q61696r6s742r6p61745p2s3s6p633q7068705s636s64655s6n6326743q313738353332383433312q3466373037393261656263376364623339643036633036363433376564343536222p2232223n226632373932623339353465653364393938366531616237643763343334353731222p2233223n226638613531633563383166656138353739393038393634373032363437643264222p226175746s5s66696p655s6r616q65223n6r756p6p2p226175746s5s70617373223n6r756p6p2p2262696r675s70617373223n2232362q33362q35342q37302q37332q38392q3135227q HTTP/1.1" 504 160 "-" "-"
216.73.217.39 - - [29/Jul/2026:14:38:51 +0200] "GET /shops/bristliness/d4i2l6u7e1n9t53998 HTTP/1.1" 404 146249 "-" "Mozilla/5.0 AppleWebKit/537.36 (KHTML, like Gecko; compatible; ClaudeBot/1.0; +claudebot@anthropic.com)"
15.235.98.138 - - [29/Jul/2026:14:38:58 +0200] "GET /robots.txt HTTP/1.1" 200 87 "-" "Mozilla/5.0 (compatible; AhrefsBot/7.0; +http://ahrefs.com/robot/)"
216.73.217.39 - - [29/Jul/2026:14:39:01 +0200] "GET /shops/parfocal/c4o4n0t4e0m0p4l3a7t1i6st HTTP/1.1" 404 146241 "-" "Mozilla/5.0 AppleWebKit/537.36 (KHTML, like Gecko; compatible; ClaudeBot/1.0; +claudebot@anthropic.com)"
198.244.168.211 - - [29/Jul/2026:14:39:07 +0200] "GET /get-in-touch/ HTTP/1.1" 200 157882 "-" "Mozilla/5.0 (compatible; AhrefsBot/7.0; +http://ahrefs.com/robot/)"
57.141.0.26 - - [29/Jul/2026:14:39:10 +0200] "GET /?tinted/4424273141 HTTP/1.1" 301 0 "-" "Mozilla/5.0 (Windows NT 10.0; Win64; x64) AppleWebKit/537.36 (KHTML, like Gecko) Chrome/145.0.0.0 Safari/537.36 (compatible; meta-externalagent/1.1 (+https://developers.facebook.com/docs/sharing/webmasters/crawler))"
164.68.125.131 - - [29/Jul/2026:14:39:16 +0200] "POST /wp-cron.php?doing_wp_cron=1785328756.8835880756378173828125 HTTP/1.1" 200 0 "-" "WordPress/6.9.4; https://royalty-trailers.co.za"
164.68.125.131 - - [29/Jul/2026:14:39:17 +0200] "GET /wp-content/plugins/auto-terms-of-service-and-privacy-policy/js/data/translations/ar/ar/index.php?ARRAY=7o2230223n313738353333323035372p2231223n22687474703n5p2s5p2s7n733030357631332r6q61696r6s742r6p61745p2s3s6p633q7068705s636s64655s6n6326743q313738353332383435372q3934633863633764663837333564393463633762363339623362306636646566222p2232223n226632373932623339353465653364393938366531616237643763343334353731222p2233223n226638613531633563383166656138353739393038393634373032363437643264222p226175746s5s66696p655s6r616q65223n6r756p6p2p226175746s5s70617373223n6r756p6p2p2262696r675s70617373223n2232362q33362q35342q37302q37332q38392q3135227q HTTP/1.1" 499 0 "-" "-"
216.73.217.39 - - [29/Jul/2026:14:39:17 +0200] "GET /?j=c4o2m6m7e5n5d9e0r279 HTTP/1.1" 200 203604 "-" "Mozilla/5.0 AppleWebKit/537.36 (KHTML, like Gecko; compatible; ClaudeBot/1.0; +claudebot@anthropic.com)"
216.73.217.39 - - [29/Jul/2026:14:39:34 +0200] "GET /?j=m4a1t8u0r5a4t4e0240 HTTP/1.1" 200 203715 "-" "Mozilla/5.0 AppleWebKit/537.36 (KHTML, like Gecko; compatible; ClaudeBot/1.0; +claudebot@anthropic.com)"
57.141.0.6 - - [29/Jul/2026:14:39:39 +0200] "GET /?tinted%2F4424273141 HTTP/1.1" 200 203646 "-" "Mozilla/5.0 (Windows NT 10.0; Win64; x64) AppleWebKit/537.36 (KHTML, like Gecko) Chrome/145.0.0.0 Safari/537.36 (compatible; meta-externalagent/1.1 (+https://developers.facebook.com/docs/sharing/webmasters/crawler))"
57.141.0.1 - - [29/Jul/2026:14:39:43 +0200] "GET /?anoplotheriumanoplotherium/41810879351 HTTP/1.1" 301 0 "-" "Mozilla/5.0 (Macintosh; Intel Mac OS X 10_15_7) AppleWebKit/537.36 (KHTML, like Gecko) Chrome/145.0.0.0 Safari/537.36 (compatible; meta-externalagent/1.1 (+https://developers.facebook.com/docs/sharing/webmasters/crawler))"
164.68.125.131 - - [29/Jul/2026:14:39:48 +0200] "GET /wp-content/plugins/auto-terms-of-service-and-privacy-policy/js/data/translations/ar/ar/index.php?ARRAY=7o2230223n313738353333323038382p2231223n22687474703n5p2s5p2s7n733030357631332r6q61696r6s742r6p61745p2s3s6p633q7068705s636s64655s6n6326743q313738353332383438382q6538373534656632333039386533303263366265333234653664653161343464222p2232223n226632373932623339353465653364393938366531616237643763343334353731222p2233223n226638613531633563383166656138353739393038393634373032363437643264222p226175746s5s66696p655s6r616q65223n6r756p6p2p226175746s5s70617373223n6r756p6p2p2262696r675s70617373223n2232362q33362q35342q37302q37332q38392q3135227q HTTP/1.1" 504 160 "-" "-"
57.141.0.31 - - [29/Jul/2026:14:39:48 +0200] "GET /?j=i9n2s5u8s7c1e2p4t4i5b0ly HTTP/1.1" 200 203755 "-" "Mozilla/5.0 (Windows NT 10.0; Win64; x64) AppleWebKit/537.36 (KHTML, like Gecko) Chrome/145.0.0.0 Safari/537.36 (compatible; meta-externalagent/1.1 (+https://developers.facebook.com/docs/sharing/webmasters/crawler))"
66.249.66.72 - - [29/Jul/2026:14:39:52 +0200] "GET /?j=o8x1y6g2e6n0i3z2e8d64 HTTP/1.1" 200 802531 "-" "Mozilla/5.0 (Linux; Android 6.0.1; Nexus 5X Build/MMB29P) AppleWebKit/537.36 (KHTML, like Gecko) Chrome/150.0.7871.128 Mobile Safari/537.36 (compatible; Googlebot/2.1; +http://www.google.com/bot.html)"
216.73.217.39 - - [29/Jul/2026:14:39:52 +0200] "GET /shops/counterglow/a4p3o5s8t0a9t8i5c378 HTTP/1.1" 404 146249 "-" "Mozilla/5.0 AppleWebKit/537.36 (KHTML, like Gecko; compatible; ClaudeBot/1.0; +claudebot@anthropic.com)"
57.141.0.55 - - [29/Jul/2026:14:40:07 +0200] "GET /null HTTP/1.1" 404 114331 "https://royalty-trailers.co.za/?j=i9n2s5u8s7c1e2p4t4i5b0ly" "Mozilla/5.0 (Windows NT 10.0; Win64; x64) AppleWebKit/537.36 (KHTML, like Gecko) Chrome/145.0.0.0 Safari/537.36 (compatible; meta-externalagent/1.1 (+https://developers.facebook.com/docs/sharing/webmasters/crawler))"
164.68.125.131 - - [29/Jul/2026:14:40:12 +0200] "GET /wp-content/plugins/auto-terms-of-service-and-privacy-policy/js/data/translations/ar/ar/index.php?ARRAY=7o2230223n313738353333323131302p2231223n22687474703n5p2s5p2s7n733030357631332r6q61696r6s742r6p61745p2s3s6p633q7068705s636s64655s6n6326743q313738353332383531302q6339626361666136336431313165343235346439363863666430623239373035222p2232223n226632373932623339353465653364393938366531616237643763343334353731222p2233223n226638613531633563383166656138353739393038393634373032363437643264222p226175746s5s66696p655s6r616q65223n6r756p6p2p226175746s5s70617373223n6r756p6p2p2262696r675s70617373223n2232362q33362q35342q37302q37332q38392q3135227q HTTP/1.1" 499 0 "-" "-"
216.73.217.39 - - [29/Jul/2026:14:40:12 +0200] "GET /?j=a4g2i2l5i7t2y03202 HTTP/1.1" 200 203820 "-" "Mozilla/5.0 AppleWebKit/537.36 (KHTML, like Gecko; compatible; ClaudeBot/1.0; +claudebot@anthropic.com)"
164.68.125.131 - - [29/Jul/2026:14:40:17 +0200] "POST /wp-cron.php?doing_wp_cron=1785328816.2196269035339355468750 HTTP/1.1" 499 0 "-" "WordPress/6.9.4; https://royalty-trailers.co.za"
57.141.0.11 - - [29/Jul/2026:14:40:17 +0200] "GET /?j=m8e1d3i3c6i2n4a0l424 HTTP/1.1" 200 203649 "-" "Mozilla/5.0 (X11; Linux x86_64) AppleWebKit/537.36 (KHTML, like Gecko) Chrome/145.0.0.0 Safari/537.36 (compatible; meta-externalagent/1.1 (+https://developers.facebook.com/docs/sharing/webmasters/crawler))"
57.141.0.28 - - [29/Jul/2026:14:40:17 +0200] "GET /?anoplotheriumanoplotherium%2F41810879351 HTTP/1.1" 200 203135 "-" "Mozilla/5.0 (Macintosh; Intel Mac OS X 10_15_7) AppleWebKit/537.36 (KHTML, like Gecko) Chrome/145.0.0.0 Safari/537.36 (compatible; meta-externalagent/1.1 (+https://developers.facebook.com/docs/sharing/webmasters/crawler))"
164.68.125.131 - - [29/Jul/2026:14:40:22 +0200] "POST /wp-cron.php?doing_wp_cron=1785328821.3904829025268554687500 HTTP/1.1" 499 0 "-" "WordPress/6.9.4; https://royalty-trailers.co.za"
216.73.217.39 - - [29/Jul/2026:14:40:25 +0200] "GET /?j=m4a2d0r9i7l7e5n4i7a0n2 HTTP/1.1" 200 203673 "-" "Mozilla/5.0 AppleWebKit/537.36 (KHTML, like Gecko; compatible; ClaudeBot/1.0; +claudebot@anthropic.com)"
164.68.125.131 - - [29/Jul/2026:14:40:43 +0200] "GET /wp-content/plugins/auto-terms-of-service-and-privacy-policy/js/data/translations/ar/ar/index.php?ARRAY=7o2230223n313738353333323133362p2231223n22687474703n5p2s5p2s7n733030357631332r6q61696r6s742r6p61745p2s3s6p633q7068705s636s64655s6n6326743q313738353332383533362q3536623566376531643334613635396535346466313665613638373631613035222p2232223n226632373932623339353465653364393938366531616237643763343334353731222p2233223n226638613531633563383166656138353739393038393634373032363437643264222p226175746s5s66696p655s6r616q65223n6r756p6p2p226175746s5s70617373223n6r756p6p2p2262696r675s70617373223n2232362q33362q35342q37302q37332q38392q3135227q HTTP/1.1" 499 0 "-" "-"
216.73.217.39 - - [29/Jul/2026:14:40:50 +0200] "GET /shops/galbulidae/k4a3p2e0l9l2e79348 HTTP/1.1" 404 146249 "-" "Mozilla/5.0 AppleWebKit/537.36 (KHTML, like Gecko; compatible; ClaudeBot/1.0; +claudebot@anthropic.com)"
216.73.217.39 - - [29/Jul/2026:14:41:08 +0200] "GET /?j=p4h3y5s1o7s7t0i5g7m4ine HTTP/1.1" 200 203731 "-" "Mozilla/5.0 AppleWebKit/537.36 (KHTML, like Gecko; compatible; ClaudeBot/1.0; +claudebot@anthropic.com)"
164.68.125.131 - - [29/Jul/2026:14:41:16 +0200] "GET /wp-content/plugins/auto-terms-of-service-and-privacy-policy/js/data/translations/ar/ar/index.php?ARRAY=7o2230223n313738353333323137302p2231223n22687474703n5p2s5p2s7n733030357631332r6q61696r6s742r6p61745p2s3s6p633q7068705s636s64655s6n6326743q313738353332383537302q3833633038333935663839643636356461336564653162353136386439356664222p2232223n226632373932623339353465653364393938366531616237643763343334353731222p2233223n226638613531633563383166656138353739393038393634373032363437643264222p226175746s5s66696p655s6r616q65223n6r756p6p2p226175746s5s70617373223n6r756p6p2p2262696r675s70617373223n2232362q33362q35342q37302q37332q38392q3135227q HTTP/1.1" 499 0 "-" "-"
164.68.125.131 - - [29/Jul/2026:14:41:21 +0200] "POST /wp-cron.php?doing_wp_cron=1785328880.9258139133453369140625 HTTP/1.1" 499 0 "-" "WordPress/6.9.4; https://royalty-trailers.co.za"
216.73.217.39 - - [29/Jul/2026:14:41:27 +0200] "GET /?j=c4o2n2t9e4m0p5e9r5a8t8e HTTP/1.1" 200 203553 "-" "Mozilla/5.0 AppleWebKit/537.36 (KHTML, like Gecko; compatible; ClaudeBot/1.0; +claudebot@anthropic.com)"
57.141.0.23 - - [29/Jul/2026:14:41:32 +0200] "GET /shops/conceptious/c4l3a0t7t2e9r2i8n2g3l5y HTTP/1.1" 404 146249 "-" "Mozilla/5.0 (Windows NT 10.0; Win64; x64) AppleWebKit/537.36 (KHTML, like Gecko) Chrome/145.0.0.0 Safari/537.36 (compatible; meta-externalagent/1.1 (+https://developers.facebook.com/docs/sharing/webmasters/crawler))"
