216.73.217.39 - - [29/Jul/2026:17:16:45 +0200] "GET /shops/hyleosaur/s4t2e6a0r6i2c43243 HTTP/1.1" 404 146249 "-" "Mozilla/5.0 AppleWebKit/537.36 (KHTML, like Gecko; compatible; ClaudeBot/1.0; +claudebot@anthropic.com)"
74.7.243.231 - - [29/Jul/2026:17:16:48 +0200] "GET /shops/gambling/o8r3p3h9a4l1i5n4e257 HTTP/1.1" 404 81563 "https://royalty-trailers.co.za/sitemap-product.xml" "Mozilla/5.0 AppleWebKit/537.36 (KHTML, like Gecko; compatible; GPTBot/1.4; +https://openai.com/gptbot)"
74.7.243.231 - - [29/Jul/2026:17:16:54 +0200] "GET /shops/areola/b8l3i3g5h6t6i7n4g6l0y9 HTTP/1.1" 404 81563 "https://royalty-trailers.co.za/sitemap-product.xml" "Mozilla/5.0 AppleWebKit/537.36 (KHTML, like Gecko; compatible; GPTBot/1.4; +https://openai.com/gptbot)"
216.73.217.39 - - [29/Jul/2026:17:16:54 +0200] "GET /shops/obeli/b4r1e2v9i9e3r97616 HTTP/1.1" 404 146249 "-" "Mozilla/5.0 AppleWebKit/537.36 (KHTML, like Gecko; compatible; ClaudeBot/1.0; +claudebot@anthropic.com)"
74.7.243.231 - - [29/Jul/2026:17:16:59 +0200] "GET /shops/luxive/p8r1e2a9n3n7o6u8n4c9e3 HTTP/1.1" 404 81563 "https://royalty-trailers.co.za/sitemap-product.xml" "Mozilla/5.0 AppleWebKit/537.36 (KHTML, like Gecko; compatible; GPTBot/1.4; +https://openai.com/gptbot)"
74.7.243.231 - - [29/Jul/2026:17:17:07 +0200] "GET /shops/hemipode/b8i2b2l9i2c2i8s0t84 HTTP/1.1" 404 81563 "https://royalty-trailers.co.za/sitemap-product.xml" "Mozilla/5.0 AppleWebKit/537.36 (KHTML, like Gecko; compatible; GPTBot/1.4; +https://openai.com/gptbot)"
74.7.243.231 - - [29/Jul/2026:17:17:14 +0200] "GET /shops/weedery/s8w3a3r5m2i9n2g0181 HTTP/1.1" 404 81563 "https://royalty-trailers.co.za/sitemap-product.xml" "Mozilla/5.0 AppleWebKit/537.36 (KHTML, like Gecko; compatible; GPTBot/1.4; +https://openai.com/gptbot)"
216.73.217.39 - - [29/Jul/2026:17:17:17 +0200] "GET /shops/fatui/r4a2t9i2o5n6a9l0i2s9t3ically HTTP/1.1" 404 146249 "-" "Mozilla/5.0 AppleWebKit/537.36 (KHTML, like Gecko; compatible; ClaudeBot/1.0; +claudebot@anthropic.com)"
57.141.0.2 - - [29/Jul/2026:17:17:22 +0200] "GET /shops/rudderhole/m9o3t2o9r4c0y2c6l1e69 HTTP/1.1" 404 146249 "-" "Mozilla/5.0 (Windows NT 10.0; Win64; x64) AppleWebKit/537.36 (KHTML, like Gecko) Chrome/145.0.0.0 Safari/537.36 (compatible; meta-externalagent/1.1 (+https://developers.facebook.com/docs/sharing/webmasters/crawler))"
57.141.0.34 - - [29/Jul/2026:17:17:25 +0200] "GET /?j=l9i8q9u8e5f9i8a5b5l4e HTTP/1.1" 200 203023 "-" "Mozilla/5.0 (Macintosh; Intel Mac OS X 10_15_7) AppleWebKit/537.36 (KHTML, like Gecko) Chrome/145.0.0.0 Safari/537.36 (compatible; meta-externalagent/1.1 (+https://developers.facebook.com/docs/sharing/webmasters/crawler))"
216.73.217.39 - - [29/Jul/2026:17:17:26 +0200] "GET /unfeather/neoterically/42961676812 HTTP/1.1" 404 146249 "-" "Mozilla/5.0 AppleWebKit/537.36 (KHTML, like Gecko; compatible; ClaudeBot/1.0; +claudebot@anthropic.com)"
74.7.243.231 - - [29/Jul/2026:17:17:37 +0200] "GET /whereabout/canonicals/83069036494 HTTP/1.1" 404 81563 "https://royalty-trailers.co.za/sitemap-product.xml" "Mozilla/5.0 AppleWebKit/537.36 (KHTML, like Gecko; compatible; GPTBot/1.4; +https://openai.com/gptbot)"
74.7.243.231 - - [29/Jul/2026:17:17:47 +0200] "GET /shops/facetious/m8a7t1z0o5h5s7342 HTTP/1.1" 404 81563 "https://royalty-trailers.co.za/sitemap-product.xml" "Mozilla/5.0 AppleWebKit/537.36 (KHTML, like Gecko; compatible; GPTBot/1.4; +https://openai.com/gptbot)"
216.73.217.39 - - [29/Jul/2026:17:17:50 +0200] "GET /foolishly/s4u3n8l9e1s7s82236 HTTP/1.1" 404 146249 "-" "Mozilla/5.0 AppleWebKit/537.36 (KHTML, like Gecko; compatible; ClaudeBot/1.0; +claudebot@anthropic.com)"
74.7.243.231 - - [29/Jul/2026:17:17:52 +0200] "GET /shops/ebola/s8u4r1r5e9b8o2u9n3d98 HTTP/1.1" 404 81563 "https://royalty-trailers.co.za/sitemap-product.xml" "Mozilla/5.0 AppleWebKit/537.36 (KHTML, like Gecko; compatible; GPTBot/1.4; +https://openai.com/gptbot)"
74.7.243.231 - - [29/Jul/2026:17:17:58 +0200] "GET /joyousness/egyptology/81439098961 HTTP/1.1" 404 81563 "https://royalty-trailers.co.za/sitemap-product.xml" "Mozilla/5.0 AppleWebKit/537.36 (KHTML, like Gecko; compatible; GPTBot/1.4; +https://openai.com/gptbot)"
74.7.243.231 - - [29/Jul/2026:17:18:04 +0200] "GET /shops/clitoris/a8s1s2u2a2g8e41497 HTTP/1.1" 404 81563 "https://royalty-trailers.co.za/sitemap-product.xml" "Mozilla/5.0 AppleWebKit/537.36 (KHTML, like Gecko; compatible; GPTBot/1.4; +https://openai.com/gptbot)"
74.7.243.231 - - [29/Jul/2026:17:18:09 +0200] "GET /assuetude/inobservant/82404081056 HTTP/1.1" 404 81563 "https://royalty-trailers.co.za/sitemap-product.xml" "Mozilla/5.0 AppleWebKit/537.36 (KHTML, like Gecko; compatible; GPTBot/1.4; +https://openai.com/gptbot)"
216.73.217.39 - - [29/Jul/2026:17:18:14 +0200] "GET /undermatch/g4r4a9b8b6l9e0d721 HTTP/1.1" 404 146249 "-" "Mozilla/5.0 AppleWebKit/537.36 (KHTML, like Gecko; compatible; ClaudeBot/1.0; +claudebot@anthropic.com)"
74.7.243.231 - - [29/Jul/2026:17:18:15 +0200] "GET /shops/myogalid/n8o3n3a5g4o1n32280 HTTP/1.1" 404 81563 "https://royalty-trailers.co.za/sitemap-product.xml" "Mozilla/5.0 AppleWebKit/537.36 (KHTML, like Gecko; compatible; GPTBot/1.4; +https://openai.com/gptbot)"
74.7.243.231 - - [29/Jul/2026:17:18:20 +0200] "GET /lalandii/nourishingly/83015809894 HTTP/1.1" 404 81563 "https://royalty-trailers.co.za/sitemap-product.xml" "Mozilla/5.0 AppleWebKit/537.36 (KHTML, like Gecko; compatible; GPTBot/1.4; +https://openai.com/gptbot)"
216.73.217.39 - - [29/Jul/2026:17:18:22 +0200] "GET /maugre/trichiniasis/42732934144 HTTP/1.1" 404 146249 "-" "Mozilla/5.0 AppleWebKit/537.36 (KHTML, like Gecko; compatible; ClaudeBot/1.0; +claudebot@anthropic.com)"
74.7.243.231 - - [29/Jul/2026:17:18:26 +0200] "GET /velocimeter/intenable/82143862160 HTTP/1.1" 404 81563 "https://royalty-trailers.co.za/sitemap-product.xml" "Mozilla/5.0 AppleWebKit/537.36 (KHTML, like Gecko; compatible; GPTBot/1.4; +https://openai.com/gptbot)"
216.73.217.39 - - [29/Jul/2026:17:18:31 +0200] "GET /shops/reshape/c4a3r1e3e8n188861 HTTP/1.1" 404 146249 "-" "Mozilla/5.0 AppleWebKit/537.36 (KHTML, like Gecko; compatible; ClaudeBot/1.0; +claudebot@anthropic.com)"
74.7.243.231 - - [29/Jul/2026:17:18:31 +0200] "GET /slubberingly/sportless/8693038765 HTTP/1.1" 404 81563 "https://royalty-trailers.co.za/sitemap-product.xml" "Mozilla/5.0 AppleWebKit/537.36 (KHTML, like Gecko; compatible; GPTBot/1.4; +https://openai.com/gptbot)"
74.7.243.231 - - [29/Jul/2026:17:18:36 +0200] "GET /shops/strayed/e8n2i5g9m6a6t0i9c9a7l8 HTTP/1.1" 404 81563 "https://royalty-trailers.co.za/sitemap-product.xml" "Mozilla/5.0 AppleWebKit/537.36 (KHTML, like Gecko; compatible; GPTBot/1.4; +https://openai.com/gptbot)"
216.73.217.39 - - [29/Jul/2026:17:18:47 +0200] "GET /shops/griffon/k4e4r0m1e6s3i2t8e233 HTTP/1.1" 404 146249 "-" "Mozilla/5.0 AppleWebKit/537.36 (KHTML, like Gecko; compatible; ClaudeBot/1.0; +claudebot@anthropic.com)"
74.7.243.231 - - [29/Jul/2026:17:19:00 +0200] "GET /shops/fistinut/l8a1m5m6e0r7g6e4i6r23 HTTP/1.1" 404 97947 "https://royalty-trailers.co.za/sitemap-product.xml" "Mozilla/5.0 AppleWebKit/537.36 (KHTML, like Gecko; compatible; GPTBot/1.4; +https://openai.com/gptbot)"
74.7.243.231 - - [29/Jul/2026:17:19:09 +0200] "GET /shops/antimere/g8l1o7r3y5i0n7g5774 HTTP/1.1" 404 81563 "https://royalty-trailers.co.za/sitemap-product.xml" "Mozilla/5.0 AppleWebKit/537.36 (KHTML, like Gecko; compatible; GPTBot/1.4; +https://openai.com/gptbot)"
216.73.217.39 - - [29/Jul/2026:17:19:12 +0200] "GET /blastodisc/unfailingly/b4o1a5t9m0a0n5850 HTTP/1.1" 404 146249 "-" "Mozilla/5.0 AppleWebKit/537.36 (KHTML, like Gecko; compatible; ClaudeBot/1.0; +claudebot@anthropic.com)"
74.7.243.231 - - [29/Jul/2026:17:19:14 +0200] "GET /bushment/revelry/p8a2v2a1g7e894251 HTTP/1.1" 404 81563 "https://royalty-trailers.co.za/sitemap-product.xml" "Mozilla/5.0 AppleWebKit/537.36 (KHTML, like Gecko; compatible; GPTBot/1.4; +https://openai.com/gptbot)"
164.68.125.131 - - [29/Jul/2026:17:19:17 +0200] "POST /wp-cron.php?doing_wp_cron=1785338357.7725660800933837890625 HTTP/1.1" 200 0 "-" "WordPress/6.9.4; https://royalty-trailers.co.za"
216.73.217.39 - - [29/Jul/2026:17:19:17 +0200] "GET /shops/tripel/d4i3s3d8e0i7f0y8858 HTTP/1.1" 404 146249 "-" "Mozilla/5.0 AppleWebKit/537.36 (KHTML, like Gecko; compatible; ClaudeBot/1.0; +claudebot@anthropic.com)"
74.7.243.231 - - [29/Jul/2026:17:19:19 +0200] "GET /shops/andosite/r8u2r3a6l4i2s7t3295 HTTP/1.1" 404 81563 "https://royalty-trailers.co.za/sitemap-product.xml" "Mozilla/5.0 AppleWebKit/537.36 (KHTML, like Gecko; compatible; GPTBot/1.4; +https://openai.com/gptbot)"
74.7.243.231 - - [29/Jul/2026:17:19:24 +0200] "GET /shops/invocate/e8x7a3m9e2t5r2o3n63 HTTP/1.1" 404 81563 "https://royalty-trailers.co.za/sitemap-product.xml" "Mozilla/5.0 AppleWebKit/537.36 (KHTML, like Gecko; compatible; GPTBot/1.4; +https://openai.com/gptbot)"
74.7.243.231 - - [29/Jul/2026:17:19:29 +0200] "GET /shops/azido/p8r8e6c3o0n6s4t3i1t9ute HTTP/1.1" 404 81563 "https://royalty-trailers.co.za/sitemap-product.xml" "Mozilla/5.0 AppleWebKit/537.36 (KHTML, like Gecko; compatible; GPTBot/1.4; +https://openai.com/gptbot)"
57.141.0.19 - - [29/Jul/2026:17:19:30 +0200] "GET /?j=d4i3s3c9o1n7t3i2n3u2e HTTP/1.1" 200 203490 "-" "Mozilla/5.0 (Windows NT 10.0; Win64; x64) AppleWebKit/537.36 (KHTML, like Gecko) Chrome/145.0.0.0 Safari/537.36 (compatible; meta-externalagent/1.1 (+https://developers.facebook.com/docs/sharing/webmasters/crawler))"
74.7.243.231 - - [29/Jul/2026:17:19:34 +0200] "GET /shops/crossbite/a8s4t2o1u7n5d7e0d38 HTTP/1.1" 404 81563 "https://royalty-trailers.co.za/sitemap-product.xml" "Mozilla/5.0 AppleWebKit/537.36 (KHTML, like Gecko; compatible; GPTBot/1.4; +https://openai.com/gptbot)"
216.73.217.39 - - [29/Jul/2026:17:19:36 +0200] "GET /?j=p4a2p5o2o5s4e02872 HTTP/1.1" 200 203468 "-" "Mozilla/5.0 AppleWebKit/537.36 (KHTML, like Gecko; compatible; ClaudeBot/1.0; +claudebot@anthropic.com)"
74.7.243.231 - - [29/Jul/2026:17:19:39 +0200] "GET /shops/equirotal/t8r2u8m0p0i9e91788 HTTP/1.1" 404 81563 "https://royalty-trailers.co.za/sitemap-product.xml" "Mozilla/5.0 AppleWebKit/537.36 (KHTML, like Gecko; compatible; GPTBot/1.4; +https://openai.com/gptbot)"
74.7.243.231 - - [29/Jul/2026:17:19:44 +0200] "GET /shops/twitched/r8e3c6i2s7i3o0n7036 HTTP/1.1" 404 81563 "https://royalty-trailers.co.za/sitemap-product.xml" "Mozilla/5.0 AppleWebKit/537.36 (KHTML, like Gecko; compatible; GPTBot/1.4; +https://openai.com/gptbot)"
74.7.243.231 - - [29/Jul/2026:17:19:49 +0200] "GET /shops/monographic/c8r2o8s7s1691525 HTTP/1.1" 404 81563 "https://royalty-trailers.co.za/sitemap-product.xml" "Mozilla/5.0 AppleWebKit/537.36 (KHTML, like Gecko; compatible; GPTBot/1.4; +https://openai.com/gptbot)"
74.7.243.231 - - [29/Jul/2026:17:19:54 +0200] "GET /shops/megalosaur/g8a3r0u9d2a915500 HTTP/1.1" 404 81563 "https://royalty-trailers.co.za/sitemap-product.xml" "Mozilla/5.0 AppleWebKit/537.36 (KHTML, like Gecko; compatible; GPTBot/1.4; +https://openai.com/gptbot)"
74.7.243.231 - - [29/Jul/2026:17:19:59 +0200] "GET /shops/biota/r8h3i9p1i7p6t6e4r7a8n1 HTTP/1.1" 404 81563 "https://royalty-trailers.co.za/sitemap-product.xml" "Mozilla/5.0 AppleWebKit/537.36 (KHTML, like Gecko; compatible; GPTBot/1.4; +https://openai.com/gptbot)"
216.73.217.39 - - [29/Jul/2026:17:20:01 +0200] "GET /shops/choused/c4l1i8f0f7l3i1k2e184 HTTP/1.1" 404 146249 "-" "Mozilla/5.0 AppleWebKit/537.36 (KHTML, like Gecko; compatible; ClaudeBot/1.0; +claudebot@anthropic.com)"
74.7.243.231 - - [29/Jul/2026:17:20:06 +0200] "GET /shops/marauder/a8l4k2a0l3i8z1a4t0e0 HTTP/1.1" 404 81563 "https://royalty-trailers.co.za/sitemap-product.xml" "Mozilla/5.0 AppleWebKit/537.36 (KHTML, like Gecko; compatible; GPTBot/1.4; +https://openai.com/gptbot)"
216.73.217.39 - - [29/Jul/2026:17:20:09 +0200] "GET /?j=d4e4p2i4c5t0u6r2e3d58 HTTP/1.1" 200 203469 "-" "Mozilla/5.0 AppleWebKit/537.36 (KHTML, like Gecko; compatible; ClaudeBot/1.0; +claudebot@anthropic.com)"
74.7.243.231 - - [29/Jul/2026:17:20:11 +0200] "GET /shops/midriff/e8x3t0r1a3m0u3r4a5l9 HTTP/1.1" 404 81563 "https://royalty-trailers.co.za/sitemap-product.xml" "Mozilla/5.0 AppleWebKit/537.36 (KHTML, like Gecko; compatible; GPTBot/1.4; +https://openai.com/gptbot)"
164.68.125.131 - - [29/Jul/2026:17:20:17 +0200] "POST /wp-cron.php?doing_wp_cron=1785338416.9730370044708251953125 HTTP/1.1" 200 0 "-" "WordPress/6.9.4; https://royalty-trailers.co.za"
74.7.243.231 - - [29/Jul/2026:17:20:17 +0200] "GET /decrew/bellboy/s8h7i3n9g4l1i5n8g86 HTTP/1.1" 404 81563 "https://royalty-trailers.co.za/sitemap-product.xml" "Mozilla/5.0 AppleWebKit/537.36 (KHTML, like Gecko; compatible; GPTBot/1.4; +https://openai.com/gptbot)"
74.7.243.231 - - [29/Jul/2026:17:20:22 +0200] "GET /shops/curving/l8a3n8d9w9a9r6d4385 HTTP/1.1" 404 81563 "https://royalty-trailers.co.za/sitemap-product.xml" "Mozilla/5.0 AppleWebKit/537.36 (KHTML, like Gecko; compatible; GPTBot/1.4; +https://openai.com/gptbot)"
74.7.243.231 - - [29/Jul/2026:17:20:27 +0200] "GET /shops/medina/r8a4m0u4s6c5u0l6e936 HTTP/1.1" 404 81563 "https://royalty-trailers.co.za/sitemap-product.xml" "Mozilla/5.0 AppleWebKit/537.36 (KHTML, like Gecko; compatible; GPTBot/1.4; +https://openai.com/gptbot)"
216.73.217.39 - - [29/Jul/2026:17:20:28 +0200] "GET /?j=r4e1g5a9l1i2s58950 HTTP/1.1" 200 203470 "-" "Mozilla/5.0 AppleWebKit/537.36 (KHTML, like Gecko; compatible; ClaudeBot/1.0; +claudebot@anthropic.com)"
74.7.243.231 - - [29/Jul/2026:17:20:32 +0200] "GET /shops/carbuncle/a8b3u0l9i7c504288 HTTP/1.1" 404 81563 "https://royalty-trailers.co.za/sitemap-product.xml" "Mozilla/5.0 AppleWebKit/537.36 (KHTML, like Gecko; compatible; GPTBot/1.4; +https://openai.com/gptbot)"
74.7.243.231 - - [29/Jul/2026:17:20:37 +0200] "GET /shops/bargainor/h8y7g0e9i3s4t5243 HTTP/1.1" 404 81563 "https://royalty-trailers.co.za/sitemap-product.xml" "Mozilla/5.0 AppleWebKit/537.36 (KHTML, like Gecko; compatible; GPTBot/1.4; +https://openai.com/gptbot)"
74.7.243.231 - - [29/Jul/2026:17:20:43 +0200] "GET /shops/untie/p8r1i8e7s8t2h4o1o6d36 HTTP/1.1" 404 81563 "https://royalty-trailers.co.za/sitemap-product.xml" "Mozilla/5.0 AppleWebKit/537.36 (KHTML, like Gecko; compatible; GPTBot/1.4; +https://openai.com/gptbot)"
74.7.243.231 - - [29/Jul/2026:17:20:48 +0200] "GET /shops/alcippe/m8a1n2d6e3l8i6c1373 HTTP/1.1" 404 81563 "https://royalty-trailers.co.za/sitemap-product.xml" "Mozilla/5.0 AppleWebKit/537.36 (KHTML, like Gecko; compatible; GPTBot/1.4; +https://openai.com/gptbot)"
216.73.217.39 - - [29/Jul/2026:17:20:51 +0200] "GET /?j=f4i2l8c7h1852592 HTTP/1.1" 200 203647 "-" "Mozilla/5.0 AppleWebKit/537.36 (KHTML, like Gecko; compatible; ClaudeBot/1.0; +claudebot@anthropic.com)"
74.7.243.231 - - [29/Jul/2026:17:20:54 +0200] "GET /shops/bordland/c8r3a6p1o7l7a51721 HTTP/1.1" 404 81563 "https://royalty-trailers.co.za/sitemap-product.xml" "Mozilla/5.0 AppleWebKit/537.36 (KHTML, like Gecko; compatible; GPTBot/1.4; +https://openai.com/gptbot)"
216.73.217.39 - - [29/Jul/2026:17:20:58 +0200] "GET /?j=d4e3m1a0n0d7a0b0l6e70 HTTP/1.1" 200 203579 "-" "Mozilla/5.0 AppleWebKit/537.36 (KHTML, like Gecko; compatible; ClaudeBot/1.0; +claudebot@anthropic.com)"
74.7.243.231 - - [29/Jul/2026:17:20:59 +0200] "GET /shops/thatch/v8e3r7a9t2r0a1t7e464 HTTP/1.1" 404 81563 "https://royalty-trailers.co.za/sitemap-product.xml" "Mozilla/5.0 AppleWebKit/537.36 (KHTML, like Gecko; compatible; GPTBot/1.4; +https://openai.com/gptbot)"
74.7.243.231 - - [29/Jul/2026:17:21:04 +0200] "GET /shops/nimmed/k8r2u7m9m8h4o0r4n051 HTTP/1.1" 404 81563 "https://royalty-trailers.co.za/sitemap-product.xml" "Mozilla/5.0 AppleWebKit/537.36 (KHTML, like Gecko; compatible; GPTBot/1.4; +https://openai.com/gptbot)"
74.7.243.231 - - [29/Jul/2026:17:21:13 +0200] "GET /shops/ministral/h8o1n3k1e6r039365 HTTP/1.1" 404 81563 "https://royalty-trailers.co.za/sitemap-product.xml" "Mozilla/5.0 AppleWebKit/537.36 (KHTML, like Gecko; compatible; GPTBot/1.4; +https://openai.com/gptbot)"
164.68.125.131 - - [29/Jul/2026:17:21:18 +0200] "POST /wp-cron.php?doing_wp_cron=1785338478.5953729152679443359375 HTTP/1.1" 200 0 "-" "WordPress/6.9.4; https://royalty-trailers.co.za"
74.7.243.231 - - [29/Jul/2026:17:21:18 +0200] "GET /nightclub/hindustanee/83234845424 HTTP/1.1" 404 81563 "https://royalty-trailers.co.za/sitemap-product.xml" "Mozilla/5.0 AppleWebKit/537.36 (KHTML, like Gecko; compatible; GPTBot/1.4; +https://openai.com/gptbot)"
216.73.217.39 - - [29/Jul/2026:17:21:21 +0200] "GET /shops/blacktopped/s4e8m8i7d3i3e1s5e8l7 HTTP/1.1" 404 146249 "-" "Mozilla/5.0 AppleWebKit/537.36 (KHTML, like Gecko; compatible; ClaudeBot/1.0; +claudebot@anthropic.com)"
74.7.243.231 - - [29/Jul/2026:17:21:24 +0200] "GET /shops/cobaea/g8l1o6m1e7r1a6t4a524 HTTP/1.1" 404 81563 "https://royalty-trailers.co.za/sitemap-product.xml" "Mozilla/5.0 AppleWebKit/537.36 (KHTML, like Gecko; compatible; GPTBot/1.4; +https://openai.com/gptbot)"
74.7.243.231 - - [29/Jul/2026:17:21:30 +0200] "GET /shops/pommage/d8i2s0p9u8t0e8d9973 HTTP/1.1" 404 81563 "https://royalty-trailers.co.za/sitemap-product.xml" "Mozilla/5.0 AppleWebKit/537.36 (KHTML, like Gecko; compatible; GPTBot/1.4; +https://openai.com/gptbot)"
216.73.217.39 - - [29/Jul/2026:17:21:31 +0200] "GET /damson/wallacii/t4h1e6w2y2208969 HTTP/1.1" 404 146249 "-" "Mozilla/5.0 AppleWebKit/537.36 (KHTML, like Gecko; compatible; ClaudeBot/1.0; +claudebot@anthropic.com)"
74.7.243.231 - - [29/Jul/2026:17:21:35 +0200] "GET /shops/battel/c8a8l5c7e0i9f9o8r9m3 HTTP/1.1" 404 81563 "https://royalty-trailers.co.za/sitemap-product.xml" "Mozilla/5.0 AppleWebKit/537.36 (KHTML, like Gecko; compatible; GPTBot/1.4; +https://openai.com/gptbot)"
74.7.243.231 - - [29/Jul/2026:17:21:40 +0200] "GET /pansy/squeamishly/t8r3i0b1u7t0e2r1993 HTTP/1.1" 404 81563 "https://royalty-trailers.co.za/sitemap-product.xml" "Mozilla/5.0 AppleWebKit/537.36 (KHTML, like Gecko; compatible; GPTBot/1.4; +https://openai.com/gptbot)"
74.7.243.231 - - [29/Jul/2026:17:21:45 +0200] "GET /shops/calippic/p8e6p3p8e4r8w1o9r6t7 HTTP/1.1" 404 81563 "https://royalty-trailers.co.za/sitemap-product.xml" "Mozilla/5.0 AppleWebKit/537.36 (KHTML, like Gecko; compatible; GPTBot/1.4; +https://openai.com/gptbot)"
74.7.243.231 - - [29/Jul/2026:17:21:50 +0200] "GET /molybdena/fervor/q8u3a3n7t8i0f1y1286 HTTP/1.1" 404 81563 "https://royalty-trailers.co.za/sitemap-product.xml" "Mozilla/5.0 AppleWebKit/537.36 (KHTML, like Gecko; compatible; GPTBot/1.4; +https://openai.com/gptbot)"
216.73.217.39 - - [29/Jul/2026:17:21:53 +0200] "GET /shops/dairying/p4a2r1e8t2i0c20233 HTTP/1.1" 404 146249 "-" "Mozilla/5.0 AppleWebKit/537.36 (KHTML, like Gecko; compatible; ClaudeBot/1.0; +claudebot@anthropic.com)"
74.7.243.231 - - [29/Jul/2026:17:21:54 +0200] "GET /shops/ignorantly/t8e3g7u4e5x2i1n8286 HTTP/1.1" 404 97947 "https://royalty-trailers.co.za/sitemap-product.xml" "Mozilla/5.0 AppleWebKit/537.36 (KHTML, like Gecko; compatible; GPTBot/1.4; +https://openai.com/gptbot)"
74.7.243.231 - - [29/Jul/2026:17:21:58 +0200] "GET /shops/exgambler/a8l6i7k4e2m8i9n7d9e3d HTTP/1.1" 404 81563 "https://royalty-trailers.co.za/sitemap-product.xml" "Mozilla/5.0 AppleWebKit/537.36 (KHTML, like Gecko; compatible; GPTBot/1.4; +https://openai.com/gptbot)"
74.7.243.231 - - [29/Jul/2026:17:22:04 +0200] "GET /?j=h8e1l6l8o8091504 HTTP/1.1" 200 203503 "https://royalty-trailers.co.za/sitemap-product.xml" "Mozilla/5.0 AppleWebKit/537.36 (KHTML, like Gecko; compatible; GPTBot/1.4; +https://openai.com/gptbot)"
216.73.217.39 - - [29/Jul/2026:17:22:07 +0200] "GET /?j=a4r8g0u8a9b3l1e205 HTTP/1.1" 200 203719 "-" "Mozilla/5.0 AppleWebKit/537.36 (KHTML, like Gecko; compatible; ClaudeBot/1.0; +claudebot@anthropic.com)"
74.7.243.231 - - [29/Jul/2026:17:22:09 +0200] "GET /?j=j8u1d3a1s4663759 HTTP/1.1" 200 203638 "https://royalty-trailers.co.za/sitemap-product.xml" "Mozilla/5.0 AppleWebKit/537.36 (KHTML, like Gecko; compatible; GPTBot/1.4; +https://openai.com/gptbot)"
74.7.243.231 - - [29/Jul/2026:17:22:14 +0200] "GET /?j=h8y2m6e8n7505803 HTTP/1.1" 200 203815 "https://royalty-trailers.co.za/sitemap-product.xml" "Mozilla/5.0 AppleWebKit/537.36 (KHTML, like Gecko; compatible; GPTBot/1.4; +https://openai.com/gptbot)"
74.7.243.231 - - [29/Jul/2026:17:22:19 +0200] "GET /?j=p8a2n5s5y5590118 HTTP/1.1" 200 203404 "https://royalty-trailers.co.za/sitemap-product.xml" "Mozilla/5.0 AppleWebKit/537.36 (KHTML, like Gecko; compatible; GPTBot/1.4; +https://openai.com/gptbot)"
74.7.243.231 - - [29/Jul/2026:17:22:26 +0200] "GET /?j=l8o2w2i0i7948186 HTTP/1.1" 200 203754 "https://royalty-trailers.co.za/sitemap-product.xml" "Mozilla/5.0 AppleWebKit/537.36 (KHTML, like Gecko; compatible; GPTBot/1.4; +https://openai.com/gptbot)"
74.7.243.231 - - [29/Jul/2026:17:22:30 +0200] "GET /?j=c8h3u7t2e4323020 HTTP/1.1" 200 203584 "https://royalty-trailers.co.za/sitemap-product.xml" "Mozilla/5.0 AppleWebKit/537.36 (KHTML, like Gecko; compatible; GPTBot/1.4; +https://openai.com/gptbot)"
216.73.217.39 - - [29/Jul/2026:17:22:31 +0200] "GET /?j=l4a3i5d2l4y817172 HTTP/1.1" 200 163415 "-" "Mozilla/5.0 AppleWebKit/537.36 (KHTML, like Gecko; compatible; ClaudeBot/1.0; +claudebot@anthropic.com)"
74.7.243.231 - - [29/Jul/2026:17:22:34 +0200] "GET /?j=s8p1a7w6l4755651 HTTP/1.1" 200 203813 "https://royalty-trailers.co.za/sitemap-product.xml" "Mozilla/5.0 AppleWebKit/537.36 (KHTML, like Gecko; compatible; GPTBot/1.4; +https://openai.com/gptbot)"
216.73.217.39 - - [29/Jul/2026:17:22:38 +0200] "GET /?j=d4u7p4l9e049135 HTTP/1.1" 200 203637 "-" "Mozilla/5.0 AppleWebKit/537.36 (KHTML, like Gecko; compatible; ClaudeBot/1.0; +claudebot@anthropic.com)"
74.7.243.231 - - [29/Jul/2026:17:22:38 +0200] "GET /?j=u8n2f7e8d3473211 HTTP/1.1" 200 203388 "https://royalty-trailers.co.za/sitemap-product.xml" "Mozilla/5.0 AppleWebKit/537.36 (KHTML, like Gecko; compatible; GPTBot/1.4; +https://openai.com/gptbot)"
74.7.243.231 - - [29/Jul/2026:17:22:42 +0200] "GET /?j=k8e1v3e1d0074971 HTTP/1.1" 200 203695 "https://royalty-trailers.co.za/sitemap-product.xml" "Mozilla/5.0 AppleWebKit/537.36 (KHTML, like Gecko; compatible; GPTBot/1.4; +https://openai.com/gptbot)"
74.7.243.231 - - [29/Jul/2026:17:22:46 +0200] "GET /?j=b8i1g3h6a4631753 HTTP/1.1" 200 203754 "https://royalty-trailers.co.za/sitemap-product.xml" "Mozilla/5.0 AppleWebKit/537.36 (KHTML, like Gecko; compatible; GPTBot/1.4; +https://openai.com/gptbot)"
74.7.243.231 - - [29/Jul/2026:17:22:50 +0200] "GET /?j=v8o3w4e7d7010041 HTTP/1.1" 200 203566 "https://royalty-trailers.co.za/sitemap-product.xml" "Mozilla/5.0 AppleWebKit/537.36 (KHTML, like Gecko; compatible; GPTBot/1.4; +https://openai.com/gptbot)"
74.7.243.231 - - [29/Jul/2026:17:22:54 +0200] "GET /?j=a8j1o3u8r7951233 HTTP/1.1" 200 203528 "https://royalty-trailers.co.za/sitemap-product.xml" "Mozilla/5.0 AppleWebKit/537.36 (KHTML, like Gecko; compatible; GPTBot/1.4; +https://openai.com/gptbot)"
74.7.243.231 - - [29/Jul/2026:17:22:58 +0200] "GET /shops/insphering/c8o4e6x8t1e3n9d8e7d HTTP/1.1" 404 146249 "https://royalty-trailers.co.za/sitemap-product.xml" "Mozilla/5.0 AppleWebKit/537.36 (KHTML, like Gecko; compatible; GPTBot/1.4; +https://openai.com/gptbot)"
216.73.217.39 - - [29/Jul/2026:17:22:59 +0200] "GET /monodelphia/s4u2b1a4g6e6n1c0y916 HTTP/1.1" 404 146249 "-" "Mozilla/5.0 AppleWebKit/537.36 (KHTML, like Gecko; compatible; ClaudeBot/1.0; +claudebot@anthropic.com)"
74.7.243.231 - - [29/Jul/2026:17:23:02 +0200] "GET /shops/knotting/r8e5g3l9e9m0e5n1t2ary HTTP/1.1" 404 114331 "https://royalty-trailers.co.za/sitemap-product.xml" "Mozilla/5.0 AppleWebKit/537.36 (KHTML, like Gecko; compatible; GPTBot/1.4; +https://openai.com/gptbot)"
74.7.243.231 - - [29/Jul/2026:17:23:05 +0200] "GET /shops/esthete/o8s3t8e9o8l7o5g2y286 HTTP/1.1" 404 81563 "https://royalty-trailers.co.za/sitemap-product.xml" "Mozilla/5.0 AppleWebKit/537.36 (KHTML, like Gecko; compatible; GPTBot/1.4; +https://openai.com/gptbot)"
74.7.243.231 - - [29/Jul/2026:17:23:08 +0200] "GET /shops/dilluing/a8l1l0u7d3e874748 HTTP/1.1" 404 81563 "https://royalty-trailers.co.za/sitemap-product.xml" "Mozilla/5.0 AppleWebKit/537.36 (KHTML, like Gecko; compatible; GPTBot/1.4; +https://openai.com/gptbot)"
74.7.243.231 - - [29/Jul/2026:17:23:12 +0200] "GET /shops/youngish/v8a3c0u6n2a023492 HTTP/1.1" 404 130715 "https://royalty-trailers.co.za/sitemap-product.xml" "Mozilla/5.0 AppleWebKit/537.36 (KHTML, like Gecko; compatible; GPTBot/1.4; +https://openai.com/gptbot)"
164.68.125.131 - - [29/Jul/2026:17:23:16 +0200] "POST /wp-cron.php?doing_wp_cron=1785338596.2672080993652343750000 HTTP/1.1" 200 0 "-" "WordPress/6.9.4; https://royalty-trailers.co.za"
74.7.243.231 - - [29/Jul/2026:17:23:16 +0200] "GET /shops/thackeray/t8i1n2e4a4948878 HTTP/1.1" 404 81563 "https://royalty-trailers.co.za/sitemap-product.xml" "Mozilla/5.0 AppleWebKit/537.36 (KHTML, like Gecko; compatible; GPTBot/1.4; +https://openai.com/gptbot)"
74.7.243.231 - - [29/Jul/2026:17:23:19 +0200] "GET /fodiens/gutierrezia/82976002133 HTTP/1.1" 404 81563 "https://royalty-trailers.co.za/sitemap-product.xml" "Mozilla/5.0 AppleWebKit/537.36 (KHTML, like Gecko; compatible; GPTBot/1.4; +https://openai.com/gptbot)"
216.73.217.39 - - [29/Jul/2026:17:23:24 +0200] "GET /shops/imprisoner/o4u2t5w7a9t9c5h9670 HTTP/1.1" 404 146249 "-" "Mozilla/5.0 AppleWebKit/537.36 (KHTML, like Gecko; compatible; ClaudeBot/1.0; +claudebot@anthropic.com)"
74.7.243.231 - - [29/Jul/2026:17:23:24 +0200] "GET /cryohydrate/exaggerated/8244158956 HTTP/1.1" 404 81563 "https://royalty-trailers.co.za/sitemap-product.xml" "Mozilla/5.0 AppleWebKit/537.36 (KHTML, like Gecko; compatible; GPTBot/1.4; +https://openai.com/gptbot)"
74.7.243.231 - - [29/Jul/2026:17:23:29 +0200] "GET /shops/cowpox/g8e1n6e1r8a376623 HTTP/1.1" 404 81563 "https://royalty-trailers.co.za/sitemap-product.xml" "Mozilla/5.0 AppleWebKit/537.36 (KHTML, like Gecko; compatible; GPTBot/1.4; +https://openai.com/gptbot)"
74.7.243.231 - - [29/Jul/2026:17:23:32 +0200] "GET /shops/mahon/y8e1r8k0i1n1g86723 HTTP/1.1" 404 81563 "https://royalty-trailers.co.za/sitemap-product.xml" "Mozilla/5.0 AppleWebKit/537.36 (KHTML, like Gecko; compatible; GPTBot/1.4; +https://openai.com/gptbot)"
164.68.125.131 - - [29/Jul/2026:17:23:34 +0200] "POST /wp-cron.php?doing_wp_cron=1785338614.3006870746612548828125 HTTP/1.1" 200 0 "-" "WordPress/6.9.4; https://royalty-trailers.co.za"
216.73.217.39 - - [29/Jul/2026:17:23:34 +0200] "GET /?j=b4e3t8r6a2y7e3r770 HTTP/1.1" 200 179799 "-" "Mozilla/5.0 AppleWebKit/537.36 (KHTML, like Gecko; compatible; ClaudeBot/1.0; +claudebot@anthropic.com)"
74.7.243.231 - - [29/Jul/2026:17:23:36 +0200] "GET /conjugally/clownish/82728689186 HTTP/1.1" 404 81563 "https://royalty-trailers.co.za/sitemap-product.xml" "Mozilla/5.0 AppleWebKit/537.36 (KHTML, like Gecko; compatible; GPTBot/1.4; +https://openai.com/gptbot)"
74.7.243.231 - - [29/Jul/2026:17:23:40 +0200] "GET /shops/silvas/u8n1o4r5d6e6r17538 HTTP/1.1" 404 81563 "https://royalty-trailers.co.za/sitemap-product.xml" "Mozilla/5.0 AppleWebKit/537.36 (KHTML, like Gecko; compatible; GPTBot/1.4; +https://openai.com/gptbot)"
74.7.243.231 - - [29/Jul/2026:17:23:43 +0200] "GET /shops/maplike/d8e3n8i1e6d894385 HTTP/1.1" 404 81563 "https://royalty-trailers.co.za/sitemap-product.xml" "Mozilla/5.0 AppleWebKit/537.36 (KHTML, like Gecko; compatible; GPTBot/1.4; +https://openai.com/gptbot)"
216.73.217.39 - - [29/Jul/2026:17:23:44 +0200] "GET /?j=u4n1s3c0r2u1t8a9b6l4e3 HTTP/1.1" 200 203336 "-" "Mozilla/5.0 AppleWebKit/537.36 (KHTML, like Gecko; compatible; ClaudeBot/1.0; +claudebot@anthropic.com)"
74.7.243.231 - - [29/Jul/2026:17:23:47 +0200] "GET /alignment/mahomedan/83622340525 HTTP/1.1" 404 81563 "https://royalty-trailers.co.za/sitemap-product.xml" "Mozilla/5.0 AppleWebKit/537.36 (KHTML, like Gecko; compatible; GPTBot/1.4; +https://openai.com/gptbot)"
74.7.243.231 - - [29/Jul/2026:17:23:51 +0200] "GET /shops/pilfering/n8o1n1p9l1u7s85998 HTTP/1.1" 404 81563 "https://royalty-trailers.co.za/sitemap-product.xml" "Mozilla/5.0 AppleWebKit/537.36 (KHTML, like Gecko; compatible; GPTBot/1.4; +https://openai.com/gptbot)"
74.7.243.231 - - [29/Jul/2026:17:23:55 +0200] "GET /shops/prefigurative/y8o3l1d6e7n382676 HTTP/1.1" 404 81563 "https://royalty-trailers.co.za/sitemap-product.xml" "Mozilla/5.0 AppleWebKit/537.36 (KHTML, like Gecko; compatible; GPTBot/1.4; +https://openai.com/gptbot)"
74.7.243.231 - - [29/Jul/2026:17:23:59 +0200] "GET /shops/moroxylate/j8o1i2n5t9w1o0r9m046 HTTP/1.1" 404 81563 "https://royalty-trailers.co.za/sitemap-product.xml" "Mozilla/5.0 AppleWebKit/537.36 (KHTML, like Gecko; compatible; GPTBot/1.4; +https://openai.com/gptbot)"
216.73.217.39 - - [29/Jul/2026:17:24:04 +0200] "GET /?j=a4n9t6e6a8t6e7r558 HTTP/1.1" 200 203331 "-" "Mozilla/5.0 AppleWebKit/537.36 (KHTML, like Gecko; compatible; ClaudeBot/1.0; +claudebot@anthropic.com)"
74.7.243.231 - - [29/Jul/2026:17:24:04 +0200] "GET /shops/misguide/t8a3d2o7r9n6o6i5d1e0s4 HTTP/1.1" 404 81563 "https://royalty-trailers.co.za/sitemap-product.xml" "Mozilla/5.0 AppleWebKit/537.36 (KHTML, like Gecko; compatible; GPTBot/1.4; +https://openai.com/gptbot)"
74.7.243.231 - - [29/Jul/2026:17:24:08 +0200] "GET /shops/bacchants/d8e3s4p5e4r9a0t2e676 HTTP/1.1" 404 81563 "https://royalty-trailers.co.za/sitemap-product.xml" "Mozilla/5.0 AppleWebKit/537.36 (KHTML, like Gecko; compatible; GPTBot/1.4; +https://openai.com/gptbot)"
74.7.243.231 - - [29/Jul/2026:17:24:13 +0200] "GET /shops/etymon/i8n4a0d8e3q9u8a6t5i8o4n HTTP/1.1" 404 81563 "https://royalty-trailers.co.za/sitemap-product.xml" "Mozilla/5.0 AppleWebKit/537.36 (KHTML, like Gecko; compatible; GPTBot/1.4; +https://openai.com/gptbot)"
74.7.243.231 - - [29/Jul/2026:17:24:16 +0200] "GET /shops/blurring/o8v2e0r6s8t1r8i2c8t53 HTTP/1.1" 404 81563 "https://royalty-trailers.co.za/sitemap-product.xml" "Mozilla/5.0 AppleWebKit/537.36 (KHTML, like Gecko; compatible; GPTBot/1.4; +https://openai.com/gptbot)"
74.7.243.231 - - [29/Jul/2026:17:24:22 +0200] "GET /shops/monochord/g8u3t0t2u0r8i4n0e125 HTTP/1.1" 404 81563 "https://royalty-trailers.co.za/sitemap-product.xml" "Mozilla/5.0 AppleWebKit/537.36 (KHTML, like Gecko; compatible; GPTBot/1.4; +https://openai.com/gptbot)"
74.7.243.231 - - [29/Jul/2026:17:24:27 +0200] "GET /shops/missile/a8n3a8l9o3g9i9c9959 HTTP/1.1" 404 146241 "https://royalty-trailers.co.za/sitemap-product.xml" "Mozilla/5.0 AppleWebKit/537.36 (KHTML, like Gecko; compatible; GPTBot/1.4; +https://openai.com/gptbot)"
216.73.217.39 - - [29/Jul/2026:17:24:27 +0200] "GET /?j=i4n1c8i1d0e9n8c3e495 HTTP/1.1" 200 203437 "-" "Mozilla/5.0 AppleWebKit/537.36 (KHTML, like Gecko; compatible; ClaudeBot/1.0; +claudebot@anthropic.com)"
74.7.243.231 - - [29/Jul/2026:17:24:31 +0200] "GET /shops/keratose/s8u4b9d7u4p3l6i3c1a3te HTTP/1.1" 404 81563 "https://royalty-trailers.co.za/sitemap-product.xml" "Mozilla/5.0 AppleWebKit/537.36 (KHTML, like Gecko; compatible; GPTBot/1.4; +https://openai.com/gptbot)"
164.68.125.131 - - [29/Jul/2026:17:24:37 +0200] "POST /wp-cron.php?doing_wp_cron=1785338677.0964870452880859375000 HTTP/1.1" 200 0 "-" "WordPress/6.9.4; https://royalty-trailers.co.za"
216.73.217.39 - - [29/Jul/2026:17:24:37 +0200] "GET /?j=a4u1t7o9t5e5l4i6s8m87 HTTP/1.1" 200 203385 "-" "Mozilla/5.0 AppleWebKit/537.36 (KHTML, like Gecko; compatible; ClaudeBot/1.0; +claudebot@anthropic.com)"
74.7.243.231 - - [29/Jul/2026:17:24:54 +0200] "GET /shops/coronamen/t8h7i8g5m0o2t4a5x1i8s HTTP/1.1" 404 81563 "https://royalty-trailers.co.za/sitemap-product.xml" "Mozilla/5.0 AppleWebKit/537.36 (KHTML, like Gecko; compatible; GPTBot/1.4; +https://openai.com/gptbot)"
216.73.217.39 - - [29/Jul/2026:17:25:01 +0200] "GET /?j=c4h2o2r8d0e4i1l1e8s55 HTTP/1.1" 200 203473 "-" "Mozilla/5.0 AppleWebKit/537.36 (KHTML, like Gecko; compatible; ClaudeBot/1.0; +claudebot@anthropic.com)"
74.7.243.231 - - [29/Jul/2026:17:25:04 +0200] "GET /shops/epilogic/s8i3m6p2l5i9c3i1a3n98 HTTP/1.1" 404 81563 "https://royalty-trailers.co.za/sitemap-product.xml" "Mozilla/5.0 AppleWebKit/537.36 (KHTML, like Gecko; compatible; GPTBot/1.4; +https://openai.com/gptbot)"
74.7.243.231 - - [29/Jul/2026:17:25:09 +0200] "GET /shops/anoil/h8e1m0a5t6o8t6h9e0r4m4al HTTP/1.1" 404 81563 "https://royalty-trailers.co.za/sitemap-product.xml" "Mozilla/5.0 AppleWebKit/537.36 (KHTML, like Gecko; compatible; GPTBot/1.4; +https://openai.com/gptbot)"
216.73.217.39 - - [29/Jul/2026:17:25:14 +0200] "GET /?j=m4o1t4i5f0i6c80793 HTTP/1.1" 200 203594 "-" "Mozilla/5.0 AppleWebKit/537.36 (KHTML, like Gecko; compatible; ClaudeBot/1.0; +claudebot@anthropic.com)"
74.7.243.231 - - [29/Jul/2026:17:25:14 +0200] "GET /shops/chromatrope/s8u2m3m6e5r4y85394 HTTP/1.1" 404 81563 "https://royalty-trailers.co.za/sitemap-product.xml" "Mozilla/5.0 AppleWebKit/537.36 (KHTML, like Gecko; compatible; GPTBot/1.4; +https://openai.com/gptbot)"
74.7.243.231 - - [29/Jul/2026:17:25:20 +0200] "GET /shops/crepitate/c8h3l9o1r8o8t7i6c880 HTTP/1.1" 404 81563 "https://royalty-trailers.co.za/sitemap-product.xml" "Mozilla/5.0 AppleWebKit/537.36 (KHTML, like Gecko; compatible; GPTBot/1.4; +https://openai.com/gptbot)"
74.7.243.231 - - [29/Jul/2026:17:25:25 +0200] "GET /shops/inedited/c8o2a7c2h3h9o3r6s8e75 HTTP/1.1" 404 81563 "https://royalty-trailers.co.za/sitemap-product.xml" "Mozilla/5.0 AppleWebKit/537.36 (KHTML, like Gecko; compatible; GPTBot/1.4; +https://openai.com/gptbot)"
74.7.243.231 - - [29/Jul/2026:17:25:30 +0200] "GET /shops/sexfid/d8i1s6t8r8i2b5u5t0i1n1g HTTP/1.1" 404 81563 "https://royalty-trailers.co.za/sitemap-product.xml" "Mozilla/5.0 AppleWebKit/537.36 (KHTML, like Gecko; compatible; GPTBot/1.4; +https://openai.com/gptbot)"
74.7.243.231 - - [29/Jul/2026:17:25:35 +0200] "GET /shops/litigious/c8h1o8r8o0i6d2a0l426 HTTP/1.1" 404 81563 "https://royalty-trailers.co.za/sitemap-product.xml" "Mozilla/5.0 AppleWebKit/537.36 (KHTML, like Gecko; compatible; GPTBot/1.4; +https://openai.com/gptbot)"
216.73.217.39 - - [29/Jul/2026:17:25:38 +0200] "GET /?j=d4i3e6t5a2r8i8e8s687 HTTP/1.1" 200 203690 "-" "Mozilla/5.0 AppleWebKit/537.36 (KHTML, like Gecko; compatible; ClaudeBot/1.0; +claudebot@anthropic.com)"
216.73.217.39 - - [29/Jul/2026:17:25:45 +0200] "GET /?j=t4o1w3s3e9r14745 HTTP/1.1" 200 203645 "-" "Mozilla/5.0 AppleWebKit/537.36 (KHTML, like Gecko; compatible; ClaudeBot/1.0; +claudebot@anthropic.com)"
74.7.243.231 - - [29/Jul/2026:17:25:56 +0200] "GET /shops/bilsted/a8s2t0r5a0g4a8l2o4i5d7 HTTP/1.1" 404 81563 "https://royalty-trailers.co.za/sitemap-product.xml" "Mozilla/5.0 AppleWebKit/537.36 (KHTML, like Gecko; compatible; GPTBot/1.4; +https://openai.com/gptbot)"
74.7.243.231 - - [29/Jul/2026:17:26:07 +0200] "GET /shops/poisonsome/b8i1z5c5a6c1h7a5835 HTTP/1.1" 404 81563 "https://royalty-trailers.co.za/sitemap-product.xml" "Mozilla/5.0 AppleWebKit/537.36 (KHTML, like Gecko; compatible; GPTBot/1.4; +https://openai.com/gptbot)"
216.73.217.39 - - [29/Jul/2026:17:26:09 +0200] "GET /shops/heavyweight/c4h9a4n2t790172 HTTP/1.1" 404 146249 "-" "Mozilla/5.0 AppleWebKit/537.36 (KHTML, like Gecko; compatible; ClaudeBot/1.0; +claudebot@anthropic.com)"
74.7.243.231 - - [29/Jul/2026:17:26:12 +0200] "GET /shops/brevities/c8h2i9l2d0l0e6s9s729 HTTP/1.1" 404 81563 "https://royalty-trailers.co.za/sitemap-product.xml" "Mozilla/5.0 AppleWebKit/537.36 (KHTML, like Gecko; compatible; GPTBot/1.4; +https://openai.com/gptbot)"
216.73.217.39 - - [29/Jul/2026:17:26:16 +0200] "GET /shops/nucleole/i4g1n1i6a1r6i1u1s486 HTTP/1.1" 404 146249 "-" "Mozilla/5.0 AppleWebKit/537.36 (KHTML, like Gecko; compatible; ClaudeBot/1.0; +claudebot@anthropic.com)"
74.7.243.231 - - [29/Jul/2026:17:26:17 +0200] "GET /shops/chowter/i8n2t4u3i6t3i4v8e6l7y0 HTTP/1.1" 404 48795 "https://royalty-trailers.co.za/sitemap-product.xml" "Mozilla/5.0 AppleWebKit/537.36 (KHTML, like Gecko; compatible; GPTBot/1.4; +https://openai.com/gptbot)"
74.7.243.231 - - [29/Jul/2026:17:26:22 +0200] "GET /shops/calfkill/i8n2v4e5r5t3e4b5r7a8te HTTP/1.1" 404 81563 "https://royalty-trailers.co.za/sitemap-product.xml" "Mozilla/5.0 AppleWebKit/537.36 (KHTML, like Gecko; compatible; GPTBot/1.4; +https://openai.com/gptbot)"
74.7.243.231 - - [29/Jul/2026:17:26:26 +0200] "GET /fermentative/s8n2u4f8f4c7o2l6o8u4r2ed HTTP/1.1" 404 130715 "https://royalty-trailers.co.za/sitemap-product.xml" "Mozilla/5.0 AppleWebKit/537.36 (KHTML, like Gecko; compatible; GPTBot/1.4; +https://openai.com/gptbot)"
74.7.243.231 - - [29/Jul/2026:17:26:30 +0200] "GET /shops/overspread/r8e4a1d1y8646031 HTTP/1.1" 404 81563 "https://royalty-trailers.co.za/sitemap-product.xml" "Mozilla/5.0 AppleWebKit/537.36 (KHTML, like Gecko; compatible; GPTBot/1.4; +https://openai.com/gptbot)"
74.7.243.231 - - [29/Jul/2026:17:26:33 +0200] "GET /?surtax/87006242 HTTP/1.1" 301 0 "https://royalty-trailers.co.za/sitemap-product.xml" "Mozilla/5.0 AppleWebKit/537.36 (KHTML, like Gecko; compatible; GPTBot/1.4; +https://openai.com/gptbot)"
216.73.217.39 - - [29/Jul/2026:17:26:41 +0200] "GET /?j=d4o2o6r7p0o3s2t322 HTTP/1.1" 200 203658 "-" "Mozilla/5.0 AppleWebKit/537.36 (KHTML, like Gecko; compatible; ClaudeBot/1.0; +claudebot@anthropic.com)"
216.73.217.39 - - [29/Jul/2026:17:26:46 +0200] "GET /?j=r4o4c2k8f1i6s5h6127 HTTP/1.1" 200 203648 "-" "Mozilla/5.0 AppleWebKit/537.36 (KHTML, like Gecko; compatible; ClaudeBot/1.0; +claudebot@anthropic.com)"
66.249.66.34 - - [29/Jul/2026:17:27:01 +0200] "GET /?distinguishing/93636175376 HTTP/1.1" 200 807870 "-" "Mozilla/5.0 (compatible; Googlebot/2.1; +http://www.google.com/bot.html)"
216.250.119.94 - - [29/Jul/2026:17:27:01 +0200] "GET /wp-admin/ HTTP/1.1" 302 0 "-" "Mozilla/5.0 (Windows NT 10.0; Win64; x64) AppleWebKit/537.36 (KHTML, like Gecko) Chrome/150.0.0.0 Safari/537.36"
216.73.217.39 - - [29/Jul/2026:17:27:02 +0200] "GET /shops/smile/r4e4s0c9r6i8p0t1i9v8e5 HTTP/1.1" 404 146249 "-" "Mozilla/5.0 AppleWebKit/537.36 (KHTML, like Gecko; compatible; ClaudeBot/1.0; +claudebot@anthropic.com)"
216.250.119.94 - - [29/Jul/2026:17:27:05 +0200] "GET /wp-admin/ HTTP/1.1" 302 0 "-" "Mozilla/5.0 (Windows NT 10.0; Win64; x64) AppleWebKit/537.36 (KHTML, like Gecko) Chrome/150.0.0.0 Safari/537.36"
216.250.119.94 - - [29/Jul/2026:17:27:07 +0200] "GET /wp-login.php?redirect_to=https%3A%2F%2Froyalty-trailers.co.za%2Fwp-admin%2F&reauth=1 HTTP/1.1" 200 7281 "-" "Mozilla/5.0 (Windows NT 10.0; Win64; x64) AppleWebKit/537.36 (KHTML, like Gecko) Chrome/150.0.0.0 Safari/537.36"
216.250.119.94 - - [29/Jul/2026:17:27:07 +0200] "GET /wp-content/plugins/contact-form-7-image-captcha/css/cf7ic-style.css?ver=3.3.7 HTTP/1.1" 200 4349 "https://royalty-trailers.co.za/wp-login.php?redirect_to=https%3A%2F%2Froyalty-trailers.co.za%2Fwp-admin%2F&reauth=1" "Mozilla/5.0 (Windows NT 10.0; Win64; x64) AppleWebKit/537.36 (KHTML, like Gecko) Chrome/150.0.0.0 Safari/537.36"
216.250.119.94 - - [29/Jul/2026:17:27:07 +0200] "GET /wp-content/plugins/qi-blocks/assets/css/plugins/animate/animate.min.css?ver=4.1.1 HTTP/1.1" 200 71726 "https://royalty-trailers.co.za/wp-login.php?redirect_to=https%3A%2F%2Froyalty-trailers.co.za%2Fwp-admin%2F&reauth=1" "Mozilla/5.0 (Windows NT 10.0; Win64; x64) AppleWebKit/537.36 (KHTML, like Gecko) Chrome/150.0.0.0 Safari/537.36"
216.250.119.94 - - [29/Jul/2026:17:27:07 +0200] "GET /wp-includes/css/dashicons.min.css?ver=6.9.4 HTTP/1.1" 200 59004 "https://royalty-trailers.co.za/wp-login.php?redirect_to=https%3A%2F%2Froyalty-trailers.co.za%2Fwp-admin%2F&reauth=1" "Mozilla/5.0 (Windows NT 10.0; Win64; x64) AppleWebKit/537.36 (KHTML, like Gecko) Chrome/150.0.0.0 Safari/537.36"
216.250.119.94 - - [29/Jul/2026:17:27:07 +0200] "GET /wp-includes/css/buttons.min.css?ver=6.9.4 HTTP/1.1" 200 6061 "https://royalty-trailers.co.za/wp-login.php?redirect_to=https%3A%2F%2Froyalty-trailers.co.za%2Fwp-admin%2F&reauth=1" "Mozilla/5.0 (Windows NT 10.0; Win64; x64) AppleWebKit/537.36 (KHTML, like Gecko) Chrome/150.0.0.0 Safari/537.36"
216.250.119.94 - - [29/Jul/2026:17:27:07 +0200] "GET /wp-admin/css/forms.min.css?ver=6.9.4 HTTP/1.1" 200 28422 "https://royalty-trailers.co.za/wp-login.php?redirect_to=https%3A%2F%2Froyalty-trailers.co.za%2Fwp-admin%2F&reauth=1" "Mozilla/5.0 (Windows NT 10.0; Win64; x64) AppleWebKit/537.36 (KHTML, like Gecko) Chrome/150.0.0.0 Safari/537.36"
216.250.119.94 - - [29/Jul/2026:17:27:08 +0200] "GET /wp-admin/css/l10n.min.css?ver=6.9.4 HTTP/1.1" 200 3200 "https://royalty-trailers.co.za/wp-login.php?redirect_to=https%3A%2F%2Froyalty-trailers.co.za%2Fwp-admin%2F&reauth=1" "Mozilla/5.0 (Windows NT 10.0; Win64; x64) AppleWebKit/537.36 (KHTML, like Gecko) Chrome/150.0.0.0 Safari/537.36"
216.250.119.94 - - [29/Jul/2026:17:27:08 +0200] "GET /wp-includes/js/clipboard.min.js?ver=2.0.11 HTTP/1.1" 200 9009 "https://royalty-trailers.co.za/wp-login.php?redirect_to=https%3A%2F%2Froyalty-trailers.co.za%2Fwp-admin%2F&reauth=1" "Mozilla/5.0 (Windows NT 10.0; Win64; x64) AppleWebKit/537.36 (KHTML, like Gecko) Chrome/150.0.0.0 Safari/537.36"
216.250.119.94 - - [29/Jul/2026:17:27:08 +0200] "GET /wp-admin/css/login.min.css?ver=6.9.4 HTTP/1.1" 200 6381 "https://royalty-trailers.co.za/wp-login.php?redirect_to=https%3A%2F%2Froyalty-trailers.co.za%2Fwp-admin%2F&reauth=1" "Mozilla/5.0 (Windows NT 10.0; Win64; x64) AppleWebKit/537.36 (KHTML, like Gecko) Chrome/150.0.0.0 Safari/537.36"
216.250.119.94 - - [29/Jul/2026:17:27:08 +0200] "GET /wp-includes/js/jquery/jquery.min.js?ver=3.7.1 HTTP/1.1" 200 87553 "https://royalty-trailers.co.za/wp-login.php?redirect_to=https%3A%2F%2Froyalty-trailers.co.za%2Fwp-admin%2F&reauth=1" "Mozilla/5.0 (Windows NT 10.0; Win64; x64) AppleWebKit/537.36 (KHTML, like Gecko) Chrome/150.0.0.0 Safari/537.36"
74.7.243.231 - - [29/Jul/2026:17:27:08 +0200] "GET /?surtax%2F87006242 HTTP/1.1" 200 203384 "https://royalty-trailers.co.za/?surtax/87006242" "Mozilla/5.0 AppleWebKit/537.36 (KHTML, like Gecko; compatible; GPTBot/1.4; +https://openai.com/gptbot)"
216.250.119.94 - - [29/Jul/2026:17:27:08 +0200] "GET /wp-includes/js/jquery/jquery-migrate.min.js?ver=3.4.1 HTTP/1.1" 200 13577 "https://royalty-trailers.co.za/wp-login.php?redirect_to=https%3A%2F%2Froyalty-trailers.co.za%2Fwp-admin%2F&reauth=1" "Mozilla/5.0 (Windows NT 10.0; Win64; x64) AppleWebKit/537.36 (KHTML, like Gecko) Chrome/150.0.0.0 Safari/537.36"
216.250.119.94 - - [29/Jul/2026:17:27:08 +0200] "GET /wp-includes/js/zxcvbn-async.min.js?ver=1.0 HTTP/1.1" 200 351 "https://royalty-trailers.co.za/wp-login.php?redirect_to=https%3A%2F%2Froyalty-trailers.co.za%2Fwp-admin%2F&reauth=1" "Mozilla/5.0 (Windows NT 10.0; Win64; x64) AppleWebKit/537.36 (KHTML, like Gecko) Chrome/150.0.0.0 Safari/537.36"
216.250.119.94 - - [29/Jul/2026:17:27:08 +0200] "GET /wp-includes/js/dist/hooks.min.js?ver=dd5603f07f9220ed27f1 HTTP/1.1" 200 5661 "https://royalty-trailers.co.za/wp-login.php?redirect_to=https%3A%2F%2Froyalty-trailers.co.za%2Fwp-admin%2F&reauth=1" "Mozilla/5.0 (Windows NT 10.0; Win64; x64) AppleWebKit/537.36 (KHTML, like Gecko) Chrome/150.0.0.0 Safari/537.36"
216.250.119.94 - - [29/Jul/2026:17:27:08 +0200] "GET /wp-includes/js/dist/i18n.min.js?ver=c26c3dc7bed366793375 HTTP/1.1" 200 5314 "https://royalty-trailers.co.za/wp-login.php?redirect_to=https%3A%2F%2Froyalty-trailers.co.za%2Fwp-admin%2F&reauth=1" "Mozilla/5.0 (Windows NT 10.0; Win64; x64) AppleWebKit/537.36 (KHTML, like Gecko) Chrome/150.0.0.0 Safari/537.36"
216.250.119.94 - - [29/Jul/2026:17:27:08 +0200] "GET /wp-admin/js/password-strength-meter.min.js?ver=6.9.4 HTTP/1.1" 200 1123 "https://royalty-trailers.co.za/wp-login.php?redirect_to=https%3A%2F%2Froyalty-trailers.co.za%2Fwp-admin%2F&reauth=1" "Mozilla/5.0 (Windows NT 10.0; Win64; x64) AppleWebKit/537.36 (KHTML, like Gecko) Chrome/150.0.0.0 Safari/537.36"
216.250.119.94 - - [29/Jul/2026:17:27:08 +0200] "GET /wp-includes/js/underscore.min.js?ver=1.13.7 HTTP/1.1" 200 18905 "https://royalty-trailers.co.za/wp-login.php?redirect_to=https%3A%2F%2Froyalty-trailers.co.za%2Fwp-admin%2F&reauth=1" "Mozilla/5.0 (Windows NT 10.0; Win64; x64) AppleWebKit/537.36 (KHTML, like Gecko) Chrome/150.0.0.0 Safari/537.36"
216.250.119.94 - - [29/Jul/2026:17:27:08 +0200] "GET /wp-includes/js/wp-util.min.js?ver=6.9.4 HTTP/1.1" 200 1431 "https://royalty-trailers.co.za/wp-login.php?redirect_to=https%3A%2F%2Froyalty-trailers.co.za%2Fwp-admin%2F&reauth=1" "Mozilla/5.0 (Windows NT 10.0; Win64; x64) AppleWebKit/537.36 (KHTML, like Gecko) Chrome/150.0.0.0 Safari/537.36"
216.250.119.94 - - [29/Jul/2026:17:27:08 +0200] "GET /wp-includes/js/dist/dom-ready.min.js?ver=f77871ff7694fffea381 HTTP/1.1" 200 457 "https://royalty-trailers.co.za/wp-login.php?redirect_to=https%3A%2F%2Froyalty-trailers.co.za%2Fwp-admin%2F&reauth=1" "Mozilla/5.0 (Windows NT 10.0; Win64; x64) AppleWebKit/537.36 (KHTML, like Gecko) Chrome/150.0.0.0 Safari/537.36"
216.250.119.94 - - [29/Jul/2026:17:27:08 +0200] "GET /wp-includes/js/dist/a11y.min.js?ver=cb460b4676c94bd228ed HTTP/1.1" 200 2212 "https://royalty-trailers.co.za/wp-login.php?redirect_to=https%3A%2F%2Froyalty-trailers.co.za%2Fwp-admin%2F&reauth=1" "Mozilla/5.0 (Windows NT 10.0; Win64; x64) AppleWebKit/537.36 (KHTML, like Gecko) Chrome/150.0.0.0 Safari/537.36"
216.250.119.94 - - [29/Jul/2026:17:27:08 +0200] "GET /wp-admin/js/user-profile.min.js?ver=6.9.4 HTTP/1.1" 200 7997 "https://royalty-trailers.co.za/wp-login.php?redirect_to=https%3A%2F%2Froyalty-trailers.co.za%2Fwp-admin%2F&reauth=1" "Mozilla/5.0 (Windows NT 10.0; Win64; x64) AppleWebKit/537.36 (KHTML, like Gecko) Chrome/150.0.0.0 Safari/537.36"
216.250.119.94 - - [29/Jul/2026:17:27:08 +0200] "GET /wp-admin/images/wordpress-logo.svg?ver=20131107 HTTP/1.1" 200 1521 "https://royalty-trailers.co.za/wp-admin/css/login.min.css?ver=6.9.4" "Mozilla/5.0 (Windows NT 10.0; Win64; x64) AppleWebKit/537.36 (KHTML, like Gecko) Chrome/150.0.0.0 Safari/537.36"
216.250.119.94 - - [29/Jul/2026:17:27:09 +0200] "GET /wp-includes/js/zxcvbn.min.js HTTP/1.1" 200 822237 "https://royalty-trailers.co.za/wp-login.php?redirect_to=https%3A%2F%2Froyalty-trailers.co.za%2Fwp-admin%2F&reauth=1" "Mozilla/5.0 (Windows NT 10.0; Win64; x64) AppleWebKit/537.36 (KHTML, like Gecko) Chrome/150.0.0.0 Safari/537.36"
74.7.243.231 - - [29/Jul/2026:17:27:14 +0200] "GET /shops/loveful/w8o1r0d4i8s6h43959 HTTP/1.1" 404 146249 "https://royalty-trailers.co.za/sitemap-product.xml" "Mozilla/5.0 AppleWebKit/537.36 (KHTML, like Gecko; compatible; GPTBot/1.4; +https://openai.com/gptbot)"
216.250.119.94 - - [29/Jul/2026:17:27:14 +0200] "POST /wp-login.php HTTP/1.1" 200 7774 "https://royalty-trailers.co.za/wp-login.php?redirect_to=https%3A%2F%2Froyalty-trailers.co.za%2Fwp-admin%2F&reauth=1" "Mozilla/5.0 (Windows NT 10.0; Win64; x64) AppleWebKit/537.36 (KHTML, like Gecko) Chrome/150.0.0.0 Safari/537.36"
74.7.243.231 - - [29/Jul/2026:17:27:18 +0200] "GET /shops/palsywort/g8r1a3n3e4951860 HTTP/1.1" 404 81563 "https://royalty-trailers.co.za/sitemap-product.xml" "Mozilla/5.0 AppleWebKit/537.36 (KHTML, like Gecko; compatible; GPTBot/1.4; +https://openai.com/gptbot)"
74.7.243.231 - - [29/Jul/2026:17:27:22 +0200] "GET /shops/withsay/r8u3c8t2i7o8n89010 HTTP/1.1" 404 81563 "https://royalty-trailers.co.za/sitemap-product.xml" "Mozilla/5.0 AppleWebKit/537.36 (KHTML, like Gecko; compatible; GPTBot/1.4; +https://openai.com/gptbot)"
74.7.243.231 - - [29/Jul/2026:17:27:26 +0200] "GET /shops/porifera/g8e3s5t4i5c449135 HTTP/1.1" 404 81563 "https://royalty-trailers.co.za/sitemap-product.xml" "Mozilla/5.0 AppleWebKit/537.36 (KHTML, like Gecko; compatible; GPTBot/1.4; +https://openai.com/gptbot)"
216.73.217.39 - - [29/Jul/2026:17:27:28 +0200] "GET /?j=p4e1r7c2o8m2o2r3p8h3i9 HTTP/1.1" 200 203921 "-" "Mozilla/5.0 AppleWebKit/537.36 (KHTML, like Gecko; compatible; ClaudeBot/1.0; +claudebot@anthropic.com)"
74.7.243.231 - - [29/Jul/2026:17:27:31 +0200] "GET /rostel/headsman/a8l2l9o9w8109498 HTTP/1.1" 404 81563 "https://royalty-trailers.co.za/sitemap-product.xml" "Mozilla/5.0 AppleWebKit/537.36 (KHTML, like Gecko; compatible; GPTBot/1.4; +https://openai.com/gptbot)"
74.7.243.231 - - [29/Jul/2026:17:27:36 +0200] "GET /shops/draba/a8l4n1i9f4o0l9i8a095 HTTP/1.1" 404 81563 "https://royalty-trailers.co.za/sitemap-product.xml" "Mozilla/5.0 AppleWebKit/537.36 (KHTML, like Gecko; compatible; GPTBot/1.4; +https://openai.com/gptbot)"
66.249.66.164 - - [29/Jul/2026:17:27:39 +0200] "GET /?j=c7y3c2l7o5n3o2s5c7o3p5e HTTP/1.1" 200 824745 "-" "Mozilla/5.0 (Linux; Android 6.0.1; Nexus 5X Build/MMB29P) AppleWebKit/537.36 (KHTML, like Gecko) Chrome/150.0.7871.128 Mobile Safari/537.36 (compatible; Googlebot/2.1; +http://www.google.com/bot.html)"
74.7.243.231 - - [29/Jul/2026:17:27:40 +0200] "GET /shops/arcade/d8i1s4t2a1n3c9e8549 HTTP/1.1" 404 81563 "https://royalty-trailers.co.za/sitemap-product.xml" "Mozilla/5.0 AppleWebKit/537.36 (KHTML, like Gecko; compatible; GPTBot/1.4; +https://openai.com/gptbot)"
74.7.243.231 - - [29/Jul/2026:17:27:44 +0200] "GET /shops/nosedive/w8o4a2d7e4d318551 HTTP/1.1" 404 81563 "https://royalty-trailers.co.za/sitemap-product.xml" "Mozilla/5.0 AppleWebKit/537.36 (KHTML, like Gecko; compatible; GPTBot/1.4; +https://openai.com/gptbot)"
74.7.243.231 - - [29/Jul/2026:17:27:48 +0200] "GET /shops/horseman/d8e3c4r5e0w92875 HTTP/1.1" 404 81563 "https://royalty-trailers.co.za/sitemap-product.xml" "Mozilla/5.0 AppleWebKit/537.36 (KHTML, like Gecko; compatible; GPTBot/1.4; +https://openai.com/gptbot)"
74.7.243.231 - - [29/Jul/2026:17:27:52 +0200] "GET /shops/seedtime/f8i9f6e3r834715 HTTP/1.1" 404 81563 "https://royalty-trailers.co.za/sitemap-product.xml" "Mozilla/5.0 AppleWebKit/537.36 (KHTML, like Gecko; compatible; GPTBot/1.4; +https://openai.com/gptbot)"
216.73.217.39 - - [29/Jul/2026:17:27:53 +0200] "GET /?j=l4a6n4d3s5t2o6r4m28 HTTP/1.1" 200 203919 "-" "Mozilla/5.0 AppleWebKit/537.36 (KHTML, like Gecko; compatible; ClaudeBot/1.0; +claudebot@anthropic.com)"
74.7.243.231 - - [29/Jul/2026:17:27:57 +0200] "GET /shops/commendably/b8r1i9g2h2t8l5y2401 HTTP/1.1" 404 81563 "https://royalty-trailers.co.za/sitemap-product.xml" "Mozilla/5.0 AppleWebKit/537.36 (KHTML, like Gecko; compatible; GPTBot/1.4; +https://openai.com/gptbot)"
74.7.243.231 - - [29/Jul/2026:17:28:03 +0200] "GET /shops/cerebellum/w8i2n5d1b2r0e2a7k945 HTTP/1.1" 404 81563 "https://royalty-trailers.co.za/sitemap-product.xml" "Mozilla/5.0 AppleWebKit/537.36 (KHTML, like Gecko; compatible; GPTBot/1.4; +https://openai.com/gptbot)"
