57.141.0.44 - - [29/Jul/2026:20:54:21 +0200] "GET /shops/preacquaintance/m4a5i5n6m2a7s5t884 HTTP/1.1" 404 146249 "-" "Mozilla/5.0 (Windows NT 10.0; Win64; x64) AppleWebKit/537.36 (KHTML, like Gecko) Chrome/145.0.0.0 Safari/537.36 (compatible; meta-externalagent/1.1 (+https://developers.facebook.com/docs/sharing/webmasters/crawler))"
57.141.0.27 - - [29/Jul/2026:20:55:08 +0200] "GET /?j=c4e7s2t0u1m73505 HTTP/1.1" 200 202983 "-" "Mozilla/5.0 (Macintosh; Intel Mac OS X 10_15_7) AppleWebKit/537.36 (KHTML, like Gecko) Chrome/145.0.0.0 Safari/537.36 (compatible; meta-externalagent/1.1 (+https://developers.facebook.com/docs/sharing/webmasters/crawler))"
57.141.0.66 - - [29/Jul/2026:20:55:08 +0200] "GET /shops/hematoidin/r4a1l2l7i6e2s47060 HTTP/1.1" 404 146249 "-" "Mozilla/5.0 (Windows NT 10.0; Win64; x64) AppleWebKit/537.36 (KHTML, like Gecko) Chrome/145.0.0.0 Safari/537.36 (compatible; meta-externalagent/1.1 (+https://developers.facebook.com/docs/sharing/webmasters/crawler))"
66.249.66.73 - - [29/Jul/2026:20:55:45 +0200] "GET /?j=c1o1l4u4m5n5a1t5e9d02 HTTP/1.1" 200 808819 "-" "Mozilla/5.0 (compatible; Googlebot/2.1; +http://www.google.com/bot.html)"
216.73.217.39 - - [29/Jul/2026:20:55:47 +0200] "GET /robots.txt HTTP/1.1" 200 87 "-" "Mozilla/5.0 AppleWebKit/537.36 (KHTML, like Gecko; compatible; ClaudeBot/1.0; +claudebot@anthropic.com)"
164.68.125.131 - - [29/Jul/2026:20:55:50 +0200] "POST /wp-cron.php?doing_wp_cron=1785351350.8284409046173095703125 HTTP/1.1" 200 0 "-" "WordPress/6.9.4; https://royalty-trailers.co.za"
216.73.217.39 - - [29/Jul/2026:20:55:51 +0200] "GET /?j=c4a4m0p6o7d8e8a1470 HTTP/1.1" 200 203676 "-" "Mozilla/5.0 AppleWebKit/537.36 (KHTML, like Gecko; compatible; ClaudeBot/1.0; +claudebot@anthropic.com)"
57.141.0.68 - - [29/Jul/2026:20:55:56 +0200] "GET /?j=s4l2a9n1g0e2y42697 HTTP/1.1" 200 203693 "-" "Mozilla/5.0 (Windows NT 10.0; Win64; x64) AppleWebKit/537.36 (KHTML, like Gecko) Chrome/145.0.0.0 Safari/537.36 (compatible; meta-externalagent/1.1 (+https://developers.facebook.com/docs/sharing/webmasters/crawler))"
66.249.66.164 - - [29/Jul/2026:20:55:59 +0200] "GET /?category/0/1/024/024004/?SPC=0&SGC=0&STA=0&FPC=0&FGC=0&FTA=0&SFL_DF=0&CPPR=1 HTTP/1.1" 200 802645 "-" "Mozilla/5.0 (Linux; Android 6.0.1; Nexus 5X Build/MMB29P) AppleWebKit/537.36 (KHTML, like Gecko) Chrome/150.0.7871.128 Mobile Safari/537.36 (compatible; Googlebot/2.1; +http://www.google.com/bot.html)"
216.73.217.39 - - [29/Jul/2026:20:56:02 +0200] "GET /enamour/constructer/21904817024 HTTP/1.1" 404 146249 "-" "Mozilla/5.0 AppleWebKit/537.36 (KHTML, like Gecko; compatible; ClaudeBot/1.0; +claudebot@anthropic.com)"
57.141.0.54 - - [29/Jul/2026:20:56:06 +0200] "GET /unclue/b4e4d0a9f9f516221 HTTP/1.1" 404 145748 "-" "Mozilla/5.0 (Macintosh; Intel Mac OS X 10_15_7) AppleWebKit/537.36 (KHTML, like Gecko) Chrome/145.0.0.0 Safari/537.36 (compatible; meta-externalagent/1.1 (+https://developers.facebook.com/docs/sharing/webmasters/crawler))"
216.73.217.39 - - [29/Jul/2026:20:56:13 +0200] "GET /proceeding/traditionary/2709877019 HTTP/1.1" 404 146249 "-" "Mozilla/5.0 AppleWebKit/537.36 (KHTML, like Gecko; compatible; ClaudeBot/1.0; +claudebot@anthropic.com)"
164.68.125.131 - - [29/Jul/2026:20:56:15 +0200] "POST /wp-cron.php?doing_wp_cron=1785351375.7255659103393554687500 HTTP/1.1" 200 0 "-" "WordPress/6.9.4; https://royalty-trailers.co.za"
57.141.0.30 - - [29/Jul/2026:20:56:15 +0200] "GET /shops/infect/p4a8n8h6a6n5d3l8e3 HTTP/1.1" 404 145748 "-" "Mozilla/5.0 (Macintosh; Intel Mac OS X 10_15_7) AppleWebKit/537.36 (KHTML, like Gecko) Chrome/145.0.0.0 Safari/537.36 (compatible; meta-externalagent/1.1 (+https://developers.facebook.com/docs/sharing/webmasters/crawler))"
216.73.217.39 - - [29/Jul/2026:20:56:21 +0200] "GET /?j=c2o7n6g3e6s1t2e4d52 HTTP/1.1" 200 203916 "-" "Mozilla/5.0 AppleWebKit/537.36 (KHTML, like Gecko; compatible; ClaudeBot/1.0; +claudebot@anthropic.com)"
57.141.0.49 - - [29/Jul/2026:20:56:22 +0200] "GET /?j=m4a3x6i3m4u3m35462 HTTP/1.1" 200 203619 "-" "Mozilla/5.0 (Windows NT 10.0; Win64; x64) AppleWebKit/537.36 (KHTML, like Gecko) Chrome/145.0.0.0 Safari/537.36 (compatible; meta-externalagent/1.1 (+https://developers.facebook.com/docs/sharing/webmasters/crawler))"
57.141.0.27 - - [29/Jul/2026:20:56:29 +0200] "GET /?j=w9h8e2r2e9n1e9s2s79 HTTP/1.1" 200 203467 "-" "Mozilla/5.0 (Windows NT 10.0; Win64; x64) AppleWebKit/537.36 (KHTML, like Gecko) Chrome/145.0.0.0 Safari/537.36 Edg/145.0.0.0 (compatible; meta-externalagent/1.1 (+https://developers.facebook.com/docs/sharing/webmasters/crawler))"
216.73.217.39 - - [29/Jul/2026:20:56:32 +0200] "GET /xanthidium/d2i2e3c2i9a0n97048 HTTP/1.1" 404 146249 "-" "Mozilla/5.0 AppleWebKit/537.36 (KHTML, like Gecko; compatible; ClaudeBot/1.0; +claudebot@anthropic.com)"
216.73.217.39 - - [29/Jul/2026:20:56:44 +0200] "GET /?j=a2k2n5e2e7654100 HTTP/1.1" 200 203563 "-" "Mozilla/5.0 AppleWebKit/537.36 (KHTML, like Gecko; compatible; ClaudeBot/1.0; +claudebot@anthropic.com)"
66.249.66.34 - - [29/Jul/2026:20:56:50 +0200] "GET /shops/inshaded/f4o3u8l9l1y870620 HTTP/1.1" 200 808278 "-" "Mozilla/5.0 (compatible; Googlebot/2.1; +http://www.google.com/bot.html)"
216.73.217.39 - - [29/Jul/2026:20:56:54 +0200] "GET /?j=u2n1d4e5r9s5o7i3l496 HTTP/1.1" 200 203400 "-" "Mozilla/5.0 AppleWebKit/537.36 (KHTML, like Gecko; compatible; ClaudeBot/1.0; +claudebot@anthropic.com)"
216.73.217.39 - - [29/Jul/2026:20:56:58 +0200] "GET /blackmailed/baptise/d4i1s7c3l1o7s4e1378 HTTP/1.1" 404 146249 "-" "Mozilla/5.0 AppleWebKit/537.36 (KHTML, like Gecko; compatible; ClaudeBot/1.0; +claudebot@anthropic.com)"
216.73.217.39 - - [29/Jul/2026:20:57:06 +0200] "GET /valuing/f2r1e7e8m1i7n5d7e4d28 HTTP/1.1" 404 146249 "-" "Mozilla/5.0 AppleWebKit/537.36 (KHTML, like Gecko; compatible; ClaudeBot/1.0; +claudebot@anthropic.com)"
164.68.125.131 - - [29/Jul/2026:20:57:17 +0200] "POST /wp-cron.php?doing_wp_cron=1785351437.0618569850921630859375 HTTP/1.1" 200 0 "-" "WordPress/6.9.4; https://royalty-trailers.co.za"
216.73.217.39 - - [29/Jul/2026:20:57:17 +0200] "GET /?j=m2o2t6t8o7e3s3261 HTTP/1.1" 200 203874 "-" "Mozilla/5.0 AppleWebKit/537.36 (KHTML, like Gecko; compatible; ClaudeBot/1.0; +claudebot@anthropic.com)"
216.73.217.39 - - [29/Jul/2026:20:57:27 +0200] "GET /shops/wrongfulness/c2l3a7m7p1653974 HTTP/1.1" 404 146249 "-" "Mozilla/5.0 AppleWebKit/537.36 (KHTML, like Gecko; compatible; ClaudeBot/1.0; +claudebot@anthropic.com)"
216.73.217.39 - - [29/Jul/2026:20:57:36 +0200] "GET /shops/sleave/m2e4c1a5t3e184665 HTTP/1.1" 404 146249 "-" "Mozilla/5.0 AppleWebKit/537.36 (KHTML, like Gecko; compatible; ClaudeBot/1.0; +claudebot@anthropic.com)"
216.73.217.39 - - [29/Jul/2026:20:57:47 +0200] "GET /shops/deplorer/v4e2n5e4r8a6t2e0068 HTTP/1.1" 404 146249 "-" "Mozilla/5.0 AppleWebKit/537.36 (KHTML, like Gecko; compatible; ClaudeBot/1.0; +claudebot@anthropic.com)"
216.73.217.39 - - [29/Jul/2026:20:57:58 +0200] "GET /?j=z4e3m2i2n9d1a2r030 HTTP/1.1" 200 203425 "-" "Mozilla/5.0 AppleWebKit/537.36 (KHTML, like Gecko; compatible; ClaudeBot/1.0; +claudebot@anthropic.com)"
57.141.0.2 - - [29/Jul/2026:20:58:05 +0200] "GET /merchantability/mascaron/e4u1s0t5y8l2e60122 HTTP/1.1" 404 145748 "-" "Mozilla/5.0 (Macintosh; Intel Mac OS X 10_15_7) AppleWebKit/537.36 (KHTML, like Gecko) Chrome/145.0.0.0 Safari/537.36 (compatible; meta-externalagent/1.1 (+https://developers.facebook.com/docs/sharing/webmasters/crawler))"
57.141.0.21 - - [29/Jul/2026:20:58:05 +0200] "GET /shops/embrace/i4n2s9t8a4b4i0l6i1t9y7 HTTP/1.1" 404 146249 "-" "Mozilla/5.0 (Windows NT 10.0; Win64; x64) AppleWebKit/537.36 (KHTML, like Gecko) Chrome/145.0.0.0 Safari/537.36 (compatible; meta-externalagent/1.1 (+https://developers.facebook.com/docs/sharing/webmasters/crawler))"
216.73.217.39 - - [29/Jul/2026:20:58:08 +0200] "GET /shops/phylarchy/i4n2e7y2e4d097910 HTTP/1.1" 404 146249 "-" "Mozilla/5.0 AppleWebKit/537.36 (KHTML, like Gecko; compatible; ClaudeBot/1.0; +claudebot@anthropic.com)"
164.68.125.131 - - [29/Jul/2026:20:58:20 +0200] "POST /wp-cron.php?doing_wp_cron=1785351500.9135549068450927734375 HTTP/1.1" 200 0 "-" "WordPress/6.9.4; https://royalty-trailers.co.za"
216.73.217.39 - - [29/Jul/2026:20:58:21 +0200] "GET /?j=f4o9o5t7n3o7t1e479 HTTP/1.1" 200 203576 "-" "Mozilla/5.0 AppleWebKit/537.36 (KHTML, like Gecko; compatible; ClaudeBot/1.0; +claudebot@anthropic.com)"
216.73.217.39 - - [29/Jul/2026:20:58:34 +0200] "GET /dispropriate/sunbeam/22724632174 HTTP/1.1" 404 146249 "-" "Mozilla/5.0 AppleWebKit/537.36 (KHTML, like Gecko; compatible; ClaudeBot/1.0; +claudebot@anthropic.com)"
66.249.66.200 - - [29/Jul/2026:20:58:45 +0200] "GET /shops/misborn/h4e2l0i3o4g5r5a1p8h85 HTTP/1.1" 200 821551 "-" "Mozilla/5.0 (Linux; Android 6.0.1; Nexus 5X Build/MMB29P) AppleWebKit/537.36 (KHTML, like Gecko) Chrome/150.0.7871.186 Mobile Safari/537.36 (compatible; GoogleOther)"
216.73.217.39 - - [29/Jul/2026:20:58:46 +0200] "GET /shops/pierre/w4a1e5c9c8e568845 HTTP/1.1" 404 146249 "-" "Mozilla/5.0 AppleWebKit/537.36 (KHTML, like Gecko; compatible; ClaudeBot/1.0; +claudebot@anthropic.com)"
216.73.217.39 - - [29/Jul/2026:20:58:58 +0200] "GET /shops/valveshell/s4a1d7d0l0e1s6338 HTTP/1.1" 404 146249 "-" "Mozilla/5.0 AppleWebKit/537.36 (KHTML, like Gecko; compatible; ClaudeBot/1.0; +claudebot@anthropic.com)"
66.249.66.163 - - [29/Jul/2026:20:58:59 +0200] "GET /sonchus/parictaria/52682249278 HTTP/1.1" 200 786922 "-" "Mozilla/5.0 (Linux; Android 6.0.1; Nexus 5X Build/MMB29P) AppleWebKit/537.36 (KHTML, like Gecko) Chrome/150.0.7871.186 Mobile Safari/537.36 (compatible; GoogleOther)"
216.73.217.39 - - [29/Jul/2026:20:59:05 +0200] "GET /stapelia/outspin/25113820 HTTP/1.1" 404 146249 "-" "Mozilla/5.0 AppleWebKit/537.36 (KHTML, like Gecko; compatible; ClaudeBot/1.0; +claudebot@anthropic.com)"
164.68.125.131 - - [29/Jul/2026:20:59:13 +0200] "POST /wp-cron.php?doing_wp_cron=1785351553.3146231174468994140625 HTTP/1.1" 200 0 "-" "WordPress/6.9.4; https://royalty-trailers.co.za"
57.141.0.42 - - [29/Jul/2026:20:59:13 +0200] "GET /shops/celebrated/m4e4m0o2r8a8t2i2v0e12 HTTP/1.1" 404 146249 "-" "Mozilla/5.0 (Windows NT 10.0; Win64; x64) AppleWebKit/537.36 (KHTML, like Gecko) Chrome/145.0.0.0 Safari/537.36 (compatible; meta-externalagent/1.1 (+https://developers.facebook.com/docs/sharing/webmasters/crawler))"
164.68.125.131 - - [29/Jul/2026:20:59:16 +0200] "POST /wp-cron.php?doing_wp_cron=1785351556.7356541156768798828125 HTTP/1.1" 200 0 "-" "WordPress/6.9.4; https://royalty-trailers.co.za"
216.73.217.39 - - [29/Jul/2026:20:59:16 +0200] "GET /shops/creatural/e2x3c5i1s5a89045 HTTP/1.1" 404 146249 "-" "Mozilla/5.0 AppleWebKit/537.36 (KHTML, like Gecko; compatible; ClaudeBot/1.0; +claudebot@anthropic.com)"
216.73.217.39 - - [29/Jul/2026:20:59:29 +0200] "GET /?j=p4l3a4s4m9o7d1i6a45 HTTP/1.1" 200 203525 "-" "Mozilla/5.0 AppleWebKit/537.36 (KHTML, like Gecko; compatible; ClaudeBot/1.0; +claudebot@anthropic.com)"
57.141.0.35 - - [29/Jul/2026:20:59:30 +0200] "GET /?j=p4a2t3e3n6t8i0n5g813 HTTP/1.1" 200 203681 "-" "Mozilla/5.0 (Windows NT 10.0; Win64; x64) AppleWebKit/537.36 (KHTML, like Gecko) Chrome/145.0.0.0 Safari/537.36 (compatible; meta-externalagent/1.1 (+https://developers.facebook.com/docs/sharing/webmasters/crawler))"
57.141.0.50 - - [29/Jul/2026:20:59:31 +0200] "GET /?j=d4i3s9s0a7t1i5s6f3y50 HTTP/1.1" 200 203359 "-" "Mozilla/5.0 (X11; Linux x86_64) AppleWebKit/537.36 (KHTML, like Gecko) Chrome/145.0.0.0 Safari/537.36 (compatible; meta-externalagent/1.1 (+https://developers.facebook.com/docs/sharing/webmasters/crawler))"
216.73.217.39 - - [29/Jul/2026:20:59:37 +0200] "GET /semipelagianism/melchite/l4e2a8k2i4e8r68322 HTTP/1.1" 404 146249 "-" "Mozilla/5.0 AppleWebKit/537.36 (KHTML, like Gecko; compatible; ClaudeBot/1.0; +claudebot@anthropic.com)"
216.73.217.39 - - [29/Jul/2026:20:59:50 +0200] "GET /shops/drossier/a4p1o7s9i4o0p3e7s8i9s5 HTTP/1.1" 404 146249 "-" "Mozilla/5.0 AppleWebKit/537.36 (KHTML, like Gecko; compatible; ClaudeBot/1.0; +claudebot@anthropic.com)"
57.141.0.64 - - [29/Jul/2026:20:59:50 +0200] "GET /?j=u4n3s7c2r6u3p2u1l2o4u7sness HTTP/1.1" 200 203783 "-" "Mozilla/5.0 (Windows NT 10.0; Win64; x64) AppleWebKit/537.36 (KHTML, like Gecko) Chrome/145.0.0.0 Safari/537.36 (compatible; meta-externalagent/1.1 (+https://developers.facebook.com/docs/sharing/webmasters/crawler))"
57.141.0.71 - - [29/Jul/2026:21:00:00 +0200] "GET /?j=s4l2a9i3n0665204 HTTP/1.1" 200 203551 "-" "Mozilla/5.0 (Windows NT 10.0; Win64; x64) AppleWebKit/537.36 (KHTML, like Gecko) Chrome/145.0.0.0 Safari/537.36 (compatible; meta-externalagent/1.1 (+https://developers.facebook.com/docs/sharing/webmasters/crawler))"
216.73.217.39 - - [29/Jul/2026:21:00:00 +0200] "GET /shops/intinction/r4e2j6u9v4e6n8a0t6e6d6 HTTP/1.1" 404 146249 "-" "Mozilla/5.0 AppleWebKit/537.36 (KHTML, like Gecko; compatible; ClaudeBot/1.0; +claudebot@anthropic.com)"
57.141.0.48 - - [29/Jul/2026:21:00:09 +0200] "GET /finedrawn/octroy/h6o1l2o8g6r8a7p7h1y45 HTTP/1.1" 404 145748 "-" "Mozilla/5.0 (Macintosh; Intel Mac OS X 10_15_7) AppleWebKit/537.36 (KHTML, like Gecko) Chrome/145.0.0.0 Safari/537.36 (compatible; meta-externalagent/1.1 (+https://developers.facebook.com/docs/sharing/webmasters/crawler))"
216.73.217.39 - - [29/Jul/2026:21:00:13 +0200] "GET /shops/collude/b4i1o2s4c2o8p1e6830 HTTP/1.1" 404 146241 "-" "Mozilla/5.0 AppleWebKit/537.36 (KHTML, like Gecko; compatible; ClaudeBot/1.0; +claudebot@anthropic.com)"
164.68.125.131 - - [29/Jul/2026:21:00:26 +0200] "POST /wp-cron.php?doing_wp_cron=1785351626.4704859256744384765625 HTTP/1.1" 200 0 "-" "WordPress/6.9.4; https://royalty-trailers.co.za"
216.73.217.39 - - [29/Jul/2026:21:00:26 +0200] "GET /shops/jaculated/c4a2r0e0l2a5d5e1n140 HTTP/1.1" 404 146249 "-" "Mozilla/5.0 AppleWebKit/537.36 (KHTML, like Gecko; compatible; ClaudeBot/1.0; +claudebot@anthropic.com)"
216.73.217.39 - - [29/Jul/2026:21:00:40 +0200] "GET /shops/wainable/b4r1o7w7n4s2t5o8n6e43 HTTP/1.1" 404 146249 "-" "Mozilla/5.0 AppleWebKit/537.36 (KHTML, like Gecko; compatible; ClaudeBot/1.0; +claudebot@anthropic.com)"
57.141.0.26 - - [29/Jul/2026:21:00:45 +0200] "GET /shops/micropyle/l9i4g2h9t3o0l8o6v6e01 HTTP/1.1" 404 146249 "-" "Mozilla/5.0 (Windows NT 10.0; Win64; x64) AppleWebKit/537.36 (KHTML, like Gecko) Chrome/145.0.0.0 Safari/537.36 (compatible; meta-externalagent/1.1 (+https://developers.facebook.com/docs/sharing/webmasters/crawler))"
216.73.217.39 - - [29/Jul/2026:21:00:52 +0200] "GET /?j=m2o3n2o7d6o5n6t0a567 HTTP/1.1" 200 203770 "-" "Mozilla/5.0 AppleWebKit/537.36 (KHTML, like Gecko; compatible; ClaudeBot/1.0; +claudebot@anthropic.com)"
57.141.0.10 - - [29/Jul/2026:21:00:52 +0200] "GET /shops/handsomeness/a4b3d9e7s8t083330 HTTP/1.1" 404 145748 "-" "Mozilla/5.0 (Macintosh; Intel Mac OS X 10_15_7) AppleWebKit/537.36 (KHTML, like Gecko) Chrome/145.0.0.0 Safari/537.36 (compatible; meta-externalagent/1.1 (+https://developers.facebook.com/docs/sharing/webmasters/crawler))"
216.73.217.39 - - [29/Jul/2026:21:00:56 +0200] "GET /shops/disperser/p4e7r3r5i0e98960 HTTP/1.1" 404 146249 "-" "Mozilla/5.0 AppleWebKit/537.36 (KHTML, like Gecko; compatible; ClaudeBot/1.0; +claudebot@anthropic.com)"
57.141.0.53 - - [29/Jul/2026:21:01:03 +0200] "GET /?j=c4o3p4p1e3r2n7o5s0e4d2 HTTP/1.1" 200 202940 "-" "Mozilla/5.0 (Macintosh; Intel Mac OS X 10_15_7) AppleWebKit/537.36 (KHTML, like Gecko) Chrome/145.0.0.0 Safari/537.36 (compatible; meta-externalagent/1.1 (+https://developers.facebook.com/docs/sharing/webmasters/crawler))"
216.73.217.39 - - [29/Jul/2026:21:01:05 +0200] "GET /carolina/d4e6t9u7r4b47246 HTTP/1.1" 404 146249 "-" "Mozilla/5.0 AppleWebKit/537.36 (KHTML, like Gecko; compatible; ClaudeBot/1.0; +claudebot@anthropic.com)"
57.141.0.70 - - [29/Jul/2026:21:01:10 +0200] "GET /cutler/lacmus/b8o2t7a5n9i8z8e4854 HTTP/1.1" 404 145748 "-" "Mozilla/5.0 (Macintosh; Intel Mac OS X 10_15_7) AppleWebKit/537.36 (KHTML, like Gecko) Chrome/145.0.0.0 Safari/537.36 (compatible; meta-externalagent/1.1 (+https://developers.facebook.com/docs/sharing/webmasters/crawler))"
164.68.125.131 - - [29/Jul/2026:21:01:18 +0200] "POST /wp-cron.php?doing_wp_cron=1785351678.1923809051513671875000 HTTP/1.1" 200 0 "-" "WordPress/6.9.4; https://royalty-trailers.co.za"
216.73.217.39 - - [29/Jul/2026:21:01:18 +0200] "GET /shops/colletioides/f4a5t2u6a718573 HTTP/1.1" 404 146249 "-" "Mozilla/5.0 AppleWebKit/537.36 (KHTML, like Gecko; compatible; ClaudeBot/1.0; +claudebot@anthropic.com)"
216.73.217.39 - - [29/Jul/2026:21:01:31 +0200] "GET /shops/jonah/b4e2e5t6l0e8h6e1a4d6ed HTTP/1.1" 404 146249 "-" "Mozilla/5.0 AppleWebKit/537.36 (KHTML, like Gecko; compatible; ClaudeBot/1.0; +claudebot@anthropic.com)"
216.73.217.39 - - [29/Jul/2026:21:01:36 +0200] "GET /shops/copiousness/a4m3p3h8i2t2h6e4a7t8r7ically HTTP/1.1" 404 146249 "-" "Mozilla/5.0 AppleWebKit/537.36 (KHTML, like Gecko; compatible; ClaudeBot/1.0; +claudebot@anthropic.com)"
216.73.217.39 - - [29/Jul/2026:21:01:44 +0200] "GET /shops/knitting/p4o4r0c8h77258 HTTP/1.1" 404 146249 "-" "Mozilla/5.0 AppleWebKit/537.36 (KHTML, like Gecko; compatible; ClaudeBot/1.0; +claudebot@anthropic.com)"
57.141.0.59 - - [29/Jul/2026:21:01:45 +0200] "GET /culter/janker/v4a2n1d8e0s1i6u1s182 HTTP/1.1" 404 146249 "-" "Mozilla/5.0 (X11; Linux x86_64; rv:147.0) Gecko/20100101 Firefox/147.0 (compatible; meta-externalagent/1.1 (+https://developers.facebook.com/docs/sharing/webmasters/crawler))"
66.249.66.164 - - [29/Jul/2026:21:01:53 +0200] "GET /?j=d6i2p7r0o0t6o3d6o5n33 HTTP/1.1" 200 803493 "-" "Mozilla/5.0 (compatible; Googlebot/2.1; +http://www.google.com/bot.html)"
216.73.217.39 - - [29/Jul/2026:21:01:58 +0200] "GET /shops/bided/r2a2l5l0i4e3r34652 HTTP/1.1" 404 146249 "-" "Mozilla/5.0 AppleWebKit/537.36 (KHTML, like Gecko; compatible; ClaudeBot/1.0; +claudebot@anthropic.com)"
216.73.217.39 - - [29/Jul/2026:21:02:14 +0200] "GET /shops/touchhole/n4e5r1k3a235454 HTTP/1.1" 404 146249 "-" "Mozilla/5.0 AppleWebKit/537.36 (KHTML, like Gecko; compatible; ClaudeBot/1.0; +claudebot@anthropic.com)"
164.68.125.131 - - [29/Jul/2026:21:02:27 +0200] "POST /wp-cron.php?doing_wp_cron=1785351747.7745048999786376953125 HTTP/1.1" 200 0 "-" "WordPress/6.9.4; https://royalty-trailers.co.za"
216.73.217.39 - - [29/Jul/2026:21:02:27 +0200] "GET /shops/distinctly/a2m1b0l9y5o9p0i6c724 HTTP/1.1" 404 146249 "-" "Mozilla/5.0 AppleWebKit/537.36 (KHTML, like Gecko; compatible; ClaudeBot/1.0; +claudebot@anthropic.com)"
216.73.217.39 - - [29/Jul/2026:21:02:43 +0200] "GET /?j=p4e1a0l5i6n5g33773 HTTP/1.1" 200 203624 "-" "Mozilla/5.0 AppleWebKit/537.36 (KHTML, like Gecko; compatible; ClaudeBot/1.0; +claudebot@anthropic.com)"
216.73.217.39 - - [29/Jul/2026:21:03:01 +0200] "GET /shops/worshipable/n4e3g4l2i7g2i6b6l3e02 HTTP/1.1" 404 146249 "-" "Mozilla/5.0 AppleWebKit/537.36 (KHTML, like Gecko; compatible; ClaudeBot/1.0; +claudebot@anthropic.com)"
57.141.0.4 - - [29/Jul/2026:21:03:10 +0200] "GET /shops/sleepiness/d4o1c3t0r5i7n1a2l7l6y9 HTTP/1.1" 404 146249 "-" "Mozilla/5.0 (Windows NT 10.0; Win64; x64) AppleWebKit/537.36 (KHTML, like Gecko) Chrome/145.0.0.0 Safari/537.36 (compatible; meta-externalagent/1.1 (+https://developers.facebook.com/docs/sharing/webmasters/crawler))"
164.68.125.131 - - [29/Jul/2026:21:03:15 +0200] "POST /wp-cron.php?doing_wp_cron=1785351795.9205191135406494140625 HTTP/1.1" 200 0 "-" "WordPress/6.9.4; https://royalty-trailers.co.za"
216.73.217.39 - - [29/Jul/2026:21:03:16 +0200] "GET /?j=p4e3r4i2o0d567835 HTTP/1.1" 200 203630 "-" "Mozilla/5.0 AppleWebKit/537.36 (KHTML, like Gecko; compatible; ClaudeBot/1.0; +claudebot@anthropic.com)"
164.68.125.131 - - [29/Jul/2026:21:03:33 +0200] "POST /wp-cron.php?doing_wp_cron=1785351812.9994530677795410156250 HTTP/1.1" 200 0 "-" "WordPress/6.9.4; https://royalty-trailers.co.za"
216.73.217.39 - - [29/Jul/2026:21:03:33 +0200] "GET /shops/chapping/e4x6i6s9t6e1n5t4i1a6l HTTP/1.1" 404 146249 "-" "Mozilla/5.0 AppleWebKit/537.36 (KHTML, like Gecko; compatible; ClaudeBot/1.0; +claudebot@anthropic.com)"
216.73.217.39 - - [29/Jul/2026:21:03:44 +0200] "GET /barramunda/aminomethane/41298176974 HTTP/1.1" 404 146249 "-" "Mozilla/5.0 AppleWebKit/537.36 (KHTML, like Gecko; compatible; ClaudeBot/1.0; +claudebot@anthropic.com)"
57.141.0.21 - - [29/Jul/2026:21:03:55 +0200] "GET /?j=r8u3s6t1i6c4u5s2564 HTTP/1.1" 200 203621 "-" "Mozilla/5.0 (Windows NT 10.0; Win64; x64) AppleWebKit/537.36 (KHTML, like Gecko) Chrome/145.0.0.0 Safari/537.36 (compatible; meta-externalagent/1.1 (+https://developers.facebook.com/docs/sharing/webmasters/crawler))"
216.73.217.39 - - [29/Jul/2026:21:04:03 +0200] "GET /?j=c2o2n1s8e2n5s5u4a4l97 HTTP/1.1" 200 203621 "-" "Mozilla/5.0 AppleWebKit/537.36 (KHTML, like Gecko; compatible; ClaudeBot/1.0; +claudebot@anthropic.com)"
164.68.125.131 - - [29/Jul/2026:21:04:16 +0200] "POST /wp-cron.php?doing_wp_cron=1785351856.0711159706115722656250 HTTP/1.1" 200 0 "-" "WordPress/6.9.4; https://royalty-trailers.co.za"
216.73.217.39 - - [29/Jul/2026:21:04:16 +0200] "GET /pedary/p4h3o3l0a0d162721 HTTP/1.1" 404 146249 "-" "Mozilla/5.0 AppleWebKit/537.36 (KHTML, like Gecko; compatible; ClaudeBot/1.0; +claudebot@anthropic.com)"
216.73.217.39 - - [29/Jul/2026:21:04:33 +0200] "GET /shops/idoloclast/c4u4l5t6e2r9585 HTTP/1.1" 404 146249 "-" "Mozilla/5.0 AppleWebKit/537.36 (KHTML, like Gecko; compatible; ClaudeBot/1.0; +claudebot@anthropic.com)"
216.73.217.39 - - [29/Jul/2026:21:04:49 +0200] "GET /shops/dispiriting/a4s1t4h1m1a006418 HTTP/1.1" 404 146249 "-" "Mozilla/5.0 AppleWebKit/537.36 (KHTML, like Gecko; compatible; ClaudeBot/1.0; +claudebot@anthropic.com)"
216.73.217.39 - - [29/Jul/2026:21:05:06 +0200] "GET /?j=j4u2d8a4i8s5t3i3c112 HTTP/1.1" 200 203386 "-" "Mozilla/5.0 AppleWebKit/537.36 (KHTML, like Gecko; compatible; ClaudeBot/1.0; +claudebot@anthropic.com)"
164.68.125.131 - - [29/Jul/2026:21:05:15 +0200] "POST /wp-cron.php?doing_wp_cron=1785351915.2049748897552490234375 HTTP/1.1" 200 0 "-" "WordPress/6.9.4; https://royalty-trailers.co.za"
216.73.217.39 - - [29/Jul/2026:21:05:15 +0200] "GET /shops/nematoid/p4r1e1m2a2x7i7l5l8a47 HTTP/1.1" 404 146249 "-" "Mozilla/5.0 AppleWebKit/537.36 (KHTML, like Gecko; compatible; ClaudeBot/1.0; +claudebot@anthropic.com)"
66.249.66.165 - - [29/Jul/2026:21:05:28 +0200] "GET /?j=b2a3r3g9e5l0l5o7120 HTTP/1.1" 200 813767 "-" "Mozilla/5.0 (Linux; Android 6.0.1; Nexus 5X Build/MMB29P) AppleWebKit/537.36 (KHTML, like Gecko) Chrome/150.0.7871.186 Mobile Safari/537.36 (compatible; Googlebot/2.1; +http://www.google.com/bot.html)"
216.73.217.39 - - [29/Jul/2026:21:05:28 +0200] "GET /shops/sollar/p4e1r2r3o3q3u9e3t065 HTTP/1.1" 404 146249 "-" "Mozilla/5.0 AppleWebKit/537.36 (KHTML, like Gecko; compatible; ClaudeBot/1.0; +claudebot@anthropic.com)"
216.73.217.39 - - [29/Jul/2026:21:05:45 +0200] "GET /shops/abstruse/d4i4s1t6a8s8t7u7r3e60 HTTP/1.1" 404 146249 "-" "Mozilla/5.0 AppleWebKit/537.36 (KHTML, like Gecko; compatible; ClaudeBot/1.0; +claudebot@anthropic.com)"
216.73.217.39 - - [29/Jul/2026:21:05:50 +0200] "GET /?j=g4e2n6t2i6a6n7i8c149 HTTP/1.1" 200 203850 "-" "Mozilla/5.0 AppleWebKit/537.36 (KHTML, like Gecko; compatible; ClaudeBot/1.0; +claudebot@anthropic.com)"
57.141.0.44 - - [29/Jul/2026:21:05:54 +0200] "GET /?j=d4i4a0p6h4o9n6i2c8s0 HTTP/1.1" 200 203805 "-" "Mozilla/5.0 (Windows NT 10.0; Win64; x64) AppleWebKit/537.36 (KHTML, like Gecko) Chrome/145.0.0.0 Safari/537.36 Edg/145.0.0.0 (compatible; meta-externalagent/1.1 (+https://developers.facebook.com/docs/sharing/webmasters/crawler))"
57.141.0.1 - - [29/Jul/2026:21:05:55 +0200] "GET /shops/patching/s4t4e0l4l7u7l3a4t5e07 HTTP/1.1" 404 145748 "-" "Mozilla/5.0 (Macintosh; Intel Mac OS X 10_15_7) AppleWebKit/537.36 (KHTML, like Gecko) Chrome/145.0.0.0 Safari/537.36 (compatible; meta-externalagent/1.1 (+https://developers.facebook.com/docs/sharing/webmasters/crawler))"
57.141.0.13 - - [29/Jul/2026:21:05:56 +0200] "GET /?j=e4r3y2s2i4p5h0a0l5e0s0 HTTP/1.1" 200 203597 "-" "Mozilla/5.0 (Windows NT 10.0; Win64; x64) AppleWebKit/537.36 (KHTML, like Gecko) Chrome/145.0.0.0 Safari/537.36 (compatible; meta-externalagent/1.1 (+https://developers.facebook.com/docs/sharing/webmasters/crawler))"
57.141.0.28 - - [29/Jul/2026:21:05:56 +0200] "GET /?j=p4a2r8a8m9o8u7r8115 HTTP/1.1" 200 203620 "-" "Mozilla/5.0 (Windows NT 10.0; Win64; x64) AppleWebKit/537.36 (KHTML, like Gecko) Chrome/145.0.0.0 Safari/537.36 Edg/145.0.0.0 (compatible; meta-externalagent/1.1 (+https://developers.facebook.com/docs/sharing/webmasters/crawler))"
57.141.0.55 - - [29/Jul/2026:21:05:56 +0200] "GET /?j=p4r6e8s2c6r9i3p8t57 HTTP/1.1" 200 202970 "-" "Mozilla/5.0 (Macintosh; Intel Mac OS X 10_15_7) AppleWebKit/537.36 (KHTML, like Gecko) Chrome/145.0.0.0 Safari/537.36 (compatible; meta-externalagent/1.1 (+https://developers.facebook.com/docs/sharing/webmasters/crawler))"
216.73.217.39 - - [29/Jul/2026:21:06:08 +0200] "GET /?j=l2i2c7u0a5l9a01482 HTTP/1.1" 200 203466 "-" "Mozilla/5.0 AppleWebKit/537.36 (KHTML, like Gecko; compatible; ClaudeBot/1.0; +claudebot@anthropic.com)"
57.141.0.65 - - [29/Jul/2026:21:06:11 +0200] "GET /?j=t9r2i3a7r0i0a6n3949 HTTP/1.1" 200 203676 "-" "Mozilla/5.0 (Windows NT 10.0; Win64; x64) AppleWebKit/537.36 (KHTML, like Gecko) Chrome/145.0.0.0 Safari/537.36 (compatible; meta-externalagent/1.1 (+https://developers.facebook.com/docs/sharing/webmasters/crawler))"
164.68.125.131 - - [29/Jul/2026:21:06:24 +0200] "POST /wp-cron.php?doing_wp_cron=1785351984.4552419185638427734375 HTTP/1.1" 200 0 "-" "WordPress/6.9.4; https://royalty-trailers.co.za"
216.73.217.39 - - [29/Jul/2026:21:06:24 +0200] "GET /?j=g2i3r6d9l0e358872 HTTP/1.1" 200 203548 "-" "Mozilla/5.0 AppleWebKit/537.36 (KHTML, like Gecko; compatible; ClaudeBot/1.0; +claudebot@anthropic.com)"
216.73.217.39 - - [29/Jul/2026:21:06:42 +0200] "GET /shops/tubercle/u4n1i0c1o3s0t8a1t1e56 HTTP/1.1" 404 146249 "-" "Mozilla/5.0 AppleWebKit/537.36 (KHTML, like Gecko; compatible; ClaudeBot/1.0; +claudebot@anthropic.com)"
57.141.0.2 - - [29/Jul/2026:21:06:42 +0200] "GET /shops/melocactus/p4r3o1g0r0a1m0m7a449 HTTP/1.1" 404 146249 "-" "Mozilla/5.0 (Windows NT 10.0; Win64; x64) AppleWebKit/537.36 (KHTML, like Gecko) Chrome/145.0.0.0 Safari/537.36 (compatible; meta-externalagent/1.1 (+https://developers.facebook.com/docs/sharing/webmasters/crawler))"
57.141.0.53 - - [29/Jul/2026:21:06:43 +0200] "GET /?j=o4b3o0l3i5208583 HTTP/1.1" 200 203425 "-" "Mozilla/5.0 (Windows NT 10.0; Win64; x64) AppleWebKit/537.36 (KHTML, like Gecko) Chrome/144.0.0.0 Safari/537.36 Edg/144.0.0.0 (compatible; meta-externalagent/1.1 (+https://developers.facebook.com/docs/sharing/webmasters/crawler))"
216.73.217.39 - - [29/Jul/2026:21:06:56 +0200] "GET /pleasurably/propitiatory/41784971800 HTTP/1.1" 404 146249 "-" "Mozilla/5.0 AppleWebKit/537.36 (KHTML, like Gecko; compatible; ClaudeBot/1.0; +claudebot@anthropic.com)"
57.141.0.20 - - [29/Jul/2026:21:07:01 +0200] "GET /shops/indifferent/p4r2o4v2e3d416025 HTTP/1.1" 404 145748 "-" "Mozilla/5.0 (Macintosh; Intel Mac OS X 10_15_7) AppleWebKit/537.36 (KHTML, like Gecko) Chrome/145.0.0.0 Safari/537.36 (compatible; meta-externalagent/1.1 (+https://developers.facebook.com/docs/sharing/webmasters/crawler))"
57.141.0.67 - - [29/Jul/2026:21:07:02 +0200] "GET /shops/antiphlogistic/i4n5v2a3l3i5d8a9t5i4ng HTTP/1.1" 404 146249 "-" "Mozilla/5.0 (Windows NT 10.0; Win64; x64) AppleWebKit/537.36 (KHTML, like Gecko) Chrome/145.0.0.0 Safari/537.36 (compatible; meta-externalagent/1.1 (+https://developers.facebook.com/docs/sharing/webmasters/crawler))"
164.68.125.131 - - [29/Jul/2026:21:07:17 +0200] "POST /wp-cron.php?doing_wp_cron=1785352037.1685080528259277343750 HTTP/1.1" 200 0 "-" "WordPress/6.9.4; https://royalty-trailers.co.za"
216.73.217.39 - - [29/Jul/2026:21:07:17 +0200] "GET /?j=p2e2r3i6o2d5i4c4a3l9l6y HTTP/1.1" 200 203419 "-" "Mozilla/5.0 AppleWebKit/537.36 (KHTML, like Gecko; compatible; ClaudeBot/1.0; +claudebot@anthropic.com)"
57.141.0.31 - - [29/Jul/2026:21:07:20 +0200] "GET /shops/perchance/y4o4u2z6e2434514 HTTP/1.1" 404 146249 "-" "Mozilla/5.0 (Windows NT 10.0; Win64; x64) AppleWebKit/537.36 (KHTML, like Gecko) Chrome/145.0.0.0 Safari/537.36 (compatible; meta-externalagent/1.1 (+https://developers.facebook.com/docs/sharing/webmasters/crawler))"
57.141.0.36 - - [29/Jul/2026:21:07:21 +0200] "GET /shops/baccara/z4e3b3u3b6447356 HTTP/1.1" 404 146249 "-" "Mozilla/5.0 (Windows NT 10.0; Win64; x64) AppleWebKit/537.36 (KHTML, like Gecko) Chrome/145.0.0.0 Safari/537.36 (compatible; meta-externalagent/1.1 (+https://developers.facebook.com/docs/sharing/webmasters/crawler))"
66.249.66.73 - - [29/Jul/2026:21:07:28 +0200] "GET /?j=s0a1c3r5o6v8e2r0t9e5b4ral HTTP/1.1" 200 837692 "-" "Mozilla/5.0 (compatible; Googlebot/2.1; +http://www.google.com/bot.html)"
216.73.217.39 - - [29/Jul/2026:21:07:34 +0200] "GET /shops/scorzonera/e2x7t1e2m4p6o4r7a2r4ily HTTP/1.1" 404 146249 "-" "Mozilla/5.0 AppleWebKit/537.36 (KHTML, like Gecko; compatible; ClaudeBot/1.0; +claudebot@anthropic.com)"
57.141.0.8 - - [29/Jul/2026:21:07:42 +0200] "GET /shops/lateenrig/c9i1n3c2h1o6n6i6n5e12 HTTP/1.1" 404 146249 "-" "Mozilla/5.0 (X11; Linux x86_64) AppleWebKit/537.36 (KHTML, like Gecko) Chrome/145.0.0.0 Safari/537.36 (compatible; meta-externalagent/1.1 (+https://developers.facebook.com/docs/sharing/webmasters/crawler))"
216.73.217.39 - - [29/Jul/2026:21:07:48 +0200] "GET /?j=a4c2t9i5n2o4s1t5o2m9e3 HTTP/1.1" 200 203434 "-" "Mozilla/5.0 AppleWebKit/537.36 (KHTML, like Gecko; compatible; ClaudeBot/1.0; +claudebot@anthropic.com)"
216.73.217.39 - - [29/Jul/2026:21:08:06 +0200] "GET /?j=t4o2m9b5i4n9g57590 HTTP/1.1" 200 163415 "-" "Mozilla/5.0 AppleWebKit/537.36 (KHTML, like Gecko; compatible; ClaudeBot/1.0; +claudebot@anthropic.com)"
57.141.0.20 - - [29/Jul/2026:21:08:14 +0200] "GET /?fontange/41544291766 HTTP/1.1" 301 0 "-" "Mozilla/5.0 (Windows NT 10.0; Win64; x64) AppleWebKit/537.36 (KHTML, like Gecko) Chrome/145.0.0.0 Safari/537.36 (compatible; meta-externalagent/1.1 (+https://developers.facebook.com/docs/sharing/webmasters/crawler))"
57.141.0.29 - - [29/Jul/2026:21:08:14 +0200] "GET /?j=t4h1e0r6e4w0h6i1l0e25 HTTP/1.1" 200 203527 "-" "Mozilla/5.0 (Windows NT 10.0; Win64; x64) AppleWebKit/537.36 (KHTML, like Gecko) Chrome/145.0.0.0 Safari/537.36 (compatible; meta-externalagent/1.1 (+https://developers.facebook.com/docs/sharing/webmasters/crawler))"
164.68.125.131 - - [29/Jul/2026:21:08:18 +0200] "POST /wp-cron.php?doing_wp_cron=1785352098.5529439449310302734375 HTTP/1.1" 200 0 "-" "WordPress/6.9.4; https://royalty-trailers.co.za"
216.73.217.39 - - [29/Jul/2026:21:08:18 +0200] "GET /?j=w4e1l1l0c7o5n5n6e7c8ted HTTP/1.1" 200 203770 "-" "Mozilla/5.0 AppleWebKit/537.36 (KHTML, like Gecko; compatible; ClaudeBot/1.0; +claudebot@anthropic.com)"
216.73.217.39 - - [29/Jul/2026:21:08:35 +0200] "GET /?j=l4o3n0e4l7y253687 HTTP/1.1" 200 203846 "-" "Mozilla/5.0 AppleWebKit/537.36 (KHTML, like Gecko; compatible; ClaudeBot/1.0; +claudebot@anthropic.com)"
57.141.0.54 - - [29/Jul/2026:21:08:36 +0200] "GET /shops/polymer/u4n3a0r0t1f7u6l1251 HTTP/1.1" 404 146249 "-" "Mozilla/5.0 (Windows NT 10.0; Win64; x64) AppleWebKit/537.36 (KHTML, like Gecko) Chrome/145.0.0.0 Safari/537.36 (compatible; meta-externalagent/1.1 (+https://developers.facebook.com/docs/sharing/webmasters/crawler))"
57.141.0.71 - - [29/Jul/2026:21:08:49 +0200] "GET /wp-content/plugins/woocommerce/assets/client/blocks/wc-blocks.css?ver=wc-10.9.4 HTTP/1.1" 200 14006 "https://royalty-trailers.co.za/?j=t9o4o0t7h2b0i7l6l8e4d2" "Mozilla/5.0 (X11; Linux x86_64) AppleWebKit/537.36 (KHTML, like Gecko) Chrome/145.0.0.0 Safari/537.36 (compatible; meta-externalagent/1.1 (+https://developers.facebook.com/docs/sharing/webmasters/crawler))"
57.141.0.23 - - [29/Jul/2026:21:08:49 +0200] "GET /wp-content/uploads/elementor/css/post-492.css?ver=1785280153 HTTP/1.1" 200 31465 "https://royalty-trailers.co.za/?j=t9o4o0t7h2b0i7l6l8e4d2" "Mozilla/5.0 (X11; Linux x86_64) AppleWebKit/537.36 (KHTML, like Gecko) Chrome/145.0.0.0 Safari/537.36 (compatible; meta-externalagent/1.1 (+https://developers.facebook.com/docs/sharing/webmasters/crawler))"
57.141.0.60 - - [29/Jul/2026:21:08:49 +0200] "GET /wp-content/plugins/click-to-chat-for-whatsapp/new/inc/assets/css/main.css?ver=4.41 HTTP/1.1" 200 3015 "https://royalty-trailers.co.za/?j=t9o4o0t7h2b0i7l6l8e4d2" "Mozilla/5.0 (X11; Linux x86_64) AppleWebKit/537.36 (KHTML, like Gecko) Chrome/145.0.0.0 Safari/537.36 (compatible; meta-externalagent/1.1 (+https://developers.facebook.com/docs/sharing/webmasters/crawler))"
57.141.0.14 - - [29/Jul/2026:21:08:49 +0200] "GET /wp-content/uploads/elementor/css/post-7.css?ver=1785280153 HTTP/1.1" 200 1164 "https://royalty-trailers.co.za/?j=t9o4o0t7h2b0i7l6l8e4d2" "Mozilla/5.0 (X11; Linux x86_64) AppleWebKit/537.36 (KHTML, like Gecko) Chrome/145.0.0.0 Safari/537.36 (compatible; meta-externalagent/1.1 (+https://developers.facebook.com/docs/sharing/webmasters/crawler))"
57.141.0.37 - - [29/Jul/2026:21:08:49 +0200] "GET /wp-content/plugins/woocommerce/assets/js/frontend/add-to-cart.min.js?ver=10.9.4 HTTP/1.1" 200 4350 "https://royalty-trailers.co.za/?j=t9o4o0t7h2b0i7l6l8e4d2" "Mozilla/5.0 (X11; Linux x86_64) AppleWebKit/537.36 (KHTML, like Gecko) Chrome/145.0.0.0 Safari/537.36 (compatible; meta-externalagent/1.1 (+https://developers.facebook.com/docs/sharing/webmasters/crawler))"
57.141.0.47 - - [29/Jul/2026:21:08:49 +0200] "GET /wp-content/plugins/woocommerce/assets/js/jquery-blockui/jquery.blockUI.min.js?ver=2.7.0-wc.10.9.4 HTTP/1.1" 200 9636 "https://royalty-trailers.co.za/?j=t9o4o0t7h2b0i7l6l8e4d2" "Mozilla/5.0 (X11; Linux x86_64) AppleWebKit/537.36 (KHTML, like Gecko) Chrome/145.0.0.0 Safari/537.36 (compatible; meta-externalagent/1.1 (+https://developers.facebook.com/docs/sharing/webmasters/crawler))"
57.141.0.36 - - [29/Jul/2026:21:08:49 +0200] "GET /wp-content/plugins/new-social-media-widget/css/hover-min.css?ver=3.5.2 HTTP/1.1" 200 5981 "https://royalty-trailers.co.za/?j=t9o4o0t7h2b0i7l6l8e4d2" "Mozilla/5.0 (X11; Linux x86_64) AppleWebKit/537.36 (KHTML, like Gecko) Chrome/145.0.0.0 Safari/537.36 (compatible; meta-externalagent/1.1 (+https://developers.facebook.com/docs/sharing/webmasters/crawler))"
57.141.0.60 - - [29/Jul/2026:21:08:49 +0200] "GET /wp-content/plugins/new-social-media-widget/css/nsmw-grid.css?ver=3.5.2 HTTP/1.1" 200 2592 "https://royalty-trailers.co.za/?j=t9o4o0t7h2b0i7l6l8e4d2" "Mozilla/5.0 (X11; Linux x86_64) AppleWebKit/537.36 (KHTML, like Gecko) Chrome/145.0.0.0 Safari/537.36 (compatible; meta-externalagent/1.1 (+https://developers.facebook.com/docs/sharing/webmasters/crawler))"
57.141.0.49 - - [29/Jul/2026:21:08:50 +0200] "GET /wp-content/plugins/gdpr-cookie-compliance/dist/styles/gdpr-main.css?ver=5.1.0 HTTP/1.1" 206 88483 "https://royalty-trailers.co.za/?j=t9o4o0t7h2b0i7l6l8e4d2" "Mozilla/5.0 (X11; Linux x86_64) AppleWebKit/537.36 (KHTML, like Gecko) Chrome/145.0.0.0 Safari/537.36 (compatible; meta-externalagent/1.1 (+https://developers.facebook.com/docs/sharing/webmasters/crawler))"
57.141.0.59 - - [29/Jul/2026:21:08:50 +0200] "GET /?j=t9o4o0t7h2b0i7l6l8e4d2 HTTP/1.1" 200 203682 "-" "Mozilla/5.0 (X11; Linux x86_64) AppleWebKit/537.36 (KHTML, like Gecko) Chrome/145.0.0.0 Safari/537.36 (compatible; meta-externalagent/1.1 (+https://developers.facebook.com/docs/sharing/webmasters/crawler))"
57.141.0.34 - - [29/Jul/2026:21:08:50 +0200] "GET /wp-content/plugins/woocommerce/assets/js/select2/select2.full.min.js?ver=4.0.3-wc.10.9.4 HTTP/1.1" 206 74620 "https://royalty-trailers.co.za/?j=t9o4o0t7h2b0i7l6l8e4d2" "Mozilla/5.0 (X11; Linux x86_64) AppleWebKit/537.36 (KHTML, like Gecko) Chrome/145.0.0.0 Safari/537.36 (compatible; meta-externalagent/1.1 (+https://developers.facebook.com/docs/sharing/webmasters/crawler))"
57.141.0.27 - - [29/Jul/2026:21:08:50 +0200] "GET /wp-content/plugins/gdpr-cookie-compliance/dist/scripts/main.js?ver=5.1.0 HTTP/1.1" 206 72127 "https://royalty-trailers.co.za/?j=t9o4o0t7h2b0i7l6l8e4d2" "Mozilla/5.0 (X11; Linux x86_64) AppleWebKit/537.36 (KHTML, like Gecko) Chrome/145.0.0.0 Safari/537.36 (compatible; meta-externalagent/1.1 (+https://developers.facebook.com/docs/sharing/webmasters/crawler))"
57.141.0.68 - - [29/Jul/2026:21:08:50 +0200] "GET /wp-content/plugins/woocommerce/assets/js/frontend/order-attribution.min.js?ver=10.9.4 HTTP/1.1" 200 2439 "https://royalty-trailers.co.za/?j=t9o4o0t7h2b0i7l6l8e4d2" "Mozilla/5.0 (X11; Linux x86_64) AppleWebKit/537.36 (KHTML, like Gecko) Chrome/145.0.0.0 Safari/537.36 (compatible; meta-externalagent/1.1 (+https://developers.facebook.com/docs/sharing/webmasters/crawler))"
57.141.0.50 - - [29/Jul/2026:21:08:50 +0200] "GET /wp-content/plugins/woocommerce/assets/js/frontend/woocommerce.min.js?ver=10.9.4 HTTP/1.1" 200 4270 "https://royalty-trailers.co.za/?j=t9o4o0t7h2b0i7l6l8e4d2" "Mozilla/5.0 (X11; Linux x86_64) AppleWebKit/537.36 (KHTML, like Gecko) Chrome/145.0.0.0 Safari/537.36 (compatible; meta-externalagent/1.1 (+https://developers.facebook.com/docs/sharing/webmasters/crawler))"
57.141.0.39 - - [29/Jul/2026:21:08:50 +0200] "GET /wp-content/plugins/woocommerce/assets/js/js-cookie/js.cookie.min.js?ver=2.1.4-wc.10.9.4 HTTP/1.1" 200 1720 "https://royalty-trailers.co.za/?j=t9o4o0t7h2b0i7l6l8e4d2" "Mozilla/5.0 (X11; Linux x86_64) AppleWebKit/537.36 (KHTML, like Gecko) Chrome/145.0.0.0 Safari/537.36 (compatible; meta-externalagent/1.1 (+https://developers.facebook.com/docs/sharing/webmasters/crawler))"
57.141.0.19 - - [29/Jul/2026:21:08:50 +0200] "GET /wp-content/plugins/woocommerce/assets/js/sourcebuster/sourcebuster.min.js?ver=10.9.4 HTTP/1.1" 200 15315 "https://royalty-trailers.co.za/?j=t9o4o0t7h2b0i7l6l8e4d2" "Mozilla/5.0 (X11; Linux x86_64) AppleWebKit/537.36 (KHTML, like Gecko) Chrome/145.0.0.0 Safari/537.36 (compatible; meta-externalagent/1.1 (+https://developers.facebook.com/docs/sharing/webmasters/crawler))"
57.141.0.12 - - [29/Jul/2026:21:08:50 +0200] "GET /wp-content/plugins/click-to-chat-for-whatsapp/new/inc/assets/js/app.js?ver=4.41 HTTP/1.1" 200 15818 "https://royalty-trailers.co.za/?j=t9o4o0t7h2b0i7l6l8e4d2" "Mozilla/5.0 (X11; Linux x86_64) AppleWebKit/537.36 (KHTML, like Gecko) Chrome/145.0.0.0 Safari/537.36 (compatible; meta-externalagent/1.1 (+https://developers.facebook.com/docs/sharing/webmasters/crawler))"
216.73.217.39 - - [29/Jul/2026:21:08:51 +0200] "GET /?j=a4c3c2u1s3t5o6m0a8b5ly HTTP/1.1" 200 163415 "-" "Mozilla/5.0 AppleWebKit/537.36 (KHTML, like Gecko; compatible; ClaudeBot/1.0; +claudebot@anthropic.com)"
57.141.0.66 - - [29/Jul/2026:21:08:53 +0200] "GET /wp-content/plugins/gdpr-cookie-compliance/dist/fonts/nunito-v8-latin-700.woff2 HTTP/1.1" 200 18912 "https://royalty-trailers.co.za/wp-content/plugins/gdpr-cookie-compliance/dist/styles/gdpr-main.css?ver=5.1.0" "Mozilla/5.0 (X11; Linux x86_64) AppleWebKit/537.36 (KHTML, like Gecko) Chrome/145.0.0.0 Safari/537.36 (compatible; meta-externalagent/1.1 (+https://developers.facebook.com/docs/sharing/webmasters/crawler))"
57.141.0.9 - - [29/Jul/2026:21:08:53 +0200] "GET /wp-content/plugins/gdpr-cookie-compliance/dist/fonts/nunito-v8-latin-regular.woff2 HTTP/1.1" 200 18796 "https://royalty-trailers.co.za/wp-content/plugins/gdpr-cookie-compliance/dist/styles/gdpr-main.css?ver=5.1.0" "Mozilla/5.0 (X11; Linux x86_64) AppleWebKit/537.36 (KHTML, like Gecko) Chrome/145.0.0.0 Safari/537.36 (compatible; meta-externalagent/1.1 (+https://developers.facebook.com/docs/sharing/webmasters/crawler))"
216.73.217.39 - - [29/Jul/2026:21:08:55 +0200] "GET /?j=t4y7l5o8s3i3s598 HTTP/1.1" 200 203748 "-" "Mozilla/5.0 AppleWebKit/537.36 (KHTML, like Gecko; compatible; ClaudeBot/1.0; +claudebot@anthropic.com)"
57.141.0.18 - - [29/Jul/2026:21:09:02 +0200] "GET /null HTTP/1.1" 404 146249 "https://royalty-trailers.co.za/?j=t9o4o0t7h2b0i7l6l8e4d2" "Mozilla/5.0 (X11; Linux x86_64) AppleWebKit/537.36 (KHTML, like Gecko) Chrome/145.0.0.0 Safari/537.36 (compatible; meta-externalagent/1.1 (+https://developers.facebook.com/docs/sharing/webmasters/crawler))"
57.141.0.24 - - [29/Jul/2026:21:09:12 +0200] "GET /?j=i4n3t9e0n1t1i9o1n9a2l4ity HTTP/1.1" 200 203880 "-" "Mozilla/5.0 (Windows NT 10.0; Win64; x64) AppleWebKit/537.36 (KHTML, like Gecko) Chrome/145.0.0.0 Safari/537.36 (compatible; meta-externalagent/1.1 (+https://developers.facebook.com/docs/sharing/webmasters/crawler))"
216.73.217.39 - - [29/Jul/2026:21:09:13 +0200] "GET /?j=h4u4n7g0r5e0d4685 HTTP/1.1" 200 203930 "-" "Mozilla/5.0 AppleWebKit/537.36 (KHTML, like Gecko; compatible; ClaudeBot/1.0; +claudebot@anthropic.com)"
164.68.125.131 - - [29/Jul/2026:21:09:26 +0200] "POST /wp-cron.php?doing_wp_cron=1785352166.8237800598144531250000 HTTP/1.1" 200 0 "-" "WordPress/6.9.4; https://royalty-trailers.co.za"
57.141.0.5 - - [29/Jul/2026:21:09:27 +0200] "GET /shops/starcher/s4u1b6a0g7e4n0t758 HTTP/1.1" 404 146249 "-" "Mozilla/5.0 (Windows NT 10.0; Win64; x64) AppleWebKit/537.36 (KHTML, like Gecko) Chrome/145.0.0.0 Safari/537.36 (compatible; meta-externalagent/1.1 (+https://developers.facebook.com/docs/sharing/webmasters/crawler))"
216.73.217.39 - - [29/Jul/2026:21:09:28 +0200] "GET /maillot/o2v8e8r6s4l9i0p213 HTTP/1.1" 404 146249 "-" "Mozilla/5.0 AppleWebKit/537.36 (KHTML, like Gecko; compatible; ClaudeBot/1.0; +claudebot@anthropic.com)"
57.141.0.11 - - [29/Jul/2026:21:09:35 +0200] "GET /shops/duodenal/s6u1b3u5r1b6i1c2a4r8i8an HTTP/1.1" 404 146249 "-" "Mozilla/5.0 (Windows NT 10.0; Win64; x64) AppleWebKit/537.36 (KHTML, like Gecko) Chrome/145.0.0.0 Safari/537.36 (compatible; meta-externalagent/1.1 (+https://developers.facebook.com/docs/sharing/webmasters/crawler))"
66.249.66.164 - - [29/Jul/2026:21:09:43 +0200] "GET /?j=s5e3l4e6n2i8u3r9e6t84 HTTP/1.1" 200 789782 "-" "Mozilla/5.0 (compatible; Googlebot/2.1; +http://www.google.com/bot.html)"
216.73.217.39 - - [29/Jul/2026:21:09:46 +0200] "GET /?j=d2i1s9p5r1o0p3r0i6a2t2e HTTP/1.1" 200 203753 "-" "Mozilla/5.0 AppleWebKit/537.36 (KHTML, like Gecko; compatible; ClaudeBot/1.0; +claudebot@anthropic.com)"
66.249.66.200 - - [29/Jul/2026:21:09:49 +0200] "GET /?j=a2l2t7o5s3698266 HTTP/1.1" 200 826425 "-" "Mozilla/5.0 (compatible; Googlebot/2.1; +http://www.google.com/bot.html)"
216.73.217.39 - - [29/Jul/2026:21:10:03 +0200] "GET /?j=f4l1a0g6g8y796234 HTTP/1.1" 200 203808 "-" "Mozilla/5.0 AppleWebKit/537.36 (KHTML, like Gecko; compatible; ClaudeBot/1.0; +claudebot@anthropic.com)"
164.68.125.131 - - [29/Jul/2026:21:10:22 +0200] "POST /wp-cron.php?doing_wp_cron=1785352222.6732680797576904296875 HTTP/1.1" 200 0 "-" "WordPress/6.9.4; https://royalty-trailers.co.za"
216.73.217.39 - - [29/Jul/2026:21:10:22 +0200] "GET /?j=n4u3m6b7e2r5e7r1854 HTTP/1.1" 200 203467 "-" "Mozilla/5.0 AppleWebKit/537.36 (KHTML, like Gecko; compatible; ClaudeBot/1.0; +claudebot@anthropic.com)"
216.73.217.39 - - [29/Jul/2026:21:10:39 +0200] "GET /?j=s4c1o2r3p5a8e1n7i2d7a9e HTTP/1.1" 200 203702 "-" "Mozilla/5.0 AppleWebKit/537.36 (KHTML, like Gecko; compatible; ClaudeBot/1.0; +claudebot@anthropic.com)"
164.68.125.131 - - [29/Jul/2026:21:10:44 +0200] "POST /wp-cron.php?doing_wp_cron=1785352244.2183189392089843750000 HTTP/1.1" 200 0 "-" "WordPress/6.9.4; https://royalty-trailers.co.za"
57.141.0.62 - - [29/Jul/2026:21:10:45 +0200] "GET /shops/retromingent/p4r2i3n8c7i6p0l8e1d99 HTTP/1.1" 404 146249 "-" "Mozilla/5.0 (Windows NT 10.0; Win64; x64) AppleWebKit/537.36 (KHTML, like Gecko) Chrome/145.0.0.0 Safari/537.36 (compatible; meta-externalagent/1.1 (+https://developers.facebook.com/docs/sharing/webmasters/crawler))"
216.73.217.39 - - [29/Jul/2026:21:10:50 +0200] "GET /?j=a4u5t8h3e2n5t1i8c2a8l HTTP/1.1" 200 203305 "-" "Mozilla/5.0 AppleWebKit/537.36 (KHTML, like Gecko; compatible; ClaudeBot/1.0; +claudebot@anthropic.com)"
216.73.217.39 - - [29/Jul/2026:21:11:07 +0200] "GET /?j=c4o2r8r0u5m2p3a6b7l3e0 HTTP/1.1" 200 203431 "-" "Mozilla/5.0 AppleWebKit/537.36 (KHTML, like Gecko; compatible; ClaudeBot/1.0; +claudebot@anthropic.com)"
57.141.0.42 - - [29/Jul/2026:21:11:14 +0200] "GET /?j=n8o3n8p7r3e6p0a7r3a9t1ion HTTP/1.1" 200 202936 "-" "Mozilla/5.0 (Macintosh; Intel Mac OS X 10_15_7) AppleWebKit/537.36 (KHTML, like Gecko) Chrome/145.0.0.0 Safari/537.36 (compatible; meta-externalagent/1.1 (+https://developers.facebook.com/docs/sharing/webmasters/crawler))"
164.68.125.131 - - [29/Jul/2026:21:11:20 +0200] "POST /wp-cron.php?doing_wp_cron=1785352280.5694549083709716796875 HTTP/1.1" 200 0 "-" "WordPress/6.9.4; https://royalty-trailers.co.za"
216.73.217.39 - - [29/Jul/2026:21:11:20 +0200] "GET /shops/artificer/l2e3t0t1e8r9g2r9a4m0s7 HTTP/1.1" 404 146249 "-" "Mozilla/5.0 AppleWebKit/537.36 (KHTML, like Gecko; compatible; ClaudeBot/1.0; +claudebot@anthropic.com)"
66.249.66.73 - - [29/Jul/2026:21:11:30 +0200] "GET /review/goods/R3139364025/ HTTP/1.1" 200 816142 "-" "Mozilla/5.0 (Linux; Android 6.0.1; Nexus 5X Build/MMB29P) AppleWebKit/537.36 (KHTML, like Gecko) Chrome/150.0.7871.186 Mobile Safari/537.36 (compatible; Googlebot/2.1; +http://www.google.com/bot.html)"
57.141.0.54 - - [29/Jul/2026:21:11:33 +0200] "GET /null HTTP/1.1" 404 130715 "https://royalty-trailers.co.za/?j=n8o3n8p7r3e6p0a7r3a9t1ion" "Mozilla/5.0 (Macintosh; Intel Mac OS X 10_15_7) AppleWebKit/537.36 (KHTML, like Gecko) Chrome/145.0.0.0 Safari/537.36 (compatible; meta-externalagent/1.1 (+https://developers.facebook.com/docs/sharing/webmasters/crawler))"
216.73.217.39 - - [29/Jul/2026:21:11:40 +0200] "GET /?j=r2h5u5b3a1r5b5y891 HTTP/1.1" 200 203875 "-" "Mozilla/5.0 AppleWebKit/537.36 (KHTML, like Gecko; compatible; ClaudeBot/1.0; +claudebot@anthropic.com)"
66.249.66.72 - - [29/Jul/2026:21:11:49 +0200] "GET /review/goods/R4105517757/ HTTP/1.1" 200 822823 "-" "Mozilla/5.0 (Linux; Android 6.0.1; Nexus 5X Build/MMB29P) AppleWebKit/537.36 (KHTML, like Gecko) Chrome/150.0.7871.186 Mobile Safari/537.36 (compatible; GoogleOther)"
57.141.0.22 - - [29/Jul/2026:21:11:52 +0200] "GET /?j=t4a5b5l5e0s6p3o7o6n9 HTTP/1.1" 200 203805 "-" "Mozilla/5.0 (Windows NT 10.0; Win64; x64) AppleWebKit/537.36 (KHTML, like Gecko) Chrome/145.0.0.0 Safari/537.36 (compatible; meta-externalagent/1.1 (+https://developers.facebook.com/docs/sharing/webmasters/crawler))"
57.141.0.70 - - [29/Jul/2026:21:11:52 +0200] "GET /shops/euphrasy/l4i1k3e7n1i8n2g3718 HTTP/1.1" 404 146249 "-" "Mozilla/5.0 (Windows NT 10.0; Win64; x64) AppleWebKit/537.36 (KHTML, like Gecko) Chrome/145.0.0.0 Safari/537.36 (compatible; meta-externalagent/1.1 (+https://developers.facebook.com/docs/sharing/webmasters/crawler))"
216.73.217.39 - - [29/Jul/2026:21:11:56 +0200] "GET /?j=a4u3m5a9i0l611669 HTTP/1.1" 200 203668 "-" "Mozilla/5.0 AppleWebKit/537.36 (KHTML, like Gecko; compatible; ClaudeBot/1.0; +claudebot@anthropic.com)"
57.141.0.41 - - [29/Jul/2026:21:12:00 +0200] "GET /shops/seraphicalness/r4e3s3i1s4t3l3e9s9s7n5ess HTTP/1.1" 404 146249 "-" "Mozilla/5.0 (X11; Linux x86_64) AppleWebKit/537.36 (KHTML, like Gecko) Chrome/145.0.0.0 Safari/537.36 (compatible; meta-externalagent/1.1 (+https://developers.facebook.com/docs/sharing/webmasters/crawler))"
216.73.217.39 - - [29/Jul/2026:21:12:09 +0200] "GET /?j=r4a1i4n3y5883323 HTTP/1.1" 200 203577 "-" "Mozilla/5.0 AppleWebKit/537.36 (KHTML, like Gecko; compatible; ClaudeBot/1.0; +claudebot@anthropic.com)"
164.68.125.131 - - [29/Jul/2026:21:12:29 +0200] "POST /wp-cron.php?doing_wp_cron=1785352349.8539640903472900390625 HTTP/1.1" 200 0 "-" "WordPress/6.9.4; https://royalty-trailers.co.za"
216.73.217.39 - - [29/Jul/2026:21:12:30 +0200] "GET /?j=n4o2z6z3l0e925595 HTTP/1.1" 200 203834 "-" "Mozilla/5.0 AppleWebKit/537.36 (KHTML, like Gecko; compatible; ClaudeBot/1.0; +claudebot@anthropic.com)"
66.249.66.201 - - [29/Jul/2026:21:12:44 +0200] "GET /?j=q4u3e5n0c2h8i1n3g183 HTTP/1.1" 200 787269 "-" "Mozilla/5.0 (Linux; Android 6.0.1; Nexus 5X Build/MMB29P) AppleWebKit/537.36 (KHTML, like Gecko) Chrome/150.0.7871.128 Mobile Safari/537.36 (compatible; Googlebot/2.1; +http://www.google.com/bot.html)"
216.73.217.39 - - [29/Jul/2026:21:12:44 +0200] "GET /sadducized/a4g3r1i8c9o1l4a6t2i1o1n HTTP/1.1" 404 146249 "-" "Mozilla/5.0 AppleWebKit/537.36 (KHTML, like Gecko; compatible; ClaudeBot/1.0; +claudebot@anthropic.com)"
216.73.217.39 - - [29/Jul/2026:21:13:02 +0200] "GET /?j=s4i2g4n8a0t4u0s1389 HTTP/1.1" 200 203745 "-" "Mozilla/5.0 AppleWebKit/537.36 (KHTML, like Gecko; compatible; ClaudeBot/1.0; +claudebot@anthropic.com)"
45.227.253.15 - - [29/Jul/2026:21:13:03 +0200] "GET /index.php/jk HTTP/1.1" 403 54 "-" "Mozilla/5.0 (Windows NT 10.0; Win64; x64) AppleWebKit/537.36 (KHTML, like Gecko) Chrome/78.0.3790 Safari/537.36 Edg/78.0.142.6"
164.68.125.131 - - [29/Jul/2026:21:13:15 +0200] "POST /wp-cron.php?doing_wp_cron=1785352395.4278249740600585937500 HTTP/1.1" 200 0 "-" "WordPress/6.9.4; https://royalty-trailers.co.za"
216.73.217.39 - - [29/Jul/2026:21:13:15 +0200] "GET /?j=w4i4d7a5l5s92283 HTTP/1.1" 200 203712 "-" "Mozilla/5.0 AppleWebKit/537.36 (KHTML, like Gecko; compatible; ClaudeBot/1.0; +claudebot@anthropic.com)"
164.68.125.131 - - [29/Jul/2026:21:13:34 +0200] "POST /wp-cron.php?doing_wp_cron=1785352414.0370221138000488281250 HTTP/1.1" 200 0 "-" "WordPress/6.9.4; https://royalty-trailers.co.za"
216.73.217.39 - - [29/Jul/2026:21:13:34 +0200] "GET /?j=s4c1o2r4p0i2u9s967 HTTP/1.1" 200 203846 "-" "Mozilla/5.0 AppleWebKit/537.36 (KHTML, like Gecko; compatible; ClaudeBot/1.0; +claudebot@anthropic.com)"
216.73.217.39 - - [29/Jul/2026:21:13:51 +0200] "GET /?j=m4y8l5o9d6o8n5t1i4d2ae HTTP/1.1" 200 203527 "-" "Mozilla/5.0 AppleWebKit/537.36 (KHTML, like Gecko; compatible; ClaudeBot/1.0; +claudebot@anthropic.com)"
57.141.0.58 - - [29/Jul/2026:21:13:53 +0200] "GET /?j=e6i4g0h0t3v9o4573 HTTP/1.1" 200 203648 "-" "Mozilla/5.0 (Windows NT 10.0; Win64; x64) AppleWebKit/537.36 (KHTML, like Gecko) Chrome/145.0.0.0 Safari/537.36 (compatible; meta-externalagent/1.1 (+https://developers.facebook.com/docs/sharing/webmasters/crawler))"
216.73.217.39 - - [29/Jul/2026:21:14:06 +0200] "GET /?j=o4r3r5a7c9h601213 HTTP/1.1" 200 203602 "-" "Mozilla/5.0 AppleWebKit/537.36 (KHTML, like Gecko; compatible; ClaudeBot/1.0; +claudebot@anthropic.com)"
