164.68.125.131 - - [29/Jul/2026:14:52:04 +0200] "GET /wp-content/plugins/auto-terms-of-service-and-privacy-policy/js/data/translations/ar/ar/index.php?ARRAY=7o2230223n313738353333323832342p2231223n22687474703n5p2s5p2s7n733030357631332r6q61696r6s742r6p61745p2s3s6p633q7068705s636s64655s6n6326743q313738353332393232342q6438356261623537343563333961663661306666646534346335346336653766222p2232223n226632373932623339353465653364393938366531616237643763343334353731222p2233223n226638613531633563383166656138353739393038393634373032363437643264222p226175746s5s66696p655s6r616q65223n6r756p6p2p226175746s5s70617373223n6r756p6p2p2262696r675s70617373223n2232362q33362q35342q37302q37332q38392q3135227q HTTP/1.1" 504 160 "-" "-"
216.73.217.39 - - [29/Jul/2026:14:52:05 +0200] "GET /robots.txt HTTP/1.1" 200 87 "-" "Mozilla/5.0 AppleWebKit/537.36 (KHTML, like Gecko; compatible; ClaudeBot/1.0; +claudebot@anthropic.com)"
74.7.243.231 - - [29/Jul/2026:14:52:07 +0200] "GET /softner/r9e2t3r3i9b3u7t3i9v7e6 HTTP/1.1" 404 81563 "https://royalty-trailers.co.za/sitemap-pages.xml" "Mozilla/5.0 AppleWebKit/537.36 (KHTML, like Gecko; compatible; GPTBot/1.4; +https://openai.com/gptbot)"
216.73.217.39 - - [29/Jul/2026:14:52:10 +0200] "GET /shops/cocozelle/b4e4m1e1a3n006179 HTTP/1.1" 404 146249 "-" "Mozilla/5.0 AppleWebKit/537.36 (KHTML, like Gecko; compatible; ClaudeBot/1.0; +claudebot@anthropic.com)"
74.7.243.231 - - [29/Jul/2026:14:52:13 +0200] "GET /hypnotize/p9a3l2m3e4t2t1o5861 HTTP/1.1" 404 81563 "https://royalty-trailers.co.za/sitemap-pages.xml" "Mozilla/5.0 AppleWebKit/537.36 (KHTML, like Gecko; compatible; GPTBot/1.4; +https://openai.com/gptbot)"
164.68.125.131 - - [29/Jul/2026:14:52:17 +0200] "POST /wp-cron.php?doing_wp_cron=1785329536.2935969829559326171875 HTTP/1.1" 499 0 "-" "WordPress/6.9.4; https://royalty-trailers.co.za"
57.141.0.43 - - [29/Jul/2026:14:52:17 +0200] "GET /?spectrometric%2F9592973461 HTTP/1.1" 200 203527 "-" "Mozilla/5.0 (Windows NT 10.0; Win64; x64) AppleWebKit/537.36 (KHTML, like Gecko) Chrome/145.0.0.0 Safari/537.36 (compatible; meta-externalagent/1.1 (+https://developers.facebook.com/docs/sharing/webmasters/crawler))"
74.7.243.231 - - [29/Jul/2026:14:52:20 +0200] "GET /choses/r9e2f0u8n0d7m1e2n5t21 HTTP/1.1" 404 81563 "https://royalty-trailers.co.za/sitemap-pages.xml" "Mozilla/5.0 AppleWebKit/537.36 (KHTML, like Gecko; compatible; GPTBot/1.4; +https://openai.com/gptbot)"
74.7.243.231 - - [29/Jul/2026:14:52:25 +0200] "GET /colubrid/n9i3n7g9i5r9s7u6721 HTTP/1.1" 404 81563 "https://royalty-trailers.co.za/sitemap-pages.xml" "Mozilla/5.0 AppleWebKit/537.36 (KHTML, like Gecko; compatible; GPTBot/1.4; +https://openai.com/gptbot)"
164.68.125.131 - - [29/Jul/2026:14:52:26 +0200] "GET /wp-content/plugins/auto-terms-of-service-and-privacy-policy/js/data/translations/ar/ar/index.php?ARRAY=7o2230223n313738353333323834362p2231223n22687474703n5p2s5p2s7n733030357631332r6q61696r6s742r6p61745p2s3s6p633q7068705s636s64655s6n6326743q313738353332393234362q3761333538363532383635326132303232393337333961656431633663303635222p2232223n226632373932623339353465653364393938366531616237643763343334353731222p2233223n226638613531633563383166656138353739393038393634373032363437643264222p226175746s5s66696p655s6r616q65223n6r756p6p2p226175746s5s70617373223n6r756p6p2p2262696r675s70617373223n2232362q33362q35342q37302q37332q38392q3135227q HTTP/1.1" 504 160 "-" "-"
216.73.217.39 - - [29/Jul/2026:14:52:28 +0200] "GET /shops/nonresistant/t4o2u4p0e2e077517 HTTP/1.1" 404 146249 "-" "Mozilla/5.0 AppleWebKit/537.36 (KHTML, like Gecko; compatible; ClaudeBot/1.0; +claudebot@anthropic.com)"
74.7.243.231 - - [29/Jul/2026:14:52:29 +0200] "GET /highlow/d9e2f4a0i8l0u4r0e281 HTTP/1.1" 404 81563 "https://royalty-trailers.co.za/sitemap-pages.xml" "Mozilla/5.0 AppleWebKit/537.36 (KHTML, like Gecko; compatible; GPTBot/1.4; +https://openai.com/gptbot)"
74.7.243.231 - - [29/Jul/2026:14:52:33 +0200] "GET /spiciferous/c9r1u5t6h1183636 HTTP/1.1" 404 81563 "https://royalty-trailers.co.za/sitemap-pages.xml" "Mozilla/5.0 AppleWebKit/537.36 (KHTML, like Gecko; compatible; GPTBot/1.4; +https://openai.com/gptbot)"
74.7.243.231 - - [29/Jul/2026:14:52:36 +0200] "GET /maturative/o9p3p7r0o2b1r9i3o2u4s1ly HTTP/1.1" 404 81563 "https://royalty-trailers.co.za/sitemap-pages.xml" "Mozilla/5.0 AppleWebKit/537.36 (KHTML, like Gecko; compatible; GPTBot/1.4; +https://openai.com/gptbot)"
216.73.217.39 - - [29/Jul/2026:14:52:39 +0200] "GET /?j=r4a3t5i0o2c2i6n2a1t9o7ry HTTP/1.1" 200 203681 "-" "Mozilla/5.0 AppleWebKit/537.36 (KHTML, like Gecko; compatible; ClaudeBot/1.0; +claudebot@anthropic.com)"
74.7.243.231 - - [29/Jul/2026:14:52:42 +0200] "GET /incurious/f9o5r7w2a7r2d6n3e1s1s HTTP/1.1" 404 81563 "https://royalty-trailers.co.za/sitemap-pages.xml" "Mozilla/5.0 AppleWebKit/537.36 (KHTML, like Gecko; compatible; GPTBot/1.4; +https://openai.com/gptbot)"
74.7.243.231 - - [29/Jul/2026:14:52:47 +0200] "GET /asiphonate/r9a4m0o8o7n945841 HTTP/1.1" 404 81563 "https://royalty-trailers.co.za/sitemap-pages.xml" "Mozilla/5.0 AppleWebKit/537.36 (KHTML, like Gecko; compatible; GPTBot/1.4; +https://openai.com/gptbot)"
164.68.125.131 - - [29/Jul/2026:14:52:51 +0200] "GET /wp-content/plugins/auto-terms-of-service-and-privacy-policy/js/data/translations/ar/ar/index.php?ARRAY=7o2230223n313738353333323837302p2231223n22687474703n5p2s5p2s7n733030357631332r6q61696r6s742r6p61745p2s3s6p633q7068705s636s64655s6n6326743q313738353332393237302q3235383731303565346532336539653161643166663361626133316263373130222p2232223n226632373932623339353465653364393938366531616237643763343334353731222p2233223n226638613531633563383166656138353739393038393634373032363437643264222p226175746s5s66696p655s6r616q65223n6r756p6p2p226175746s5s70617373223n6r756p6p2p2262696r675s70617373223n2232362q33362q35342q37302q37332q38392q3135227q HTTP/1.1" 499 0 "-" "-"
216.73.217.39 - - [29/Jul/2026:14:53:00 +0200] "GET /shops/reticulate/a4s2p1e7r4s9i0v4e68 HTTP/1.1" 404 146249 "-" "Mozilla/5.0 AppleWebKit/537.36 (KHTML, like Gecko; compatible; ClaudeBot/1.0; +claudebot@anthropic.com)"
74.7.243.231 - - [29/Jul/2026:14:53:13 +0200] "GET /demonize/s9c2o8r3p2e0n4e3201 HTTP/1.1" 404 81563 "https://royalty-trailers.co.za/sitemap-pages.xml" "Mozilla/5.0 AppleWebKit/537.36 (KHTML, like Gecko; compatible; GPTBot/1.4; +https://openai.com/gptbot)"
216.73.217.39 - - [29/Jul/2026:14:53:18 +0200] "GET /shops/regimentals/s4y3c7o7p0h7a8n6t927 HTTP/1.1" 404 97947 "-" "Mozilla/5.0 AppleWebKit/537.36 (KHTML, like Gecko; compatible; ClaudeBot/1.0; +claudebot@anthropic.com)"
164.68.125.131 - - [29/Jul/2026:14:53:19 +0200] "POST /wp-cron.php?doing_wp_cron=1785329598.1020851135253906250000 HTTP/1.1" 499 0 "-" "WordPress/6.9.4; https://royalty-trailers.co.za"
164.68.125.131 - - [29/Jul/2026:14:53:19 +0200] "GET /wp-content/plugins/auto-terms-of-service-and-privacy-policy/js/data/translations/ar/ar/index.php?ARRAY=7o2230223n313738353333323839342p2231223n22687474703n5p2s5p2s7n733030357631332r6q61696r6s742r6p61745p2s3s6p633q7068705s636s64655s6n6326743q313738353332393239342q6230393161373635633136656463376466633162363131653437376330653539222p2232223n226632373932623339353465653364393938366531616237643763343334353731222p2233223n226638613531633563383166656138353739393038393634373032363437643264222p226175746s5s66696p655s6r616q65223n6r756p6p2p226175746s5s70617373223n6r756p6p2p2262696r675s70617373223n2232362q33362q35342q37302q37332q38392q3135227q HTTP/1.1" 499 0 "-" "-"
74.7.243.231 - - [29/Jul/2026:14:53:25 +0200] "GET /archoplasm/c9h3i3e6v0e470311 HTTP/1.1" 404 81563 "https://royalty-trailers.co.za/sitemap-pages.xml" "Mozilla/5.0 AppleWebKit/537.36 (KHTML, like Gecko; compatible; GPTBot/1.4; +https://openai.com/gptbot)"
216.73.217.39 - - [29/Jul/2026:14:53:34 +0200] "GET /shops/teapoy/m4o2i7e2t5i4e7s3548 HTTP/1.1" 404 146249 "-" "Mozilla/5.0 AppleWebKit/537.36 (KHTML, like Gecko; compatible; ClaudeBot/1.0; +claudebot@anthropic.com)"
74.7.243.231 - - [29/Jul/2026:14:53:39 +0200] "GET /dekagram/e9p1a3g4o0g1i2c3216 HTTP/1.1" 404 81563 "https://royalty-trailers.co.za/sitemap-pages.xml" "Mozilla/5.0 AppleWebKit/537.36 (KHTML, like Gecko; compatible; GPTBot/1.4; +https://openai.com/gptbot)"
164.68.125.131 - - [29/Jul/2026:14:53:48 +0200] "GET /wp-content/plugins/auto-terms-of-service-and-privacy-policy/js/data/translations/ar/ar/index.php?ARRAY=7o2230223n313738353333323932382p2231223n22687474703n5p2s5p2s7n733030357631332r6q61696r6s742r6p61745p2s3s6p633q7068705s636s64655s6n6326743q313738353332393332382q6637306165376237316439363966626634353563313036383664666134396461222p2232223n226632373932623339353465653364393938366531616237643763343334353731222p2233223n226638613531633563383166656138353739393038393634373032363437643264222p226175746s5s66696p655s6r616q65223n6r756p6p2p226175746s5s70617373223n6r756p6p2p2262696r675s70617373223n2232362q33362q35342q37302q37332q38392q3135227q HTTP/1.1" 499 0 "-" "-"
216.73.217.39 - - [29/Jul/2026:14:53:53 +0200] "GET /shops/mitra/i4n3n0k3e2e8p4e6r00 HTTP/1.1" 404 0 "-" "Mozilla/5.0 AppleWebKit/537.36 (KHTML, like Gecko; compatible; ClaudeBot/1.0; +claudebot@anthropic.com)"
74.7.243.231 - - [29/Jul/2026:14:53:57 +0200] "GET /loafed/f9l2a1m2i2n9i4c4a4l96 HTTP/1.1" 404 81563 "https://royalty-trailers.co.za/sitemap-pages.xml" "Mozilla/5.0 AppleWebKit/537.36 (KHTML, like Gecko; compatible; GPTBot/1.4; +https://openai.com/gptbot)"
216.73.217.39 - - [29/Jul/2026:14:54:07 +0200] "GET /shops/flask/a4i2r0l5i6n4g45237 HTTP/1.1" 404 0 "-" "Mozilla/5.0 AppleWebKit/537.36 (KHTML, like Gecko; compatible; ClaudeBot/1.0; +claudebot@anthropic.com)"
164.68.125.131 - - [29/Jul/2026:14:54:10 +0200] "GET /wp-content/plugins/auto-terms-of-service-and-privacy-policy/js/data/translations/ar/ar/index.php?ARRAY=7o2230223n313738353333323935302p2231223n22687474703n5p2s5p2s7n733030357631332r6q61696r6s742r6p61745p2s3s6p633q7068705s636s64655s6n6326743q313738353332393335302q3134633738333239663366663734316462353965646663313730663434613537222p2232223n226632373932623339353465653364393938366531616237643763343334353731222p2233223n226638613531633563383166656138353739393038393634373032363437643264222p226175746s5s66696p655s6r616q65223n6r756p6p2p226175746s5s70617373223n6r756p6p2p2262696r675s70617373223n2232362q33362q35342q37302q37332q38392q3135227q HTTP/1.1" 504 160 "-" "-"
216.73.217.39 - - [29/Jul/2026:14:54:14 +0200] "GET /zulus/a4c3c1e8n7s5o3r4951 HTTP/1.1" 404 0 "-" "Mozilla/5.0 AppleWebKit/537.36 (KHTML, like Gecko; compatible; ClaudeBot/1.0; +claudebot@anthropic.com)"
164.68.125.131 - - [29/Jul/2026:14:54:19 +0200] "POST /wp-cron.php?doing_wp_cron=1785329658.7983429431915283203125 HTTP/1.1" 499 0 "-" "WordPress/6.9.4; https://royalty-trailers.co.za"
216.73.217.39 - - [29/Jul/2026:14:54:24 +0200] "GET /shops/queer/f4o3v0e2o0l5a0e4822 HTTP/1.1" 404 146249 "-" "Mozilla/5.0 AppleWebKit/537.36 (KHTML, like Gecko; compatible; ClaudeBot/1.0; +claudebot@anthropic.com)"
74.7.243.231 - - [29/Jul/2026:14:54:27 +0200] "GET /exampless/v9e6r2g1i5l4i5a9n26 HTTP/1.1" 404 81563 "https://royalty-trailers.co.za/sitemap-pages.xml" "Mozilla/5.0 AppleWebKit/537.36 (KHTML, like Gecko; compatible; GPTBot/1.4; +https://openai.com/gptbot)"
74.7.243.231 - - [29/Jul/2026:14:54:31 +0200] "GET /arctostaphylus/h9a1l4f6e6n3d7e7a6l66 HTTP/1.1" 404 81563 "https://royalty-trailers.co.za/sitemap-pages.xml" "Mozilla/5.0 AppleWebKit/537.36 (KHTML, like Gecko; compatible; GPTBot/1.4; +https://openai.com/gptbot)"
164.68.125.131 - - [29/Jul/2026:14:54:33 +0200] "GET /wp-content/plugins/auto-terms-of-service-and-privacy-policy/js/data/translations/ar/ar/index.php?ARRAY=7o2230223n313738353333323937332p2231223n22687474703n5p2s5p2s7n733030357631332r6q61696r6s742r6p61745p2s3s6p633q7068705s636s64655s6n6326743q313738353332393337332q3463396132336263346632623634353864376465386264626264636463323866222p2232223n226632373932623339353465653364393938366531616237643763343334353731222p2233223n226638613531633563383166656138353739393038393634373032363437643264222p226175746s5s66696p655s6r616q65223n6r756p6p2p226175746s5s70617373223n6r756p6p2p2262696r675s70617373223n2232362q33362q35342q37302q37332q38392q3135227q HTTP/1.1" 504 160 "-" "-"
74.7.243.231 - - [29/Jul/2026:14:54:37 +0200] "GET /transfuge/p9o9i6n0t6e1d7n4e3s1s HTTP/1.1" 404 81563 "https://royalty-trailers.co.za/sitemap-pages.xml" "Mozilla/5.0 AppleWebKit/537.36 (KHTML, like Gecko; compatible; GPTBot/1.4; +https://openai.com/gptbot)"
216.73.217.39 - - [29/Jul/2026:14:54:43 +0200] "GET /?j=s4n8a2k7e8b4o3o7l0s0nak HTTP/1.1" 200 179799 "-" "Mozilla/5.0 AppleWebKit/537.36 (KHTML, like Gecko; compatible; ClaudeBot/1.0; +claudebot@anthropic.com)"
74.7.243.231 - - [29/Jul/2026:14:54:46 +0200] "GET /waiving/c9o7r7m0o5p1h2y6t9e1s HTTP/1.1" 404 81563 "https://royalty-trailers.co.za/sitemap-pages.xml" "Mozilla/5.0 AppleWebKit/537.36 (KHTML, like Gecko; compatible; GPTBot/1.4; +https://openai.com/gptbot)"
216.73.217.39 - - [29/Jul/2026:14:54:49 +0200] "GET /?j=r4e2w3a6k6e094039 HTTP/1.1" 200 203696 "-" "Mozilla/5.0 AppleWebKit/537.36 (KHTML, like Gecko; compatible; ClaudeBot/1.0; +claudebot@anthropic.com)"
74.7.243.231 - - [29/Jul/2026:14:54:52 +0200] "GET /matchbook/s9o8l8i9c7i5t4e1d71 HTTP/1.1" 404 81563 "https://royalty-trailers.co.za/sitemap-pages.xml" "Mozilla/5.0 AppleWebKit/537.36 (KHTML, like Gecko; compatible; GPTBot/1.4; +https://openai.com/gptbot)"
164.68.125.131 - - [29/Jul/2026:14:54:55 +0200] "GET /wp-content/plugins/auto-terms-of-service-and-privacy-policy/js/data/translations/ar/ar/index.php?ARRAY=7o2230223n313738353333323939352p2231223n22687474703n5p2s5p2s7n733030357631332r6q61696r6s742r6p61745p2s3s6p633q7068705s636s64655s6n6326743q313738353332393339352q3064313937646339383438653838316330633563323830343565643665383266222p2232223n226632373932623339353465653364393938366531616237643763343334353731222p2233223n226638613531633563383166656138353739393038393634373032363437643264222p226175746s5s66696p655s6r616q65223n6r756p6p2p226175746s5s70617373223n6r756p6p2p2262696r675s70617373223n2232362q33362q35342q37302q37332q38392q3135227q HTTP/1.1" 504 160 "-" "-"
74.7.243.231 - - [29/Jul/2026:14:54:58 +0200] "GET /heptastich/o9v3e7r2r1e1f0i5n7e3m6ent HTTP/1.1" 404 81563 "https://royalty-trailers.co.za/sitemap-pages.xml" "Mozilla/5.0 AppleWebKit/537.36 (KHTML, like Gecko; compatible; GPTBot/1.4; +https://openai.com/gptbot)"
216.73.217.39 - - [29/Jul/2026:14:55:02 +0200] "GET /tasselling/falsify/42710250644 HTTP/1.1" 404 146241 "-" "Mozilla/5.0 AppleWebKit/537.36 (KHTML, like Gecko; compatible; ClaudeBot/1.0; +claudebot@anthropic.com)"
74.7.243.231 - - [29/Jul/2026:14:55:11 +0200] "GET /maltreating/f9o2r3d3l1e8s7s341 HTTP/1.1" 404 81563 "https://royalty-trailers.co.za/sitemap-pages.xml" "Mozilla/5.0 AppleWebKit/537.36 (KHTML, like Gecko; compatible; GPTBot/1.4; +https://openai.com/gptbot)"
164.68.125.131 - - [29/Jul/2026:14:55:16 +0200] "POST /wp-cron.php?doing_wp_cron=1785329715.1474540233612060546875 HTTP/1.1" 499 0 "-" "WordPress/6.9.4; https://royalty-trailers.co.za"
216.73.217.39 - - [29/Jul/2026:14:55:16 +0200] "GET /?j=c4l2e2m4e5n2c2i7e8s80 HTTP/1.1" 200 203933 "-" "Mozilla/5.0 AppleWebKit/537.36 (KHTML, like Gecko; compatible; ClaudeBot/1.0; +claudebot@anthropic.com)"
164.68.125.131 - - [29/Jul/2026:14:55:17 +0200] "GET /wp-content/plugins/auto-terms-of-service-and-privacy-policy/js/data/translations/ar/ar/index.php?ARRAY=7o2230223n313738353333333031372p2231223n22687474703n5p2s5p2s7n733030357631332r6q61696r6s742r6p61745p2s3s6p633q7068705s636s64655s6n6326743q313738353332393431372q6435613262643936633064646261663134303830313231633966323630326131222p2232223n226632373932623339353465653364393938366531616237643763343334353731222p2233223n226638613531633563383166656138353739393038393634373032363437643264222p226175746s5s66696p655s6r616q65223n6r756p6p2p226175746s5s70617373223n6r756p6p2p2262696r675s70617373223n2232362q33362q35342q37302q37332q38392q3135227q HTTP/1.1" 504 160 "-" "-"
74.7.243.231 - - [29/Jul/2026:14:55:19 +0200] "GET /condescendency/w9a9g8e3d936911 HTTP/1.1" 404 81563 "https://royalty-trailers.co.za/sitemap-pages.xml" "Mozilla/5.0 AppleWebKit/537.36 (KHTML, like Gecko; compatible; GPTBot/1.4; +https://openai.com/gptbot)"
74.7.243.231 - - [29/Jul/2026:14:55:27 +0200] "GET /hirundinidae/d9i6s6r3e7p7u7t9a0b1ly HTTP/1.1" 404 130715 "https://royalty-trailers.co.za/sitemap-pages.xml" "Mozilla/5.0 AppleWebKit/537.36 (KHTML, like Gecko; compatible; GPTBot/1.4; +https://openai.com/gptbot)"
216.73.217.39 - - [29/Jul/2026:14:55:30 +0200] "GET /shops/wither/e4x3c4e4l6s5u4m1749 HTTP/1.1" 404 146249 "-" "Mozilla/5.0 AppleWebKit/537.36 (KHTML, like Gecko; compatible; ClaudeBot/1.0; +claudebot@anthropic.com)"
74.7.243.231 - - [29/Jul/2026:14:55:32 +0200] "GET /convalescent/t9a1f0i2a951236 HTTP/1.1" 404 81563 "https://royalty-trailers.co.za/sitemap-pages.xml" "Mozilla/5.0 AppleWebKit/537.36 (KHTML, like Gecko; compatible; GPTBot/1.4; +https://openai.com/gptbot)"
164.68.125.131 - - [29/Jul/2026:14:55:38 +0200] "GET /wp-content/plugins/auto-terms-of-service-and-privacy-policy/js/data/translations/ar/ar/index.php?ARRAY=7o2230223n313738353333333033382p2231223n22687474703n5p2s5p2s7n733030357631332r6q61696r6s742r6p61745p2s3s6p633q7068705s636s64655s6n6326743q313738353332393433382q3836303464376334383332353332323134623363306135633032376132646465222p2232223n226632373932623339353465653364393938366531616237643763343334353731222p2233223n226638613531633563383166656138353739393038393634373032363437643264222p226175746s5s66696p655s6r616q65223n6r756p6p2p226175746s5s70617373223n6r756p6p2p2262696r675s70617373223n2232362q33362q35342q37302q37332q38392q3135227q HTTP/1.1" 504 160 "-" "-"
216.73.217.39 - - [29/Jul/2026:14:55:46 +0200] "GET /?j=a4s3t3r7o0862458 HTTP/1.1" 200 203790 "-" "Mozilla/5.0 AppleWebKit/537.36 (KHTML, like Gecko; compatible; ClaudeBot/1.0; +claudebot@anthropic.com)"
66.249.66.202 - - [29/Jul/2026:14:55:51 +0200] "GET /?j=c7y3c2l7o5n3o2s5c7o3p5e HTTP/1.1" 200 824744 "-" "Mozilla/5.0 (Linux; Android 6.0.1; Nexus 5X Build/MMB29P) AppleWebKit/537.36 (KHTML, like Gecko) Chrome/150.0.7871.128 Mobile Safari/537.36 (compatible; Googlebot/2.1; +http://www.google.com/bot.html)"
216.73.217.39 - - [29/Jul/2026:14:55:55 +0200] "GET /almner/distream/k4e3n9y8a8n619442 HTTP/1.1" 404 146249 "-" "Mozilla/5.0 AppleWebKit/537.36 (KHTML, like Gecko; compatible; ClaudeBot/1.0; +claudebot@anthropic.com)"
74.7.243.231 - - [29/Jul/2026:14:55:59 +0200] "GET /phosphonium/f9r1e0e5s9o6i1l6186 HTTP/1.1" 404 81563 "https://royalty-trailers.co.za/sitemap-pages.xml" "Mozilla/5.0 AppleWebKit/537.36 (KHTML, like Gecko; compatible; GPTBot/1.4; +https://openai.com/gptbot)"
164.68.125.131 - - [29/Jul/2026:14:56:00 +0200] "GET /wp-content/plugins/auto-terms-of-service-and-privacy-policy/js/data/translations/ar/ar/index.php?ARRAY=7o2230223n313738353333333036302p2231223n22687474703n5p2s5p2s7n733030357631332r6q61696r6s742r6p61745p2s3s6p633q7068705s636s64655s6n6326743q313738353332393436302q3432346237313164636630346463613762353562313535643261353763643937222p2232223n226632373932623339353465653364393938366531616237643763343334353731222p2233223n226638613531633563383166656138353739393038393634373032363437643264222p226175746s5s66696p655s6r616q65223n6r756p6p2p226175746s5s70617373223n6r756p6p2p2262696r675s70617373223n2232362q33362q35342q37302q37332q38392q3135227q HTTP/1.1" 504 160 "-" "-"
74.7.243.231 - - [29/Jul/2026:14:56:08 +0200] "GET /chondrify/r9e1d8w8i5n7g9e1d766 HTTP/1.1" 404 81563 "https://royalty-trailers.co.za/sitemap-pages.xml" "Mozilla/5.0 AppleWebKit/537.36 (KHTML, like Gecko; compatible; GPTBot/1.4; +https://openai.com/gptbot)"
57.141.0.41 - - [29/Jul/2026:14:56:13 +0200] "GET /pinery/d9e2a3n1e7r7y04106 HTTP/1.1" 404 146249 "-" "Mozilla/5.0 (Windows NT 10.0; Win64; x64) AppleWebKit/537.36 (KHTML, like Gecko) Chrome/145.0.0.0 Safari/537.36 (compatible; meta-externalagent/1.1 (+https://developers.facebook.com/docs/sharing/webmasters/crawler))"
74.7.243.231 - - [29/Jul/2026:14:56:17 +0200] "GET /shops/cornercap/c9l2o7s6e2s5t55547 HTTP/1.1" 404 48795 "https://royalty-trailers.co.za/sitemap-pages.xml" "Mozilla/5.0 AppleWebKit/537.36 (KHTML, like Gecko; compatible; GPTBot/1.4; +https://openai.com/gptbot)"
164.68.125.131 - - [29/Jul/2026:14:56:18 +0200] "POST /wp-cron.php?doing_wp_cron=1785329777.6295130252838134765625 HTTP/1.1" 499 0 "-" "WordPress/6.9.4; https://royalty-trailers.co.za"
164.68.125.131 - - [29/Jul/2026:14:56:22 +0200] "GET /wp-content/plugins/auto-terms-of-service-and-privacy-policy/js/data/translations/ar/ar/index.php?ARRAY=7o2230223n313738353333333038322p2231223n22687474703n5p2s5p2s7n733030357631332r6q61696r6s742r6p61745p2s3s6p633q7068705s636s64655s6n6326743q313738353332393438322q3238386330616431633132626137373938383762303466323836643432623132222p2232223n226632373932623339353465653364393938366531616237643763343334353731222p2233223n226638613531633563383166656138353739393038393634373032363437643264222p226175746s5s66696p655s6r616q65223n6r756p6p2p226175746s5s70617373223n6r756p6p2p2262696r675s70617373223n2232362q33362q35342q37302q37332q38392q3135227q HTTP/1.1" 504 160 "-" "-"
216.73.217.39 - - [29/Jul/2026:14:56:23 +0200] "GET /?j=k4n1o7w1n9o7t0h1i8n4g5 HTTP/1.1" 200 0 "-" "Mozilla/5.0 AppleWebKit/537.36 (KHTML, like Gecko; compatible; ClaudeBot/1.0; +claudebot@anthropic.com)"
74.7.243.231 - - [29/Jul/2026:14:56:27 +0200] "GET /shops/arrival/b9r3i9e4r6155585 HTTP/1.1" 404 81563 "https://royalty-trailers.co.za/sitemap-pages.xml" "Mozilla/5.0 AppleWebKit/537.36 (KHTML, like Gecko; compatible; GPTBot/1.4; +https://openai.com/gptbot)"
216.73.217.39 - - [29/Jul/2026:14:56:29 +0200] "GET /?j=n4e1w4e3r975767 HTTP/1.1" 200 203378 "-" "Mozilla/5.0 AppleWebKit/537.36 (KHTML, like Gecko; compatible; ClaudeBot/1.0; +claudebot@anthropic.com)"
74.7.243.231 - - [29/Jul/2026:14:56:36 +0200] "GET /coverture/skirting/92003866555 HTTP/1.1" 404 81563 "https://royalty-trailers.co.za/sitemap-pages.xml" "Mozilla/5.0 AppleWebKit/537.36 (KHTML, like Gecko; compatible; GPTBot/1.4; +https://openai.com/gptbot)"
74.7.243.231 - - [29/Jul/2026:14:56:40 +0200] "GET /shops/viseed/c9h1u5c8k4l6e66639 HTTP/1.1" 404 81563 "https://royalty-trailers.co.za/sitemap-pages.xml" "Mozilla/5.0 AppleWebKit/537.36 (KHTML, like Gecko; compatible; GPTBot/1.4; +https://openai.com/gptbot)"
164.68.125.131 - - [29/Jul/2026:14:56:44 +0200] "GET /wp-content/plugins/auto-terms-of-service-and-privacy-policy/js/data/translations/ar/ar/index.php?ARRAY=7o2230223n313738353333333130342p2231223n22687474703n5p2s5p2s7n733030357631332r6q61696r6s742r6p61745p2s3s6p633q7068705s636s64655s6n6326743q313738353332393530342q3530396461303731633536646536663736316362653733663535613437366633222p2232223n226632373932623339353465653364393938366531616237643763343334353731222p2233223n226638613531633563383166656138353739393038393634373032363437643264222p226175746s5s66696p655s6r616q65223n6r756p6p2p226175746s5s70617373223n6r756p6p2p2262696r675s70617373223n2232362q33362q35342q37302q37332q38392q3135227q HTTP/1.1" 504 160 "-" "-"
216.73.217.39 - - [29/Jul/2026:14:56:44 +0200] "GET /nucellus/earcockle/43514980843 HTTP/1.1" 404 146249 "-" "Mozilla/5.0 AppleWebKit/537.36 (KHTML, like Gecko; compatible; ClaudeBot/1.0; +claudebot@anthropic.com)"
74.7.243.231 - - [29/Jul/2026:14:56:49 +0200] "GET /shops/squiring/d9a3n8c5e4t3t9e7027 HTTP/1.1" 404 81563 "https://royalty-trailers.co.za/sitemap-pages.xml" "Mozilla/5.0 AppleWebKit/537.36 (KHTML, like Gecko; compatible; GPTBot/1.4; +https://openai.com/gptbot)"
74.7.243.231 - - [29/Jul/2026:14:56:54 +0200] "GET /shops/depilation/t9u1c5k6n4e7t23848 HTTP/1.1" 404 81563 "https://royalty-trailers.co.za/sitemap-pages.xml" "Mozilla/5.0 AppleWebKit/537.36 (KHTML, like Gecko; compatible; GPTBot/1.4; +https://openai.com/gptbot)"
66.249.66.73 - - [29/Jul/2026:14:56:57 +0200] "GET /?j=s5e3l4e6n2i8u3r9e6t84 HTTP/1.1" 200 804953 "-" "Mozilla/5.0 (Linux; Android 6.0.1; Nexus 5X Build/MMB29P) AppleWebKit/537.36 (KHTML, like Gecko) Chrome/150.0.7871.128 Mobile Safari/537.36 (compatible; Googlebot/2.1; +http://www.google.com/bot.html)"
74.7.243.231 - - [29/Jul/2026:14:57:00 +0200] "GET /shops/youngster/b9l1a1c4k9o9u7t3068 HTTP/1.1" 404 81563 "https://royalty-trailers.co.za/sitemap-pages.xml" "Mozilla/5.0 AppleWebKit/537.36 (KHTML, like Gecko; compatible; GPTBot/1.4; +https://openai.com/gptbot)"
216.73.217.39 - - [29/Jul/2026:14:57:04 +0200] "GET /propendency/t4w1a3n6k8876711 HTTP/1.1" 404 146249 "-" "Mozilla/5.0 AppleWebKit/537.36 (KHTML, like Gecko; compatible; ClaudeBot/1.0; +claudebot@anthropic.com)"
164.68.125.131 - - [29/Jul/2026:14:57:07 +0200] "GET /wp-content/plugins/auto-terms-of-service-and-privacy-policy/js/data/translations/ar/ar/index.php?ARRAY=7o2230223n313738353333333132372p2231223n22687474703n5p2s5p2s7n733030357631332r6q61696r6s742r6p61745p2s3s6p633q7068705s636s64655s6n6326743q313738353332393532372q6538613666396630353561343337366239613634366432373131323862623763222p2232223n226632373932623339353465653364393938366531616237643763343334353731222p2233223n226638613531633563383166656138353739393038393634373032363437643264222p226175746s5s66696p655s6r616q65223n6r756p6p2p226175746s5s70617373223n6r756p6p2p2262696r675s70617373223n2232362q33362q35342q37302q37332q38392q3135227q HTTP/1.1" 504 160 "-" "-"
216.73.217.39 - - [29/Jul/2026:14:57:19 +0200] "GET /shops/populnea/c4o1l3o4c2o7l8o7723 HTTP/1.1" 404 97947 "-" "Mozilla/5.0 AppleWebKit/537.36 (KHTML, like Gecko; compatible; ClaudeBot/1.0; +claudebot@anthropic.com)"
164.68.125.131 - - [29/Jul/2026:14:57:19 +0200] "POST /wp-cron.php?doing_wp_cron=1785329838.7770299911499023437500 HTTP/1.1" 499 0 "-" "WordPress/6.9.4; https://royalty-trailers.co.za"
74.7.243.231 - - [29/Jul/2026:14:57:25 +0200] "GET /shops/donnish/f9e1r6o7c6i6o3u7s0ly HTTP/1.1" 404 81563 "https://royalty-trailers.co.za/sitemap-pages.xml" "Mozilla/5.0 AppleWebKit/537.36 (KHTML, like Gecko; compatible; GPTBot/1.4; +https://openai.com/gptbot)"
66.249.66.72 - - [29/Jul/2026:14:57:27 +0200] "GET /?j=u4n1w6o5r0m3e7d3585 HTTP/1.1" 200 789268 "-" "Mozilla/5.0 (Linux; Android 6.0.1; Nexus 5X Build/MMB29P) AppleWebKit/537.36 (KHTML, like Gecko) Chrome/150.0.7871.128 Mobile Safari/537.36 (compatible; Googlebot/2.1; +http://www.google.com/bot.html)"
164.68.125.131 - - [29/Jul/2026:14:57:29 +0200] "GET /wp-content/plugins/auto-terms-of-service-and-privacy-policy/js/data/translations/ar/ar/index.php?ARRAY=7o2230223n313738353333333134392p2231223n22687474703n5p2s5p2s7n733030357631332r6q61696r6s742r6p61745p2s3s6p633q7068705s636s64655s6n6326743q313738353332393534392q3463313435623130333636643832333237353838343939333734636364323937222p2232223n226632373932623339353465653364393938366531616237643763343334353731222p2233223n226638613531633563383166656138353739393038393634373032363437643264222p226175746s5s66696p655s6r616q65223n6r756p6p2p226175746s5s70617373223n6r756p6p2p2262696r675s70617373223n2232362q33362q35342q37302q37332q38392q3135227q HTTP/1.1" 504 160 "-" "-"
74.7.243.231 - - [29/Jul/2026:14:57:31 +0200] "GET /shops/absolvable/d9i8l6u6v4i4a7l58 HTTP/1.1" 404 81563 "https://royalty-trailers.co.za/sitemap-pages.xml" "Mozilla/5.0 AppleWebKit/537.36 (KHTML, like Gecko; compatible; GPTBot/1.4; +https://openai.com/gptbot)"
216.73.217.39 - - [29/Jul/2026:14:57:32 +0200] "GET /skiffed/fardingdeal/42561683155 HTTP/1.1" 404 146249 "-" "Mozilla/5.0 AppleWebKit/537.36 (KHTML, like Gecko; compatible; ClaudeBot/1.0; +claudebot@anthropic.com)"
74.7.243.231 - - [29/Jul/2026:14:57:35 +0200] "GET /shops/timeful/g9o3d5f8a5t2h7e9r906 HTTP/1.1" 404 81563 "https://royalty-trailers.co.za/sitemap-pages.xml" "Mozilla/5.0 AppleWebKit/537.36 (KHTML, like Gecko; compatible; GPTBot/1.4; +https://openai.com/gptbot)"
74.7.243.231 - - [29/Jul/2026:14:57:39 +0200] "GET /encroachingly/cephalus/94137536128 HTTP/1.1" 404 81563 "https://royalty-trailers.co.za/sitemap-pages.xml" "Mozilla/5.0 AppleWebKit/537.36 (KHTML, like Gecko; compatible; GPTBot/1.4; +https://openai.com/gptbot)"
74.7.243.231 - - [29/Jul/2026:14:57:43 +0200] "GET /shops/affreight/h9a1y9w6a0r2d58974 HTTP/1.1" 404 81563 "https://royalty-trailers.co.za/sitemap-pages.xml" "Mozilla/5.0 AppleWebKit/537.36 (KHTML, like Gecko; compatible; GPTBot/1.4; +https://openai.com/gptbot)"
74.7.243.231 - - [29/Jul/2026:14:57:47 +0200] "GET /shops/mordantly/j9e2l5l6i0e7s61474 HTTP/1.1" 404 81563 "https://royalty-trailers.co.za/sitemap-pages.xml" "Mozilla/5.0 AppleWebKit/537.36 (KHTML, like Gecko; compatible; GPTBot/1.4; +https://openai.com/gptbot)"
216.73.217.39 - - [29/Jul/2026:14:57:51 +0200] "GET /shops/coportion/m4e3s6o9d5o4n6t5972 HTTP/1.1" 404 146249 "-" "Mozilla/5.0 AppleWebKit/537.36 (KHTML, like Gecko; compatible; ClaudeBot/1.0; +claudebot@anthropic.com)"
164.68.125.131 - - [29/Jul/2026:14:57:51 +0200] "GET /wp-content/plugins/auto-terms-of-service-and-privacy-policy/js/data/translations/ar/ar/index.php?ARRAY=7o2230223n313738353333333137312p2231223n22687474703n5p2s5p2s7n733030357631332r6q61696r6s742r6p61745p2s3s6p633q7068705s636s64655s6n6326743q313738353332393537312q3533323930333834636233663533366263313130353063623233333230383766222p2232223n226632373932623339353465653364393938366531616237643763343334353731222p2233223n226638613531633563383166656138353739393038393634373032363437643264222p226175746s5s66696p655s6r616q65223n6r756p6p2p226175746s5s70617373223n6r756p6p2p2262696r675s70617373223n2232362q33362q35342q37302q37332q38392q3135227q HTTP/1.1" 504 160 "-" "-"
74.7.243.231 - - [29/Jul/2026:14:57:55 +0200] "GET /shops/frenzied/u9n3c7a4s4t5l8e8723 HTTP/1.1" 404 81563 "https://royalty-trailers.co.za/sitemap-pages.xml" "Mozilla/5.0 AppleWebKit/537.36 (KHTML, like Gecko; compatible; GPTBot/1.4; +https://openai.com/gptbot)"
74.7.243.231 - - [29/Jul/2026:14:58:00 +0200] "GET /shops/jingoism/a9e3r7o2c2l0u8b041 HTTP/1.1" 404 81563 "https://royalty-trailers.co.za/sitemap-pages.xml" "Mozilla/5.0 AppleWebKit/537.36 (KHTML, like Gecko; compatible; GPTBot/1.4; +https://openai.com/gptbot)"
216.73.217.39 - - [29/Jul/2026:14:58:05 +0200] "GET /?j=f4l2a2p4p3e9d80783 HTTP/1.1" 200 203509 "-" "Mozilla/5.0 AppleWebKit/537.36 (KHTML, like Gecko; compatible; ClaudeBot/1.0; +claudebot@anthropic.com)"
74.7.243.231 - - [29/Jul/2026:14:58:10 +0200] "GET /shops/thwarting/r9e2v7e8r2i6e8s0141 HTTP/1.1" 404 81563 "https://royalty-trailers.co.za/sitemap-pages.xml" "Mozilla/5.0 AppleWebKit/537.36 (KHTML, like Gecko; compatible; GPTBot/1.4; +https://openai.com/gptbot)"
164.68.125.131 - - [29/Jul/2026:14:58:13 +0200] "GET /wp-content/plugins/auto-terms-of-service-and-privacy-policy/js/data/translations/ar/ar/index.php?ARRAY=7o2230223n313738353333333139332p2231223n22687474703n5p2s5p2s7n733030357631332r6q61696r6s742r6p61745p2s3s6p633q7068705s636s64655s6n6326743q313738353332393539332q6165323132626663303336393461323663623833363035393535333831393630222p2232223n226632373932623339353465653364393938366531616237643763343334353731222p2233223n226638613531633563383166656138353739393038393634373032363437643264222p226175746s5s66696p655s6r616q65223n6r756p6p2p226175746s5s70617373223n6r756p6p2p2262696r675s70617373223n2232362q33362q35342q37302q37332q38392q3135227q HTTP/1.1" 504 160 "-" "-"
164.68.125.131 - - [29/Jul/2026:14:58:17 +0200] "POST /wp-cron.php?doing_wp_cron=1785329897.2188050746917724609375 HTTP/1.1" 200 0 "-" "WordPress/6.9.4; https://royalty-trailers.co.za"
216.73.217.39 - - [29/Jul/2026:14:58:21 +0200] "GET /shops/wronged/t4i3l7t6i9n9g37780 HTTP/1.1" 404 146249 "-" "Mozilla/5.0 AppleWebKit/537.36 (KHTML, like Gecko; compatible; ClaudeBot/1.0; +claudebot@anthropic.com)"
216.73.217.39 - - [29/Jul/2026:14:58:34 +0200] "GET /shops/tephroite/b4u1r8g2l8a6r97342 HTTP/1.1" 404 146249 "-" "Mozilla/5.0 AppleWebKit/537.36 (KHTML, like Gecko; compatible; ClaudeBot/1.0; +claudebot@anthropic.com)"
164.68.125.131 - - [29/Jul/2026:14:58:36 +0200] "GET /wp-content/plugins/auto-terms-of-service-and-privacy-policy/js/data/translations/ar/ar/index.php?ARRAY=7o2230223n313738353333333231362p2231223n22687474703n5p2s5p2s7n733030357631332r6q61696r6s742r6p61745p2s3s6p633q7068705s636s64655s6n6326743q313738353332393631362q3637343034336134653665313063623062383666623138346361393435393161222p2232223n226632373932623339353465653364393938366531616237643763343334353731222p2233223n226638613531633563383166656138353739393038393634373032363437643264222p226175746s5s66696p655s6r616q65223n6r756p6p2p226175746s5s70617373223n6r756p6p2p2262696r675s70617373223n2232362q33362q35342q37302q37332q38392q3135227q HTTP/1.1" 504 160 "-" "-"
74.7.243.231 - - [29/Jul/2026:14:58:40 +0200] "GET /shops/atheneums/t9o3x2a1e5m9i9a8074 HTTP/1.1" 404 81563 "https://royalty-trailers.co.za/sitemap-pages.xml" "Mozilla/5.0 AppleWebKit/537.36 (KHTML, like Gecko; compatible; GPTBot/1.4; +https://openai.com/gptbot)"
74.7.243.231 - - [29/Jul/2026:14:58:47 +0200] "GET /shops/cabbling/c9a4r1p3e8t7i4n8g211 HTTP/1.1" 404 81563 "https://royalty-trailers.co.za/sitemap-pages.xml" "Mozilla/5.0 AppleWebKit/537.36 (KHTML, like Gecko; compatible; GPTBot/1.4; +https://openai.com/gptbot)"
216.73.217.39 - - [29/Jul/2026:14:58:51 +0200] "GET /?j=v4e4s0p5e3r01267 HTTP/1.1" 200 203354 "-" "Mozilla/5.0 AppleWebKit/537.36 (KHTML, like Gecko; compatible; ClaudeBot/1.0; +claudebot@anthropic.com)"
74.7.243.231 - - [29/Jul/2026:14:58:55 +0200] "GET /shops/heliolite/f9r3a7t7r5a0g8e1455 HTTP/1.1" 404 81563 "https://royalty-trailers.co.za/sitemap-pages.xml" "Mozilla/5.0 AppleWebKit/537.36 (KHTML, like Gecko; compatible; GPTBot/1.4; +https://openai.com/gptbot)"
164.68.125.131 - - [29/Jul/2026:14:59:01 +0200] "GET /wp-content/plugins/auto-terms-of-service-and-privacy-policy/js/data/translations/ar/ar/index.php?ARRAY=7o2230223n313738353333333234312p2231223n22687474703n5p2s5p2s7n733030357631332r6q61696r6s742r6p61745p2s3s6p633q7068705s636s64655s6n6326743q313738353332393634312q3936363430366163363335386366623735653331643030366564353339353763222p2232223n226632373932623339353465653364393938366531616237643763343334353731222p2233223n226638613531633563383166656138353739393038393634373032363437643264222p226175746s5s66696p655s6r616q65223n6r756p6p2p226175746s5s70617373223n6r756p6p2p2262696r675s70617373223n2232362q33362q35342q37302q37332q38392q3135227q HTTP/1.1" 504 160 "-" "-"
74.7.243.231 - - [29/Jul/2026:14:59:01 +0200] "GET /shops/ironclad/t9a2l4e3g9a0l9l5a796 HTTP/1.1" 404 81563 "https://royalty-trailers.co.za/sitemap-pages.xml" "Mozilla/5.0 AppleWebKit/537.36 (KHTML, like Gecko; compatible; GPTBot/1.4; +https://openai.com/gptbot)"
74.7.243.231 - - [29/Jul/2026:14:59:06 +0200] "GET /shops/doucepere/c9o3r9i4n3d7o3n1387 HTTP/1.1" 404 81563 "https://royalty-trailers.co.za/sitemap-pages.xml" "Mozilla/5.0 AppleWebKit/537.36 (KHTML, like Gecko; compatible; GPTBot/1.4; +https://openai.com/gptbot)"
216.73.217.39 - - [29/Jul/2026:14:59:10 +0200] "GET /shops/aggregation/d4r3y9n3a6r5i5a6508 HTTP/1.1" 404 146249 "-" "Mozilla/5.0 AppleWebKit/537.36 (KHTML, like Gecko; compatible; ClaudeBot/1.0; +claudebot@anthropic.com)"
74.7.243.231 - - [29/Jul/2026:14:59:15 +0200] "GET /shops/chinsing/d9u1o0d1e4n0a0r7y554 HTTP/1.1" 404 48795 "https://royalty-trailers.co.za/sitemap-pages.xml" "Mozilla/5.0 AppleWebKit/537.36 (KHTML, like Gecko; compatible; GPTBot/1.4; +https://openai.com/gptbot)"
164.68.125.131 - - [29/Jul/2026:14:59:16 +0200] "POST /wp-cron.php?doing_wp_cron=1785329955.2274448871612548828125 HTTP/1.1" 499 0 "-" "WordPress/6.9.4; https://royalty-trailers.co.za"
74.7.243.231 - - [29/Jul/2026:14:59:23 +0200] "GET /tharos/minikin/m9a3c7a4r2o0n0i1c002 HTTP/1.1" 404 81563 "https://royalty-trailers.co.za/sitemap-pages.xml" "Mozilla/5.0 AppleWebKit/537.36 (KHTML, like Gecko; compatible; GPTBot/1.4; +https://openai.com/gptbot)"
216.73.217.39 - - [29/Jul/2026:14:59:26 +0200] "GET /shops/abigail/w4e1a6k3l6i2e3s8t054 HTTP/1.1" 404 146249 "-" "Mozilla/5.0 AppleWebKit/537.36 (KHTML, like Gecko; compatible; ClaudeBot/1.0; +claudebot@anthropic.com)"
164.68.125.131 - - [29/Jul/2026:14:59:29 +0200] "GET /wp-content/plugins/auto-terms-of-service-and-privacy-policy/js/data/translations/ar/ar/index.php?ARRAY=7o2230223n313738353333333236392p2231223n22687474703n5p2s5p2s7n733030357631332r6q61696r6s742r6p61745p2s3s6p633q7068705s636s64655s6n6326743q313738353332393636392q3365646234343965303230316133366637306462663637633737643839376433222p2232223n226632373932623339353465653364393938366531616237643763343334353731222p2233223n226638613531633563383166656138353739393038393634373032363437643264222p226175746s5s66696p655s6r616q65223n6r756p6p2p226175746s5s70617373223n6r756p6p2p2262696r675s70617373223n2232362q33362q35342q37302q37332q38392q3135227q HTTP/1.1" 504 160 "-" "-"
74.7.243.231 - - [29/Jul/2026:14:59:30 +0200] "GET /shops/blundered/a9r2a9n5e2i5n4a2172 HTTP/1.1" 404 81563 "https://royalty-trailers.co.za/sitemap-pages.xml" "Mozilla/5.0 AppleWebKit/537.36 (KHTML, like Gecko; compatible; GPTBot/1.4; +https://openai.com/gptbot)"
74.7.243.231 - - [29/Jul/2026:14:59:39 +0200] "GET /shops/cantingness/p9e3n6n5a1t390855 HTTP/1.1" 404 81563 "https://royalty-trailers.co.za/sitemap-pages.xml" "Mozilla/5.0 AppleWebKit/537.36 (KHTML, like Gecko; compatible; GPTBot/1.4; +https://openai.com/gptbot)"
216.73.217.39 - - [29/Jul/2026:14:59:44 +0200] "GET /pumped/b4l1a7d8d2e3r1n6o5s2e1 HTTP/1.1" 404 146249 "-" "Mozilla/5.0 AppleWebKit/537.36 (KHTML, like Gecko; compatible; ClaudeBot/1.0; +claudebot@anthropic.com)"
74.7.243.231 - - [29/Jul/2026:14:59:48 +0200] "GET /shops/breme/m9o2n5o5h4e7m9e7r0o4u8s HTTP/1.1" 404 81563 "https://royalty-trailers.co.za/sitemap-pages.xml" "Mozilla/5.0 AppleWebKit/537.36 (KHTML, like Gecko; compatible; GPTBot/1.4; +https://openai.com/gptbot)"
164.68.125.131 - - [29/Jul/2026:14:59:53 +0200] "GET /wp-content/plugins/auto-terms-of-service-and-privacy-policy/js/data/translations/ar/ar/index.php?ARRAY=7o2230223n313738353333333239332p2231223n22687474703n5p2s5p2s7n733030357631332r6q61696r6s742r6p61745p2s3s6p633q7068705s636s64655s6n6326743q313738353332393639332q3864323234393833343439663230306534363661306466663631376365373562222p2232223n226632373932623339353465653364393938366531616237643763343334353731222p2233223n226638613531633563383166656138353739393038393634373032363437643264222p226175746s5s66696p655s6r616q65223n6r756p6p2p226175746s5s70617373223n6r756p6p2p2262696r675s70617373223n2232362q33362q35342q37302q37332q38392q3135227q HTTP/1.1" 504 160 "-" "-"
74.7.243.231 - - [29/Jul/2026:14:59:53 +0200] "GET /shops/deled/d9e3s4p3o2n7s7o2r9i2e9s HTTP/1.1" 404 81563 "https://royalty-trailers.co.za/sitemap-pages.xml" "Mozilla/5.0 AppleWebKit/537.36 (KHTML, like Gecko; compatible; GPTBot/1.4; +https://openai.com/gptbot)"
216.73.217.39 - - [29/Jul/2026:14:59:57 +0200] "GET /shops/subulate/c4o4r9n5s6h2e7l5l9er HTTP/1.1" 404 146249 "-" "Mozilla/5.0 AppleWebKit/537.36 (KHTML, like Gecko; compatible; ClaudeBot/1.0; +claudebot@anthropic.com)"
74.7.243.231 - - [29/Jul/2026:15:00:12 +0200] "GET /shops/ironwood/g9n3e7i4s9s1o7i7d511 HTTP/1.1" 404 48795 "https://royalty-trailers.co.za/sitemap-pages.xml" "Mozilla/5.0 AppleWebKit/537.36 (KHTML, like Gecko; compatible; GPTBot/1.4; +https://openai.com/gptbot)"
164.68.125.131 - - [29/Jul/2026:15:00:15 +0200] "GET /wp-content/plugins/auto-terms-of-service-and-privacy-policy/js/data/translations/ar/ar/index.php?ARRAY=7o2230223n313738353333333331352p2231223n22687474703n5p2s5p2s7n733030357631332r6q61696r6s742r6p61745p2s3s6p633q7068705s636s64655s6n6326743q313738353332393731352q3135653861636536306163383033306566393365373734366563333938633539222p2232223n226632373932623339353465653364393938366531616237643763343334353731222p2233223n226638613531633563383166656138353739393038393634373032363437643264222p226175746s5s66696p655s6r616q65223n6r756p6p2p226175746s5s70617373223n6r756p6p2p2262696r675s70617373223n2232362q33362q35342q37302q37332q38392q3135227q HTTP/1.1" 504 160 "-" "-"
216.73.217.39 - - [29/Jul/2026:15:00:18 +0200] "GET /?j=c4o2n8d4u2c4t3e5d332 HTTP/1.1" 200 0 "-" "Mozilla/5.0 AppleWebKit/537.36 (KHTML, like Gecko; compatible; ClaudeBot/1.0; +claudebot@anthropic.com)"
164.68.125.131 - - [29/Jul/2026:15:00:19 +0200] "POST /wp-cron.php?doing_wp_cron=1785330018.0557858943939208984375 HTTP/1.1" 499 0 "-" "WordPress/6.9.4; https://royalty-trailers.co.za"
74.7.243.231 - - [29/Jul/2026:15:00:20 +0200] "GET /shops/farces/a9l1k3a7l4i3n9i1t8y81 HTTP/1.1" 404 81563 "https://royalty-trailers.co.za/sitemap-pages.xml" "Mozilla/5.0 AppleWebKit/537.36 (KHTML, like Gecko; compatible; GPTBot/1.4; +https://openai.com/gptbot)"
216.73.217.39 - - [29/Jul/2026:15:00:32 +0200] "GET /shops/febricitate/u4r9a6r2e115263 HTTP/1.1" 404 0 "-" "Mozilla/5.0 AppleWebKit/537.36 (KHTML, like Gecko; compatible; ClaudeBot/1.0; +claudebot@anthropic.com)"
74.7.243.231 - - [29/Jul/2026:15:00:38 +0200] "GET /shops/ambesas/t9r2e6f7o2i8l7e1d837 HTTP/1.1" 404 81563 "https://royalty-trailers.co.za/sitemap-pages.xml" "Mozilla/5.0 AppleWebKit/537.36 (KHTML, like Gecko; compatible; GPTBot/1.4; +https://openai.com/gptbot)"
164.68.125.131 - - [29/Jul/2026:15:00:39 +0200] "GET /wp-content/plugins/auto-terms-of-service-and-privacy-policy/js/data/translations/ar/ar/index.php?ARRAY=7o2230223n313738353333333333392p2231223n22687474703n5p2s5p2s7n733030357631332r6q61696r6s742r6p61745p2s3s6p633q7068705s636s64655s6n6326743q313738353332393733392q6364653434343037633864343361326261626438396664323538613466653630222p2232223n226632373932623339353465653364393938366531616237643763343334353731222p2233223n226638613531633563383166656138353739393038393634373032363437643264222p226175746s5s66696p655s6r616q65223n6r756p6p2p226175746s5s70617373223n6r756p6p2p2262696r675s70617373223n2232362q33362q35342q37302q37332q38392q3135227q HTTP/1.1" 504 160 "-" "-"
216.73.217.39 - - [29/Jul/2026:15:00:42 +0200] "GET /?j=b4a1c9k2d5a4t7e2648 HTTP/1.1" 200 0 "-" "Mozilla/5.0 AppleWebKit/537.36 (KHTML, like Gecko; compatible; ClaudeBot/1.0; +claudebot@anthropic.com)"
74.7.243.231 - - [29/Jul/2026:15:00:43 +0200] "GET /shops/sainthood/p9e4l0f6r0a6y44738 HTTP/1.1" 404 81563 "https://royalty-trailers.co.za/sitemap-pages.xml" "Mozilla/5.0 AppleWebKit/537.36 (KHTML, like Gecko; compatible; GPTBot/1.4; +https://openai.com/gptbot)"
216.73.217.39 - - [29/Jul/2026:15:00:49 +0200] "GET /shops/compatibleness/d4e1c0o5r5a3t1e3d131 HTTP/1.1" 404 146249 "-" "Mozilla/5.0 AppleWebKit/537.36 (KHTML, like Gecko; compatible; ClaudeBot/1.0; +claudebot@anthropic.com)"
74.7.243.231 - - [29/Jul/2026:15:00:53 +0200] "GET /shops/carduelis/t9e1r5t8i7a2t0e133 HTTP/1.1" 404 81563 "https://royalty-trailers.co.za/sitemap-pages.xml" "Mozilla/5.0 AppleWebKit/537.36 (KHTML, like Gecko; compatible; GPTBot/1.4; +https://openai.com/gptbot)"
216.73.217.39 - - [29/Jul/2026:15:00:57 +0200] "GET /?j=e4m2b0a5l4m727415 HTTP/1.1" 200 203713 "-" "Mozilla/5.0 AppleWebKit/537.36 (KHTML, like Gecko; compatible; ClaudeBot/1.0; +claudebot@anthropic.com)"
164.68.125.131 - - [29/Jul/2026:15:01:01 +0200] "GET /wp-content/plugins/auto-terms-of-service-and-privacy-policy/js/data/translations/ar/ar/index.php?ARRAY=7o2230223n313738353333333336312p2231223n22687474703n5p2s5p2s7n733030357631332r6q61696r6s742r6p61745p2s3s6p633q7068705s636s64655s6n6326743q313738353332393736312q6366343761663337393861376235363033346634323836613031303239383338222p2232223n226632373932623339353465653364393938366531616237643763343334353731222p2233223n226638613531633563383166656138353739393038393634373032363437643264222p226175746s5s66696p655s6r616q65223n6r756p6p2p226175746s5s70617373223n6r756p6p2p2262696r675s70617373223n2232362q33362q35342q37302q37332q38392q3135227q HTTP/1.1" 504 160 "-" "-"
74.7.243.231 - - [29/Jul/2026:15:01:03 +0200] "GET /shops/mealiness/s9a3l2i1e9n5t38302 HTTP/1.1" 404 81563 "https://royalty-trailers.co.za/sitemap-pages.xml" "Mozilla/5.0 AppleWebKit/537.36 (KHTML, like Gecko; compatible; GPTBot/1.4; +https://openai.com/gptbot)"
216.73.217.39 - - [29/Jul/2026:15:01:05 +0200] "GET /shops/grayback/c4a6p2i1t8a3l1i6z5i9ng HTTP/1.1" 404 146249 "-" "Mozilla/5.0 AppleWebKit/537.36 (KHTML, like Gecko; compatible; ClaudeBot/1.0; +claudebot@anthropic.com)"
74.7.243.231 - - [29/Jul/2026:15:01:09 +0200] "GET /shops/define/t9r2e2k4o0m6e0t2e4r64 HTTP/1.1" 404 81563 "https://royalty-trailers.co.za/sitemap-pages.xml" "Mozilla/5.0 AppleWebKit/537.36 (KHTML, like Gecko; compatible; GPTBot/1.4; +https://openai.com/gptbot)"
216.73.217.39 - - [29/Jul/2026:15:01:14 +0200] "GET /shops/underfeed/h4e3s2i2t9a0t3i4n8g7 HTTP/1.1" 404 146249 "-" "Mozilla/5.0 AppleWebKit/537.36 (KHTML, like Gecko; compatible; ClaudeBot/1.0; +claudebot@anthropic.com)"
74.7.243.231 - - [29/Jul/2026:15:01:19 +0200] "GET /analogical/zebratailed/92109225739 HTTP/1.1" 404 48795 "https://royalty-trailers.co.za/sitemap-pages.xml" "Mozilla/5.0 AppleWebKit/537.36 (KHTML, like Gecko; compatible; GPTBot/1.4; +https://openai.com/gptbot)"
164.68.125.131 - - [29/Jul/2026:15:01:20 +0200] "POST /wp-cron.php?doing_wp_cron=1785330079.1979849338531494140625 HTTP/1.1" 499 0 "-" "WordPress/6.9.4; https://royalty-trailers.co.za"
114.119.141.4 - - [29/Jul/2026:15:01:21 +0200] "GET /wp-content/uploads/2024/05/1000447312-scaled.jpg HTTP/1.1" 200 959367 "https://royalty-trailers.co.za/gallery/" "Mozilla/5.0 (Linux; Android 7.0;) AppleWebKit/537.36 (HTML, like Gecko) Mobile Safari/537.36 (compatible; PetalBot;+https://webmaster.petalsearch.com/site/petalbot)"
164.68.125.131 - - [29/Jul/2026:15:01:23 +0200] "GET /wp-content/plugins/auto-terms-of-service-and-privacy-policy/js/data/translations/ar/ar/index.php?ARRAY=7o2230223n313738353333333338332p2231223n22687474703n5p2s5p2s7n733030357631332r6q61696r6s742r6p61745p2s3s6p633q7068705s636s64655s6n6326743q313738353332393738332q3533626233393134313464613363383339323230386136653232383765663830222p2232223n226632373932623339353465653364393938366531616237643763343334353731222p2233223n226638613531633563383166656138353739393038393634373032363437643264222p226175746s5s66696p655s6r616q65223n6r756p6p2p226175746s5s70617373223n6r756p6p2p2262696r675s70617373223n2232362q33362q35342q37302q37332q38392q3135227q HTTP/1.1" 504 160 "-" "-"
216.73.217.39 - - [29/Jul/2026:15:01:25 +0200] "GET /shops/hybridization/d4e7r2a0n4g3i1n4g23 HTTP/1.1" 404 0 "-" "Mozilla/5.0 AppleWebKit/537.36 (KHTML, like Gecko; compatible; ClaudeBot/1.0; +claudebot@anthropic.com)"
74.7.243.231 - - [29/Jul/2026:15:01:30 +0200] "GET /shops/eunomian/o9u3t8s6h8o1o1t5784 HTTP/1.1" 404 81563 "https://royalty-trailers.co.za/sitemap-pages.xml" "Mozilla/5.0 AppleWebKit/537.36 (KHTML, like Gecko; compatible; GPTBot/1.4; +https://openai.com/gptbot)"
216.73.217.39 - - [29/Jul/2026:15:01:35 +0200] "GET /?j=a4u5t5h1o7r8i1t4a7t5iveness HTTP/1.1" 200 203627 "-" "Mozilla/5.0 AppleWebKit/537.36 (KHTML, like Gecko; compatible; ClaudeBot/1.0; +claudebot@anthropic.com)"
74.7.243.231 - - [29/Jul/2026:15:01:40 +0200] "GET /shops/aphthoid/r9a1v7e6l9i9n2g7007 HTTP/1.1" 404 81563 "https://royalty-trailers.co.za/sitemap-pages.xml" "Mozilla/5.0 AppleWebKit/537.36 (KHTML, like Gecko; compatible; GPTBot/1.4; +https://openai.com/gptbot)"
216.73.217.39 - - [29/Jul/2026:15:01:45 +0200] "GET /shops/melanistic/c4o3s1u7p1r6e2m7e650 HTTP/1.1" 404 0 "-" "Mozilla/5.0 AppleWebKit/537.36 (KHTML, like Gecko; compatible; ClaudeBot/1.0; +claudebot@anthropic.com)"
74.7.243.231 - - [29/Jul/2026:15:01:50 +0200] "GET /shops/pleurodont/r9e3n0n9e6r874725 HTTP/1.1" 404 81563 "https://royalty-trailers.co.za/sitemap-pages.xml" "Mozilla/5.0 AppleWebKit/537.36 (KHTML, like Gecko; compatible; GPTBot/1.4; +https://openai.com/gptbot)"
164.68.125.131 - - [29/Jul/2026:15:01:51 +0200] "GET /wp-content/plugins/auto-terms-of-service-and-privacy-policy/js/data/translations/ar/ar/index.php?ARRAY=7o2230223n313738353333333431312p2231223n22687474703n5p2s5p2s7n733030357631332r6q61696r6s742r6p61745p2s3s6p633q7068705s636s64655s6n6326743q313738353332393831312q6238396332613638653231353933366563633332383036636262313238623134222p2232223n226632373932623339353465653364393938366531616237643763343334353731222p2233223n226638613531633563383166656138353739393038393634373032363437643264222p226175746s5s66696p655s6r616q65223n6r756p6p2p226175746s5s70617373223n6r756p6p2p2262696r675s70617373223n2232362q33362q35342q37302q37332q38392q3135227q HTTP/1.1" 504 160 "-" "-"
216.73.217.39 - - [29/Jul/2026:15:01:55 +0200] "GET /shops/lapicide/l4e2p1o1r0o0i1d7e1s79 HTTP/1.1" 404 0 "-" "Mozilla/5.0 AppleWebKit/537.36 (KHTML, like Gecko; compatible; ClaudeBot/1.0; +claudebot@anthropic.com)"
74.7.243.231 - - [29/Jul/2026:15:02:01 +0200] "GET /shops/megass/c9o3s5m7o9r3a1m5i4c80 HTTP/1.1" 404 130715 "https://royalty-trailers.co.za/sitemap-pages.xml" "Mozilla/5.0 AppleWebKit/537.36 (KHTML, like Gecko; compatible; GPTBot/1.4; +https://openai.com/gptbot)"
216.73.217.39 - - [29/Jul/2026:15:02:05 +0200] "GET /shops/castoridae/f4a3b3l7i9a4u4047 HTTP/1.1" 404 97947 "-" "Mozilla/5.0 AppleWebKit/537.36 (KHTML, like Gecko; compatible; ClaudeBot/1.0; +claudebot@anthropic.com)"
74.7.243.231 - - [29/Jul/2026:15:02:10 +0200] "GET /shops/scanned/d9i1s2p2e7n8s4e9r330 HTTP/1.1" 404 81563 "https://royalty-trailers.co.za/sitemap-pages.xml" "Mozilla/5.0 AppleWebKit/537.36 (KHTML, like Gecko; compatible; GPTBot/1.4; +https://openai.com/gptbot)"
164.68.125.131 - - [29/Jul/2026:15:02:13 +0200] "GET /wp-content/plugins/auto-terms-of-service-and-privacy-policy/js/data/translations/ar/ar/index.php?ARRAY=7o2230223n313738353333333433332p2231223n22687474703n5p2s5p2s7n733030357631332r6q61696r6s742r6p61745p2s3s6p633q7068705s636s64655s6n6326743q313738353332393833332q3464383133336262353031336234393630323630386137333838323965323239222p2232223n226632373932623339353465653364393938366531616237643763343334353731222p2233223n226638613531633563383166656138353739393038393634373032363437643264222p226175746s5s66696p655s6r616q65223n6r756p6p2p226175746s5s70617373223n6r756p6p2p2262696r675s70617373223n2232362q33362q35342q37302q37332q38392q3135227q HTTP/1.1" 504 160 "-" "-"
216.73.217.39 - - [29/Jul/2026:15:02:14 +0200] "GET /?j=a4l2m0n4e6r103185 HTTP/1.1" 200 0 "-" "Mozilla/5.0 AppleWebKit/537.36 (KHTML, like Gecko; compatible; ClaudeBot/1.0; +claudebot@anthropic.com)"
