57.141.0.46 - - [29/Jul/2026:18:54:47 +0200] "GET /wp-content/plugins/new-social-media-widget/css/hover-min.css?ver=3.5.2 HTTP/1.1" 200 5981 "https://royalty-trailers.co.za/?j=c8u2r0c0u4l4i4o2n2i9d6eae" "Mozilla/5.0 (Windows NT 10.0; Win64; x64) AppleWebKit/537.36 (KHTML, like Gecko) Chrome/145.0.0.0 Safari/537.36 (compatible; meta-externalagent/1.1 (+https://developers.facebook.com/docs/sharing/webmasters/crawler))"
57.141.0.35 - - [29/Jul/2026:18:54:47 +0200] "GET /wp-content/plugins/new-social-media-widget/css/nsmw-grid.css?ver=3.5.2 HTTP/1.1" 200 2592 "https://royalty-trailers.co.za/?j=c8u2r0c0u4l4i4o2n2i9d6eae" "Mozilla/5.0 (Windows NT 10.0; Win64; x64) AppleWebKit/537.36 (KHTML, like Gecko) Chrome/145.0.0.0 Safari/537.36 (compatible; meta-externalagent/1.1 (+https://developers.facebook.com/docs/sharing/webmasters/crawler))"
57.141.0.69 - - [29/Jul/2026:18:54:47 +0200] "GET /wp-content/plugins/woocommerce/assets/js/frontend/add-to-cart.min.js?ver=10.9.4 HTTP/1.1" 200 4350 "https://royalty-trailers.co.za/?j=c8u2r0c0u4l4i4o2n2i9d6eae" "Mozilla/5.0 (Windows NT 10.0; Win64; x64) AppleWebKit/537.36 (KHTML, like Gecko) Chrome/145.0.0.0 Safari/537.36 (compatible; meta-externalagent/1.1 (+https://developers.facebook.com/docs/sharing/webmasters/crawler))"
57.141.0.31 - - [29/Jul/2026:18:54:47 +0200] "GET /wp-includes/js/dist/dom-ready.min.js?ver=f77871ff7694fffea381 HTTP/1.1" 200 457 "https://royalty-trailers.co.za/?j=c8u2r0c0u4l4i4o2n2i9d6eae" "Mozilla/5.0 (Windows NT 10.0; Win64; x64) AppleWebKit/537.36 (KHTML, like Gecko) Chrome/145.0.0.0 Safari/537.36 (compatible; meta-externalagent/1.1 (+https://developers.facebook.com/docs/sharing/webmasters/crawler))"
57.141.0.31 - - [29/Jul/2026:18:54:47 +0200] "GET /wp-content/themes/bridge/css/font-awesome-5/css/font-awesome-5.min.css?ver=6.9.4 HTTP/1.1" 200 108928 "https://royalty-trailers.co.za/?j=c8u2r0c0u4l4i4o2n2i9d6eae" "Mozilla/5.0 (Windows NT 10.0; Win64; x64) AppleWebKit/537.36 (KHTML, like Gecko) Chrome/145.0.0.0 Safari/537.36 (compatible; meta-externalagent/1.1 (+https://developers.facebook.com/docs/sharing/webmasters/crawler))"
57.141.0.13 - - [29/Jul/2026:18:54:47 +0200] "GET /wp-content/themes/bridge/css/linea-icons/style.css?ver=6.9.4 HTTP/1.1" 200 78080 "https://royalty-trailers.co.za/?j=c8u2r0c0u4l4i4o2n2i9d6eae" "Mozilla/5.0 (Windows NT 10.0; Win64; x64) AppleWebKit/537.36 (KHTML, like Gecko) Chrome/145.0.0.0 Safari/537.36 (compatible; meta-externalagent/1.1 (+https://developers.facebook.com/docs/sharing/webmasters/crawler))"
57.141.0.59 - - [29/Jul/2026:18:54:47 +0200] "GET /wp-content/plugins/gdpr-cookie-compliance/dist/styles/gdpr-main.css?ver=5.1.0 HTTP/1.1" 200 88483 "https://royalty-trailers.co.za/?j=c8u2r0c0u4l4i4o2n2i9d6eae" "Mozilla/5.0 (Windows NT 10.0; Win64; x64) AppleWebKit/537.36 (KHTML, like Gecko) Chrome/145.0.0.0 Safari/537.36 (compatible; meta-externalagent/1.1 (+https://developers.facebook.com/docs/sharing/webmasters/crawler))"
57.141.0.39 - - [29/Jul/2026:18:54:48 +0200] "GET /wp-content/plugins/qi-addons-for-elementor/assets/js/main.min.js?ver=1.9.5 HTTP/1.1" 200 63321 "https://royalty-trailers.co.za/?j=c8u2r0c0u4l4i4o2n2i9d6eae" "Mozilla/5.0 (Windows NT 10.0; Win64; x64) AppleWebKit/537.36 (KHTML, like Gecko) Chrome/145.0.0.0 Safari/537.36 (compatible; meta-externalagent/1.1 (+https://developers.facebook.com/docs/sharing/webmasters/crawler))"
57.141.0.13 - - [29/Jul/2026:18:54:48 +0200] "GET /wp-includes/js/dist/a11y.min.js?ver=cb460b4676c94bd228ed HTTP/1.1" 200 2212 "https://royalty-trailers.co.za/?j=c8u2r0c0u4l4i4o2n2i9d6eae" "Mozilla/5.0 (Windows NT 10.0; Win64; x64) AppleWebKit/537.36 (KHTML, like Gecko) Chrome/145.0.0.0 Safari/537.36 (compatible; meta-externalagent/1.1 (+https://developers.facebook.com/docs/sharing/webmasters/crawler))"
57.141.0.46 - - [29/Jul/2026:18:54:48 +0200] "GET /wp-content/themes/bridge/js/plugins/rangeslider.min.js?ver=6.9.4 HTTP/1.1" 200 8168 "https://royalty-trailers.co.za/?j=c8u2r0c0u4l4i4o2n2i9d6eae" "Mozilla/5.0 (Windows NT 10.0; Win64; x64) AppleWebKit/537.36 (KHTML, like Gecko) Chrome/145.0.0.0 Safari/537.36 (compatible; meta-externalagent/1.1 (+https://developers.facebook.com/docs/sharing/webmasters/crawler))"
57.141.0.43 - - [29/Jul/2026:18:54:48 +0200] "GET /wp-content/plugins/woocommerce/assets/js/frontend/woocommerce.min.js?ver=10.9.4 HTTP/1.1" 200 4270 "https://royalty-trailers.co.za/?j=c8u2r0c0u4l4i4o2n2i9d6eae" "Mozilla/5.0 (Windows NT 10.0; Win64; x64) AppleWebKit/537.36 (KHTML, like Gecko) Chrome/145.0.0.0 Safari/537.36 (compatible; meta-externalagent/1.1 (+https://developers.facebook.com/docs/sharing/webmasters/crawler))"
57.141.0.51 - - [29/Jul/2026:18:54:48 +0200] "GET /wp-content/plugins/woocommerce/assets/js/js-cookie/js.cookie.min.js?ver=2.1.4-wc.10.9.4 HTTP/1.1" 200 1720 "https://royalty-trailers.co.za/?j=c8u2r0c0u4l4i4o2n2i9d6eae" "Mozilla/5.0 (Windows NT 10.0; Win64; x64) AppleWebKit/537.36 (KHTML, like Gecko) Chrome/145.0.0.0 Safari/537.36 (compatible; meta-externalagent/1.1 (+https://developers.facebook.com/docs/sharing/webmasters/crawler))"
57.141.0.27 - - [29/Jul/2026:18:54:48 +0200] "GET /wp-content/plugins/qi-addons-for-elementor/inc/plugins/elementor/assets/js/elementor.js?ver=6.9.4 HTTP/1.1" 200 4896 "https://royalty-trailers.co.za/?j=c8u2r0c0u4l4i4o2n2i9d6eae" "Mozilla/5.0 (Windows NT 10.0; Win64; x64) AppleWebKit/537.36 (KHTML, like Gecko) Chrome/145.0.0.0 Safari/537.36 (compatible; meta-externalagent/1.1 (+https://developers.facebook.com/docs/sharing/webmasters/crawler))"
57.141.0.30 - - [29/Jul/2026:18:54:48 +0200] "GET /wp-content/plugins/woocommerce/assets/js/select2/select2.full.min.js?ver=4.0.3-wc.10.9.4 HTTP/1.1" 200 74620 "https://royalty-trailers.co.za/?j=c8u2r0c0u4l4i4o2n2i9d6eae" "Mozilla/5.0 (Windows NT 10.0; Win64; x64) AppleWebKit/537.36 (KHTML, like Gecko) Chrome/145.0.0.0 Safari/537.36 (compatible; meta-externalagent/1.1 (+https://developers.facebook.com/docs/sharing/webmasters/crawler))"
57.141.0.70 - - [29/Jul/2026:18:54:48 +0200] "GET /wp-content/plugins/woocommerce/assets/js/frontend/order-attribution.min.js?ver=10.9.4 HTTP/1.1" 200 2439 "https://royalty-trailers.co.za/?j=c8u2r0c0u4l4i4o2n2i9d6eae" "Mozilla/5.0 (Windows NT 10.0; Win64; x64) AppleWebKit/537.36 (KHTML, like Gecko) Chrome/145.0.0.0 Safari/537.36 (compatible; meta-externalagent/1.1 (+https://developers.facebook.com/docs/sharing/webmasters/crawler))"
57.141.0.1 - - [29/Jul/2026:18:54:48 +0200] "GET /wp-content/plugins/gdpr-cookie-compliance/dist/scripts/main.js?ver=5.1.0 HTTP/1.1" 206 72127 "https://royalty-trailers.co.za/?j=c8u2r0c0u4l4i4o2n2i9d6eae" "Mozilla/5.0 (Windows NT 10.0; Win64; x64) AppleWebKit/537.36 (KHTML, like Gecko) Chrome/145.0.0.0 Safari/537.36 (compatible; meta-externalagent/1.1 (+https://developers.facebook.com/docs/sharing/webmasters/crawler))"
57.141.0.71 - - [29/Jul/2026:18:54:48 +0200] "GET /wp-content/plugins/woocommerce/assets/js/sourcebuster/sourcebuster.min.js?ver=10.9.4 HTTP/1.1" 200 15315 "https://royalty-trailers.co.za/?j=c8u2r0c0u4l4i4o2n2i9d6eae" "Mozilla/5.0 (Windows NT 10.0; Win64; x64) AppleWebKit/537.36 (KHTML, like Gecko) Chrome/145.0.0.0 Safari/537.36 (compatible; meta-externalagent/1.1 (+https://developers.facebook.com/docs/sharing/webmasters/crawler))"
57.141.0.7 - - [29/Jul/2026:18:54:48 +0200] "GET /wp-content/plugins/click-to-chat-for-whatsapp/new/inc/assets/js/app.js?ver=4.41 HTTP/1.1" 200 15818 "https://royalty-trailers.co.za/?j=c8u2r0c0u4l4i4o2n2i9d6eae" "Mozilla/5.0 (Windows NT 10.0; Win64; x64) AppleWebKit/537.36 (KHTML, like Gecko) Chrome/145.0.0.0 Safari/537.36 (compatible; meta-externalagent/1.1 (+https://developers.facebook.com/docs/sharing/webmasters/crawler))"
57.141.0.66 - - [29/Jul/2026:18:54:49 +0200] "GET /wp-content/plugins/qi-addons-for-elementor/inc/shortcodes/charts/assets/js/plugins/Chart.min.js?ver=1 HTTP/1.1" 200 206558 "https://royalty-trailers.co.za/?j=c8u2r0c0u4l4i4o2n2i9d6eae" "Mozilla/5.0 (Windows NT 10.0; Win64; x64) AppleWebKit/537.36 (KHTML, like Gecko) Chrome/145.0.0.0 Safari/537.36 (compatible; meta-externalagent/1.1 (+https://developers.facebook.com/docs/sharing/webmasters/crawler))"
57.141.0.70 - - [29/Jul/2026:18:54:49 +0200] "GET /wp-content/plugins/ml-slider/themes/bubble/v1.0.0/images/arrow-left.svg HTTP/1.1" 200 803 "https://royalty-trailers.co.za/wp-content/plugins/ml-slider/themes/bubble/v1.0.0/style.css?ver=3.103.0" "Mozilla/5.0 (Windows NT 10.0; Win64; x64) AppleWebKit/537.36 (KHTML, like Gecko) Chrome/145.0.0.0 Safari/537.36 (compatible; meta-externalagent/1.1 (+https://developers.facebook.com/docs/sharing/webmasters/crawler))"
74.7.243.231 - - [29/Jul/2026:18:54:50 +0200] "GET /?j=c4h6i2e9f8j1u2s4t5i8ceship HTTP/1.1" 200 203470 "https://royalty-trailers.co.za/sitemap.xml" "Mozilla/5.0 AppleWebKit/537.36 (KHTML, like Gecko; compatible; GPTBot/1.4; +https://openai.com/gptbot)"
57.141.0.13 - - [29/Jul/2026:18:54:52 +0200] "GET /wp-content/plugins/gdpr-cookie-compliance/dist/fonts/nunito-v8-latin-regular.woff2 HTTP/1.1" 200 18796 "https://royalty-trailers.co.za/wp-content/plugins/gdpr-cookie-compliance/dist/styles/gdpr-main.css?ver=5.1.0" "Mozilla/5.0 (Windows NT 10.0; Win64; x64) AppleWebKit/537.36 (KHTML, like Gecko) Chrome/145.0.0.0 Safari/537.36 (compatible; meta-externalagent/1.1 (+https://developers.facebook.com/docs/sharing/webmasters/crawler))"
216.73.217.39 - - [29/Jul/2026:18:54:53 +0200] "GET /?j=h4y2d4r0o8c1a0r0b5o0s4tyril HTTP/1.1" 200 163415 "-" "Mozilla/5.0 AppleWebKit/537.36 (KHTML, like Gecko; compatible; ClaudeBot/1.0; +claudebot@anthropic.com)"
57.141.0.25 - - [29/Jul/2026:18:54:54 +0200] "GET /wp-json/contact-form-7/v1/contact-forms/73/feedback/schema HTTP/1.1" 200 537 "https://royalty-trailers.co.za/?j=c8u2r0c0u4l4i4o2n2i9d6eae" "Mozilla/5.0 (Windows NT 10.0; Win64; x64) AppleWebKit/537.36 (KHTML, like Gecko) Chrome/145.0.0.0 Safari/537.36 (compatible; meta-externalagent/1.1 (+https://developers.facebook.com/docs/sharing/webmasters/crawler))"
74.7.243.231 - - [29/Jul/2026:18:54:55 +0200] "GET /?j=d4i1s8t6h3r0o0n2e799 HTTP/1.1" 200 203533 "https://royalty-trailers.co.za/sitemap.xml" "Mozilla/5.0 AppleWebKit/537.36 (KHTML, like Gecko; compatible; GPTBot/1.4; +https://openai.com/gptbot)"
74.7.243.231 - - [29/Jul/2026:18:55:02 +0200] "GET /?j=c9o1n3v4e9n5t1i4o9n9a2lizing HTTP/1.1" 200 203541 "https://royalty-trailers.co.za/sitemap-pages.xml" "Mozilla/5.0 AppleWebKit/537.36 (KHTML, like Gecko; compatible; GPTBot/1.4; +https://openai.com/gptbot)"
216.73.217.39 - - [29/Jul/2026:18:55:05 +0200] "GET /shops/psarolite/z4o1o6l2o6g9i8c4a8l7l5y HTTP/1.1" 404 146249 "-" "Mozilla/5.0 AppleWebKit/537.36 (KHTML, like Gecko; compatible; ClaudeBot/1.0; +claudebot@anthropic.com)"
57.141.0.27 - - [29/Jul/2026:18:55:07 +0200] "GET /null HTTP/1.1" 404 130715 "https://royalty-trailers.co.za/?j=c8u2r0c0u4l4i4o2n2i9d6eae" "Mozilla/5.0 (Windows NT 10.0; Win64; x64) AppleWebKit/537.36 (KHTML, like Gecko) Chrome/145.0.0.0 Safari/537.36 (compatible; meta-externalagent/1.1 (+https://developers.facebook.com/docs/sharing/webmasters/crawler))"
74.7.243.231 - - [29/Jul/2026:18:55:08 +0200] "GET /?synthermal/82456031837 HTTP/1.1" 301 0 "https://royalty-trailers.co.za/sitemap-product.xml" "Mozilla/5.0 AppleWebKit/537.36 (KHTML, like Gecko; compatible; GPTBot/1.4; +https://openai.com/gptbot)"
74.7.243.231 - - [29/Jul/2026:18:55:13 +0200] "GET /?synthermal%2F82456031837 HTTP/1.1" 200 203535 "https://royalty-trailers.co.za/?synthermal/82456031837" "Mozilla/5.0 AppleWebKit/537.36 (KHTML, like Gecko; compatible; GPTBot/1.4; +https://openai.com/gptbot)"
164.68.125.131 - - [29/Jul/2026:18:55:16 +0200] "POST /wp-cron.php?doing_wp_cron=1785344116.1166539192199707031250 HTTP/1.1" 200 0 "-" "WordPress/6.9.4; https://royalty-trailers.co.za"
216.73.217.39 - - [29/Jul/2026:18:55:16 +0200] "GET /?j=v4i9t8e9l7l9i8n005 HTTP/1.1" 200 203719 "-" "Mozilla/5.0 AppleWebKit/537.36 (KHTML, like Gecko; compatible; ClaudeBot/1.0; +claudebot@anthropic.com)"
74.7.243.231 - - [29/Jul/2026:18:55:19 +0200] "GET /?j=s4p1a9r3i5n0g7l8y174 HTTP/1.1" 200 203447 "https://royalty-trailers.co.za/sitemap.xml" "Mozilla/5.0 AppleWebKit/537.36 (KHTML, like Gecko; compatible; GPTBot/1.4; +https://openai.com/gptbot)"
74.7.243.231 - - [29/Jul/2026:18:55:24 +0200] "GET /?j=h4i2d1e7o3u1s8l9y689 HTTP/1.1" 200 203453 "https://royalty-trailers.co.za/sitemap.xml" "Mozilla/5.0 AppleWebKit/537.36 (KHTML, like Gecko; compatible; GPTBot/1.4; +https://openai.com/gptbot)"
216.73.217.39 - - [29/Jul/2026:18:55:47 +0200] "GET /?j=s4i1g7h6t9l9e8s7s2n3e0ss HTTP/1.1" 200 203696 "-" "Mozilla/5.0 AppleWebKit/537.36 (KHTML, like Gecko; compatible; ClaudeBot/1.0; +claudebot@anthropic.com)"
74.7.243.231 - - [29/Jul/2026:18:55:47 +0200] "GET /?j=c9a1r5o3u2s4i8n8g615 HTTP/1.1" 200 203340 "https://royalty-trailers.co.za/sitemap-pages.xml" "Mozilla/5.0 AppleWebKit/537.36 (KHTML, like Gecko; compatible; GPTBot/1.4; +https://openai.com/gptbot)"
74.7.243.231 - - [29/Jul/2026:18:55:58 +0200] "GET /?j=s4o2u8n3d5a7b2l0e945 HTTP/1.1" 200 203384 "https://royalty-trailers.co.za/sitemap.xml" "Mozilla/5.0 AppleWebKit/537.36 (KHTML, like Gecko; compatible; GPTBot/1.4; +https://openai.com/gptbot)"
216.73.217.39 - - [29/Jul/2026:18:56:02 +0200] "GET /?j=u4n2d7o3u3b9l2e0749 HTTP/1.1" 200 203610 "-" "Mozilla/5.0 AppleWebKit/537.36 (KHTML, like Gecko; compatible; ClaudeBot/1.0; +claudebot@anthropic.com)"
74.7.243.231 - - [29/Jul/2026:18:56:04 +0200] "GET /?j=d8i2s9f4r4a9n4c6h6i1s8ement HTTP/1.1" 200 203446 "https://royalty-trailers.co.za/sitemap-product.xml" "Mozilla/5.0 AppleWebKit/537.36 (KHTML, like Gecko; compatible; GPTBot/1.4; +https://openai.com/gptbot)"
74.7.243.231 - - [29/Jul/2026:18:56:10 +0200] "GET /?j=b9r2i8m2s7t4o5n4e413 HTTP/1.1" 200 203870 "https://royalty-trailers.co.za/sitemap-pages.xml" "Mozilla/5.0 AppleWebKit/537.36 (KHTML, like Gecko; compatible; GPTBot/1.4; +https://openai.com/gptbot)"
216.73.217.39 - - [29/Jul/2026:18:56:13 +0200] "GET /?j=h4o1l5a1r0c0t0i0c062 HTTP/1.1" 200 203847 "-" "Mozilla/5.0 AppleWebKit/537.36 (KHTML, like Gecko; compatible; ClaudeBot/1.0; +claudebot@anthropic.com)"
164.68.125.131 - - [29/Jul/2026:18:56:15 +0200] "POST /wp-cron.php?doing_wp_cron=1785344175.7032759189605712890625 HTTP/1.1" 200 0 "-" "WordPress/6.9.4; https://royalty-trailers.co.za"
74.7.243.231 - - [29/Jul/2026:18:56:15 +0200] "GET /?j=c4r3a2p9u4l6e6n0t417 HTTP/1.1" 200 203574 "https://royalty-trailers.co.za/sitemap.xml" "Mozilla/5.0 AppleWebKit/537.36 (KHTML, like Gecko; compatible; GPTBot/1.4; +https://openai.com/gptbot)"
74.7.243.231 - - [29/Jul/2026:18:56:20 +0200] "GET /?j=s8c2i7o8m4a6c8h5y310 HTTP/1.1" 200 203409 "https://royalty-trailers.co.za/sitemap-product.xml" "Mozilla/5.0 AppleWebKit/537.36 (KHTML, like Gecko; compatible; GPTBot/1.4; +https://openai.com/gptbot)"
74.7.243.231 - - [29/Jul/2026:18:56:26 +0200] "GET /?j=h8a2e4m5a1t2o7p9o5r1p0hyrin HTTP/1.1" 200 203665 "https://royalty-trailers.co.za/sitemap-product.xml" "Mozilla/5.0 AppleWebKit/537.36 (KHTML, like Gecko; compatible; GPTBot/1.4; +https://openai.com/gptbot)"
216.73.217.39 - - [29/Jul/2026:18:56:27 +0200] "GET /?j=g4a3r7z0e1t0t4a1365 HTTP/1.1" 200 203524 "-" "Mozilla/5.0 AppleWebKit/537.36 (KHTML, like Gecko; compatible; ClaudeBot/1.0; +claudebot@anthropic.com)"
74.7.243.231 - - [29/Jul/2026:18:56:31 +0200] "GET /?j=c4h1r4o6n5o3p0h3o0t9o9graphy HTTP/1.1" 200 203824 "https://royalty-trailers.co.za/sitemap.xml" "Mozilla/5.0 AppleWebKit/537.36 (KHTML, like Gecko; compatible; GPTBot/1.4; +https://openai.com/gptbot)"
216.73.217.39 - - [29/Jul/2026:18:56:35 +0200] "GET /?j=s4i1g7m6a6350917 HTTP/1.1" 200 179799 "-" "Mozilla/5.0 AppleWebKit/537.36 (KHTML, like Gecko; compatible; ClaudeBot/1.0; +claudebot@anthropic.com)"
74.7.243.231 - - [29/Jul/2026:18:56:37 +0200] "GET /?j=i8n2a4c7c6e1s5s6i4b3l1eness HTTP/1.1" 200 203745 "https://royalty-trailers.co.za/sitemap-product.xml" "Mozilla/5.0 AppleWebKit/537.36 (KHTML, like Gecko; compatible; GPTBot/1.4; +https://openai.com/gptbot)"
57.141.0.7 - - [29/Jul/2026:18:56:39 +0200] "GET /comparation/outfool/r4e1a1c3h1l6e8s7s280 HTTP/1.1" 404 145748 "-" "Mozilla/5.0 (Macintosh; Intel Mac OS X 10_15_7) AppleWebKit/537.36 (KHTML, like Gecko) Chrome/145.0.0.0 Safari/537.36 (compatible; meta-externalagent/1.1 (+https://developers.facebook.com/docs/sharing/webmasters/crawler))"
74.7.243.231 - - [29/Jul/2026:18:56:42 +0200] "GET /?j=i9n2h8a7r3m2o2n6i5o6u8sness HTTP/1.1" 200 203594 "https://royalty-trailers.co.za/sitemap-pages.xml" "Mozilla/5.0 AppleWebKit/537.36 (KHTML, like Gecko; compatible; GPTBot/1.4; +https://openai.com/gptbot)"
74.7.243.231 - - [29/Jul/2026:18:56:48 +0200] "GET /?j=e4a4s1y2g4o9i0n7g3e9z4ygoing HTTP/1.1" 200 203768 "https://royalty-trailers.co.za/sitemap.xml" "Mozilla/5.0 AppleWebKit/537.36 (KHTML, like Gecko; compatible; GPTBot/1.4; +https://openai.com/gptbot)"
216.73.217.39 - - [29/Jul/2026:18:56:52 +0200] "GET /?j=m4a2t2r6o5n0h9o8o1d49 HTTP/1.1" 200 203527 "-" "Mozilla/5.0 AppleWebKit/537.36 (KHTML, like Gecko; compatible; ClaudeBot/1.0; +claudebot@anthropic.com)"
74.7.243.231 - - [29/Jul/2026:18:56:53 +0200] "GET /?j=r9o2b2o1r1a9t0i7o4n27 HTTP/1.1" 200 203811 "https://royalty-trailers.co.za/sitemap-pages.xml" "Mozilla/5.0 AppleWebKit/537.36 (KHTML, like Gecko; compatible; GPTBot/1.4; +https://openai.com/gptbot)"
74.7.243.231 - - [29/Jul/2026:18:56:58 +0200] "GET /?j=i9n2d4e0n3t4m5e1n4t93 HTTP/1.1" 200 203409 "https://royalty-trailers.co.za/sitemap-pages.xml" "Mozilla/5.0 AppleWebKit/537.36 (KHTML, like Gecko; compatible; GPTBot/1.4; +https://openai.com/gptbot)"
74.7.243.231 - - [29/Jul/2026:18:57:04 +0200] "GET /?j=o9r2n9i7t9h7o9p7u8s67 HTTP/1.1" 200 203558 "https://royalty-trailers.co.za/sitemap-pages.xml" "Mozilla/5.0 AppleWebKit/537.36 (KHTML, like Gecko; compatible; GPTBot/1.4; +https://openai.com/gptbot)"
216.73.217.39 - - [29/Jul/2026:18:57:04 +0200] "GET /shops/acetonitrile/a4n3t2i3s6e3m0i4t6i8sm HTTP/1.1" 404 146249 "-" "Mozilla/5.0 AppleWebKit/537.36 (KHTML, like Gecko; compatible; ClaudeBot/1.0; +claudebot@anthropic.com)"
74.7.243.231 - - [29/Jul/2026:18:57:09 +0200] "GET /?pharomachus/82848372077 HTTP/1.1" 301 0 "https://royalty-trailers.co.za/sitemap-product.xml" "Mozilla/5.0 AppleWebKit/537.36 (KHTML, like Gecko; compatible; GPTBot/1.4; +https://openai.com/gptbot)"
74.7.243.231 - - [29/Jul/2026:18:57:14 +0200] "GET /?pharomachus%2F82848372077 HTTP/1.1" 200 203667 "https://royalty-trailers.co.za/?pharomachus/82848372077" "Mozilla/5.0 AppleWebKit/537.36 (KHTML, like Gecko; compatible; GPTBot/1.4; +https://openai.com/gptbot)"
164.68.125.131 - - [29/Jul/2026:18:57:18 +0200] "POST /wp-cron.php?doing_wp_cron=1785344238.6688818931579589843750 HTTP/1.1" 200 0 "-" "WordPress/6.9.4; https://royalty-trailers.co.za"
216.73.217.39 - - [29/Jul/2026:18:57:18 +0200] "GET /?j=i4n4i0t1i4a7l1i8s5e90 HTTP/1.1" 200 203731 "-" "Mozilla/5.0 AppleWebKit/537.36 (KHTML, like Gecko; compatible; ClaudeBot/1.0; +claudebot@anthropic.com)"
74.7.243.231 - - [29/Jul/2026:18:57:19 +0200] "GET /?j=c9i1t5r1o1n1w5o1o9d38 HTTP/1.1" 200 203696 "https://royalty-trailers.co.za/sitemap-pages.xml" "Mozilla/5.0 AppleWebKit/537.36 (KHTML, like Gecko; compatible; GPTBot/1.4; +https://openai.com/gptbot)"
74.7.243.231 - - [29/Jul/2026:18:57:24 +0200] "GET /?overshadowy/41858414011 HTTP/1.1" 301 0 "https://royalty-trailers.co.za/sitemap.xml" "Mozilla/5.0 AppleWebKit/537.36 (KHTML, like Gecko; compatible; GPTBot/1.4; +https://openai.com/gptbot)"
216.73.217.39 - - [29/Jul/2026:18:57:24 +0200] "GET /?j=i4n2i3t7i3a0t4o5r070 HTTP/1.1" 200 203723 "-" "Mozilla/5.0 AppleWebKit/537.36 (KHTML, like Gecko; compatible; ClaudeBot/1.0; +claudebot@anthropic.com)"
74.7.243.231 - - [29/Jul/2026:18:57:28 +0200] "GET /?overshadowy%2F41858414011 HTTP/1.1" 200 203589 "https://royalty-trailers.co.za/?overshadowy/41858414011" "Mozilla/5.0 AppleWebKit/537.36 (KHTML, like Gecko; compatible; GPTBot/1.4; +https://openai.com/gptbot)"
74.7.243.231 - - [29/Jul/2026:18:57:34 +0200] "GET /?j=m9o3s9s9b6a9n5k7e9r55 HTTP/1.1" 200 203680 "https://royalty-trailers.co.za/sitemap-pages.xml" "Mozilla/5.0 AppleWebKit/537.36 (KHTML, like Gecko; compatible; GPTBot/1.4; +https://openai.com/gptbot)"
74.7.243.231 - - [29/Jul/2026:18:57:39 +0200] "GET /?j=e4n2g4e1n7d7r3u3r1e12 HTTP/1.1" 200 203395 "https://royalty-trailers.co.za/sitemap.xml" "Mozilla/5.0 AppleWebKit/537.36 (KHTML, like Gecko; compatible; GPTBot/1.4; +https://openai.com/gptbot)"
216.73.217.39 - - [29/Jul/2026:18:57:42 +0200] "GET /?j=t4h3e8r3m1o9e0l8e4c5t8ricity HTTP/1.1" 200 203615 "-" "Mozilla/5.0 AppleWebKit/537.36 (KHTML, like Gecko; compatible; ClaudeBot/1.0; +claudebot@anthropic.com)"
74.7.243.231 - - [29/Jul/2026:18:57:45 +0200] "GET /?j=g9i2r2l2f6r4i4e2n2d64 HTTP/1.1" 200 203437 "https://royalty-trailers.co.za/sitemap-pages.xml" "Mozilla/5.0 AppleWebKit/537.36 (KHTML, like Gecko; compatible; GPTBot/1.4; +https://openai.com/gptbot)"
74.7.243.231 - - [29/Jul/2026:18:57:50 +0200] "GET /?j=y9e4l1l6o6w1r6o7o4t29 HTTP/1.1" 200 203545 "https://royalty-trailers.co.za/sitemap-pages.xml" "Mozilla/5.0 AppleWebKit/537.36 (KHTML, like Gecko; compatible; GPTBot/1.4; +https://openai.com/gptbot)"
216.73.217.39 - - [29/Jul/2026:18:57:55 +0200] "GET /?j=s4t3e1t9t5i9n3g3703 HTTP/1.1" 200 203595 "-" "Mozilla/5.0 AppleWebKit/537.36 (KHTML, like Gecko; compatible; ClaudeBot/1.0; +claudebot@anthropic.com)"
74.7.243.231 - - [29/Jul/2026:18:57:56 +0200] "GET /?j=s9t2i9p9i8t5u2r8u5s43 HTTP/1.1" 200 203497 "https://royalty-trailers.co.za/sitemap-pages.xml" "Mozilla/5.0 AppleWebKit/537.36 (KHTML, like Gecko; compatible; GPTBot/1.4; +https://openai.com/gptbot)"
74.7.243.231 - - [29/Jul/2026:18:58:00 +0200] "GET /?j=k9n3o8t2t8i3n0e8s0s23 HTTP/1.1" 200 203439 "https://royalty-trailers.co.za/sitemap-pages.xml" "Mozilla/5.0 AppleWebKit/537.36 (KHTML, like Gecko; compatible; GPTBot/1.4; +https://openai.com/gptbot)"
74.7.243.231 - - [29/Jul/2026:18:58:05 +0200] "GET /?kickshawses/83475797942 HTTP/1.1" 301 0 "https://royalty-trailers.co.za/sitemap-product.xml" "Mozilla/5.0 AppleWebKit/537.36 (KHTML, like Gecko; compatible; GPTBot/1.4; +https://openai.com/gptbot)"
216.73.217.39 - - [29/Jul/2026:18:58:10 +0200] "GET /?j=i4n1h7i1a5t4i3o0n432 HTTP/1.1" 200 203374 "-" "Mozilla/5.0 AppleWebKit/537.36 (KHTML, like Gecko; compatible; ClaudeBot/1.0; +claudebot@anthropic.com)"
74.7.243.231 - - [29/Jul/2026:18:58:11 +0200] "GET /?kickshawses%2F83475797942 HTTP/1.1" 200 203509 "https://royalty-trailers.co.za/?kickshawses/83475797942" "Mozilla/5.0 AppleWebKit/537.36 (KHTML, like Gecko; compatible; GPTBot/1.4; +https://openai.com/gptbot)"
216.73.217.39 - - [29/Jul/2026:18:58:14 +0200] "GET /?j=o4s1t6r2a1c0i2o0n4t6i5dae HTTP/1.1" 200 203475 "-" "Mozilla/5.0 AppleWebKit/537.36 (KHTML, like Gecko; compatible; ClaudeBot/1.0; +claudebot@anthropic.com)"
57.141.0.11 - - [29/Jul/2026:18:58:14 +0200] "GET /?j=g4u2l9l6i5e3s30179 HTTP/1.1" 200 203916 "-" "Mozilla/5.0 (X11; Linux x86_64) AppleWebKit/537.36 (KHTML, like Gecko) Chrome/145.0.0.0 Safari/537.36 (compatible; meta-externalagent/1.1 (+https://developers.facebook.com/docs/sharing/webmasters/crawler))"
164.68.125.131 - - [29/Jul/2026:18:58:15 +0200] "POST /wp-cron.php?doing_wp_cron=1785344295.6558749675750732421875 HTTP/1.1" 200 0 "-" "WordPress/6.9.4; https://royalty-trailers.co.za"
74.7.243.231 - - [29/Jul/2026:18:58:15 +0200] "GET /?j=t4r2a8n8s7f8r9e8t9e37 HTTP/1.1" 200 203479 "https://royalty-trailers.co.za/sitemap.xml" "Mozilla/5.0 AppleWebKit/537.36 (KHTML, like Gecko; compatible; GPTBot/1.4; +https://openai.com/gptbot)"
74.7.243.231 - - [29/Jul/2026:18:58:21 +0200] "GET /?j=c8r1u1c8i7a1t9i7o1n94 HTTP/1.1" 200 203437 "https://royalty-trailers.co.za/sitemap-product.xml" "Mozilla/5.0 AppleWebKit/537.36 (KHTML, like Gecko; compatible; GPTBot/1.4; +https://openai.com/gptbot)"
74.7.243.231 - - [29/Jul/2026:18:58:25 +0200] "GET /?j=h9y2p6o9c2r6i7t7i1c27 HTTP/1.1" 200 203929 "https://royalty-trailers.co.za/sitemap-pages.xml" "Mozilla/5.0 AppleWebKit/537.36 (KHTML, like Gecko; compatible; GPTBot/1.4; +https://openai.com/gptbot)"
74.7.243.231 - - [29/Jul/2026:18:58:30 +0200] "GET /?unification/94173180431 HTTP/1.1" 301 0 "https://royalty-trailers.co.za/sitemap-pages.xml" "Mozilla/5.0 AppleWebKit/537.36 (KHTML, like Gecko; compatible; GPTBot/1.4; +https://openai.com/gptbot)"
74.7.243.231 - - [29/Jul/2026:18:58:34 +0200] "GET /?unification%2F94173180431 HTTP/1.1" 200 203518 "https://royalty-trailers.co.za/?unification/94173180431" "Mozilla/5.0 AppleWebKit/537.36 (KHTML, like Gecko; compatible; GPTBot/1.4; +https://openai.com/gptbot)"
74.7.243.231 - - [29/Jul/2026:18:58:40 +0200] "GET /?j=a4n3t3h2r1a7c9e7n9e97 HTTP/1.1" 200 203667 "https://royalty-trailers.co.za/sitemap.xml" "Mozilla/5.0 AppleWebKit/537.36 (KHTML, like Gecko; compatible; GPTBot/1.4; +https://openai.com/gptbot)"
216.73.217.39 - - [29/Jul/2026:18:58:44 +0200] "GET /?j=r4o3u3g8h7h8e3w1e6r37 HTTP/1.1" 200 203525 "-" "Mozilla/5.0 AppleWebKit/537.36 (KHTML, like Gecko; compatible; ClaudeBot/1.0; +claudebot@anthropic.com)"
74.7.243.231 - - [29/Jul/2026:18:58:44 +0200] "GET /?innutritive/41816182036 HTTP/1.1" 301 0 "https://royalty-trailers.co.za/sitemap.xml" "Mozilla/5.0 AppleWebKit/537.36 (KHTML, like Gecko; compatible; GPTBot/1.4; +https://openai.com/gptbot)"
74.7.243.231 - - [29/Jul/2026:18:58:49 +0200] "GET /?innutritive%2F41816182036 HTTP/1.1" 200 203759 "https://royalty-trailers.co.za/?innutritive/41816182036" "Mozilla/5.0 AppleWebKit/537.36 (KHTML, like Gecko; compatible; GPTBot/1.4; +https://openai.com/gptbot)"
216.73.217.39 - - [29/Jul/2026:18:58:50 +0200] "GET /shops/modulatordemodulator/h4a2i5r2s9p7l6i6t1t6i6ng HTTP/1.1" 404 146249 "-" "Mozilla/5.0 AppleWebKit/537.36 (KHTML, like Gecko; compatible; ClaudeBot/1.0; +claudebot@anthropic.com)"
74.7.243.231 - - [29/Jul/2026:18:58:54 +0200] "GET /?j=i9m2b5r2u5e1m1e7n1t55 HTTP/1.1" 200 203535 "https://royalty-trailers.co.za/sitemap-pages.xml" "Mozilla/5.0 AppleWebKit/537.36 (KHTML, like Gecko; compatible; GPTBot/1.4; +https://openai.com/gptbot)"
57.141.0.43 - - [29/Jul/2026:18:58:54 +0200] "GET /?j=a9l1l6e7v7i1a8t3i5o1n7 HTTP/1.1" 200 202984 "-" "Mozilla/5.0 (Macintosh; Intel Mac OS X 10_15_7) AppleWebKit/537.36 (KHTML, like Gecko) Chrome/145.0.0.0 Safari/537.36 (compatible; meta-externalagent/1.1 (+https://developers.facebook.com/docs/sharing/webmasters/crawler))"
74.7.243.231 - - [29/Jul/2026:18:59:00 +0200] "GET /?j=n9e2e4d3l8e9w3o2r2k89 HTTP/1.1" 200 203643 "https://royalty-trailers.co.za/sitemap-pages.xml" "Mozilla/5.0 AppleWebKit/537.36 (KHTML, like Gecko; compatible; GPTBot/1.4; +https://openai.com/gptbot)"
216.73.217.39 - - [29/Jul/2026:18:59:01 +0200] "GET /?j=i4n4t9r5u4s9i1o3n6i7st HTTP/1.1" 200 203732 "-" "Mozilla/5.0 AppleWebKit/537.36 (KHTML, like Gecko; compatible; ClaudeBot/1.0; +claudebot@anthropic.com)"
74.7.243.231 - - [29/Jul/2026:18:59:05 +0200] "GET /?j=p4o2m8p7i7l9l5i2o8n88 HTTP/1.1" 200 203503 "https://royalty-trailers.co.za/sitemap.xml" "Mozilla/5.0 AppleWebKit/537.36 (KHTML, like Gecko; compatible; GPTBot/1.4; +https://openai.com/gptbot)"
74.7.243.231 - - [29/Jul/2026:18:59:09 +0200] "GET /?j=c9a4n0a9r4i0e9n2s0e54 HTTP/1.1" 200 203503 "https://royalty-trailers.co.za/sitemap-pages.xml" "Mozilla/5.0 AppleWebKit/537.36 (KHTML, like Gecko; compatible; GPTBot/1.4; +https://openai.com/gptbot)"
216.73.217.39 - - [29/Jul/2026:18:59:13 +0200] "GET /?j=s4t3e1t9t5i9n3g3703 HTTP/1.1" 200 203596 "-" "Mozilla/5.0 AppleWebKit/537.36 (KHTML, like Gecko; compatible; ClaudeBot/1.0; +claudebot@anthropic.com)"
164.68.125.131 - - [29/Jul/2026:18:59:13 +0200] "POST /wp-cron.php?doing_wp_cron=1785344353.6343820095062255859375 HTTP/1.1" 200 0 "-" "WordPress/6.9.4; https://royalty-trailers.co.za"
74.7.243.231 - - [29/Jul/2026:18:59:13 +0200] "GET /?j=t9e2l2e4m4e1t4e2o6r6o0graphic HTTP/1.1" 200 203445 "https://royalty-trailers.co.za/sitemap-pages.xml" "Mozilla/5.0 AppleWebKit/537.36 (KHTML, like Gecko; compatible; GPTBot/1.4; +https://openai.com/gptbot)"
74.7.243.231 - - [29/Jul/2026:18:59:16 +0200] "GET /?linguistics/8507778397 HTTP/1.1" 301 0 "https://royalty-trailers.co.za/sitemap-product.xml" "Mozilla/5.0 AppleWebKit/537.36 (KHTML, like Gecko; compatible; GPTBot/1.4; +https://openai.com/gptbot)"
74.7.243.231 - - [29/Jul/2026:18:59:20 +0200] "GET /?linguistics%2F8507778397 HTTP/1.1" 200 203517 "https://royalty-trailers.co.za/?linguistics/8507778397" "Mozilla/5.0 AppleWebKit/537.36 (KHTML, like Gecko; compatible; GPTBot/1.4; +https://openai.com/gptbot)"
74.7.243.231 - - [29/Jul/2026:18:59:24 +0200] "GET /?j=t4h5e7o1p4h8i8l2a3n7thropic HTTP/1.1" 200 203539 "https://royalty-trailers.co.za/sitemap.xml" "Mozilla/5.0 AppleWebKit/537.36 (KHTML, like Gecko; compatible; GPTBot/1.4; +https://openai.com/gptbot)"
74.7.243.231 - - [29/Jul/2026:18:59:27 +0200] "GET /?j=h8u3m0a2n2i2t1i5a7n31 HTTP/1.1" 200 203755 "https://royalty-trailers.co.za/sitemap-product.xml" "Mozilla/5.0 AppleWebKit/537.36 (KHTML, like Gecko; compatible; GPTBot/1.4; +https://openai.com/gptbot)"
74.7.243.231 - - [29/Jul/2026:18:59:31 +0200] "GET /?j=u8n1h0o0l6i0n6e6s6s74 HTTP/1.1" 200 203643 "https://royalty-trailers.co.za/sitemap-product.xml" "Mozilla/5.0 AppleWebKit/537.36 (KHTML, like Gecko; compatible; GPTBot/1.4; +https://openai.com/gptbot)"
74.7.243.231 - - [29/Jul/2026:18:59:35 +0200] "GET /?thanksgiver/93256323226 HTTP/1.1" 301 0 "https://royalty-trailers.co.za/sitemap-pages.xml" "Mozilla/5.0 AppleWebKit/537.36 (KHTML, like Gecko; compatible; GPTBot/1.4; +https://openai.com/gptbot)"
74.7.243.231 - - [29/Jul/2026:18:59:38 +0200] "GET /?thanksgiver%2F93256323226 HTTP/1.1" 200 203564 "https://royalty-trailers.co.za/?thanksgiver/93256323226" "Mozilla/5.0 AppleWebKit/537.36 (KHTML, like Gecko; compatible; GPTBot/1.4; +https://openai.com/gptbot)"
216.73.217.39 - - [29/Jul/2026:18:59:42 +0200] "GET /sitemap.xml HTTP/1.1" 200 176154 "-" "Mozilla/5.0 AppleWebKit/537.36 (KHTML, like Gecko; compatible; ClaudeBot/1.0; +claudebot@anthropic.com)"
74.7.243.231 - - [29/Jul/2026:18:59:42 +0200] "GET /?j=y8e2s0t2e5r9m5o0r9n10 HTTP/1.1" 200 203802 "https://royalty-trailers.co.za/sitemap-product.xml" "Mozilla/5.0 AppleWebKit/537.36 (KHTML, like Gecko; compatible; GPTBot/1.4; +https://openai.com/gptbot)"
66.249.66.73 - - [29/Jul/2026:18:59:42 +0200] "GET /?j=a8r1u0n1d3i1n1a5r7i5a0 HTTP/1.1" 200 818156 "-" "Mozilla/5.0 (compatible; Googlebot/2.1; +http://www.google.com/bot.html)"
74.7.243.231 - - [29/Jul/2026:18:59:46 +0200] "GET /?j=b4i1r0t6h4p5l0a6c0e45 HTTP/1.1" 200 203660 "https://royalty-trailers.co.za/sitemap.xml" "Mozilla/5.0 AppleWebKit/537.36 (KHTML, like Gecko; compatible; GPTBot/1.4; +https://openai.com/gptbot)"
74.7.243.231 - - [29/Jul/2026:18:59:50 +0200] "GET /?j=r9a2g6m3a1n6r8o8l4l38 HTTP/1.1" 200 203739 "https://royalty-trailers.co.za/sitemap-pages.xml" "Mozilla/5.0 AppleWebKit/537.36 (KHTML, like Gecko; compatible; GPTBot/1.4; +https://openai.com/gptbot)"
74.7.243.231 - - [29/Jul/2026:18:59:54 +0200] "GET /?j=c4a1t1a2p6e0l0t4i3c67 HTTP/1.1" 200 203929 "https://royalty-trailers.co.za/sitemap.xml" "Mozilla/5.0 AppleWebKit/537.36 (KHTML, like Gecko; compatible; GPTBot/1.4; +https://openai.com/gptbot)"
66.249.66.164 - - [29/Jul/2026:18:59:56 +0200] "GET /review/goods/R2963293880 HTTP/1.1" 200 804644 "-" "Mozilla/5.0 (Linux; Android 6.0.1; Nexus 5X Build/MMB29P) AppleWebKit/537.36 (KHTML, like Gecko) Chrome/150.0.7871.128 Mobile Safari/537.36 (compatible; GoogleOther)"
74.7.243.231 - - [29/Jul/2026:18:59:58 +0200] "GET /?j=h8e3p0t9a1r7c0h3i3c85 HTTP/1.1" 200 203563 "https://royalty-trailers.co.za/sitemap-product.xml" "Mozilla/5.0 AppleWebKit/537.36 (KHTML, like Gecko; compatible; GPTBot/1.4; +https://openai.com/gptbot)"
74.7.243.231 - - [29/Jul/2026:19:00:02 +0200] "GET /?j=a8u3x2i1l0i9a9r0l2y73 HTTP/1.1" 200 203508 "https://royalty-trailers.co.za/sitemap-product.xml" "Mozilla/5.0 AppleWebKit/537.36 (KHTML, like Gecko; compatible; GPTBot/1.4; +https://openai.com/gptbot)"
216.73.217.39 - - [29/Jul/2026:19:00:03 +0200] "GET /cantering/shebeen/41883653285 HTTP/1.1" 404 146249 "-" "Mozilla/5.0 AppleWebKit/537.36 (KHTML, like Gecko; compatible; ClaudeBot/1.0; +claudebot@anthropic.com)"
74.7.243.231 - - [29/Jul/2026:19:00:10 +0200] "GET /?untreasured/93780882326 HTTP/1.1" 301 0 "https://royalty-trailers.co.za/sitemap-pages.xml" "Mozilla/5.0 AppleWebKit/537.36 (KHTML, like Gecko; compatible; GPTBot/1.4; +https://openai.com/gptbot)"
164.68.125.131 - - [29/Jul/2026:19:00:16 +0200] "POST /wp-cron.php?doing_wp_cron=1785344415.9338610172271728515625 HTTP/1.1" 200 0 "-" "WordPress/6.9.4; https://royalty-trailers.co.za"
74.7.243.231 - - [29/Jul/2026:19:00:16 +0200] "GET /?untreasured%2F93780882326 HTTP/1.1" 200 203462 "https://royalty-trailers.co.za/?untreasured/93780882326" "Mozilla/5.0 AppleWebKit/537.36 (KHTML, like Gecko; compatible; GPTBot/1.4; +https://openai.com/gptbot)"
74.7.243.231 - - [29/Jul/2026:19:00:22 +0200] "GET /?j=s9c3a1p7e4g9r7a8c2e14 HTTP/1.1" 200 203465 "https://royalty-trailers.co.za/sitemap-pages.xml" "Mozilla/5.0 AppleWebKit/537.36 (KHTML, like Gecko; compatible; GPTBot/1.4; +https://openai.com/gptbot)"
216.73.217.39 - - [29/Jul/2026:19:00:22 +0200] "GET /excalfactory/pacifying/4349182837 HTTP/1.1" 404 146249 "-" "Mozilla/5.0 AppleWebKit/537.36 (KHTML, like Gecko; compatible; ClaudeBot/1.0; +claudebot@anthropic.com)"
74.7.243.231 - - [29/Jul/2026:19:00:28 +0200] "GET /?j=p4e3r9m9e3a4t5i9o1n90 HTTP/1.1" 200 203616 "https://royalty-trailers.co.za/sitemap.xml" "Mozilla/5.0 AppleWebKit/537.36 (KHTML, like Gecko; compatible; GPTBot/1.4; +https://openai.com/gptbot)"
74.7.243.231 - - [29/Jul/2026:19:00:34 +0200] "GET /?j=a8p1p5e3n4d4i9x3e7s84 HTTP/1.1" 200 203465 "https://royalty-trailers.co.za/sitemap-product.xml" "Mozilla/5.0 AppleWebKit/537.36 (KHTML, like Gecko; compatible; GPTBot/1.4; +https://openai.com/gptbot)"
74.7.243.231 - - [29/Jul/2026:19:00:40 +0200] "GET /?j=d8e1c2o6c2t6i4b9l2e58 HTTP/1.1" 200 203616 "https://royalty-trailers.co.za/sitemap-product.xml" "Mozilla/5.0 AppleWebKit/537.36 (KHTML, like Gecko; compatible; GPTBot/1.4; +https://openai.com/gptbot)"
74.7.243.231 - - [29/Jul/2026:19:00:46 +0200] "GET /?j=p8e2r6c6e8p9t1i2v5e80 HTTP/1.1" 200 203590 "https://royalty-trailers.co.za/sitemap-product.xml" "Mozilla/5.0 AppleWebKit/537.36 (KHTML, like Gecko; compatible; GPTBot/1.4; +https://openai.com/gptbot)"
216.73.217.39 - - [29/Jul/2026:19:00:50 +0200] "GET /?j=a4l1v2e6o7l3u8s252 HTTP/1.1" 200 203479 "-" "Mozilla/5.0 AppleWebKit/537.36 (KHTML, like Gecko; compatible; ClaudeBot/1.0; +claudebot@anthropic.com)"
74.7.243.231 - - [29/Jul/2026:19:00:52 +0200] "GET /?j=a4c4r0o0p0o6d3i5u6m99 HTTP/1.1" 200 203746 "https://royalty-trailers.co.za/sitemap.xml" "Mozilla/5.0 AppleWebKit/537.36 (KHTML, like Gecko; compatible; GPTBot/1.4; +https://openai.com/gptbot)"
74.7.243.231 - - [29/Jul/2026:19:00:58 +0200] "GET /?j=f8u3n0g9i7c6i6d7i7n95 HTTP/1.1" 200 203660 "https://royalty-trailers.co.za/sitemap-product.xml" "Mozilla/5.0 AppleWebKit/537.36 (KHTML, like Gecko; compatible; GPTBot/1.4; +https://openai.com/gptbot)"
74.7.243.231 - - [29/Jul/2026:19:01:04 +0200] "GET /?j=h9a2m2s9h1a3c4k1l1e30 HTTP/1.1" 200 203746 "https://royalty-trailers.co.za/sitemap-pages.xml" "Mozilla/5.0 AppleWebKit/537.36 (KHTML, like Gecko; compatible; GPTBot/1.4; +https://openai.com/gptbot)"
57.141.0.10 - - [29/Jul/2026:19:01:06 +0200] "GET /?j=p9o4r0t0e2n5d60663 HTTP/1.1" 200 203620 "-" "Mozilla/5.0 (X11; Linux x86_64; rv:147.0) Gecko/20100101 Firefox/147.0 (compatible; meta-externalagent/1.1 (+https://developers.facebook.com/docs/sharing/webmasters/crawler))"
74.7.243.231 - - [29/Jul/2026:19:01:10 +0200] "GET /?mistreading/92876862881 HTTP/1.1" 301 0 "https://royalty-trailers.co.za/sitemap-pages.xml" "Mozilla/5.0 AppleWebKit/537.36 (KHTML, like Gecko; compatible; GPTBot/1.4; +https://openai.com/gptbot)"
216.73.217.39 - - [29/Jul/2026:19:01:11 +0200] "GET /nosophen/overrunner/h4a2r3p6e9730352 HTTP/1.1" 404 146249 "-" "Mozilla/5.0 AppleWebKit/537.36 (KHTML, like Gecko; compatible; ClaudeBot/1.0; +claudebot@anthropic.com)"
164.68.125.131 - - [29/Jul/2026:19:01:15 +0200] "POST /wp-cron.php?doing_wp_cron=1785344475.7174189090728759765625 HTTP/1.1" 200 0 "-" "WordPress/6.9.4; https://royalty-trailers.co.za"
74.7.243.231 - - [29/Jul/2026:19:01:15 +0200] "GET /?mistreading%2F92876862881 HTTP/1.1" 200 203438 "https://royalty-trailers.co.za/?mistreading/92876862881" "Mozilla/5.0 AppleWebKit/537.36 (KHTML, like Gecko; compatible; GPTBot/1.4; +https://openai.com/gptbot)"
216.73.217.39 - - [29/Jul/2026:19:01:16 +0200] "GET /shops/heeltapping/r4e1g1a2l3e987946 HTTP/1.1" 404 146241 "-" "Mozilla/5.0 AppleWebKit/537.36 (KHTML, like Gecko; compatible; ClaudeBot/1.0; +claudebot@anthropic.com)"
57.141.0.40 - - [29/Jul/2026:19:01:18 +0200] "GET /?cemeterial/92887264721 HTTP/1.1" 301 0 "-" "Mozilla/5.0 (Windows NT 10.0; Win64; x64) AppleWebKit/537.36 (KHTML, like Gecko) Chrome/145.0.0.0 Safari/537.36 (compatible; meta-externalagent/1.1 (+https://developers.facebook.com/docs/sharing/webmasters/crawler))"
74.7.243.231 - - [29/Jul/2026:19:01:21 +0200] "GET /?j=p4h3y2s5i9c8a3l7l4y47 HTTP/1.1" 200 203543 "https://royalty-trailers.co.za/sitemap.xml" "Mozilla/5.0 AppleWebKit/537.36 (KHTML, like Gecko; compatible; GPTBot/1.4; +https://openai.com/gptbot)"
74.7.243.231 - - [29/Jul/2026:19:01:26 +0200] "GET /?infatigable/84081562402 HTTP/1.1" 301 0 "https://royalty-trailers.co.za/sitemap-product.xml" "Mozilla/5.0 AppleWebKit/537.36 (KHTML, like Gecko; compatible; GPTBot/1.4; +https://openai.com/gptbot)"
66.249.66.164 - - [29/Jul/2026:19:01:27 +0200] "GET /review/goods/R1673977000 HTTP/1.1" 200 819476 "-" "Mozilla/5.0 (Linux; Android 6.0.1; Nexus 5X Build/MMB29P) AppleWebKit/537.36 (KHTML, like Gecko) Chrome/150.0.7871.128 Mobile Safari/537.36 (compatible; GoogleOther)"
74.7.243.231 - - [29/Jul/2026:19:01:31 +0200] "GET /?infatigable%2F84081562402 HTTP/1.1" 200 203785 "https://royalty-trailers.co.za/?infatigable/84081562402" "Mozilla/5.0 AppleWebKit/537.36 (KHTML, like Gecko; compatible; GPTBot/1.4; +https://openai.com/gptbot)"
74.7.243.231 - - [29/Jul/2026:19:01:36 +0200] "GET /?j=d8i2s7e2m2b7o2g4u7e60 HTTP/1.1" 200 203422 "https://royalty-trailers.co.za/sitemap-product.xml" "Mozilla/5.0 AppleWebKit/537.36 (KHTML, like Gecko; compatible; GPTBot/1.4; +https://openai.com/gptbot)"
216.73.217.39 - - [29/Jul/2026:19:01:39 +0200] "GET /shops/annotating/n4e1o3t1e6r7i5s2t670 HTTP/1.1" 404 146241 "-" "Mozilla/5.0 AppleWebKit/537.36 (KHTML, like Gecko; compatible; ClaudeBot/1.0; +claudebot@anthropic.com)"
74.7.243.231 - - [29/Jul/2026:19:01:41 +0200] "GET /?opportunism/44293557326 HTTP/1.1" 301 0 "https://royalty-trailers.co.za/sitemap.xml" "Mozilla/5.0 AppleWebKit/537.36 (KHTML, like Gecko; compatible; GPTBot/1.4; +https://openai.com/gptbot)"
57.141.0.12 - - [29/Jul/2026:19:01:46 +0200] "GET /?cemeterial%2F92887264721 HTTP/1.1" 503 468 "-" "Mozilla/5.0 (Windows NT 10.0; Win64; x64) AppleWebKit/537.36 (KHTML, like Gecko) Chrome/145.0.0.0 Safari/537.36 (compatible; meta-externalagent/1.1 (+https://developers.facebook.com/docs/sharing/webmasters/crawler))"
74.7.243.231 - - [29/Jul/2026:19:01:46 +0200] "GET /?opportunism%2F44293557326 HTTP/1.1" 503 468 "https://royalty-trailers.co.za/?opportunism/44293557326" "Mozilla/5.0 AppleWebKit/537.36 (KHTML, like Gecko; compatible; GPTBot/1.4; +https://openai.com/gptbot)"
74.7.243.231 - - [29/Jul/2026:19:01:46 +0200] "GET /?j=c4a3n3t6i5n3i6e0r1e54 HTTP/1.1" 503 468 "https://royalty-trailers.co.za/sitemap.xml" "Mozilla/5.0 AppleWebKit/537.36 (KHTML, like Gecko; compatible; GPTBot/1.4; +https://openai.com/gptbot)"
216.73.217.39 - - [29/Jul/2026:19:01:56 +0200] "GET /shops/vesiculation/r4e2s1u2m5e826477 HTTP/1.1" 500 2443 "-" "Mozilla/5.0 AppleWebKit/537.36 (KHTML, like Gecko; compatible; ClaudeBot/1.0; +claudebot@anthropic.com)"
74.7.243.231 - - [29/Jul/2026:19:02:06 +0200] "GET /?j=a9s3s3e8m0b7l5i8e4s44 HTTP/1.1" 200 203448 "https://royalty-trailers.co.za/sitemap-pages.xml" "Mozilla/5.0 AppleWebKit/537.36 (KHTML, like Gecko; compatible; GPTBot/1.4; +https://openai.com/gptbot)"
57.141.0.8 - - [29/Jul/2026:19:02:06 +0200] "GET /shops/preadmonition/p4e4r1c4o0l7a6t8e836 HTTP/1.1" 404 145748 "-" "Mozilla/5.0 (Macintosh; Intel Mac OS X 10_15_7) AppleWebKit/537.36 (KHTML, like Gecko) Chrome/145.0.0.0 Safari/537.36 (compatible; meta-externalagent/1.1 (+https://developers.facebook.com/docs/sharing/webmasters/crawler))"
216.73.217.39 - - [29/Jul/2026:19:02:06 +0200] "GET /shops/importing/l4a4c3u9n2e73127 HTTP/1.1" 404 146241 "-" "Mozilla/5.0 AppleWebKit/537.36 (KHTML, like Gecko; compatible; ClaudeBot/1.0; +claudebot@anthropic.com)"
57.141.0.3 - - [29/Jul/2026:19:02:07 +0200] "GET /shops/poisonable/r4h1o3d9y3m9e3n1i0a99 HTTP/1.1" 404 146249 "-" "Mozilla/5.0 (X11; Linux x86_64) AppleWebKit/537.36 (KHTML, like Gecko) Chrome/145.0.0.0 Safari/537.36 (compatible; meta-externalagent/1.1 (+https://developers.facebook.com/docs/sharing/webmasters/crawler))"
57.141.0.36 - - [29/Jul/2026:19:02:08 +0200] "GET /shops/tramontane/m4i2c4r6o4p4h3y5t9a0l1 HTTP/1.1" 404 146249 "-" "Mozilla/5.0 (Windows NT 10.0; Win64; x64) AppleWebKit/537.36 (KHTML, like Gecko) Chrome/145.0.0.0 Safari/537.36 (compatible; meta-externalagent/1.1 (+https://developers.facebook.com/docs/sharing/webmasters/crawler))"
57.141.0.56 - - [29/Jul/2026:19:02:09 +0200] "GET /drain/mossycup/f4e3e0b5l7e315964 HTTP/1.1" 404 145748 "-" "Mozilla/5.0 (Macintosh; Intel Mac OS X 10_15_7) AppleWebKit/537.36 (KHTML, like Gecko) Chrome/145.0.0.0 Safari/537.36 (compatible; meta-externalagent/1.1 (+https://developers.facebook.com/docs/sharing/webmasters/crawler))"
57.141.0.70 - - [29/Jul/2026:19:02:10 +0200] "GET /?j=k4a1n5t5i0a2n5i6s1m92 HTTP/1.1" 200 203510 "-" "Mozilla/5.0 (X11; Linux x86_64) AppleWebKit/537.36 (KHTML, like Gecko) Chrome/145.0.0.0 Safari/537.36 (compatible; meta-externalagent/1.1 (+https://developers.facebook.com/docs/sharing/webmasters/crawler))"
164.68.125.131 - - [29/Jul/2026:19:02:31 +0200] "POST /wp-cron.php?doing_wp_cron=1785344551.5921978950500488281250 HTTP/1.1" 200 0 "-" "WordPress/6.9.4; https://royalty-trailers.co.za"
74.7.243.231 - - [29/Jul/2026:19:02:31 +0200] "GET /?j=o9u1v8a1r2o5v0i4t2e92 HTTP/1.1" 200 203391 "https://royalty-trailers.co.za/sitemap-pages.xml" "Mozilla/5.0 AppleWebKit/537.36 (KHTML, like Gecko; compatible; GPTBot/1.4; +https://openai.com/gptbot)"
216.73.217.39 - - [29/Jul/2026:19:02:33 +0200] "GET /?j=a4t3o7n3i8c918589 HTTP/1.1" 200 203396 "-" "Mozilla/5.0 AppleWebKit/537.36 (KHTML, like Gecko; compatible; ClaudeBot/1.0; +claudebot@anthropic.com)"
66.249.66.163 - - [29/Jul/2026:19:02:42 +0200] "GET /?j=l0i2n1n2a7e3u0s3467 HTTP/1.1" 200 821775 "-" "Mozilla/5.0 (Linux; Android 6.0.1; Nexus 5X Build/MMB29P) AppleWebKit/537.36 (KHTML, like Gecko) Chrome/150.0.7871.128 Mobile Safari/537.36 (compatible; Googlebot/2.1; +http://www.google.com/bot.html)"
216.73.217.39 - - [29/Jul/2026:19:02:47 +0200] "GET /?j=o4r3i1o2l3e7s94640 HTTP/1.1" 200 203389 "-" "Mozilla/5.0 AppleWebKit/537.36 (KHTML, like Gecko; compatible; ClaudeBot/1.0; +claudebot@anthropic.com)"
74.7.243.231 - - [29/Jul/2026:19:02:53 +0200] "GET /?j=m8a1s0t9i9c8a0b0l2e13 HTTP/1.1" 200 203927 "https://royalty-trailers.co.za/sitemap-product.xml" "Mozilla/5.0 AppleWebKit/537.36 (KHTML, like Gecko; compatible; GPTBot/1.4; +https://openai.com/gptbot)"
216.73.217.39 - - [29/Jul/2026:19:03:00 +0200] "GET /?j=t4u3m6o3r1o3u2s6484 HTTP/1.1" 200 203731 "-" "Mozilla/5.0 AppleWebKit/537.36 (KHTML, like Gecko; compatible; ClaudeBot/1.0; +claudebot@anthropic.com)"
216.73.217.39 - - [29/Jul/2026:19:03:14 +0200] "GET /shops/wynkernel/e4t8e7r1n451297 HTTP/1.1" 404 146249 "-" "Mozilla/5.0 AppleWebKit/537.36 (KHTML, like Gecko; compatible; ClaudeBot/1.0; +claudebot@anthropic.com)"
164.68.125.131 - - [29/Jul/2026:19:03:26 +0200] "POST /wp-cron.php?doing_wp_cron=1785344606.3721959590911865234375 HTTP/1.1" 200 0 "-" "WordPress/6.9.4; https://royalty-trailers.co.za"
216.73.217.39 - - [29/Jul/2026:19:03:26 +0200] "GET /?j=u4n4c7h4r1i5s4t6i9a0nize HTTP/1.1" 200 203866 "-" "Mozilla/5.0 AppleWebKit/537.36 (KHTML, like Gecko; compatible; ClaudeBot/1.0; +claudebot@anthropic.com)"
74.7.243.231 - - [29/Jul/2026:19:03:34 +0200] "GET /?j=f4r4a1u0g0h1t9i4n0g12 HTTP/1.1" 200 203777 "https://royalty-trailers.co.za/sitemap.xml" "Mozilla/5.0 AppleWebKit/537.36 (KHTML, like Gecko; compatible; GPTBot/1.4; +https://openai.com/gptbot)"
57.141.0.55 - - [29/Jul/2026:19:03:37 +0200] "GET /shops/preedy/f9a6m4i7l9y08902 HTTP/1.1" 404 145748 "-" "Mozilla/5.0 (Macintosh; Intel Mac OS X 10_15_7) AppleWebKit/537.36 (KHTML, like Gecko) Chrome/145.0.0.0 Safari/537.36 (compatible; meta-externalagent/1.1 (+https://developers.facebook.com/docs/sharing/webmasters/crawler))"
74.7.243.231 - - [29/Jul/2026:19:03:39 +0200] "GET /?j=p9r2o9p2u6l6s1i6o6n75 HTTP/1.1" 200 203886 "https://royalty-trailers.co.za/sitemap-pages.xml" "Mozilla/5.0 AppleWebKit/537.36 (KHTML, like Gecko; compatible; GPTBot/1.4; +https://openai.com/gptbot)"
216.73.217.39 - - [29/Jul/2026:19:03:44 +0200] "GET /shops/detinue/u4b1i1q5u7i2t0a9r7i8n4ess HTTP/1.1" 404 146249 "-" "Mozilla/5.0 AppleWebKit/537.36 (KHTML, like Gecko; compatible; ClaudeBot/1.0; +claudebot@anthropic.com)"
74.7.243.231 - - [29/Jul/2026:19:03:58 +0200] "GET /?j=a8n4t1i3p2a5t2h8e2s95 HTTP/1.1" 200 203659 "https://royalty-trailers.co.za/sitemap-product.xml" "Mozilla/5.0 AppleWebKit/537.36 (KHTML, like Gecko; compatible; GPTBot/1.4; +https://openai.com/gptbot)"
216.73.217.39 - - [29/Jul/2026:19:03:59 +0200] "GET /?j=g4i1r0l7i9s1h0n6e2s9s5 HTTP/1.1" 200 203468 "-" "Mozilla/5.0 AppleWebKit/537.36 (KHTML, like Gecko; compatible; ClaudeBot/1.0; +claudebot@anthropic.com)"
216.73.217.39 - - [29/Jul/2026:19:04:07 +0200] "GET /margaritic/plurally/42281742053 HTTP/1.1" 404 146249 "-" "Mozilla/5.0 AppleWebKit/537.36 (KHTML, like Gecko; compatible; ClaudeBot/1.0; +claudebot@anthropic.com)"
74.7.243.231 - - [29/Jul/2026:19:04:13 +0200] "GET /?psittaceous/42151852996 HTTP/1.1" 301 0 "https://royalty-trailers.co.za/sitemap.xml" "Mozilla/5.0 AppleWebKit/537.36 (KHTML, like Gecko; compatible; GPTBot/1.4; +https://openai.com/gptbot)"
164.68.125.131 - - [29/Jul/2026:19:04:17 +0200] "POST /wp-cron.php?doing_wp_cron=1785344657.4798729419708251953125 HTTP/1.1" 200 0 "-" "WordPress/6.9.4; https://royalty-trailers.co.za"
74.7.243.231 - - [29/Jul/2026:19:04:17 +0200] "GET /?psittaceous%2F42151852996 HTTP/1.1" 200 203588 "https://royalty-trailers.co.za/?psittaceous/42151852996" "Mozilla/5.0 AppleWebKit/537.36 (KHTML, like Gecko; compatible; GPTBot/1.4; +https://openai.com/gptbot)"
74.7.243.231 - - [29/Jul/2026:19:04:24 +0200] "GET /?infatigable%2F84081562402 HTTP/1.1" 200 203785 "https://royalty-trailers.co.za/?infatigable/84081562402" "Mozilla/5.0 AppleWebKit/537.36 (KHTML, like Gecko; compatible; GPTBot/1.4; +https://openai.com/gptbot)"
216.73.217.39 - - [29/Jul/2026:19:04:34 +0200] "GET /shops/pygobranchia/t4a4e5n9o5i6d1260 HTTP/1.1" 404 146249 "-" "Mozilla/5.0 AppleWebKit/537.36 (KHTML, like Gecko; compatible; ClaudeBot/1.0; +claudebot@anthropic.com)"
57.141.0.70 - - [29/Jul/2026:19:04:38 +0200] "GET /?j=e4a3r4n7f9u6l89683 HTTP/1.1" 200 203108 "-" "Mozilla/5.0 (Macintosh; Intel Mac OS X 10_15_7) AppleWebKit/537.36 (KHTML, like Gecko) Chrome/145.0.0.0 Safari/537.36 (compatible; meta-externalagent/1.1 (+https://developers.facebook.com/docs/sharing/webmasters/crawler))"
74.7.243.231 - - [29/Jul/2026:19:04:41 +0200] "GET /?j=b9u1f7f3o3o0n7i0s6h05 HTTP/1.1" 200 203755 "https://royalty-trailers.co.za/sitemap-pages.xml" "Mozilla/5.0 AppleWebKit/537.36 (KHTML, like Gecko; compatible; GPTBot/1.4; +https://openai.com/gptbot)"
74.7.243.231 - - [29/Jul/2026:19:05:01 +0200] "GET /?archdiocese/81659396467 HTTP/1.1" 301 0 "https://royalty-trailers.co.za/sitemap-product.xml" "Mozilla/5.0 AppleWebKit/537.36 (KHTML, like Gecko; compatible; GPTBot/1.4; +https://openai.com/gptbot)"
216.73.217.39 - - [29/Jul/2026:19:05:07 +0200] "GET /centinody/w4e1l4k0i4n467211 HTTP/1.1" 404 81563 "-" "Mozilla/5.0 AppleWebKit/537.36 (KHTML, like Gecko; compatible; ClaudeBot/1.0; +claudebot@anthropic.com)"
164.68.125.131 - - [29/Jul/2026:19:05:31 +0200] "POST /wp-cron.php?doing_wp_cron=1785344731.5529398918151855468750 HTTP/1.1" 200 0 "-" "WordPress/6.9.4; https://royalty-trailers.co.za"
74.7.243.231 - - [29/Jul/2026:19:05:31 +0200] "GET /?archdiocese%2F81659396467 HTTP/1.1" 200 203590 "https://royalty-trailers.co.za/?archdiocese/81659396467" "Mozilla/5.0 AppleWebKit/537.36 (KHTML, like Gecko; compatible; GPTBot/1.4; +https://openai.com/gptbot)"
216.73.217.39 - - [29/Jul/2026:19:05:32 +0200] "GET /?j=t4u1r3t0l1e3f2o8o1t5e3d HTTP/1.1" 200 203692 "-" "Mozilla/5.0 AppleWebKit/537.36 (KHTML, like Gecko; compatible; ClaudeBot/1.0; +claudebot@anthropic.com)"
74.7.243.231 - - [29/Jul/2026:19:05:35 +0200] "GET /?j=p9r3a0c7t2i9s9a5n7t19 HTTP/1.1" 200 203533 "https://royalty-trailers.co.za/sitemap-pages.xml" "Mozilla/5.0 AppleWebKit/537.36 (KHTML, like Gecko; compatible; GPTBot/1.4; +https://openai.com/gptbot)"
216.73.217.39 - - [29/Jul/2026:19:05:44 +0200] "GET /shops/quote/o4n1e6v9a2l4u9e9d985 HTTP/1.1" 404 146249 "-" "Mozilla/5.0 AppleWebKit/537.36 (KHTML, like Gecko; compatible; ClaudeBot/1.0; +claudebot@anthropic.com)"
57.141.0.51 - - [29/Jul/2026:19:05:45 +0200] "GET /shops/isopoda/p4e8r9e8n7n7i4t8y2 HTTP/1.1" 404 146249 "-" "Mozilla/5.0 (Windows NT 10.0; Win64; x64) AppleWebKit/537.36 (KHTML, like Gecko) Chrome/145.0.0.0 Safari/537.36 (compatible; meta-externalagent/1.1 (+https://developers.facebook.com/docs/sharing/webmasters/crawler))"
74.7.243.231 - - [29/Jul/2026:19:05:46 +0200] "GET /?j=d9i3s0s2u7a2d2i3n5g64 HTTP/1.1" 200 203612 "https://royalty-trailers.co.za/sitemap-pages.xml" "Mozilla/5.0 AppleWebKit/537.36 (KHTML, like Gecko; compatible; GPTBot/1.4; +https://openai.com/gptbot)"
