57.141.0.7 - - [29/Jul/2026:20:12:38 +0200] "GET /shops/salmagundi/s9p3l8e7e8n3e3d5821 HTTP/1.1" 404 146249 "-" "Mozilla/5.0 (X11; Linux x86_64) AppleWebKit/537.36 (KHTML, like Gecko) Chrome/145.0.0.0 Safari/537.36 (compatible; meta-externalagent/1.1 (+https://developers.facebook.com/docs/sharing/webmasters/crawler))"
216.73.217.39 - - [29/Jul/2026:20:12:41 +0200] "GET /?j=b4a3r6r5a1m6u7n6d5a88 HTTP/1.1" 200 203413 "-" "Mozilla/5.0 AppleWebKit/537.36 (KHTML, like Gecko; compatible; ClaudeBot/1.0; +claudebot@anthropic.com)"
216.73.217.39 - - [29/Jul/2026:20:12:46 +0200] "GET /?j=r4i1e8t9b3o5c96208 HTTP/1.1" 200 203392 "-" "Mozilla/5.0 AppleWebKit/537.36 (KHTML, like Gecko; compatible; ClaudeBot/1.0; +claudebot@anthropic.com)"
216.73.217.39 - - [29/Jul/2026:20:12:52 +0200] "GET /shops/canny/s4e1l4f1r9e6s7t9r0a9i7ned HTTP/1.1" 404 146249 "-" "Mozilla/5.0 AppleWebKit/537.36 (KHTML, like Gecko; compatible; ClaudeBot/1.0; +claudebot@anthropic.com)"
216.73.217.39 - - [29/Jul/2026:20:12:59 +0200] "GET /shops/destituteness/w4o2o2l8l7i5n4e2s9s56 HTTP/1.1" 404 146249 "-" "Mozilla/5.0 AppleWebKit/537.36 (KHTML, like Gecko; compatible; ClaudeBot/1.0; +claudebot@anthropic.com)"
66.249.66.164 - - [29/Jul/2026:20:13:01 +0200] "GET /review/goods/R584813665/ HTTP/1.1" 200 814965 "-" "Mozilla/5.0 (Linux; Android 6.0.1; Nexus 5X Build/MMB29P) AppleWebKit/537.36 (KHTML, like Gecko) Chrome/150.0.7871.128 Mobile Safari/537.36 (compatible; GoogleOther)"
164.68.125.131 - - [29/Jul/2026:20:13:07 +0200] "POST /wp-cron.php?doing_wp_cron=1785348787.0080909729003906250000 HTTP/1.1" 200 0 "-" "WordPress/6.9.4; https://royalty-trailers.co.za"
216.73.217.39 - - [29/Jul/2026:20:13:07 +0200] "GET /shops/laryngologist/i4n3d7i6s1c8o4v2e9r5y2 HTTP/1.1" 404 146249 "-" "Mozilla/5.0 AppleWebKit/537.36 (KHTML, like Gecko; compatible; ClaudeBot/1.0; +claudebot@anthropic.com)"
57.141.0.67 - - [29/Jul/2026:20:13:07 +0200] "GET /?j=o8b1l3i7t0e6r7a2t6i2o8n HTTP/1.1" 200 203530 "-" "Mozilla/5.0 (Windows NT 10.0; Win64; x64) AppleWebKit/537.36 (KHTML, like Gecko) Chrome/145.0.0.0 Safari/537.36 (compatible; meta-externalagent/1.1 (+https://developers.facebook.com/docs/sharing/webmasters/crawler))"
57.141.0.64 - - [29/Jul/2026:20:13:10 +0200] "GET /?accoutred/41273477536 HTTP/1.1" 301 0 "-" "Mozilla/5.0 (Macintosh; Intel Mac OS X 10_15_7) AppleWebKit/537.36 (KHTML, like Gecko) Chrome/145.0.0.0 Safari/537.36 (compatible; meta-externalagent/1.1 (+https://developers.facebook.com/docs/sharing/webmasters/crawler))"
57.141.0.45 - - [29/Jul/2026:20:13:10 +0200] "GET /?j=s4o3c7o7m9e526262 HTTP/1.1" 200 203766 "-" "Mozilla/5.0 (Windows NT 10.0; Win64; x64) AppleWebKit/537.36 (KHTML, like Gecko) Chrome/145.0.0.0 Safari/537.36 (compatible; meta-externalagent/1.1 (+https://developers.facebook.com/docs/sharing/webmasters/crawler))"
216.73.217.39 - - [29/Jul/2026:20:13:12 +0200] "GET /shops/janizarian/a4t1h7l5e3t3e14944 HTTP/1.1" 404 146249 "-" "Mozilla/5.0 AppleWebKit/537.36 (KHTML, like Gecko; compatible; ClaudeBot/1.0; +claudebot@anthropic.com)"
164.68.125.131 - - [29/Jul/2026:20:13:18 +0200] "POST /wp-cron.php?doing_wp_cron=1785348798.9501190185546875000000 HTTP/1.1" 200 0 "-" "WordPress/6.9.4; https://royalty-trailers.co.za"
216.73.217.39 - - [29/Jul/2026:20:13:19 +0200] "GET /delawares/p4e1r4s6i7f8l7e5u4r66 HTTP/1.1" 404 146249 "-" "Mozilla/5.0 AppleWebKit/537.36 (KHTML, like Gecko; compatible; ClaudeBot/1.0; +claudebot@anthropic.com)"
216.73.217.39 - - [29/Jul/2026:20:13:25 +0200] "GET /?j=n4i3m6b9u8s558590 HTTP/1.1" 200 196183 "-" "Mozilla/5.0 AppleWebKit/537.36 (KHTML, like Gecko; compatible; ClaudeBot/1.0; +claudebot@anthropic.com)"
216.73.217.39 - - [29/Jul/2026:20:13:31 +0200] "GET /shops/colchicine/c4o7l0l1a8r1i0n5g40 HTTP/1.1" 404 146249 "-" "Mozilla/5.0 AppleWebKit/537.36 (KHTML, like Gecko; compatible; ClaudeBot/1.0; +claudebot@anthropic.com)"
216.73.217.39 - - [29/Jul/2026:20:13:37 +0200] "GET /?j=p4a3i2s8a5n8o49142 HTTP/1.1" 200 203577 "-" "Mozilla/5.0 AppleWebKit/537.36 (KHTML, like Gecko; compatible; ClaudeBot/1.0; +claudebot@anthropic.com)"
216.73.217.39 - - [29/Jul/2026:20:13:44 +0200] "GET /unsegregated/b4e1l5l1o1w2e1d2161 HTTP/1.1" 404 146249 "-" "Mozilla/5.0 AppleWebKit/537.36 (KHTML, like Gecko; compatible; ClaudeBot/1.0; +claudebot@anthropic.com)"
66.249.66.163 - - [29/Jul/2026:20:13:56 +0200] "GET /?j=b5y2s4s9i0f4e5r0o7u9s8 HTTP/1.1" 200 789347 "-" "Mozilla/5.0 (compatible; Googlebot/2.1; +http://www.google.com/bot.html)"
216.73.217.39 - - [29/Jul/2026:20:13:59 +0200] "GET /?j=c4h1a3f7f4l4e5s2s104 HTTP/1.1" 200 203430 "-" "Mozilla/5.0 AppleWebKit/537.36 (KHTML, like Gecko; compatible; ClaudeBot/1.0; +claudebot@anthropic.com)"
216.73.217.39 - - [29/Jul/2026:20:14:01 +0200] "GET /?j=c4h1a3f7f4l4e5s2s104 HTTP/1.1" 200 203438 "-" "Mozilla/5.0 AppleWebKit/537.36 (KHTML, like Gecko; compatible; ClaudeBot/1.0; +claudebot@anthropic.com)"
216.73.217.39 - - [29/Jul/2026:20:14:07 +0200] "GET /shops/thuriferous/o4a4s0i1s897480 HTTP/1.1" 404 146249 "-" "Mozilla/5.0 AppleWebKit/537.36 (KHTML, like Gecko; compatible; ClaudeBot/1.0; +claudebot@anthropic.com)"
164.68.125.131 - - [29/Jul/2026:20:14:11 +0200] "POST /wp-cron.php?doing_wp_cron=1785348851.8330700397491455078125 HTTP/1.1" 200 0 "-" "WordPress/6.9.4; https://royalty-trailers.co.za"
216.73.217.39 - - [29/Jul/2026:20:14:11 +0200] "GET /shops/polygraphy/s4t2a5n3c5h7e3r0592 HTTP/1.1" 404 146249 "-" "Mozilla/5.0 AppleWebKit/537.36 (KHTML, like Gecko; compatible; ClaudeBot/1.0; +claudebot@anthropic.com)"
164.68.125.131 - - [29/Jul/2026:20:14:17 +0200] "POST /wp-cron.php?doing_wp_cron=1785348857.7565419673919677734375 HTTP/1.1" 200 0 "-" "WordPress/6.9.4; https://royalty-trailers.co.za"
216.73.217.39 - - [29/Jul/2026:20:14:17 +0200] "GET /?j=d4e2p1r9e0c4a6t7e4d34 HTTP/1.1" 200 203730 "-" "Mozilla/5.0 AppleWebKit/537.36 (KHTML, like Gecko; compatible; ClaudeBot/1.0; +claudebot@anthropic.com)"
216.73.217.39 - - [29/Jul/2026:20:14:29 +0200] "GET /shops/balata/s4e3w0i0n0753356 HTTP/1.1" 404 146249 "-" "Mozilla/5.0 AppleWebKit/537.36 (KHTML, like Gecko; compatible; ClaudeBot/1.0; +claudebot@anthropic.com)"
66.249.66.72 - - [29/Jul/2026:20:14:31 +0200] "GET /?j=j5a7m3b5a6l8a3y6a82 HTTP/1.1" 200 805001 "-" "Mozilla/5.0 (Linux; Android 6.0.1; Nexus 5X Build/MMB29P) AppleWebKit/537.36 (KHTML, like Gecko) Chrome/150.0.7871.128 Mobile Safari/537.36 (compatible; Googlebot/2.1; +http://www.google.com/bot.html)"
216.73.217.39 - - [29/Jul/2026:20:14:35 +0200] "GET /shops/cardinal/a4d2s6t8r3i4c8t5242 HTTP/1.1" 404 146249 "-" "Mozilla/5.0 AppleWebKit/537.36 (KHTML, like Gecko; compatible; ClaudeBot/1.0; +claudebot@anthropic.com)"
216.73.217.39 - - [29/Jul/2026:20:14:43 +0200] "GET /shops/failure/w4h9i6t8e9s0t2739 HTTP/1.1" 404 146249 "-" "Mozilla/5.0 AppleWebKit/537.36 (KHTML, like Gecko; compatible; ClaudeBot/1.0; +claudebot@anthropic.com)"
57.141.0.18 - - [29/Jul/2026:20:14:53 +0200] "GET /?j=z4o2n1u0l3a3r1045 HTTP/1.1" 200 203640 "-" "Mozilla/5.0 (Windows NT 10.0; Win64; x64) AppleWebKit/537.36 (KHTML, like Gecko) Chrome/145.0.0.0 Safari/537.36 (compatible; meta-externalagent/1.1 (+https://developers.facebook.com/docs/sharing/webmasters/crawler))"
66.249.66.163 - - [29/Jul/2026:20:15:00 +0200] "GET /?j=o1r2c4h0i5t0i5s2685 HTTP/1.1" 200 807602 "-" "Mozilla/5.0 (Linux; Android 6.0.1; Nexus 5X Build/MMB29P) AppleWebKit/537.36 (KHTML, like Gecko) Chrome/150.0.7871.128 Mobile Safari/537.36 (compatible; Googlebot/2.1; +http://www.google.com/bot.html)"
57.141.0.62 - - [29/Jul/2026:20:15:11 +0200] "GET /shops/incompatibleness/n4e1n1u1p9h8a4r863 HTTP/1.1" 404 145748 "-" "Mozilla/5.0 (Macintosh; Intel Mac OS X 10_15_7) AppleWebKit/537.36 (KHTML, like Gecko) Chrome/145.0.0.0 Safari/537.36 (compatible; meta-externalagent/1.1 (+https://developers.facebook.com/docs/sharing/webmasters/crawler))"
164.68.125.131 - - [29/Jul/2026:20:15:17 +0200] "POST /wp-cron.php?doing_wp_cron=1785348917.0506188869476318359375 HTTP/1.1" 200 0 "-" "WordPress/6.9.4; https://royalty-trailers.co.za"
216.73.217.39 - - [29/Jul/2026:20:15:17 +0200] "GET /?j=p4o2l4i6v1e263384 HTTP/1.1" 200 203734 "-" "Mozilla/5.0 AppleWebKit/537.36 (KHTML, like Gecko; compatible; ClaudeBot/1.0; +claudebot@anthropic.com)"
66.249.66.163 - - [29/Jul/2026:20:15:19 +0200] "GET /?j=i6n3q8u6i1r2e6n1t578 HTTP/1.1" 200 830394 "-" "Mozilla/5.0 (compatible; Googlebot/2.1; +http://www.google.com/bot.html)"
66.249.66.201 - - [29/Jul/2026:20:15:30 +0200] "GET /?j=t4r1a7n1s1g5r6e4s3s1e8d HTTP/1.1" 200 806167 "-" "Mozilla/5.0 (Linux; Android 6.0.1; Nexus 5X Build/MMB29P) AppleWebKit/537.36 (KHTML, like Gecko) Chrome/150.0.7871.128 Mobile Safari/537.36 (compatible; Googlebot/2.1; +http://www.google.com/bot.html)"
216.73.217.39 - - [29/Jul/2026:20:15:31 +0200] "GET /pnigalion/irrecordable/42290189254 HTTP/1.1" 404 146249 "-" "Mozilla/5.0 AppleWebKit/537.36 (KHTML, like Gecko; compatible; ClaudeBot/1.0; +claudebot@anthropic.com)"
57.141.0.62 - - [29/Jul/2026:20:15:31 +0200] "GET /?j=a4r3m2a9d6a639595 HTTP/1.1" 200 203452 "-" "Mozilla/5.0 (Windows NT 10.0; Win64; x64) AppleWebKit/537.36 (KHTML, like Gecko) Chrome/145.0.0.0 Safari/537.36 (compatible; meta-externalagent/1.1 (+https://developers.facebook.com/docs/sharing/webmasters/crawler))"
57.141.0.25 - - [29/Jul/2026:20:15:33 +0200] "GET /shops/incongealableness/c4a1r7t4m5e8n58612 HTTP/1.1" 404 146249 "-" "Mozilla/5.0 (X11; Linux x86_64) AppleWebKit/537.36 (KHTML, like Gecko) Chrome/145.0.0.0 Safari/537.36 (compatible; meta-externalagent/1.1 (+https://developers.facebook.com/docs/sharing/webmasters/crawler))"
57.141.0.28 - - [29/Jul/2026:20:15:33 +0200] "GET /vociferation/racemule/41718602917 HTTP/1.1" 404 146249 "-" "Mozilla/5.0 (Windows NT 10.0; Win64; x64) AppleWebKit/537.36 (KHTML, like Gecko) Chrome/145.0.0.0 Safari/537.36 (compatible; meta-externalagent/1.1 (+https://developers.facebook.com/docs/sharing/webmasters/crawler))"
216.73.217.39 - - [29/Jul/2026:20:15:55 +0200] "GET /?j=r4e9c3o6r7d98648 HTTP/1.1" 200 203301 "-" "Mozilla/5.0 AppleWebKit/537.36 (KHTML, like Gecko; compatible; ClaudeBot/1.0; +claudebot@anthropic.com)"
57.141.0.2 - - [29/Jul/2026:20:15:58 +0200] "GET /shops/dipyridine/a4m2e5t8a5b2o7l4a14 HTTP/1.1" 404 146249 "-" "Mozilla/5.0 (Windows NT 10.0; Win64; x64) AppleWebKit/537.36 (KHTML, like Gecko) Chrome/145.0.0.0 Safari/537.36 (compatible; meta-externalagent/1.1 (+https://developers.facebook.com/docs/sharing/webmasters/crawler))"
57.141.0.19 - - [29/Jul/2026:20:15:59 +0200] "GET /shops/deadon/a8s4t2r1o0l4o8g1e0r38 HTTP/1.1" 404 146249 "-" "Mozilla/5.0 (Windows NT 10.0; Win64; x64) AppleWebKit/537.36 (KHTML, like Gecko) Chrome/145.0.0.0 Safari/537.36 Edg/145.0.0.0 (compatible; meta-externalagent/1.1 (+https://developers.facebook.com/docs/sharing/webmasters/crawler))"
216.73.217.39 - - [29/Jul/2026:20:16:02 +0200] "GET /shops/unflinchingly/g4a3u9d0i8s5h72637 HTTP/1.1" 404 146249 "-" "Mozilla/5.0 AppleWebKit/537.36 (KHTML, like Gecko; compatible; ClaudeBot/1.0; +claudebot@anthropic.com)"
164.68.125.131 - - [29/Jul/2026:20:16:26 +0200] "POST /wp-cron.php?doing_wp_cron=1785348986.1182489395141601562500 HTTP/1.1" 200 0 "-" "WordPress/6.9.4; https://royalty-trailers.co.za"
216.73.217.39 - - [29/Jul/2026:20:16:26 +0200] "GET /?j=o4n2e7r1a0t4e37762 HTTP/1.1" 200 203631 "-" "Mozilla/5.0 AppleWebKit/537.36 (KHTML, like Gecko; compatible; ClaudeBot/1.0; +claudebot@anthropic.com)"
57.141.0.42 - - [29/Jul/2026:20:16:31 +0200] "GET /accustomance/dogsear/s9t3u4p2e5o2u6s4029 HTTP/1.1" 404 146249 "-" "Mozilla/5.0 (X11; Linux x86_64) AppleWebKit/537.36 (KHTML, like Gecko) Chrome/145.0.0.0 Safari/537.36 (compatible; meta-externalagent/1.1 (+https://developers.facebook.com/docs/sharing/webmasters/crawler))"
216.73.217.39 - - [29/Jul/2026:20:16:42 +0200] "GET /?j=k4i2n4e9t4i5c4s7193 HTTP/1.1" 200 203508 "-" "Mozilla/5.0 AppleWebKit/537.36 (KHTML, like Gecko; compatible; ClaudeBot/1.0; +claudebot@anthropic.com)"
216.73.217.39 - - [29/Jul/2026:20:16:48 +0200] "GET /?j=v4i3b2i1c3e6s34099 HTTP/1.1" 200 203609 "-" "Mozilla/5.0 AppleWebKit/537.36 (KHTML, like Gecko; compatible; ClaudeBot/1.0; +claudebot@anthropic.com)"
216.73.217.39 - - [29/Jul/2026:20:16:59 +0200] "GET /shops/fedora/g4a3l2l8i9n8a3c0e7o9u7s HTTP/1.1" 404 146249 "-" "Mozilla/5.0 AppleWebKit/537.36 (KHTML, like Gecko; compatible; ClaudeBot/1.0; +claudebot@anthropic.com)"
164.68.125.131 - - [29/Jul/2026:20:17:19 +0200] "POST /wp-cron.php?doing_wp_cron=1785349039.0872271060943603515625 HTTP/1.1" 200 0 "-" "WordPress/6.9.4; https://royalty-trailers.co.za"
57.141.0.13 - - [29/Jul/2026:20:17:19 +0200] "GET /?j=a4y2l0e8t4924589 HTTP/1.1" 200 203288 "-" "Mozilla/5.0 (Macintosh; Intel Mac OS X 10_15_7) AppleWebKit/537.36 (KHTML, like Gecko) Chrome/145.0.0.0 Safari/537.36 (compatible; meta-externalagent/1.1 (+https://developers.facebook.com/docs/sharing/webmasters/crawler))"
216.73.217.39 - - [29/Jul/2026:20:17:28 +0200] "GET /shops/mistitle/e4l3y5t8r3i9n64507 HTTP/1.1" 404 146249 "-" "Mozilla/5.0 AppleWebKit/537.36 (KHTML, like Gecko; compatible; ClaudeBot/1.0; +claudebot@anthropic.com)"
57.141.0.16 - - [29/Jul/2026:20:17:31 +0200] "GET /shops/monasticism/c4o3l4l8u2m989907 HTTP/1.1" 404 146249 "-" "Mozilla/5.0 (Windows NT 10.0; Win64; x64) AppleWebKit/537.36 (KHTML, like Gecko) Chrome/145.0.0.0 Safari/537.36 (compatible; meta-externalagent/1.1 (+https://developers.facebook.com/docs/sharing/webmasters/crawler))"
216.73.217.39 - - [29/Jul/2026:20:17:44 +0200] "GET /shops/fissures/c4h1a4u3f9f5e0u1s7e32 HTTP/1.1" 404 146249 "-" "Mozilla/5.0 AppleWebKit/537.36 (KHTML, like Gecko; compatible; ClaudeBot/1.0; +claudebot@anthropic.com)"
57.141.0.12 - - [29/Jul/2026:20:17:51 +0200] "GET /?j=c4o1n0t8r6a8d4i6c3t9ively HTTP/1.1" 200 203556 "-" "Mozilla/5.0 (Windows NT 10.0; Win64; x64) AppleWebKit/537.36 (KHTML, like Gecko) Chrome/145.0.0.0 Safari/537.36 (compatible; meta-externalagent/1.1 (+https://developers.facebook.com/docs/sharing/webmasters/crawler))"
216.73.217.39 - - [29/Jul/2026:20:17:53 +0200] "GET /fihala/prionium/4430365274 HTTP/1.1" 404 146249 "-" "Mozilla/5.0 AppleWebKit/537.36 (KHTML, like Gecko; compatible; ClaudeBot/1.0; +claudebot@anthropic.com)"
216.73.217.39 - - [29/Jul/2026:20:17:59 +0200] "GET /shops/couteau/h4e2s5i4t1a4t2e830 HTTP/1.1" 404 146249 "-" "Mozilla/5.0 AppleWebKit/537.36 (KHTML, like Gecko; compatible; ClaudeBot/1.0; +claudebot@anthropic.com)"
216.73.217.39 - - [29/Jul/2026:20:18:06 +0200] "GET /?j=b4u7c9k0l2e56097 HTTP/1.1" 200 203603 "-" "Mozilla/5.0 AppleWebKit/537.36 (KHTML, like Gecko; compatible; ClaudeBot/1.0; +claudebot@anthropic.com)"
216.73.217.39 - - [29/Jul/2026:20:18:11 +0200] "GET /shops/inflexible/i4n3c7o7m2p1r8e4h3ensively HTTP/1.1" 404 146249 "-" "Mozilla/5.0 AppleWebKit/537.36 (KHTML, like Gecko; compatible; ClaudeBot/1.0; +claudebot@anthropic.com)"
164.68.125.131 - - [29/Jul/2026:20:18:20 +0200] "POST /wp-cron.php?doing_wp_cron=1785349100.7458810806274414062500 HTTP/1.1" 200 0 "-" "WordPress/6.9.4; https://royalty-trailers.co.za"
216.73.217.39 - - [29/Jul/2026:20:18:20 +0200] "GET /shops/adustible/d4a3m8o3s3e1l20573 HTTP/1.1" 404 146249 "-" "Mozilla/5.0 AppleWebKit/537.36 (KHTML, like Gecko; compatible; ClaudeBot/1.0; +claudebot@anthropic.com)"
216.73.217.39 - - [29/Jul/2026:20:18:26 +0200] "GET /?j=m4a2g2n9e4t7o7h8y0d4r2odynamics HTTP/1.1" 200 179799 "-" "Mozilla/5.0 AppleWebKit/537.36 (KHTML, like Gecko; compatible; ClaudeBot/1.0; +claudebot@anthropic.com)"
216.73.217.39 - - [29/Jul/2026:20:18:30 +0200] "GET /?j=t4a5t5t0o6o7i9n1g85 HTTP/1.1" 200 203752 "-" "Mozilla/5.0 AppleWebKit/537.36 (KHTML, like Gecko; compatible; ClaudeBot/1.0; +claudebot@anthropic.com)"
216.73.217.39 - - [29/Jul/2026:20:18:35 +0200] "GET /shops/curdled/t4a2t9a2u5p3a01292 HTTP/1.1" 404 146249 "-" "Mozilla/5.0 AppleWebKit/537.36 (KHTML, like Gecko; compatible; ClaudeBot/1.0; +claudebot@anthropic.com)"
216.73.217.39 - - [29/Jul/2026:20:18:42 +0200] "GET /?j=i4s3a1b4e2l707135 HTTP/1.1" 200 203396 "-" "Mozilla/5.0 AppleWebKit/537.36 (KHTML, like Gecko; compatible; ClaudeBot/1.0; +claudebot@anthropic.com)"
216.73.217.39 - - [29/Jul/2026:20:18:48 +0200] "GET /?j=b4e5h0a1l4f55793 HTTP/1.1" 200 203701 "-" "Mozilla/5.0 AppleWebKit/537.36 (KHTML, like Gecko; compatible; ClaudeBot/1.0; +claudebot@anthropic.com)"
57.141.0.38 - - [29/Jul/2026:20:18:55 +0200] "GET /?j=l6u5d3i7c4r9o1u9s8 HTTP/1.1" 200 203565 "-" "Mozilla/5.0 (Windows NT 10.0; Win64; x64) AppleWebKit/537.36 (KHTML, like Gecko) Chrome/145.0.0.0 Safari/537.36 (compatible; meta-externalagent/1.1 (+https://developers.facebook.com/docs/sharing/webmasters/crawler))"
216.73.217.39 - - [29/Jul/2026:20:19:03 +0200] "GET /shops/premium/s4u2b9i7t8a6n4y5975 HTTP/1.1" 404 146249 "-" "Mozilla/5.0 AppleWebKit/537.36 (KHTML, like Gecko; compatible; ClaudeBot/1.0; +claudebot@anthropic.com)"
216.73.217.39 - - [29/Jul/2026:20:19:09 +0200] "GET /shops/indignly/a4n2t6i9t2h7e3s7i3s50 HTTP/1.1" 404 146249 "-" "Mozilla/5.0 AppleWebKit/537.36 (KHTML, like Gecko; compatible; ClaudeBot/1.0; +claudebot@anthropic.com)"
57.141.0.13 - - [29/Jul/2026:20:19:09 +0200] "GET /?j=u4n4d0e2r5g0a6r7m6e0n0ts HTTP/1.1" 200 202998 "-" "Mozilla/5.0 (Macintosh; Intel Mac OS X 10_15_7) AppleWebKit/537.36 (KHTML, like Gecko) Chrome/145.0.0.0 Safari/537.36 (compatible; meta-externalagent/1.1 (+https://developers.facebook.com/docs/sharing/webmasters/crawler))"
57.141.0.49 - - [29/Jul/2026:20:19:09 +0200] "GET /?j=p4a3n7o0r6p8i0d1587 HTTP/1.1" 200 203121 "-" "Mozilla/5.0 (Macintosh; Intel Mac OS X 10_15_7) AppleWebKit/537.36 (KHTML, like Gecko) Chrome/145.0.0.0 Safari/537.36 (compatible; meta-externalagent/1.1 (+https://developers.facebook.com/docs/sharing/webmasters/crawler))"
57.141.0.6 - - [29/Jul/2026:20:19:10 +0200] "GET /?j=a4l2l8u8r0e0r95589 HTTP/1.1" 200 203836 "-" "Mozilla/5.0 (Windows NT 10.0; Win64; x64) AppleWebKit/537.36 (KHTML, like Gecko) Chrome/145.0.0.0 Safari/537.36 (compatible; meta-externalagent/1.1 (+https://developers.facebook.com/docs/sharing/webmasters/crawler))"
164.68.125.131 - - [29/Jul/2026:20:19:20 +0200] "POST /wp-cron.php?doing_wp_cron=1785349160.4592480659484863281250 HTTP/1.1" 200 0 "-" "WordPress/6.9.4; https://royalty-trailers.co.za"
216.73.217.39 - - [29/Jul/2026:20:19:20 +0200] "GET /?j=d4o2d4d1e8r8y67918 HTTP/1.1" 200 203803 "-" "Mozilla/5.0 AppleWebKit/537.36 (KHTML, like Gecko; compatible; ClaudeBot/1.0; +claudebot@anthropic.com)"
216.73.217.39 - - [29/Jul/2026:20:19:25 +0200] "GET /shops/maistre/r4e1c1l9u8s2e29660 HTTP/1.1" 404 146249 "-" "Mozilla/5.0 AppleWebKit/537.36 (KHTML, like Gecko; compatible; ClaudeBot/1.0; +claudebot@anthropic.com)"
57.141.0.33 - - [29/Jul/2026:20:19:26 +0200] "GET /shops/whereabout/b6r1i5t9h7317333 HTTP/1.1" 404 146249 "-" "Mozilla/5.0 (X11; Linux x86_64) AppleWebKit/537.36 (KHTML, like Gecko) Chrome/145.0.0.0 Safari/537.36 (compatible; meta-externalagent/1.1 (+https://developers.facebook.com/docs/sharing/webmasters/crawler))"
57.141.0.21 - - [29/Jul/2026:20:19:29 +0200] "GET /ineyed/p4r6i0c1k8e8r4516 HTTP/1.1" 404 146249 "-" "Mozilla/5.0 (Windows NT 10.0; Win64; x64) AppleWebKit/537.36 (KHTML, like Gecko) Chrome/145.0.0.0 Safari/537.36 (compatible; meta-externalagent/1.1 (+https://developers.facebook.com/docs/sharing/webmasters/crawler))"
216.73.217.39 - - [29/Jul/2026:20:19:32 +0200] "GET /shops/metronomy/e4x4i1m7i0u8m16440 HTTP/1.1" 404 146249 "-" "Mozilla/5.0 AppleWebKit/537.36 (KHTML, like Gecko; compatible; ClaudeBot/1.0; +claudebot@anthropic.com)"
164.68.125.131 - - [29/Jul/2026:20:19:38 +0200] "POST /wp-cron.php?doing_wp_cron=1785349178.4028940200805664062500 HTTP/1.1" 200 0 "-" "WordPress/6.9.4; https://royalty-trailers.co.za"
216.73.217.39 - - [29/Jul/2026:20:19:38 +0200] "GET /forming/c4o3n8s7e5n3s5i2o5n16 HTTP/1.1" 404 146249 "-" "Mozilla/5.0 AppleWebKit/537.36 (KHTML, like Gecko; compatible; ClaudeBot/1.0; +claudebot@anthropic.com)"
216.73.217.39 - - [29/Jul/2026:20:19:51 +0200] "GET /?j=s4a3v9e4d9592497 HTTP/1.1" 200 203371 "-" "Mozilla/5.0 AppleWebKit/537.36 (KHTML, like Gecko; compatible; ClaudeBot/1.0; +claudebot@anthropic.com)"
216.73.217.39 - - [29/Jul/2026:20:19:56 +0200] "GET /bagatelle/shogun/s4e1a0m1a6n2l3i2k3e67 HTTP/1.1" 404 146249 "-" "Mozilla/5.0 AppleWebKit/537.36 (KHTML, like Gecko; compatible; ClaudeBot/1.0; +claudebot@anthropic.com)"
57.141.0.31 - - [29/Jul/2026:20:20:00 +0200] "GET /?j=e4m2p4y4r9e3u4m1a522 HTTP/1.1" 200 203621 "-" "Mozilla/5.0 (Windows NT 10.0; Win64; x64) AppleWebKit/537.36 (KHTML, like Gecko) Chrome/145.0.0.0 Safari/537.36 (compatible; meta-externalagent/1.1 (+https://developers.facebook.com/docs/sharing/webmasters/crawler))"
57.141.0.17 - - [29/Jul/2026:20:20:02 +0200] "GET /orchidologist/r4h3y8m0e4d057841 HTTP/1.1" 404 145748 "-" "Mozilla/5.0 (Macintosh; Intel Mac OS X 10_15_7) AppleWebKit/537.36 (KHTML, like Gecko) Chrome/145.0.0.0 Safari/537.36 (compatible; meta-externalagent/1.1 (+https://developers.facebook.com/docs/sharing/webmasters/crawler))"
216.73.217.39 - - [29/Jul/2026:20:20:08 +0200] "GET /shops/superstitiousness/e4l3e5p0h9a6n6t0i8p2e2s HTTP/1.1" 404 146249 "-" "Mozilla/5.0 AppleWebKit/537.36 (KHTML, like Gecko; compatible; ClaudeBot/1.0; +claudebot@anthropic.com)"
216.73.217.39 - - [29/Jul/2026:20:20:14 +0200] "GET /?j=r4o5n7d8e5l8a7y437 HTTP/1.1" 200 203577 "-" "Mozilla/5.0 AppleWebKit/537.36 (KHTML, like Gecko; compatible; ClaudeBot/1.0; +claudebot@anthropic.com)"
164.68.125.131 - - [29/Jul/2026:20:20:32 +0200] "POST /wp-cron.php?doing_wp_cron=1785349232.5652759075164794921875 HTTP/1.1" 200 0 "-" "WordPress/6.9.4; https://royalty-trailers.co.za"
216.73.217.39 - - [29/Jul/2026:20:20:32 +0200] "GET /shops/woodenly/b4r2u0s3h6i6t7e89 HTTP/1.1" 404 146249 "-" "Mozilla/5.0 AppleWebKit/537.36 (KHTML, like Gecko; compatible; ClaudeBot/1.0; +claudebot@anthropic.com)"
216.73.217.39 - - [29/Jul/2026:20:20:58 +0200] "GET /shops/pharomachus/o4s3p5h5r6a4d8i1a585 HTTP/1.1" 404 146249 "-" "Mozilla/5.0 AppleWebKit/537.36 (KHTML, like Gecko; compatible; ClaudeBot/1.0; +claudebot@anthropic.com)"
66.249.66.72 - - [29/Jul/2026:20:21:09 +0200] "GET /wp-content/plugins/elementor/core/editor/data/globals/endpoints/ HTTP/1.1" 403 807821 "-" "Mozilla/5.0 (Linux; Android 6.0.1; Nexus 5X Build/MMB29P) AppleWebKit/537.36 (KHTML, like Gecko) Chrome/150.0.7871.128 Mobile Safari/537.36 (compatible; Googlebot/2.1; +http://www.google.com/bot.html)"
216.73.217.39 - - [29/Jul/2026:20:21:10 +0200] "GET /shops/unbid/p4e3c5c5a8n0t39026 HTTP/1.1" 404 146249 "-" "Mozilla/5.0 AppleWebKit/537.36 (KHTML, like Gecko; compatible; ClaudeBot/1.0; +claudebot@anthropic.com)"
66.249.66.164 - - [29/Jul/2026:20:21:25 +0200] "GET /?j=s5l2i7t0t0e6d36533 HTTP/1.1" 200 797563 "-" "Mozilla/5.0 (Linux; Android 6.0.1; Nexus 5X Build/MMB29P) AppleWebKit/537.36 (KHTML, like Gecko) Chrome/150.0.7871.128 Mobile Safari/537.36 (compatible; Googlebot/2.1; +http://www.google.com/bot.html)"
164.68.125.131 - - [29/Jul/2026:20:21:46 +0200] "POST /wp-cron.php?doing_wp_cron=1785349306.4670588970184326171875 HTTP/1.1" 200 0 "-" "WordPress/6.9.4; https://royalty-trailers.co.za"
216.73.217.39 - - [29/Jul/2026:20:21:46 +0200] "GET /shops/gueber/i4d1e6o1g7r5a6p7h3i1c1ally HTTP/1.1" 404 146249 "-" "Mozilla/5.0 AppleWebKit/537.36 (KHTML, like Gecko; compatible; ClaudeBot/1.0; +claudebot@anthropic.com)"
57.141.0.58 - - [29/Jul/2026:20:21:47 +0200] "GET /?j=e6b8l3e7e1s75412 HTTP/1.1" 200 203491 "-" "Mozilla/5.0 (Windows NT 10.0; Win64; x64) AppleWebKit/537.36 (KHTML, like Gecko) Chrome/145.0.0.0 Safari/537.36 (compatible; meta-externalagent/1.1 (+https://developers.facebook.com/docs/sharing/webmasters/crawler))"
216.73.217.39 - - [29/Jul/2026:20:21:54 +0200] "GET /morphon/d4i2a7g3r2a5m4m5a1t1i1cal HTTP/1.1" 404 146249 "-" "Mozilla/5.0 AppleWebKit/537.36 (KHTML, like Gecko; compatible; ClaudeBot/1.0; +claudebot@anthropic.com)"
57.141.0.51 - - [29/Jul/2026:20:22:00 +0200] "GET /?j=t4r2o6u5s8d4e0l4o1u4p9 HTTP/1.1" 200 203455 "-" "Mozilla/5.0 (Windows NT 10.0; Win64; x64) AppleWebKit/537.36 (KHTML, like Gecko) Chrome/145.0.0.0 Safari/537.36 (compatible; meta-externalagent/1.1 (+https://developers.facebook.com/docs/sharing/webmasters/crawler))"
216.73.217.39 - - [29/Jul/2026:20:22:00 +0200] "GET /shops/disparager/c4a1m4b2i4a2l05914 HTTP/1.1" 404 146249 "-" "Mozilla/5.0 AppleWebKit/537.36 (KHTML, like Gecko; compatible; ClaudeBot/1.0; +claudebot@anthropic.com)"
57.141.0.32 - - [29/Jul/2026:20:22:08 +0200] "GET /?j=t8h2u8y2i8n030154 HTTP/1.1" 200 203219 "-" "Mozilla/5.0 (Macintosh; Intel Mac OS X 10_15_7) AppleWebKit/537.36 (KHTML, like Gecko) Chrome/145.0.0.0 Safari/537.36 (compatible; meta-externalagent/1.1 (+https://developers.facebook.com/docs/sharing/webmasters/crawler))"
164.68.125.131 - - [29/Jul/2026:20:22:20 +0200] "POST /wp-cron.php?doing_wp_cron=1785349340.9362649917602539062500 HTTP/1.1" 200 0 "-" "WordPress/6.9.4; https://royalty-trailers.co.za"
57.141.0.36 - - [29/Jul/2026:20:22:21 +0200] "GET /shops/displeasingness/r4u1t5i1l0a8t4e4450 HTTP/1.1" 404 146249 "-" "Mozilla/5.0 (Windows NT 10.0; Win64; x64) AppleWebKit/537.36 (KHTML, like Gecko) Chrome/145.0.0.0 Safari/537.36 (compatible; meta-externalagent/1.1 (+https://developers.facebook.com/docs/sharing/webmasters/crawler))"
57.141.0.60 - - [29/Jul/2026:20:22:23 +0200] "GET /null HTTP/1.1" 404 130715 "https://royalty-trailers.co.za/?j=t8h2u8y2i8n030154" "Mozilla/5.0 (Macintosh; Intel Mac OS X 10_15_7) AppleWebKit/537.36 (KHTML, like Gecko) Chrome/145.0.0.0 Safari/537.36 (compatible; meta-externalagent/1.1 (+https://developers.facebook.com/docs/sharing/webmasters/crawler))"
216.73.217.39 - - [29/Jul/2026:20:22:33 +0200] "GET /shops/dodecasyllabic/l4e3v8i0t3e049914 HTTP/1.1" 404 146249 "-" "Mozilla/5.0 AppleWebKit/537.36 (KHTML, like Gecko; compatible; ClaudeBot/1.0; +claudebot@anthropic.com)"
216.73.217.39 - - [29/Jul/2026:20:22:40 +0200] "GET /shops/myrmecophyte/i4n2d2e6x7i5c2a2l363 HTTP/1.1" 404 146249 "-" "Mozilla/5.0 AppleWebKit/537.36 (KHTML, like Gecko; compatible; ClaudeBot/1.0; +claudebot@anthropic.com)"
216.73.217.39 - - [29/Jul/2026:20:23:00 +0200] "GET /shops/vivificative/p4a1n4d6e0a4n73463 HTTP/1.1" 404 146249 "-" "Mozilla/5.0 AppleWebKit/537.36 (KHTML, like Gecko; compatible; ClaudeBot/1.0; +claudebot@anthropic.com)"
216.73.217.39 - - [29/Jul/2026:20:23:07 +0200] "GET /shops/basset/a4l1a7c3r6i6o7u1s0l4y0 HTTP/1.1" 404 146249 "-" "Mozilla/5.0 AppleWebKit/537.36 (KHTML, like Gecko; compatible; ClaudeBot/1.0; +claudebot@anthropic.com)"
164.68.125.131 - - [29/Jul/2026:20:23:18 +0200] "POST /wp-cron.php?doing_wp_cron=1785349398.4615259170532226562500 HTTP/1.1" 200 0 "-" "WordPress/6.9.4; https://royalty-trailers.co.za"
57.141.0.37 - - [29/Jul/2026:20:23:18 +0200] "GET /relented/r6o1s4e8w0o4r5m4659 HTTP/1.1" 404 145748 "-" "Mozilla/5.0 (Macintosh; Intel Mac OS X 10_15_7) AppleWebKit/537.36 (KHTML, like Gecko) Chrome/145.0.0.0 Safari/537.36 (compatible; meta-externalagent/1.1 (+https://developers.facebook.com/docs/sharing/webmasters/crawler))"
57.141.0.51 - - [29/Jul/2026:20:23:27 +0200] "GET /?j=m4u1r4r2a4y0a0n1a742 HTTP/1.1" 200 203497 "-" "Mozilla/5.0 (Windows NT 10.0; Win64; x64) AppleWebKit/537.36 (KHTML, like Gecko) Chrome/145.0.0.0 Safari/537.36 (compatible; meta-externalagent/1.1 (+https://developers.facebook.com/docs/sharing/webmasters/crawler))"
164.68.125.131 - - [29/Jul/2026:20:23:35 +0200] "POST /wp-cron.php?doing_wp_cron=1785349415.3310918807983398437500 HTTP/1.1" 200 0 "-" "WordPress/6.9.4; https://royalty-trailers.co.za"
216.73.217.39 - - [29/Jul/2026:20:23:35 +0200] "GET /?j=w4e3a7p2o2n6e8d264 HTTP/1.1" 200 203549 "-" "Mozilla/5.0 AppleWebKit/537.36 (KHTML, like Gecko; compatible; ClaudeBot/1.0; +claudebot@anthropic.com)"
57.141.0.30 - - [29/Jul/2026:20:23:44 +0200] "GET /?j=a6m3y2g1d1a7l9i7n535 HTTP/1.1" 200 203431 "-" "Mozilla/5.0 (Macintosh; Intel Mac OS X 10_15_7) AppleWebKit/537.36 (KHTML, like Gecko) Chrome/145.0.0.0 Safari/537.36 (compatible; meta-externalagent/1.1 (+https://developers.facebook.com/docs/sharing/webmasters/crawler))"
216.73.217.39 - - [29/Jul/2026:20:23:45 +0200] "GET /shops/suspiciency/a4n1a9t0h9e3m5a3272 HTTP/1.1" 404 146241 "-" "Mozilla/5.0 AppleWebKit/537.36 (KHTML, like Gecko; compatible; ClaudeBot/1.0; +claudebot@anthropic.com)"
57.141.0.69 - - [29/Jul/2026:20:23:54 +0200] "GET /?j=p9r2o8v3e6r2b9i8a8l1i2sm HTTP/1.1" 200 203255 "-" "Mozilla/5.0 (Macintosh; Intel Mac OS X 10_15_7) AppleWebKit/537.36 (KHTML, like Gecko) Chrome/145.0.0.0 Safari/537.36 (compatible; meta-externalagent/1.1 (+https://developers.facebook.com/docs/sharing/webmasters/crawler))"
164.68.125.131 - - [29/Jul/2026:20:24:20 +0200] "POST /wp-cron.php?doing_wp_cron=1785349460.7522449493408203125000 HTTP/1.1" 200 0 "-" "WordPress/6.9.4; https://royalty-trailers.co.za"
216.73.217.39 - - [29/Jul/2026:20:24:20 +0200] "GET /shops/lobata/l4a4t0h9e5d364376 HTTP/1.1" 404 146249 "-" "Mozilla/5.0 AppleWebKit/537.36 (KHTML, like Gecko; compatible; ClaudeBot/1.0; +claudebot@anthropic.com)"
216.73.217.39 - - [29/Jul/2026:20:24:30 +0200] "GET /?j=f4e2r9m5i3o9n32609 HTTP/1.1" 200 203873 "-" "Mozilla/5.0 AppleWebKit/537.36 (KHTML, like Gecko; compatible; ClaudeBot/1.0; +claudebot@anthropic.com)"
216.73.217.39 - - [29/Jul/2026:20:24:42 +0200] "GET /macerater/insupportably/44020682984 HTTP/1.1" 404 146249 "-" "Mozilla/5.0 AppleWebKit/537.36 (KHTML, like Gecko; compatible; ClaudeBot/1.0; +claudebot@anthropic.com)"
216.73.217.39 - - [29/Jul/2026:20:24:53 +0200] "GET /infected/accriminate/4795008392 HTTP/1.1" 404 146249 "-" "Mozilla/5.0 AppleWebKit/537.36 (KHTML, like Gecko; compatible; ClaudeBot/1.0; +claudebot@anthropic.com)"
57.141.0.16 - - [29/Jul/2026:20:25:08 +0200] "GET /?j=s4u3b5e8s8o5p1h2a6g1e4al HTTP/1.1" 200 203770 "-" "Mozilla/5.0 (X11; Linux x86_64) AppleWebKit/537.36 (KHTML, like Gecko) Chrome/145.0.0.0 Safari/537.36 (compatible; meta-externalagent/1.1 (+https://developers.facebook.com/docs/sharing/webmasters/crawler))"
164.68.125.131 - - [29/Jul/2026:20:25:25 +0200] "POST /wp-cron.php?doing_wp_cron=1785349525.7472488880157470703125 HTTP/1.1" 200 0 "-" "WordPress/6.9.4; https://royalty-trailers.co.za"
216.73.217.39 - - [29/Jul/2026:20:25:25 +0200] "GET /?j=f4l3e6a7b1a1n3e4245 HTTP/1.1" 200 203838 "-" "Mozilla/5.0 AppleWebKit/537.36 (KHTML, like Gecko; compatible; ClaudeBot/1.0; +claudebot@anthropic.com)"
57.141.0.43 - - [29/Jul/2026:20:25:31 +0200] "GET /?ectosarc/44125837996 HTTP/1.1" 301 0 "-" "Mozilla/5.0 (Windows NT 10.0; Win64; x64) AppleWebKit/537.36 (KHTML, like Gecko) Chrome/145.0.0.0 Safari/537.36 (compatible; meta-externalagent/1.1 (+https://developers.facebook.com/docs/sharing/webmasters/crawler))"
52.167.144.142 - - [29/Jul/2026:20:25:33 +0200] "GET /wp-content/uploads/2025/02/WhatsApp-Image-2025-02-08-at-19.59.48_a1762c8e-864x1536.jpg HTTP/1.1" 200 89397 "-" "Mozilla/5.0 AppleWebKit/537.36 (KHTML, like Gecko; compatible; bingbot/2.0; +http://www.bing.com/bingbot.htm) Chrome/116.0.1938.76 Safari/537.36"
216.73.217.39 - - [29/Jul/2026:20:25:35 +0200] "GET /shops/subconscious/e4x3c4u3s7e585447 HTTP/1.1" 404 146249 "-" "Mozilla/5.0 AppleWebKit/537.36 (KHTML, like Gecko; compatible; ClaudeBot/1.0; +claudebot@anthropic.com)"
216.73.217.39 - - [29/Jul/2026:20:25:43 +0200] "GET /reynard/trypsin/c4i1r4c9u7m3a2m9b8a6g5e HTTP/1.1" 404 146249 "-" "Mozilla/5.0 AppleWebKit/537.36 (KHTML, like Gecko; compatible; ClaudeBot/1.0; +claudebot@anthropic.com)"
57.141.0.55 - - [29/Jul/2026:20:25:47 +0200] "GET /methanol/o9e6n3a6n3t5h4y7l51 HTTP/1.1" 404 145748 "-" "Mozilla/5.0 (Macintosh; Intel Mac OS X 10_15_7) AppleWebKit/537.36 (KHTML, like Gecko) Chrome/145.0.0.0 Safari/537.36 (compatible; meta-externalagent/1.1 (+https://developers.facebook.com/docs/sharing/webmasters/crawler))"
57.141.0.33 - - [29/Jul/2026:20:26:02 +0200] "GET /?j=c4i2n8e8r6e2s4c1e8n1t8 HTTP/1.1" 200 203277 "-" "Mozilla/5.0 (Macintosh; Intel Mac OS X 10_15_7) AppleWebKit/537.36 (KHTML, like Gecko) Chrome/145.0.0.0 Safari/537.36 (compatible; meta-externalagent/1.1 (+https://developers.facebook.com/docs/sharing/webmasters/crawler))"
57.141.0.51 - - [29/Jul/2026:20:26:03 +0200] "GET /catsilver/sealing/c4l2e3r5g2i5c5a2l765 HTTP/1.1" 404 145748 "-" "Mozilla/5.0 (Macintosh; Intel Mac OS X 10_15_7) AppleWebKit/537.36 (KHTML, like Gecko) Chrome/145.0.0.0 Safari/537.36 (compatible; meta-externalagent/1.1 (+https://developers.facebook.com/docs/sharing/webmasters/crawler))"
57.141.0.35 - - [29/Jul/2026:20:26:03 +0200] "GET /?j=g4a2l7v6a8n2o1l2o4g5y3 HTTP/1.1" 200 203415 "-" "Mozilla/5.0 (Windows NT 10.0; Win64; x64) AppleWebKit/537.36 (KHTML, like Gecko) Chrome/145.0.0.0 Safari/537.36 (compatible; meta-externalagent/1.1 (+https://developers.facebook.com/docs/sharing/webmasters/crawler))"
57.141.0.71 - - [29/Jul/2026:20:26:04 +0200] "GET /?j=h4a7r5v4e8s3t2920 HTTP/1.1" 200 203008 "-" "Mozilla/5.0 (Macintosh; Intel Mac OS X 10_15_7) AppleWebKit/537.36 (KHTML, like Gecko) Chrome/145.0.0.0 Safari/537.36 (compatible; meta-externalagent/1.1 (+https://developers.facebook.com/docs/sharing/webmasters/crawler))"
57.141.0.14 - - [29/Jul/2026:20:26:04 +0200] "GET /?j=r4e1c4h6a5s0e21602 HTTP/1.1" 200 203688 "-" "Mozilla/5.0 (Windows NT 10.0; Win64; x64) AppleWebKit/537.36 (KHTML, like Gecko) Chrome/145.0.0.0 Safari/537.36 (compatible; meta-externalagent/1.1 (+https://developers.facebook.com/docs/sharing/webmasters/crawler))"
57.141.0.4 - - [29/Jul/2026:20:26:05 +0200] "GET /?j=l4i2t8h8o7p4h5a3n9y33 HTTP/1.1" 200 203445 "-" "Mozilla/5.0 (Windows NT 10.0; Win64; x64) AppleWebKit/537.36 (KHTML, like Gecko) Chrome/145.0.0.0 Safari/537.36 (compatible; meta-externalagent/1.1 (+https://developers.facebook.com/docs/sharing/webmasters/crawler))"
57.141.0.56 - - [29/Jul/2026:20:26:05 +0200] "GET /shops/kaaba/d4r6u0i2d0i4s8h039 HTTP/1.1" 404 146249 "-" "Mozilla/5.0 (Windows NT 10.0; Win64; x64) AppleWebKit/537.36 (KHTML, like Gecko) Chrome/145.0.0.0 Safari/537.36 (compatible; meta-externalagent/1.1 (+https://developers.facebook.com/docs/sharing/webmasters/crawler))"
57.141.0.35 - - [29/Jul/2026:20:26:05 +0200] "GET /?j=i4m4p2r4e5s0t79444 HTTP/1.1" 200 203174 "-" "Mozilla/5.0 (Macintosh; Intel Mac OS X 10_15_7) AppleWebKit/537.36 (KHTML, like Gecko) Chrome/145.0.0.0 Safari/537.36 (compatible; meta-externalagent/1.1 (+https://developers.facebook.com/docs/sharing/webmasters/crawler))"
66.249.66.164 - - [29/Jul/2026:20:26:11 +0200] "GET /?j=d7r3u4m1m4e6d91809 HTTP/1.1" 200 808680 "-" "Mozilla/5.0 (compatible; Googlebot/2.1; +http://www.google.com/bot.html)"
216.73.217.39 - - [29/Jul/2026:20:26:13 +0200] "GET /?j=e4c2o4s1s4a0i6s4e930 HTTP/1.1" 200 203712 "-" "Mozilla/5.0 AppleWebKit/537.36 (KHTML, like Gecko; compatible; ClaudeBot/1.0; +claudebot@anthropic.com)"
164.68.125.131 - - [29/Jul/2026:20:26:20 +0200] "POST /wp-cron.php?doing_wp_cron=1785349580.5028209686279296875000 HTTP/1.1" 200 0 "-" "WordPress/6.9.4; https://royalty-trailers.co.za"
216.73.217.39 - - [29/Jul/2026:20:26:20 +0200] "GET /merge/d4e2o1x0y9r2i8b5o9s4e6nucleic HTTP/1.1" 404 146249 "-" "Mozilla/5.0 AppleWebKit/537.36 (KHTML, like Gecko; compatible; ClaudeBot/1.0; +claudebot@anthropic.com)"
57.141.0.13 - - [29/Jul/2026:20:26:25 +0200] "GET /shops/airth/s4t3a7p4h2y2l8o6m6a6tous HTTP/1.1" 404 146249 "-" "Mozilla/5.0 (Windows NT 10.0; Win64; x64) AppleWebKit/537.36 (KHTML, like Gecko) Chrome/145.0.0.0 Safari/537.36 (compatible; meta-externalagent/1.1 (+https://developers.facebook.com/docs/sharing/webmasters/crawler))"
57.141.0.63 - - [29/Jul/2026:20:26:26 +0200] "GET /overutilise/c4h7a7n5a7r28186 HTTP/1.1" 404 145748 "-" "Mozilla/5.0 (Macintosh; Intel Mac OS X 10_15_7) AppleWebKit/537.36 (KHTML, like Gecko) Chrome/145.0.0.0 Safari/537.36 (compatible; meta-externalagent/1.1 (+https://developers.facebook.com/docs/sharing/webmasters/crawler))"
216.73.217.39 - - [29/Jul/2026:20:26:32 +0200] "GET /?j=a4n3t6e7t3e5m5p8l4e59 HTTP/1.1" 200 203539 "-" "Mozilla/5.0 AppleWebKit/537.36 (KHTML, like Gecko; compatible; ClaudeBot/1.0; +claudebot@anthropic.com)"
216.73.217.39 - - [29/Jul/2026:20:26:38 +0200] "GET /shops/escheating/i4n2e5r5r9a4b4l6e075 HTTP/1.1" 404 146249 "-" "Mozilla/5.0 AppleWebKit/537.36 (KHTML, like Gecko; compatible; ClaudeBot/1.0; +claudebot@anthropic.com)"
216.73.217.39 - - [29/Jul/2026:20:26:42 +0200] "GET /?j=s4n8a2k7e8b4o3o7l0s0nak HTTP/1.1" 200 203624 "-" "Mozilla/5.0 AppleWebKit/537.36 (KHTML, like Gecko; compatible; ClaudeBot/1.0; +claudebot@anthropic.com)"
66.249.66.163 - - [29/Jul/2026:20:26:43 +0200] "GET /?uncurl/04192645510 HTTP/1.1" 200 806981 "-" "Mozilla/5.0 (compatible; Googlebot/2.1; +http://www.google.com/bot.html)"
216.73.217.39 - - [29/Jul/2026:20:26:47 +0200] "GET /?j=o4u8t7p0a0s7s5i6o7n5 HTTP/1.1" 200 203615 "-" "Mozilla/5.0 AppleWebKit/537.36 (KHTML, like Gecko; compatible; ClaudeBot/1.0; +claudebot@anthropic.com)"
57.141.0.61 - - [29/Jul/2026:20:26:56 +0200] "GET /?j=a4p4p2l4i7c5a0b3i6l4i2ty HTTP/1.1" 200 203505 "-" "Mozilla/5.0 (Windows NT 10.0; Win64; x64) AppleWebKit/537.36 (KHTML, like Gecko) Chrome/145.0.0.0 Safari/537.36 (compatible; meta-externalagent/1.1 (+https://developers.facebook.com/docs/sharing/webmasters/crawler))"
216.73.217.39 - - [29/Jul/2026:20:27:05 +0200] "GET /shops/hedonistic/w4i3s2h9e1r042896 HTTP/1.1" 404 146249 "-" "Mozilla/5.0 AppleWebKit/537.36 (KHTML, like Gecko; compatible; ClaudeBot/1.0; +claudebot@anthropic.com)"
216.73.217.39 - - [29/Jul/2026:20:27:08 +0200] "GET /shops/otherworldly/r4e1l2e4n1t7l9e1s8s17 HTTP/1.1" 404 146249 "-" "Mozilla/5.0 AppleWebKit/537.36 (KHTML, like Gecko; compatible; ClaudeBot/1.0; +claudebot@anthropic.com)"
216.73.217.39 - - [29/Jul/2026:20:27:11 +0200] "GET /wayless/s4p3i1r0a1e5a23736 HTTP/1.1" 404 146249 "-" "Mozilla/5.0 AppleWebKit/537.36 (KHTML, like Gecko; compatible; ClaudeBot/1.0; +claudebot@anthropic.com)"
164.68.125.131 - - [29/Jul/2026:20:27:23 +0200] "POST /wp-cron.php?doing_wp_cron=1785349643.1033959388732910156250 HTTP/1.1" 200 0 "-" "WordPress/6.9.4; https://royalty-trailers.co.za"
216.73.217.39 - - [29/Jul/2026:20:27:23 +0200] "GET /shops/gatepost/s4a1y2a7n3u6s81724 HTTP/1.1" 404 146249 "-" "Mozilla/5.0 AppleWebKit/537.36 (KHTML, like Gecko; compatible; ClaudeBot/1.0; +claudebot@anthropic.com)"
216.73.217.39 - - [29/Jul/2026:20:27:28 +0200] "GET /shops/choragus/e4x1c4e6l5l2e2n5c7y90 HTTP/1.1" 404 146249 "-" "Mozilla/5.0 AppleWebKit/537.36 (KHTML, like Gecko; compatible; ClaudeBot/1.0; +claudebot@anthropic.com)"
216.73.217.39 - - [29/Jul/2026:20:27:33 +0200] "GET /shops/distance/t4o9d1d3y133858 HTTP/1.1" 404 146249 "-" "Mozilla/5.0 AppleWebKit/537.36 (KHTML, like Gecko; compatible; ClaudeBot/1.0; +claudebot@anthropic.com)"
57.141.0.55 - - [29/Jul/2026:20:27:34 +0200] "GET /shops/unnooked/b6l4o2o6m1i4n6g2809 HTTP/1.1" 404 146249 "-" "Mozilla/5.0 (Windows NT 10.0; Win64; x64) AppleWebKit/537.36 (KHTML, like Gecko) Chrome/145.0.0.0 Safari/537.36 (compatible; meta-externalagent/1.1 (+https://developers.facebook.com/docs/sharing/webmasters/crawler))"
216.73.217.39 - - [29/Jul/2026:20:27:45 +0200] "GET /?j=d4e2c1o3n0t1a8m1i2n2a8te HTTP/1.1" 200 203568 "-" "Mozilla/5.0 AppleWebKit/537.36 (KHTML, like Gecko; compatible; ClaudeBot/1.0; +claudebot@anthropic.com)"
216.73.217.39 - - [29/Jul/2026:20:27:49 +0200] "GET /?j=h4e3l1l4b2r5e4d3612 HTTP/1.1" 200 203397 "-" "Mozilla/5.0 AppleWebKit/537.36 (KHTML, like Gecko; compatible; ClaudeBot/1.0; +claudebot@anthropic.com)"
216.73.217.39 - - [29/Jul/2026:20:27:53 +0200] "GET /shops/budging/s4a2l2i4c6e6s27081 HTTP/1.1" 404 146249 "-" "Mozilla/5.0 AppleWebKit/537.36 (KHTML, like Gecko; compatible; ClaudeBot/1.0; +claudebot@anthropic.com)"
216.73.217.39 - - [29/Jul/2026:20:28:01 +0200] "GET /pricker/w4o9r4t1h6i0e1r636 HTTP/1.1" 404 146249 "-" "Mozilla/5.0 AppleWebKit/537.36 (KHTML, like Gecko; compatible; ClaudeBot/1.0; +claudebot@anthropic.com)"
216.73.217.39 - - [29/Jul/2026:20:28:04 +0200] "GET /?j=p4r8a4e0n8o3m1i2n4a0 HTTP/1.1" 200 203594 "-" "Mozilla/5.0 AppleWebKit/537.36 (KHTML, like Gecko; compatible; ClaudeBot/1.0; +claudebot@anthropic.com)"
216.73.217.39 - - [29/Jul/2026:20:28:06 +0200] "GET /?j=d4o2t4t8a9r9d58405 HTTP/1.1" 200 203923 "-" "Mozilla/5.0 AppleWebKit/537.36 (KHTML, like Gecko; compatible; ClaudeBot/1.0; +claudebot@anthropic.com)"
216.73.217.39 - - [29/Jul/2026:20:28:11 +0200] "GET /shops/callidity/t4i1m0o8t4h9y07198 HTTP/1.1" 404 146249 "-" "Mozilla/5.0 AppleWebKit/537.36 (KHTML, like Gecko; compatible; ClaudeBot/1.0; +claudebot@anthropic.com)"
216.73.217.39 - - [29/Jul/2026:20:28:14 +0200] "GET /shops/epithite/a4c1c9e8s3s6i3o8n6a4l5 HTTP/1.1" 404 146249 "-" "Mozilla/5.0 AppleWebKit/537.36 (KHTML, like Gecko; compatible; ClaudeBot/1.0; +claudebot@anthropic.com)"
66.249.66.72 - - [29/Jul/2026:20:28:23 +0200] "GET /millenary/l7i3b6e6l6218773 HTTP/1.1" 200 836533 "-" "Mozilla/5.0 (Linux; Android 6.0.1; Nexus 5X Build/MMB29P) AppleWebKit/537.36 (KHTML, like Gecko) Chrome/150.0.7871.128 Mobile Safari/537.36 (compatible; GoogleOther)"
164.68.125.131 - - [29/Jul/2026:20:28:36 +0200] "POST /wp-cron.php?doing_wp_cron=1785349716.4900040626525878906250 HTTP/1.1" 200 0 "-" "WordPress/6.9.4; https://royalty-trailers.co.za"
57.141.0.18 - - [29/Jul/2026:20:28:36 +0200] "GET /?phassachate/41015864656 HTTP/1.1" 301 0 "-" "Mozilla/5.0 (Windows NT 10.0; Win64; x64) AppleWebKit/537.36 (KHTML, like Gecko) Chrome/145.0.0.0 Safari/537.36 (compatible; meta-externalagent/1.1 (+https://developers.facebook.com/docs/sharing/webmasters/crawler))"
57.141.0.33 - - [29/Jul/2026:20:28:36 +0200] "GET /shops/obequitate/d4i3s9p7l6e8a7s1e2d31 HTTP/1.1" 404 145748 "-" "Mozilla/5.0 (Macintosh; Intel Mac OS X 10_15_7) AppleWebKit/537.36 (KHTML, like Gecko) Chrome/145.0.0.0 Safari/537.36 (compatible; meta-externalagent/1.1 (+https://developers.facebook.com/docs/sharing/webmasters/crawler))"
216.73.217.39 - - [29/Jul/2026:20:28:46 +0200] "GET /shops/bollock/h4a9n6g5b2y66442 HTTP/1.1" 404 146249 "-" "Mozilla/5.0 AppleWebKit/537.36 (KHTML, like Gecko; compatible; ClaudeBot/1.0; +claudebot@anthropic.com)"
216.73.217.39 - - [29/Jul/2026:20:28:50 +0200] "GET /shops/matinal/h4y4p0e9r4b1o5l2o2i7d7 HTTP/1.1" 404 146249 "-" "Mozilla/5.0 AppleWebKit/537.36 (KHTML, like Gecko; compatible; ClaudeBot/1.0; +claudebot@anthropic.com)"
216.73.217.39 - - [29/Jul/2026:20:28:57 +0200] "GET /?j=a4l5k2e2r3m5e1s043 HTTP/1.1" 200 203860 "-" "Mozilla/5.0 AppleWebKit/537.36 (KHTML, like Gecko; compatible; ClaudeBot/1.0; +claudebot@anthropic.com)"
216.73.217.39 - - [29/Jul/2026:20:29:03 +0200] "GET /?j=h4i1s8t4i4o6l1o7g9y29 HTTP/1.1" 200 203663 "-" "Mozilla/5.0 AppleWebKit/537.36 (KHTML, like Gecko; compatible; ClaudeBot/1.0; +claudebot@anthropic.com)"
57.141.0.3 - - [29/Jul/2026:20:29:05 +0200] "GET /shops/incited/m8o2r8t4i8s4e48542 HTTP/1.1" 404 145748 "-" "Mozilla/5.0 (Macintosh; Intel Mac OS X 10_15_7) AppleWebKit/537.36 (KHTML, like Gecko) Chrome/145.0.0.0 Safari/537.36 (compatible; meta-externalagent/1.1 (+https://developers.facebook.com/docs/sharing/webmasters/crawler))"
57.141.0.16 - - [29/Jul/2026:20:29:09 +0200] "GET /shops/multisonous/w4a1t4c6h9e6t10374 HTTP/1.1" 404 146249 "-" "Mozilla/5.0 (Windows NT 10.0; Win64; x64) AppleWebKit/537.36 (KHTML, like Gecko) Chrome/145.0.0.0 Safari/537.36 (compatible; meta-externalagent/1.1 (+https://developers.facebook.com/docs/sharing/webmasters/crawler))"
216.73.217.39 - - [29/Jul/2026:20:29:10 +0200] "GET /?j=m4i2d9f1e4a9t5h9e2r08 HTTP/1.1" 200 203700 "-" "Mozilla/5.0 AppleWebKit/537.36 (KHTML, like Gecko; compatible; ClaudeBot/1.0; +claudebot@anthropic.com)"
164.68.125.131 - - [29/Jul/2026:20:29:15 +0200] "POST /wp-cron.php?doing_wp_cron=1785349755.5000810623168945312500 HTTP/1.1" 200 0 "-" "WordPress/6.9.4; https://royalty-trailers.co.za"
216.73.217.39 - - [29/Jul/2026:20:29:15 +0200] "GET /?j=m4o3r3e3p2r0e6n2o7m4i0nal HTTP/1.1" 200 203861 "-" "Mozilla/5.0 AppleWebKit/537.36 (KHTML, like Gecko; compatible; ClaudeBot/1.0; +claudebot@anthropic.com)"
57.141.0.36 - - [29/Jul/2026:20:29:25 +0200] "GET /?j=p6e1r6s6i5s4t5i3n2g2l0y HTTP/1.1" 200 203769 "-" "Mozilla/5.0 (Windows NT 10.0; Win64; x64) AppleWebKit/537.36 (KHTML, like Gecko) Chrome/145.0.0.0 Safari/537.36 (compatible; meta-externalagent/1.1 (+https://developers.facebook.com/docs/sharing/webmasters/crawler))"
57.141.0.62 - - [29/Jul/2026:20:29:31 +0200] "GET /?j=r4e9t4a0l1i8a5t3i4o9n HTTP/1.1" 200 203809 "-" "Mozilla/5.0 (Windows NT 10.0; Win64; x64) AppleWebKit/537.36 (KHTML, like Gecko) Chrome/145.0.0.0 Safari/537.36 (compatible; meta-externalagent/1.1 (+https://developers.facebook.com/docs/sharing/webmasters/crawler))"
216.73.217.39 - - [29/Jul/2026:20:29:33 +0200] "GET /?j=p4e1a8f1o1w1l70597 HTTP/1.1" 200 203750 "-" "Mozilla/5.0 AppleWebKit/537.36 (KHTML, like Gecko; compatible; ClaudeBot/1.0; +claudebot@anthropic.com)"
216.73.217.39 - - [29/Jul/2026:20:29:38 +0200] "GET /shops/poonah/a4t3t6a2i4n1t49975 HTTP/1.1" 404 146249 "-" "Mozilla/5.0 AppleWebKit/537.36 (KHTML, like Gecko; compatible; ClaudeBot/1.0; +claudebot@anthropic.com)"
216.73.217.39 - - [29/Jul/2026:20:29:50 +0200] "GET /?j=f4o1s3s1a7471108 HTTP/1.1" 200 203521 "-" "Mozilla/5.0 AppleWebKit/537.36 (KHTML, like Gecko; compatible; ClaudeBot/1.0; +claudebot@anthropic.com)"
216.73.217.39 - - [29/Jul/2026:20:29:56 +0200] "GET /unthinkingly/t4h3y5r0s8i2f8l5o2r1u6s HTTP/1.1" 404 146249 "-" "Mozilla/5.0 AppleWebKit/537.36 (KHTML, like Gecko; compatible; ClaudeBot/1.0; +claudebot@anthropic.com)"
57.141.0.31 - - [29/Jul/2026:20:30:01 +0200] "GET /shops/beslaver/c9u1l6t2i9v9a6t8o1r48 HTTP/1.1" 404 146249 "-" "Mozilla/5.0 (Windows NT 10.0; Win64; x64) AppleWebKit/537.36 (KHTML, like Gecko) Chrome/145.0.0.0 Safari/537.36 (compatible; meta-externalagent/1.1 (+https://developers.facebook.com/docs/sharing/webmasters/crawler))"
216.73.217.39 - - [29/Jul/2026:20:30:06 +0200] "GET /?j=g4o2s3p6e5l1i5z0e1d07 HTTP/1.1" 200 203638 "-" "Mozilla/5.0 AppleWebKit/537.36 (KHTML, like Gecko; compatible; ClaudeBot/1.0; +claudebot@anthropic.com)"
216.73.217.39 - - [29/Jul/2026:20:30:10 +0200] "GET /?j=c4o1m8f4o2r6t4r4e1s0s HTTP/1.1" 200 203855 "-" "Mozilla/5.0 AppleWebKit/537.36 (KHTML, like Gecko; compatible; ClaudeBot/1.0; +claudebot@anthropic.com)"
216.73.217.39 - - [29/Jul/2026:20:30:48 +0200] "GET /?j=b4r3i3c2k2l9a5y5e6r94 HTTP/1.1" 200 0 "-" "Mozilla/5.0 AppleWebKit/537.36 (KHTML, like Gecko; compatible; ClaudeBot/1.0; +claudebot@anthropic.com)"
164.68.125.131 - - [29/Jul/2026:20:30:49 +0200] "POST /wp-cron.php?doing_wp_cron=1785349848.3884079456329345703125 HTTP/1.1" 499 0 "-" "WordPress/6.9.4; https://royalty-trailers.co.za"
216.73.217.39 - - [29/Jul/2026:20:30:52 +0200] "GET /?j=d4i2r4t3i8e9d92512 HTTP/1.1" 200 203652 "-" "Mozilla/5.0 AppleWebKit/537.36 (KHTML, like Gecko; compatible; ClaudeBot/1.0; +claudebot@anthropic.com)"
216.73.217.39 - - [29/Jul/2026:20:30:59 +0200] "GET /?j=a4s4s2a4y400880 HTTP/1.1" 200 203440 "-" "Mozilla/5.0 AppleWebKit/537.36 (KHTML, like Gecko; compatible; ClaudeBot/1.0; +claudebot@anthropic.com)"
57.141.0.23 - - [29/Jul/2026:20:31:05 +0200] "GET /?j=k4r1e3m4l9i6n10999 HTTP/1.1" 200 203619 "-" "Mozilla/5.0 (Windows NT 10.0; Win64; x64) AppleWebKit/537.36 (KHTML, like Gecko) Chrome/145.0.0.0 Safari/537.36 (compatible; meta-externalagent/1.1 (+https://developers.facebook.com/docs/sharing/webmasters/crawler))"
216.73.217.39 - - [29/Jul/2026:20:31:07 +0200] "GET /?j=u4n7d4e9r2h3a6n2g37 HTTP/1.1" 200 203469 "-" "Mozilla/5.0 AppleWebKit/537.36 (KHTML, like Gecko; compatible; ClaudeBot/1.0; +claudebot@anthropic.com)"
66.249.66.35 - - [29/Jul/2026:20:31:23 +0200] "GET /review/goods/R3503545978 HTTP/1.1" 200 846575 "-" "Mozilla/5.0 (Linux; Android 6.0.1; Nexus 5X Build/MMB29P) AppleWebKit/537.36 (KHTML, like Gecko) Chrome/150.0.7871.128 Mobile Safari/537.36 (compatible; Googlebot/2.1; +http://www.google.com/bot.html)"
164.68.125.131 - - [29/Jul/2026:20:31:40 +0200] "POST /wp-cron.php?doing_wp_cron=1785349900.3203120231628417968750 HTTP/1.1" 200 0 "-" "WordPress/6.9.4; https://royalty-trailers.co.za"
216.73.217.39 - - [29/Jul/2026:20:31:40 +0200] "GET /?j=o4l3e5o0p9t4e9n7e299 HTTP/1.1" 200 203920 "-" "Mozilla/5.0 AppleWebKit/537.36 (KHTML, like Gecko; compatible; ClaudeBot/1.0; +claudebot@anthropic.com)"
216.73.217.39 - - [29/Jul/2026:20:31:48 +0200] "GET /shops/onefourth/j4u4v2e8n2i9l2e6o8n0s3et HTTP/1.1" 404 146249 "-" "Mozilla/5.0 AppleWebKit/537.36 (KHTML, like Gecko; compatible; ClaudeBot/1.0; +claudebot@anthropic.com)"
216.73.217.39 - - [29/Jul/2026:20:31:53 +0200] "GET /shops/wilderment/r4o1s3o8l9i3c82976 HTTP/1.1" 404 146249 "-" "Mozilla/5.0 AppleWebKit/537.36 (KHTML, like Gecko; compatible; ClaudeBot/1.0; +claudebot@anthropic.com)"
57.141.0.52 - - [29/Jul/2026:20:31:53 +0200] "GET /?j=r9i1v7i7n1a758404 HTTP/1.1" 200 203329 "-" "Mozilla/5.0 (Windows NT 10.0; Win64; x64) AppleWebKit/537.36 (KHTML, like Gecko) Chrome/145.0.0.0 Safari/537.36 (compatible; meta-externalagent/1.1 (+https://developers.facebook.com/docs/sharing/webmasters/crawler))"
216.73.217.39 - - [29/Jul/2026:20:31:57 +0200] "GET /shops/hampered/c4o3a1c0h2m7a3n5s8h5i1p HTTP/1.1" 404 146249 "-" "Mozilla/5.0 AppleWebKit/537.36 (KHTML, like Gecko; compatible; ClaudeBot/1.0; +claudebot@anthropic.com)"
216.73.217.39 - - [29/Jul/2026:20:32:04 +0200] "GET /?j=g4i2n0g7e2r2n0e2s3s33 HTTP/1.1" 200 203431 "-" "Mozilla/5.0 AppleWebKit/537.36 (KHTML, like Gecko; compatible; ClaudeBot/1.0; +claudebot@anthropic.com)"
216.73.217.39 - - [29/Jul/2026:20:32:09 +0200] "GET /?j=l4e5a2f3r5o6l3l1e4r2 HTTP/1.1" 200 203786 "-" "Mozilla/5.0 AppleWebKit/537.36 (KHTML, like Gecko; compatible; ClaudeBot/1.0; +claudebot@anthropic.com)"
66.249.66.163 - - [29/Jul/2026:20:32:12 +0200] "GET /?j=c5h2a9i7r0w8o3m8a4n HTTP/1.1" 200 790184 "-" "Mozilla/5.0 (compatible; Googlebot/2.1; +http://www.google.com/bot.html)"
66.249.66.165 - - [29/Jul/2026:20:32:12 +0200] "GET /historically/c0h1a5m6a4e3l8e2o9n9t0idae HTTP/1.1" 200 801802 "-" "Mozilla/5.0 (Linux; Android 6.0.1; Nexus 5X Build/MMB29P) AppleWebKit/537.36 (KHTML, like Gecko) Chrome/150.0.7871.128 Mobile Safari/537.36 (compatible; GoogleOther)"
