74.7.243.231 - - [29/Jul/2026:17:28:08 +0200] "GET /?j=g8a9l3e2i779200 HTTP/1.1" 200 203727 "https://royalty-trailers.co.za/sitemap-product.xml" "Mozilla/5.0 AppleWebKit/537.36 (KHTML, like Gecko; compatible; GPTBot/1.4; +https://openai.com/gptbot)"
74.7.243.231 - - [29/Jul/2026:17:28:13 +0200] "GET /?j=s8l6u9e4d414371 HTTP/1.1" 200 203696 "https://royalty-trailers.co.za/sitemap-product.xml" "Mozilla/5.0 AppleWebKit/537.36 (KHTML, like Gecko; compatible; GPTBot/1.4; +https://openai.com/gptbot)"
216.73.217.39 - - [29/Jul/2026:17:28:17 +0200] "GET /?j=u4n6a9g1i0t3a5t2e1d0 HTTP/1.1" 200 203495 "-" "Mozilla/5.0 AppleWebKit/537.36 (KHTML, like Gecko; compatible; ClaudeBot/1.0; +claudebot@anthropic.com)"
66.249.66.11 - - [29/Jul/2026:17:28:21 +0200] "GET /?j=p8o2m5a2n7d8e7r0223 HTTP/1.1" 200 801162 "-" "Mozilla/5.0 (compatible; Googlebot/2.1; +http://www.google.com/bot.html)"
216.73.217.39 - - [29/Jul/2026:17:28:24 +0200] "GET /shops/osteodentine/h4y2m5n8i4n8g72362 HTTP/1.1" 404 146249 "-" "Mozilla/5.0 AppleWebKit/537.36 (KHTML, like Gecko; compatible; ClaudeBot/1.0; +claudebot@anthropic.com)"
216.73.217.39 - - [29/Jul/2026:17:28:28 +0200] "GET /?j=b4r3e9a8k1i4n42917 HTTP/1.1" 200 203478 "-" "Mozilla/5.0 AppleWebKit/537.36 (KHTML, like Gecko; compatible; ClaudeBot/1.0; +claudebot@anthropic.com)"
74.7.243.231 - - [29/Jul/2026:17:28:38 +0200] "GET /?j=l8i4e6v1e564799 HTTP/1.1" 200 203433 "https://royalty-trailers.co.za/sitemap-product.xml" "Mozilla/5.0 AppleWebKit/537.36 (KHTML, like Gecko; compatible; GPTBot/1.4; +https://openai.com/gptbot)"
216.73.217.39 - - [29/Jul/2026:17:28:43 +0200] "GET /shops/coaxation/u4n1e6n6t0a7n6g9l6e33 HTTP/1.1" 404 146249 "-" "Mozilla/5.0 AppleWebKit/537.36 (KHTML, like Gecko; compatible; ClaudeBot/1.0; +claudebot@anthropic.com)"
74.7.243.231 - - [29/Jul/2026:17:28:44 +0200] "GET /?homely/8715309637 HTTP/1.1" 301 0 "https://royalty-trailers.co.za/sitemap-product.xml" "Mozilla/5.0 AppleWebKit/537.36 (KHTML, like Gecko; compatible; GPTBot/1.4; +https://openai.com/gptbot)"
74.7.243.231 - - [29/Jul/2026:17:28:50 +0200] "GET /?homely%2F8715309637 HTTP/1.1" 200 203556 "https://royalty-trailers.co.za/?homely/8715309637" "Mozilla/5.0 AppleWebKit/537.36 (KHTML, like Gecko; compatible; GPTBot/1.4; +https://openai.com/gptbot)"
74.7.243.231 - - [29/Jul/2026:17:28:54 +0200] "GET /shops/ranny/i8m3p4e9r6t8u1r6b6a3tion HTTP/1.1" 404 146249 "https://royalty-trailers.co.za/sitemap-product.xml" "Mozilla/5.0 AppleWebKit/537.36 (KHTML, like Gecko; compatible; GPTBot/1.4; +https://openai.com/gptbot)"
74.7.243.231 - - [29/Jul/2026:17:28:59 +0200] "GET /shops/unpalatable/s8e4m3i9n1u1d2e092 HTTP/1.1" 404 81563 "https://royalty-trailers.co.za/sitemap-product.xml" "Mozilla/5.0 AppleWebKit/537.36 (KHTML, like Gecko; compatible; GPTBot/1.4; +https://openai.com/gptbot)"
74.7.243.231 - - [29/Jul/2026:17:29:03 +0200] "GET /shops/multicellular/o8f1f6s1e2t412197 HTTP/1.1" 404 81563 "https://royalty-trailers.co.za/sitemap-product.xml" "Mozilla/5.0 AppleWebKit/537.36 (KHTML, like Gecko; compatible; GPTBot/1.4; +https://openai.com/gptbot)"
57.141.0.68 - - [29/Jul/2026:17:29:07 +0200] "GET /?j=t9y3p2o8g5r4a5p5h7e5r8 HTTP/1.1" 200 203650 "-" "Mozilla/5.0 (Windows NT 10.0; Win64; x64) AppleWebKit/537.36 (KHTML, like Gecko) Chrome/145.0.0.0 Safari/537.36 (compatible; meta-externalagent/1.1 (+https://developers.facebook.com/docs/sharing/webmasters/crawler))"
216.73.217.39 - - [29/Jul/2026:17:29:08 +0200] "GET /?j=e4n1t4r2y7n3g61345 HTTP/1.1" 200 203625 "-" "Mozilla/5.0 AppleWebKit/537.36 (KHTML, like Gecko; compatible; ClaudeBot/1.0; +claudebot@anthropic.com)"
74.7.243.231 - - [29/Jul/2026:17:29:08 +0200] "GET /shops/trisnitrate/g8l1o4o6m3i6n3g0524 HTTP/1.1" 404 81563 "https://royalty-trailers.co.za/sitemap-product.xml" "Mozilla/5.0 AppleWebKit/537.36 (KHTML, like Gecko; compatible; GPTBot/1.4; +https://openai.com/gptbot)"
164.68.125.131 - - [29/Jul/2026:17:29:13 +0200] "POST /wp-cron.php?doing_wp_cron=1785338953.2807729244232177734375 HTTP/1.1" 200 0 "-" "WordPress/6.9.4; https://royalty-trailers.co.za"
74.7.243.231 - - [29/Jul/2026:17:29:13 +0200] "GET /shops/aphorismatic/l8i3n4o6x9i9n97071 HTTP/1.1" 404 81563 "https://royalty-trailers.co.za/sitemap-product.xml" "Mozilla/5.0 AppleWebKit/537.36 (KHTML, like Gecko; compatible; GPTBot/1.4; +https://openai.com/gptbot)"
164.68.125.131 - - [29/Jul/2026:17:29:15 +0200] "POST /wp-cron.php?doing_wp_cron=1785338955.1215479373931884765625 HTTP/1.1" 200 0 "-" "WordPress/6.9.4; https://royalty-trailers.co.za"
216.73.217.39 - - [29/Jul/2026:17:29:15 +0200] "GET /?j=o4b4v7e4r3s0i7o9n HTTP/1.1" 200 203442 "-" "Mozilla/5.0 AppleWebKit/537.36 (KHTML, like Gecko; compatible; ClaudeBot/1.0; +claudebot@anthropic.com)"
74.7.243.231 - - [29/Jul/2026:17:29:18 +0200] "GET /shops/camphora/l8e2g3i3s5l5a7t8i2n7g4 HTTP/1.1" 404 81563 "https://royalty-trailers.co.za/sitemap-product.xml" "Mozilla/5.0 AppleWebKit/537.36 (KHTML, like Gecko; compatible; GPTBot/1.4; +https://openai.com/gptbot)"
74.7.243.231 - - [29/Jul/2026:17:29:22 +0200] "GET /shops/lodging/k8i3t7b0a2g986311 HTTP/1.1" 404 81563 "https://royalty-trailers.co.za/sitemap-product.xml" "Mozilla/5.0 AppleWebKit/537.36 (KHTML, like Gecko; compatible; GPTBot/1.4; +https://openai.com/gptbot)"
74.7.243.231 - - [29/Jul/2026:17:29:27 +0200] "GET /shops/buchu/p8e3t2r0e9a6n14651 HTTP/1.1" 404 81563 "https://royalty-trailers.co.za/sitemap-product.xml" "Mozilla/5.0 AppleWebKit/537.36 (KHTML, like Gecko; compatible; GPTBot/1.4; +https://openai.com/gptbot)"
74.7.243.231 - - [29/Jul/2026:17:29:31 +0200] "GET /strontianite/defoul/83870120953 HTTP/1.1" 404 81563 "https://royalty-trailers.co.za/sitemap-product.xml" "Mozilla/5.0 AppleWebKit/537.36 (KHTML, like Gecko; compatible; GPTBot/1.4; +https://openai.com/gptbot)"
74.7.243.231 - - [29/Jul/2026:17:29:36 +0200] "GET /shops/englut/w8r3i0t6h3e2n35591 HTTP/1.1" 404 81563 "https://royalty-trailers.co.za/sitemap-product.xml" "Mozilla/5.0 AppleWebKit/537.36 (KHTML, like Gecko; compatible; GPTBot/1.4; +https://openai.com/gptbot)"
216.73.217.39 - - [29/Jul/2026:17:29:41 +0200] "GET /?j=m4a1r8x3i3s0t78142 HTTP/1.1" 200 203617 "-" "Mozilla/5.0 AppleWebKit/537.36 (KHTML, like Gecko; compatible; ClaudeBot/1.0; +claudebot@anthropic.com)"
74.7.243.231 - - [29/Jul/2026:17:29:41 +0200] "GET /shops/baldfaced/p8i7s1t1i7l6l9a4t4e1 HTTP/1.1" 404 81563 "https://royalty-trailers.co.za/sitemap-product.xml" "Mozilla/5.0 AppleWebKit/537.36 (KHTML, like Gecko; compatible; GPTBot/1.4; +https://openai.com/gptbot)"
74.7.243.231 - - [29/Jul/2026:17:29:46 +0200] "GET /shops/representable/r8h6u2s1m1a26913 HTTP/1.1" 404 81563 "https://royalty-trailers.co.za/sitemap-product.xml" "Mozilla/5.0 AppleWebKit/537.36 (KHTML, like Gecko; compatible; GPTBot/1.4; +https://openai.com/gptbot)"
216.73.217.39 - - [29/Jul/2026:17:29:46 +0200] "GET /spongiform/h4a6l9f3p9e1n5n5i6e1s HTTP/1.1" 404 146249 "-" "Mozilla/5.0 AppleWebKit/537.36 (KHTML, like Gecko; compatible; ClaudeBot/1.0; +claudebot@anthropic.com)"
74.7.243.231 - - [29/Jul/2026:17:29:51 +0200] "GET /shops/inerringly/r8o1s7m2a9r1i1n1e348 HTTP/1.1" 404 81563 "https://royalty-trailers.co.za/sitemap-product.xml" "Mozilla/5.0 AppleWebKit/537.36 (KHTML, like Gecko; compatible; GPTBot/1.4; +https://openai.com/gptbot)"
74.7.243.231 - - [29/Jul/2026:17:29:56 +0200] "GET /shops/calcarifer/g8a3s2t3r7u4l3a3e129 HTTP/1.1" 404 81563 "https://royalty-trailers.co.za/sitemap-product.xml" "Mozilla/5.0 AppleWebKit/537.36 (KHTML, like Gecko; compatible; GPTBot/1.4; +https://openai.com/gptbot)"
74.7.243.231 - - [29/Jul/2026:17:30:02 +0200] "GET /distributing/sublineation/81008836198 HTTP/1.1" 404 130715 "https://royalty-trailers.co.za/sitemap-product.xml" "Mozilla/5.0 AppleWebKit/537.36 (KHTML, like Gecko; compatible; GPTBot/1.4; +https://openai.com/gptbot)"
66.249.66.202 - - [29/Jul/2026:17:30:09 +0200] "GET /?j=k4e4d2g8e8d497889 HTTP/1.1" 200 793593 "-" "Mozilla/5.0 (Linux; Android 6.0.1; Nexus 5X Build/MMB29P) AppleWebKit/537.36 (KHTML, like Gecko) Chrome/150.0.7871.128 Mobile Safari/537.36 (compatible; Googlebot/2.1; +http://www.google.com/bot.html)"
216.73.217.39 - - [29/Jul/2026:17:30:10 +0200] "GET /zymogenic/p4l3a4s3t4r4o4n2811 HTTP/1.1" 404 146241 "-" "Mozilla/5.0 AppleWebKit/537.36 (KHTML, like Gecko; compatible; ClaudeBot/1.0; +claudebot@anthropic.com)"
164.68.125.131 - - [29/Jul/2026:17:30:16 +0200] "POST /wp-cron.php?doing_wp_cron=1785339016.0234720706939697265625 HTTP/1.1" 200 0 "-" "WordPress/6.9.4; https://royalty-trailers.co.za"
216.73.217.39 - - [29/Jul/2026:17:30:16 +0200] "GET /shops/infante/o4s1t1e8o0i0d48382 HTTP/1.1" 404 146249 "-" "Mozilla/5.0 AppleWebKit/537.36 (KHTML, like Gecko; compatible; ClaudeBot/1.0; +claudebot@anthropic.com)"
74.7.243.231 - - [29/Jul/2026:17:30:21 +0200] "GET /shops/strook/p8o2s4t4c0o9m3m7u4n5i8on HTTP/1.1" 404 81563 "https://royalty-trailers.co.za/sitemap-product.xml" "Mozilla/5.0 AppleWebKit/537.36 (KHTML, like Gecko; compatible; GPTBot/1.4; +https://openai.com/gptbot)"
74.7.243.231 - - [29/Jul/2026:17:30:38 +0200] "GET /shops/palisadoes/b8a3r5r7i6c5a6d8o354 HTTP/1.1" 404 81563 "https://royalty-trailers.co.za/sitemap-product.xml" "Mozilla/5.0 AppleWebKit/537.36 (KHTML, like Gecko; compatible; GPTBot/1.4; +https://openai.com/gptbot)"
216.73.217.39 - - [29/Jul/2026:17:30:40 +0200] "GET /shops/rechless/d4o1r1s7i8p8a3r6o2u8s3 HTTP/1.1" 404 146249 "-" "Mozilla/5.0 AppleWebKit/537.36 (KHTML, like Gecko; compatible; ClaudeBot/1.0; +claudebot@anthropic.com)"
74.7.243.231 - - [29/Jul/2026:17:30:43 +0200] "GET /shops/misrehearse/s8u4b0o1r0n6e9d9110 HTTP/1.1" 404 81563 "https://royalty-trailers.co.za/sitemap-product.xml" "Mozilla/5.0 AppleWebKit/537.36 (KHTML, like Gecko; compatible; GPTBot/1.4; +https://openai.com/gptbot)"
216.73.217.39 - - [29/Jul/2026:17:30:46 +0200] "GET /shops/gardening/a4l1c7i6c1o5r4n0e029 HTTP/1.1" 404 146249 "-" "Mozilla/5.0 AppleWebKit/537.36 (KHTML, like Gecko; compatible; ClaudeBot/1.0; +claudebot@anthropic.com)"
74.7.243.231 - - [29/Jul/2026:17:30:48 +0200] "GET /shops/oldmaidism/u8n1b2e2n1d6i2n9g398 HTTP/1.1" 404 81563 "https://royalty-trailers.co.za/sitemap-product.xml" "Mozilla/5.0 AppleWebKit/537.36 (KHTML, like Gecko; compatible; GPTBot/1.4; +https://openai.com/gptbot)"
74.7.243.231 - - [29/Jul/2026:17:30:53 +0200] "GET /shops/hybridous/s8h2o5r5t0l8i3v7e8d23 HTTP/1.1" 404 81563 "https://royalty-trailers.co.za/sitemap-product.xml" "Mozilla/5.0 AppleWebKit/537.36 (KHTML, like Gecko; compatible; GPTBot/1.4; +https://openai.com/gptbot)"
74.7.243.231 - - [29/Jul/2026:17:30:59 +0200] "GET /shops/confronte/j8o2y9o9u0s9n3e3s0s05 HTTP/1.1" 404 81563 "https://royalty-trailers.co.za/sitemap-product.xml" "Mozilla/5.0 AppleWebKit/537.36 (KHTML, like Gecko; compatible; GPTBot/1.4; +https://openai.com/gptbot)"
74.7.243.231 - - [29/Jul/2026:17:31:04 +0200] "GET /shops/incend/s8u2b6c8a7r6b6u9r3e2t6ed HTTP/1.1" 404 81563 "https://royalty-trailers.co.za/sitemap-product.xml" "Mozilla/5.0 AppleWebKit/537.36 (KHTML, like Gecko; compatible; GPTBot/1.4; +https://openai.com/gptbot)"
74.7.243.231 - - [29/Jul/2026:17:31:08 +0200] "GET /shops/strikingly/a8l1k9a2l1o6t4i0c302 HTTP/1.1" 404 81563 "https://royalty-trailers.co.za/sitemap-product.xml" "Mozilla/5.0 AppleWebKit/537.36 (KHTML, like Gecko; compatible; GPTBot/1.4; +https://openai.com/gptbot)"
216.73.217.39 - - [29/Jul/2026:17:31:11 +0200] "GET /?j=u4n4t1e8n3a7n0t5948 HTTP/1.1" 200 203438 "-" "Mozilla/5.0 AppleWebKit/537.36 (KHTML, like Gecko; compatible; ClaudeBot/1.0; +claudebot@anthropic.com)"
74.7.243.231 - - [29/Jul/2026:17:31:14 +0200] "GET /shops/supping/g8a1n0g5l4i6a4t3e8 HTTP/1.1" 404 81563 "https://royalty-trailers.co.za/sitemap-product.xml" "Mozilla/5.0 AppleWebKit/537.36 (KHTML, like Gecko; compatible; GPTBot/1.4; +https://openai.com/gptbot)"
164.68.125.131 - - [29/Jul/2026:17:31:18 +0200] "POST /wp-cron.php?doing_wp_cron=1785339078.5330851078033447265625 HTTP/1.1" 200 0 "-" "WordPress/6.9.4; https://royalty-trailers.co.za"
66.249.66.164 - - [29/Jul/2026:17:31:18 +0200] "GET /?j=s9p4i2n8o4s6e31295 HTTP/1.1" 200 818783 "-" "Mozilla/5.0 (compatible; Googlebot/2.1; +http://www.google.com/bot.html)"
216.73.217.39 - - [29/Jul/2026:17:31:18 +0200] "GET /?j=c4a2n5c5e8l1l7o5u3s67 HTTP/1.1" 200 203796 "-" "Mozilla/5.0 AppleWebKit/537.36 (KHTML, like Gecko; compatible; ClaudeBot/1.0; +claudebot@anthropic.com)"
74.7.243.231 - - [29/Jul/2026:17:31:19 +0200] "GET /tithes/impassioned/83048141228 HTTP/1.1" 404 81563 "https://royalty-trailers.co.za/sitemap-product.xml" "Mozilla/5.0 AppleWebKit/537.36 (KHTML, like Gecko; compatible; GPTBot/1.4; +https://openai.com/gptbot)"
74.7.243.231 - - [29/Jul/2026:17:31:24 +0200] "GET /shops/radian/p8e1d6d3l7e2r89118 HTTP/1.1" 404 81563 "https://royalty-trailers.co.za/sitemap-product.xml" "Mozilla/5.0 AppleWebKit/537.36 (KHTML, like Gecko; compatible; GPTBot/1.4; +https://openai.com/gptbot)"
74.7.243.231 - - [29/Jul/2026:17:31:29 +0200] "GET /shops/cynara/r8e1d3u3c6t163959 HTTP/1.1" 404 81563 "https://royalty-trailers.co.za/sitemap-product.xml" "Mozilla/5.0 AppleWebKit/537.36 (KHTML, like Gecko; compatible; GPTBot/1.4; +https://openai.com/gptbot)"
74.7.243.231 - - [29/Jul/2026:17:31:35 +0200] "GET /shops/wrote/f8l3o6o9d8a3g9e7523 HTTP/1.1" 404 81563 "https://royalty-trailers.co.za/sitemap-product.xml" "Mozilla/5.0 AppleWebKit/537.36 (KHTML, like Gecko; compatible; GPTBot/1.4; +https://openai.com/gptbot)"
74.7.243.231 - - [29/Jul/2026:17:31:40 +0200] "GET /shops/chica/d8o2t1a8t3i0o7n1297 HTTP/1.1" 404 81563 "https://royalty-trailers.co.za/sitemap-product.xml" "Mozilla/5.0 AppleWebKit/537.36 (KHTML, like Gecko; compatible; GPTBot/1.4; +https://openai.com/gptbot)"
216.73.217.39 - - [29/Jul/2026:17:31:42 +0200] "GET /?j=s4o2l9a5c5i0o0u1s00 HTTP/1.1" 200 203745 "-" "Mozilla/5.0 AppleWebKit/537.36 (KHTML, like Gecko; compatible; ClaudeBot/1.0; +claudebot@anthropic.com)"
74.7.243.231 - - [29/Jul/2026:17:31:45 +0200] "GET /shops/unter/b8e4g2u0i3n2e28064 HTTP/1.1" 404 81563 "https://royalty-trailers.co.za/sitemap-product.xml" "Mozilla/5.0 AppleWebKit/537.36 (KHTML, like Gecko; compatible; GPTBot/1.4; +https://openai.com/gptbot)"
74.7.243.231 - - [29/Jul/2026:17:31:50 +0200] "GET /allumette/campagna/82546034819 HTTP/1.1" 404 81563 "https://royalty-trailers.co.za/sitemap-product.xml" "Mozilla/5.0 AppleWebKit/537.36 (KHTML, like Gecko; compatible; GPTBot/1.4; +https://openai.com/gptbot)"
216.73.217.39 - - [29/Jul/2026:17:31:51 +0200] "GET /?j=c4o3s1t0i1v9e1n2e7s6s9 HTTP/1.1" 200 203474 "-" "Mozilla/5.0 AppleWebKit/537.36 (KHTML, like Gecko; compatible; ClaudeBot/1.0; +claudebot@anthropic.com)"
74.7.243.231 - - [29/Jul/2026:17:31:55 +0200] "GET /curdiness/c8o3n6t6e7m1p1t4i7b9l7eness HTTP/1.1" 404 81563 "https://royalty-trailers.co.za/sitemap-product.xml" "Mozilla/5.0 AppleWebKit/537.36 (KHTML, like Gecko; compatible; GPTBot/1.4; +https://openai.com/gptbot)"
216.73.217.39 - - [29/Jul/2026:17:31:57 +0200] "GET /?j=o4v2e3r4d8e5l5i4g0h2t4ed HTTP/1.1" 200 203515 "-" "Mozilla/5.0 AppleWebKit/537.36 (KHTML, like Gecko; compatible; ClaudeBot/1.0; +claudebot@anthropic.com)"
74.7.243.231 - - [29/Jul/2026:17:32:01 +0200] "GET /woolding/ascending/l8o1w1z2o3n2e83216 HTTP/1.1" 404 81563 "https://royalty-trailers.co.za/sitemap-product.xml" "Mozilla/5.0 AppleWebKit/537.36 (KHTML, like Gecko; compatible; GPTBot/1.4; +https://openai.com/gptbot)"
74.7.243.231 - - [29/Jul/2026:17:32:06 +0200] "GET /shops/pythagorism/g8l2i1n0t2e8d42300 HTTP/1.1" 404 81563 "https://royalty-trailers.co.za/sitemap-product.xml" "Mozilla/5.0 AppleWebKit/537.36 (KHTML, like Gecko; compatible; GPTBot/1.4; +https://openai.com/gptbot)"
74.7.243.231 - - [29/Jul/2026:17:32:11 +0200] "GET /shops/hydrothecae/c8r1u6n4o1d8e77906 HTTP/1.1" 404 81563 "https://royalty-trailers.co.za/sitemap-product.xml" "Mozilla/5.0 AppleWebKit/537.36 (KHTML, like Gecko; compatible; GPTBot/1.4; +https://openai.com/gptbot)"
164.68.125.131 - - [29/Jul/2026:17:32:16 +0200] "POST /wp-cron.php?doing_wp_cron=1785339136.6316869258880615234375 HTTP/1.1" 200 0 "-" "WordPress/6.9.4; https://royalty-trailers.co.za"
74.7.243.231 - - [29/Jul/2026:17:32:16 +0200] "GET /shipping/purposive/w8a5t8c8h8m9a1n680 HTTP/1.1" 404 81563 "https://royalty-trailers.co.za/sitemap-product.xml" "Mozilla/5.0 AppleWebKit/537.36 (KHTML, like Gecko; compatible; GPTBot/1.4; +https://openai.com/gptbot)"
216.73.217.39 - - [29/Jul/2026:17:32:17 +0200] "GET /shops/saracenia/c4o1m4p1u8t4i6s6t998 HTTP/1.1" 404 146249 "-" "Mozilla/5.0 AppleWebKit/537.36 (KHTML, like Gecko; compatible; ClaudeBot/1.0; +claudebot@anthropic.com)"
74.7.243.231 - - [29/Jul/2026:17:32:22 +0200] "GET /shops/innocuity/c8h1e5n4o7p6o0d9i0u8m HTTP/1.1" 404 81563 "https://royalty-trailers.co.za/sitemap-product.xml" "Mozilla/5.0 AppleWebKit/537.36 (KHTML, like Gecko; compatible; GPTBot/1.4; +https://openai.com/gptbot)"
216.73.217.39 - - [29/Jul/2026:17:32:24 +0200] "GET /mulcted/scyphomedusae/i4r6r2e9d0u0c8i1b5l2y HTTP/1.1" 404 146249 "-" "Mozilla/5.0 AppleWebKit/537.36 (KHTML, like Gecko; compatible; ClaudeBot/1.0; +claudebot@anthropic.com)"
74.7.243.231 - - [29/Jul/2026:17:32:28 +0200] "GET /?j=r8a1n8c8h6584836 HTTP/1.1" 200 203591 "https://royalty-trailers.co.za/sitemap-product.xml" "Mozilla/5.0 AppleWebKit/537.36 (KHTML, like Gecko; compatible; GPTBot/1.4; +https://openai.com/gptbot)"
216.73.217.39 - - [29/Jul/2026:17:32:32 +0200] "GET /shops/melodies/s4i1n9g0l8e0d82580 HTTP/1.1" 404 146249 "-" "Mozilla/5.0 AppleWebKit/537.36 (KHTML, like Gecko; compatible; ClaudeBot/1.0; +claudebot@anthropic.com)"
74.7.243.231 - - [29/Jul/2026:17:32:32 +0200] "GET /?widals/82575714712 HTTP/1.1" 301 0 "https://royalty-trailers.co.za/sitemap-product.xml" "Mozilla/5.0 AppleWebKit/537.36 (KHTML, like Gecko; compatible; GPTBot/1.4; +https://openai.com/gptbot)"
74.7.243.231 - - [29/Jul/2026:17:32:37 +0200] "GET /?widals%2F82575714712 HTTP/1.1" 200 203448 "https://royalty-trailers.co.za/?widals/82575714712" "Mozilla/5.0 AppleWebKit/537.36 (KHTML, like Gecko; compatible; GPTBot/1.4; +https://openai.com/gptbot)"
216.73.217.39 - - [29/Jul/2026:17:32:38 +0200] "GET /shops/slopping/u4n2c1o6n8t3i0n1e4n7t6 HTTP/1.1" 404 146249 "-" "Mozilla/5.0 AppleWebKit/537.36 (KHTML, like Gecko; compatible; ClaudeBot/1.0; +claudebot@anthropic.com)"
74.7.243.231 - - [29/Jul/2026:17:32:42 +0200] "GET /?skyish/83357886692 HTTP/1.1" 301 0 "https://royalty-trailers.co.za/sitemap-product.xml" "Mozilla/5.0 AppleWebKit/537.36 (KHTML, like Gecko; compatible; GPTBot/1.4; +https://openai.com/gptbot)"
216.73.217.39 - - [29/Jul/2026:17:32:45 +0200] "GET /shops/audiocassette/d4u3s4k5n6e8s8s3817 HTTP/1.1" 404 146249 "-" "Mozilla/5.0 AppleWebKit/537.36 (KHTML, like Gecko; compatible; ClaudeBot/1.0; +claudebot@anthropic.com)"
74.7.243.231 - - [29/Jul/2026:17:32:47 +0200] "GET /?skyish%2F83357886692 HTTP/1.1" 200 203559 "https://royalty-trailers.co.za/?skyish/83357886692" "Mozilla/5.0 AppleWebKit/537.36 (KHTML, like Gecko; compatible; GPTBot/1.4; +https://openai.com/gptbot)"
216.73.217.39 - - [29/Jul/2026:17:32:49 +0200] "GET /?j=h4y3d8r9o8b2i4p4l9a1n7e HTTP/1.1" 200 203692 "-" "Mozilla/5.0 AppleWebKit/537.36 (KHTML, like Gecko; compatible; ClaudeBot/1.0; +claudebot@anthropic.com)"
74.7.243.231 - - [29/Jul/2026:17:32:52 +0200] "GET /?j=b8i2b8b6s9267343 HTTP/1.1" 200 203388 "https://royalty-trailers.co.za/sitemap-product.xml" "Mozilla/5.0 AppleWebKit/537.36 (KHTML, like Gecko; compatible; GPTBot/1.4; +https://openai.com/gptbot)"
216.73.217.39 - - [29/Jul/2026:17:32:55 +0200] "GET /?j=g4r8y7l2l8u4s5215 HTTP/1.1" 200 203494 "-" "Mozilla/5.0 AppleWebKit/537.36 (KHTML, like Gecko; compatible; ClaudeBot/1.0; +claudebot@anthropic.com)"
74.7.243.231 - - [29/Jul/2026:17:32:57 +0200] "GET /?j=p8a2t2t1y6518613 HTTP/1.1" 200 203647 "https://royalty-trailers.co.za/sitemap-product.xml" "Mozilla/5.0 AppleWebKit/537.36 (KHTML, like Gecko; compatible; GPTBot/1.4; +https://openai.com/gptbot)"
216.73.217.39 - - [29/Jul/2026:17:33:02 +0200] "GET /?j=s4y1m4m7e7t4r5i4z3e4 HTTP/1.1" 200 203635 "-" "Mozilla/5.0 AppleWebKit/537.36 (KHTML, like Gecko; compatible; ClaudeBot/1.0; +claudebot@anthropic.com)"
74.7.243.231 - - [29/Jul/2026:17:33:03 +0200] "GET /?j=k8i3o3s0k5935911 HTTP/1.1" 200 203570 "https://royalty-trailers.co.za/sitemap-product.xml" "Mozilla/5.0 AppleWebKit/537.36 (KHTML, like Gecko; compatible; GPTBot/1.4; +https://openai.com/gptbot)"
74.7.243.231 - - [29/Jul/2026:17:33:08 +0200] "GET /shops/interscribe/b8e3s2t7r8i4d53005 HTTP/1.1" 404 146249 "https://royalty-trailers.co.za/sitemap-product.xml" "Mozilla/5.0 AppleWebKit/537.36 (KHTML, like Gecko; compatible; GPTBot/1.4; +https://openai.com/gptbot)"
216.73.217.39 - - [29/Jul/2026:17:33:10 +0200] "GET /shops/sirrah/p4l2a8n8i3s4h5i5n1g92 HTTP/1.1" 404 146249 "-" "Mozilla/5.0 AppleWebKit/537.36 (KHTML, like Gecko; compatible; ClaudeBot/1.0; +claudebot@anthropic.com)"
74.7.243.231 - - [29/Jul/2026:17:33:13 +0200] "GET /shops/dentinal/f8o2r1e8s1p8e5e9c1h98 HTTP/1.1" 404 81563 "https://royalty-trailers.co.za/sitemap-product.xml" "Mozilla/5.0 AppleWebKit/537.36 (KHTML, like Gecko; compatible; GPTBot/1.4; +https://openai.com/gptbot)"
164.68.125.131 - - [29/Jul/2026:17:33:16 +0200] "POST /wp-cron.php?doing_wp_cron=1785339196.2776439189910888671875 HTTP/1.1" 200 0 "-" "WordPress/6.9.4; https://royalty-trailers.co.za"
216.73.217.39 - - [29/Jul/2026:17:33:16 +0200] "GET /?j=c4o1u5n5t3e6r9m5i6n9ing HTTP/1.1" 200 203599 "-" "Mozilla/5.0 AppleWebKit/537.36 (KHTML, like Gecko; compatible; ClaudeBot/1.0; +claudebot@anthropic.com)"
74.7.243.231 - - [29/Jul/2026:17:33:18 +0200] "GET /shops/angular/p8e2n7a8n2c2e6l1e0s9s6 HTTP/1.1" 404 81563 "https://royalty-trailers.co.za/sitemap-product.xml" "Mozilla/5.0 AppleWebKit/537.36 (KHTML, like Gecko; compatible; GPTBot/1.4; +https://openai.com/gptbot)"
74.7.243.231 - - [29/Jul/2026:17:33:23 +0200] "GET /shops/crayon/h8e3m2i3a5l0b0u8m9o3s1e HTTP/1.1" 404 81563 "https://royalty-trailers.co.za/sitemap-product.xml" "Mozilla/5.0 AppleWebKit/537.36 (KHTML, like Gecko; compatible; GPTBot/1.4; +https://openai.com/gptbot)"
216.73.217.39 - - [29/Jul/2026:17:33:27 +0200] "GET /?j=s4u3p4e9r3p7a4r0t2i3e5nt HTTP/1.1" 200 203766 "-" "Mozilla/5.0 AppleWebKit/537.36 (KHTML, like Gecko; compatible; ClaudeBot/1.0; +claudebot@anthropic.com)"
74.7.243.231 - - [29/Jul/2026:17:33:28 +0200] "GET /shops/biologism/u8p1t9h0u4n2d8e5r248 HTTP/1.1" 404 81563 "https://royalty-trailers.co.za/sitemap-product.xml" "Mozilla/5.0 AppleWebKit/537.36 (KHTML, like Gecko; compatible; GPTBot/1.4; +https://openai.com/gptbot)"
74.7.243.231 - - [29/Jul/2026:17:33:34 +0200] "GET /shops/jetblack/t8a2c0i6t9u3r9n4l9y52 HTTP/1.1" 404 81563 "https://royalty-trailers.co.za/sitemap-product.xml" "Mozilla/5.0 AppleWebKit/537.36 (KHTML, like Gecko; compatible; GPTBot/1.4; +https://openai.com/gptbot)"
74.7.243.231 - - [29/Jul/2026:17:33:39 +0200] "GET /shops/listera/h8o1r7a3l6287873 HTTP/1.1" 404 81563 "https://royalty-trailers.co.za/sitemap-product.xml" "Mozilla/5.0 AppleWebKit/537.36 (KHTML, like Gecko; compatible; GPTBot/1.4; +https://openai.com/gptbot)"
216.73.217.39 - - [29/Jul/2026:17:33:41 +0200] "GET /?j=s4i3l5v6e8r3b7a0c9k34 HTTP/1.1" 200 203431 "-" "Mozilla/5.0 AppleWebKit/537.36 (KHTML, like Gecko; compatible; ClaudeBot/1.0; +claudebot@anthropic.com)"
74.7.243.231 - - [29/Jul/2026:17:33:44 +0200] "GET /shops/tasco/n8e2p3e2n9t6h1e3848 HTTP/1.1" 404 81563 "https://royalty-trailers.co.za/sitemap-product.xml" "Mozilla/5.0 AppleWebKit/537.36 (KHTML, like Gecko; compatible; GPTBot/1.4; +https://openai.com/gptbot)"
74.7.243.231 - - [29/Jul/2026:17:33:50 +0200] "GET /trilobitic/saluted/81101175851 HTTP/1.1" 404 81563 "https://royalty-trailers.co.za/sitemap-product.xml" "Mozilla/5.0 AppleWebKit/537.36 (KHTML, like Gecko; compatible; GPTBot/1.4; +https://openai.com/gptbot)"
74.7.243.231 - - [29/Jul/2026:17:33:55 +0200] "GET /shops/affiliation/h8a1r1p9i2n9s98097 HTTP/1.1" 404 81563 "https://royalty-trailers.co.za/sitemap-product.xml" "Mozilla/5.0 AppleWebKit/537.36 (KHTML, like Gecko; compatible; GPTBot/1.4; +https://openai.com/gptbot)"
74.7.243.231 - - [29/Jul/2026:17:34:00 +0200] "GET /shops/oriflamb/l8o4a2t2h9e69137 HTTP/1.1" 404 81563 "https://royalty-trailers.co.za/sitemap-product.xml" "Mozilla/5.0 AppleWebKit/537.36 (KHTML, like Gecko; compatible; GPTBot/1.4; +https://openai.com/gptbot)"
216.73.217.39 - - [29/Jul/2026:17:34:04 +0200] "GET /?j=m4i2s5t9h9r1o9w5243 HTTP/1.1" 200 203385 "-" "Mozilla/5.0 AppleWebKit/537.36 (KHTML, like Gecko; compatible; ClaudeBot/1.0; +claudebot@anthropic.com)"
74.7.243.231 - - [29/Jul/2026:17:34:05 +0200] "GET /disorienting/seaside/8204351195 HTTP/1.1" 404 130715 "https://royalty-trailers.co.za/sitemap-product.xml" "Mozilla/5.0 AppleWebKit/537.36 (KHTML, like Gecko; compatible; GPTBot/1.4; +https://openai.com/gptbot)"
74.7.243.231 - - [29/Jul/2026:17:34:11 +0200] "GET /shops/fouty/d8e1v2e5l0o8p0e9d99 HTTP/1.1" 404 81563 "https://royalty-trailers.co.za/sitemap-product.xml" "Mozilla/5.0 AppleWebKit/537.36 (KHTML, like Gecko; compatible; GPTBot/1.4; +https://openai.com/gptbot)"
216.73.217.39 - - [29/Jul/2026:17:34:11 +0200] "GET /shops/hydrastis/m4i1c6r5o3b5i9o3l1o0g8ical HTTP/1.1" 404 146249 "-" "Mozilla/5.0 AppleWebKit/537.36 (KHTML, like Gecko; compatible; ClaudeBot/1.0; +claudebot@anthropic.com)"
164.68.125.131 - - [29/Jul/2026:17:34:16 +0200] "POST /wp-cron.php?doing_wp_cron=1785339255.9777140617370605468750 HTTP/1.1" 200 0 "-" "WordPress/6.9.4; https://royalty-trailers.co.za"
74.7.243.231 - - [29/Jul/2026:17:34:16 +0200] "GET /babysitter/quavemire/8298715738 HTTP/1.1" 404 81563 "https://royalty-trailers.co.za/sitemap-product.xml" "Mozilla/5.0 AppleWebKit/537.36 (KHTML, like Gecko; compatible; GPTBot/1.4; +https://openai.com/gptbot)"
66.249.66.163 - - [29/Jul/2026:17:34:16 +0200] "GET /?j=t2h2r7o1b7315672 HTTP/1.1" 200 802065 "-" "Mozilla/5.0 (compatible; Googlebot/2.1; +http://www.google.com/bot.html)"
74.7.243.231 - - [29/Jul/2026:17:34:21 +0200] "GET /shops/yawweed/f8o3e1t5e0n2s2216 HTTP/1.1" 404 81563 "https://royalty-trailers.co.za/sitemap-product.xml" "Mozilla/5.0 AppleWebKit/537.36 (KHTML, like Gecko; compatible; GPTBot/1.4; +https://openai.com/gptbot)"
74.7.243.231 - - [29/Jul/2026:17:34:26 +0200] "GET /shops/convoked/j8e2e0r0s533063 HTTP/1.1" 404 81563 "https://royalty-trailers.co.za/sitemap-product.xml" "Mozilla/5.0 AppleWebKit/537.36 (KHTML, like Gecko; compatible; GPTBot/1.4; +https://openai.com/gptbot)"
216.73.217.39 - - [29/Jul/2026:17:34:28 +0200] "GET /shops/zumbooruk/s4l3u6m3p7i8n5g8604 HTTP/1.1" 404 146249 "-" "Mozilla/5.0 AppleWebKit/537.36 (KHTML, like Gecko; compatible; ClaudeBot/1.0; +claudebot@anthropic.com)"
74.7.243.231 - - [29/Jul/2026:17:34:31 +0200] "GET /shops/drest/c8o2n3j0o4i4n0t183 HTTP/1.1" 404 81563 "https://royalty-trailers.co.za/sitemap-product.xml" "Mozilla/5.0 AppleWebKit/537.36 (KHTML, like Gecko; compatible; GPTBot/1.4; +https://openai.com/gptbot)"
74.7.243.231 - - [29/Jul/2026:17:34:36 +0200] "GET /shops/purkinje/b8l1e5a9t3e4r9696 HTTP/1.1" 404 81563 "https://royalty-trailers.co.za/sitemap-product.xml" "Mozilla/5.0 AppleWebKit/537.36 (KHTML, like Gecko; compatible; GPTBot/1.4; +https://openai.com/gptbot)"
74.7.243.231 - - [29/Jul/2026:17:34:41 +0200] "GET /shops/yardwand/d8i1s6a1v0o1w7a3b0l7e5 HTTP/1.1" 404 81563 "https://royalty-trailers.co.za/sitemap-product.xml" "Mozilla/5.0 AppleWebKit/537.36 (KHTML, like Gecko; compatible; GPTBot/1.4; +https://openai.com/gptbot)"
74.7.243.231 - - [29/Jul/2026:17:34:46 +0200] "GET /?j=e8n3g1l1u7e792389 HTTP/1.1" 200 203523 "https://royalty-trailers.co.za/sitemap-product.xml" "Mozilla/5.0 AppleWebKit/537.36 (KHTML, like Gecko; compatible; GPTBot/1.4; +https://openai.com/gptbot)"
74.7.243.231 - - [29/Jul/2026:17:34:51 +0200] "GET /?j=h8e3n6n9e8s234016 HTTP/1.1" 200 203450 "https://royalty-trailers.co.za/sitemap-product.xml" "Mozilla/5.0 AppleWebKit/537.36 (KHTML, like Gecko; compatible; GPTBot/1.4; +https://openai.com/gptbot)"
216.73.217.39 - - [29/Jul/2026:17:34:53 +0200] "GET /?j=i4n1d1u3t8i9v8e0057 HTTP/1.1" 200 203721 "-" "Mozilla/5.0 AppleWebKit/537.36 (KHTML, like Gecko; compatible; ClaudeBot/1.0; +claudebot@anthropic.com)"
74.7.243.231 - - [29/Jul/2026:17:34:56 +0200] "GET /?j=g8r3a3v4i8d331409 HTTP/1.1" 200 203568 "https://royalty-trailers.co.za/sitemap-product.xml" "Mozilla/5.0 AppleWebKit/537.36 (KHTML, like Gecko; compatible; GPTBot/1.4; +https://openai.com/gptbot)"
74.7.243.231 - - [29/Jul/2026:17:35:02 +0200] "GET /?restive/83695809802 HTTP/1.1" 301 0 "https://royalty-trailers.co.za/sitemap-product.xml" "Mozilla/5.0 AppleWebKit/537.36 (KHTML, like Gecko; compatible; GPTBot/1.4; +https://openai.com/gptbot)"
74.7.243.231 - - [29/Jul/2026:17:35:07 +0200] "GET /?restive%2F83695809802 HTTP/1.1" 200 203477 "https://royalty-trailers.co.za/?restive/83695809802" "Mozilla/5.0 AppleWebKit/537.36 (KHTML, like Gecko; compatible; GPTBot/1.4; +https://openai.com/gptbot)"
216.73.217.39 - - [29/Jul/2026:17:35:10 +0200] "GET /?j=a4f1f9e5c7t8u3o6u3s90 HTTP/1.1" 200 203510 "-" "Mozilla/5.0 AppleWebKit/537.36 (KHTML, like Gecko; compatible; ClaudeBot/1.0; +claudebot@anthropic.com)"
74.7.243.231 - - [29/Jul/2026:17:35:12 +0200] "GET /?j=l8u2s3c1u3s470909 HTTP/1.1" 200 203625 "https://royalty-trailers.co.za/sitemap-product.xml" "Mozilla/5.0 AppleWebKit/537.36 (KHTML, like Gecko; compatible; GPTBot/1.4; +https://openai.com/gptbot)"
164.68.125.131 - - [29/Jul/2026:17:35:18 +0200] "POST /wp-cron.php?doing_wp_cron=1785339318.1667110919952392578125 HTTP/1.1" 200 0 "-" "WordPress/6.9.4; https://royalty-trailers.co.za"
74.7.243.231 - - [29/Jul/2026:17:35:18 +0200] "GET /?digoxin/81151978237 HTTP/1.1" 301 0 "https://royalty-trailers.co.za/sitemap-product.xml" "Mozilla/5.0 AppleWebKit/537.36 (KHTML, like Gecko; compatible; GPTBot/1.4; +https://openai.com/gptbot)"
74.7.243.231 - - [29/Jul/2026:17:35:22 +0200] "GET /?digoxin%2F81151978237 HTTP/1.1" 200 203655 "https://royalty-trailers.co.za/?digoxin/81151978237" "Mozilla/5.0 AppleWebKit/537.36 (KHTML, like Gecko; compatible; GPTBot/1.4; +https://openai.com/gptbot)"
74.7.243.231 - - [29/Jul/2026:17:35:27 +0200] "GET /?j=b8e1s8p0e5w939034 HTTP/1.1" 200 203421 "https://royalty-trailers.co.za/sitemap-product.xml" "Mozilla/5.0 AppleWebKit/537.36 (KHTML, like Gecko; compatible; GPTBot/1.4; +https://openai.com/gptbot)"
216.73.217.39 - - [29/Jul/2026:17:35:34 +0200] "GET /?j=p4r1e1s1u1m6i7n8g954 HTTP/1.1" 200 203566 "-" "Mozilla/5.0 AppleWebKit/537.36 (KHTML, like Gecko; compatible; ClaudeBot/1.0; +claudebot@anthropic.com)"
216.73.217.39 - - [29/Jul/2026:17:35:40 +0200] "GET /?j=s4t1u3n5n8i9n9g1l9y33 HTTP/1.1" 200 203768 "-" "Mozilla/5.0 AppleWebKit/537.36 (KHTML, like Gecko; compatible; ClaudeBot/1.0; +claudebot@anthropic.com)"
173.252.70.33 - - [29/Jul/2026:17:35:43 +0200] "GET /robots.txt HTTP/1.1" 206 87 "-" "facebookexternalhit/1.1 (+http://www.facebook.com/externalhit_uatext.php)"
173.252.70.27 - - [29/Jul/2026:17:35:44 +0200] "GET /robots.txt HTTP/1.1" 206 87 "-" "facebookexternalhit/1.1 (+http://www.facebook.com/externalhit_uatext.php)"
173.252.83.3 - - [29/Jul/2026:17:35:45 +0200] "GET /robots.txt HTTP/1.1" 206 87 "-" "facebookexternalhit/1.1 (+http://www.facebook.com/externalhit_uatext.php)"
173.252.83.5 - - [29/Jul/2026:17:35:46 +0200] "GET /robots.txt HTTP/1.1" 206 87 "-" "facebookexternalhit/1.1 (+http://www.facebook.com/externalhit_uatext.php)"
74.7.243.231 - - [29/Jul/2026:17:35:51 +0200] "GET /?j=m8o1u3z0l8e862856 HTTP/1.1" 200 203389 "https://royalty-trailers.co.za/sitemap-product.xml" "Mozilla/5.0 AppleWebKit/537.36 (KHTML, like Gecko; compatible; GPTBot/1.4; +https://openai.com/gptbot)"
57.141.0.11 - - [29/Jul/2026:17:35:51 +0200] "GET /?j=g4e1n1t7e6r5i2e5240 HTTP/1.1" 200 203494 "-" "Mozilla/5.0 (Windows NT 10.0; Win64; x64) AppleWebKit/537.36 (KHTML, like Gecko) Chrome/145.0.0.0 Safari/537.36 (compatible; meta-externalagent/1.1 (+https://developers.facebook.com/docs/sharing/webmasters/crawler))"
216.73.217.39 - - [29/Jul/2026:17:36:04 +0200] "GET /?j=i4m1m9o0b2i1l1i8z1a7t0ionn HTTP/1.1" 200 203758 "-" "Mozilla/5.0 AppleWebKit/537.36 (KHTML, like Gecko; compatible; ClaudeBot/1.0; +claudebot@anthropic.com)"
74.7.243.231 - - [29/Jul/2026:17:36:08 +0200] "GET /?batling/82028375092 HTTP/1.1" 301 0 "https://royalty-trailers.co.za/sitemap-product.xml" "Mozilla/5.0 AppleWebKit/537.36 (KHTML, like Gecko; compatible; GPTBot/1.4; +https://openai.com/gptbot)"
216.73.217.39 - - [29/Jul/2026:17:36:11 +0200] "GET /shops/appendical/h4o3l8d7b8a8c9k2728 HTTP/1.1" 404 146249 "-" "Mozilla/5.0 AppleWebKit/537.36 (KHTML, like Gecko; compatible; ClaudeBot/1.0; +claudebot@anthropic.com)"
74.7.243.231 - - [29/Jul/2026:17:36:13 +0200] "GET /?batling%2F82028375092 HTTP/1.1" 200 203682 "https://royalty-trailers.co.za/?batling/82028375092" "Mozilla/5.0 AppleWebKit/537.36 (KHTML, like Gecko; compatible; GPTBot/1.4; +https://openai.com/gptbot)"
164.68.125.131 - - [29/Jul/2026:17:36:18 +0200] "POST /wp-cron.php?doing_wp_cron=1785339378.0750930309295654296875 HTTP/1.1" 200 0 "-" "WordPress/6.9.4; https://royalty-trailers.co.za"
74.7.243.231 - - [29/Jul/2026:17:36:18 +0200] "GET /?ramping/81170890732 HTTP/1.1" 301 0 "https://royalty-trailers.co.za/sitemap-product.xml" "Mozilla/5.0 AppleWebKit/537.36 (KHTML, like Gecko; compatible; GPTBot/1.4; +https://openai.com/gptbot)"
74.7.243.231 - - [29/Jul/2026:17:36:23 +0200] "GET /?ramping%2F81170890732 HTTP/1.1" 200 203616 "https://royalty-trailers.co.za/?ramping/81170890732" "Mozilla/5.0 AppleWebKit/537.36 (KHTML, like Gecko; compatible; GPTBot/1.4; +https://openai.com/gptbot)"
74.7.243.231 - - [29/Jul/2026:17:36:29 +0200] "GET /?j=r8o1n7n5e7n742665 HTTP/1.1" 200 203560 "https://royalty-trailers.co.za/sitemap-product.xml" "Mozilla/5.0 AppleWebKit/537.36 (KHTML, like Gecko; compatible; GPTBot/1.4; +https://openai.com/gptbot)"
216.73.217.39 - - [29/Jul/2026:17:36:30 +0200] "GET /shops/aromatizer/p4h4o4t9o6e6n3g6r6a0ved HTTP/1.1" 404 146249 "-" "Mozilla/5.0 AppleWebKit/537.36 (KHTML, like Gecko; compatible; ClaudeBot/1.0; +claudebot@anthropic.com)"
74.7.243.231 - - [29/Jul/2026:17:36:34 +0200] "GET /?j=p8a1l2a1s6a877103 HTTP/1.1" 200 203771 "https://royalty-trailers.co.za/sitemap-product.xml" "Mozilla/5.0 AppleWebKit/537.36 (KHTML, like Gecko; compatible; GPTBot/1.4; +https://openai.com/gptbot)"
216.73.217.39 - - [29/Jul/2026:17:36:40 +0200] "GET /shops/decomposable/a4b2a3c8t4i4o3n5714 HTTP/1.1" 404 146249 "-" "Mozilla/5.0 AppleWebKit/537.36 (KHTML, like Gecko; compatible; ClaudeBot/1.0; +claudebot@anthropic.com)"
216.73.217.39 - - [29/Jul/2026:17:36:58 +0200] "GET /shops/spiritedness/s4y1m1b3o5l0i4z6a8t6i7on HTTP/1.1" 404 146249 "-" "Mozilla/5.0 AppleWebKit/537.36 (KHTML, like Gecko; compatible; ClaudeBot/1.0; +claudebot@anthropic.com)"
216.73.217.39 - - [29/Jul/2026:17:37:02 +0200] "GET /?j=x4y1l4o1g5r5a9p5h1u9s0 HTTP/1.1" 200 203401 "-" "Mozilla/5.0 AppleWebKit/537.36 (KHTML, like Gecko; compatible; ClaudeBot/1.0; +claudebot@anthropic.com)"
74.7.243.231 - - [29/Jul/2026:17:37:07 +0200] "GET /?j=b8e3r1i8m9e490041 HTTP/1.1" 200 203363 "https://royalty-trailers.co.za/sitemap-product.xml" "Mozilla/5.0 AppleWebKit/537.36 (KHTML, like Gecko; compatible; GPTBot/1.4; +https://openai.com/gptbot)"
173.252.69.31 - - [29/Jul/2026:17:37:10 +0200] "GET /robots.txt HTTP/1.1" 206 87 "-" "facebookexternalhit/1.1 (+http://www.facebook.com/externalhit_uatext.php)"
173.252.69.13 - - [29/Jul/2026:17:37:10 +0200] "GET /robots.txt HTTP/1.1" 206 87 "-" "facebookexternalhit/1.1 (+http://www.facebook.com/externalhit_uatext.php)"
216.73.217.39 - - [29/Jul/2026:17:37:12 +0200] "GET /?j=p4r3e1t0i9o4s3u1m462 HTTP/1.1" 200 203526 "-" "Mozilla/5.0 AppleWebKit/537.36 (KHTML, like Gecko; compatible; ClaudeBot/1.0; +claudebot@anthropic.com)"
57.141.0.41 - - [29/Jul/2026:17:37:14 +0200] "GET /?j=h4e4a2r4t6e2a9t1i5n4g3 HTTP/1.1" 200 203137 "-" "Mozilla/5.0 (Macintosh; Intel Mac OS X 10_15_7) AppleWebKit/537.36 (KHTML, like Gecko) Chrome/145.0.0.0 Safari/537.36 (compatible; meta-externalagent/1.1 (+https://developers.facebook.com/docs/sharing/webmasters/crawler))"
164.68.125.131 - - [29/Jul/2026:17:37:16 +0200] "POST /wp-cron.php?doing_wp_cron=1785339436.0249550342559814453125 HTTP/1.1" 200 0 "-" "WordPress/6.9.4; https://royalty-trailers.co.za"
57.141.0.49 - - [29/Jul/2026:17:37:16 +0200] "GET /?selfdevotement/4723713701 HTTP/1.1" 301 0 "-" "Mozilla/5.0 (Windows NT 10.0; Win64; x64) AppleWebKit/537.36 (KHTML, like Gecko) Chrome/145.0.0.0 Safari/537.36 (compatible; meta-externalagent/1.1 (+https://developers.facebook.com/docs/sharing/webmasters/crawler))"
74.7.243.231 - - [29/Jul/2026:17:37:19 +0200] "GET /?j=e8n3d4i9v8e464865 HTTP/1.1" 200 203676 "https://royalty-trailers.co.za/sitemap-product.xml" "Mozilla/5.0 AppleWebKit/537.36 (KHTML, like Gecko; compatible; GPTBot/1.4; +https://openai.com/gptbot)"
74.7.243.231 - - [29/Jul/2026:17:37:25 +0200] "GET /?j=m8a3r6r6o9n538979 HTTP/1.1" 200 203844 "https://royalty-trailers.co.za/sitemap-product.xml" "Mozilla/5.0 AppleWebKit/537.36 (KHTML, like Gecko; compatible; GPTBot/1.4; +https://openai.com/gptbot)"
74.7.243.231 - - [29/Jul/2026:17:37:31 +0200] "GET /?j=v8i2l2l1a5s306530 HTTP/1.1" 200 203558 "https://royalty-trailers.co.za/sitemap-product.xml" "Mozilla/5.0 AppleWebKit/537.36 (KHTML, like Gecko; compatible; GPTBot/1.4; +https://openai.com/gptbot)"
216.73.217.39 - - [29/Jul/2026:17:37:34 +0200] "GET /?j=f4l2u9s9t6e3r9a0t0i6o2n HTTP/1.1" 200 203402 "-" "Mozilla/5.0 AppleWebKit/537.36 (KHTML, like Gecko; compatible; ClaudeBot/1.0; +claudebot@anthropic.com)"
74.7.243.231 - - [29/Jul/2026:17:37:36 +0200] "GET /?j=j8a3n3g4l7e119310 HTTP/1.1" 200 203602 "https://royalty-trailers.co.za/sitemap-product.xml" "Mozilla/5.0 AppleWebKit/537.36 (KHTML, like Gecko; compatible; GPTBot/1.4; +https://openai.com/gptbot)"
74.7.243.231 - - [29/Jul/2026:17:37:42 +0200] "GET /shops/tapadera/o8p1p2o3r8t6u8n9i0t0y HTTP/1.1" 404 146249 "https://royalty-trailers.co.za/sitemap-product.xml" "Mozilla/5.0 AppleWebKit/537.36 (KHTML, like Gecko; compatible; GPTBot/1.4; +https://openai.com/gptbot)"
216.73.217.39 - - [29/Jul/2026:17:37:43 +0200] "GET /?j=a4n2g5u7s7t0i8f7o8l6i2um HTTP/1.1" 200 203487 "-" "Mozilla/5.0 AppleWebKit/537.36 (KHTML, like Gecko; compatible; ClaudeBot/1.0; +claudebot@anthropic.com)"
74.7.243.231 - - [29/Jul/2026:17:37:48 +0200] "GET /curriculums/t8e4c3h7n8o9g9r9a7p7hical HTTP/1.1" 404 81563 "https://royalty-trailers.co.za/sitemap-product.xml" "Mozilla/5.0 AppleWebKit/537.36 (KHTML, like Gecko; compatible; GPTBot/1.4; +https://openai.com/gptbot)"
114.119.141.4 - - [29/Jul/2026:17:37:54 +0200] "GET /product/3m-x-1-5m-x-1-2m/ HTTP/1.1" 200 175956 "https://royalty-trailers.co.za/product/4m-x-3-5m-x-92cm/" "Mozilla/5.0 (Linux; Android 7.0;) AppleWebKit/537.36 (HTML, like Gecko) Mobile Safari/537.36 (compatible; PetalBot;+https://webmaster.petalsearch.com/site/petalbot)"
74.7.243.231 - - [29/Jul/2026:17:37:55 +0200] "GET /shops/marmotta/f8l5o2o7d7l8i4t13 HTTP/1.1" 404 81563 "https://royalty-trailers.co.za/sitemap-product.xml" "Mozilla/5.0 AppleWebKit/537.36 (KHTML, like Gecko; compatible; GPTBot/1.4; +https://openai.com/gptbot)"
69.63.189.49 - - [29/Jul/2026:17:37:55 +0200] "GET /robots.txt HTTP/1.1" 206 87 "-" "facebookexternalhit/1.1 (+http://www.facebook.com/externalhit_uatext.php)"
69.63.189.44 - - [29/Jul/2026:17:37:56 +0200] "GET /robots.txt HTTP/1.1" 206 87 "-" "facebookexternalhit/1.1 (+http://www.facebook.com/externalhit_uatext.php)"
69.63.189.12 - - [29/Jul/2026:17:37:56 +0200] "GET /robots.txt HTTP/1.1" 206 87 "-" "facebookexternalhit/1.1 (+http://www.facebook.com/externalhit_uatext.php)"
69.63.189.17 - - [29/Jul/2026:17:37:56 +0200] "GET /robots.txt HTTP/1.1" 206 87 "-" "facebookexternalhit/1.1 (+http://www.facebook.com/externalhit_uatext.php)"
57.141.0.27 - - [29/Jul/2026:17:37:56 +0200] "GET /wp-content/plugins/revslider/public/assets/css/rs6.css?ver=6.6.14 HTTP/1.1" 200 59686 "https://royalty-trailers.co.za/?j=t9u1r8b9i4n6a3l6165" "Mozilla/5.0 (Macintosh; Intel Mac OS X 10_15_7) AppleWebKit/537.36 (KHTML, like Gecko) Chrome/145.0.0.0 Safari/537.36 (compatible; meta-externalagent/1.1 (+https://developers.facebook.com/docs/sharing/webmasters/crawler))"
57.141.0.63 - - [29/Jul/2026:17:37:56 +0200] "GET /wp-includes/js/jquery/ui/tabs.min.js?ver=1.13.3 HTTP/1.1" 200 12008 "https://royalty-trailers.co.za/?j=t9u1r8b9i4n6a3l6165" "Mozilla/5.0 (Macintosh; Intel Mac OS X 10_15_7) AppleWebKit/537.36 (KHTML, like Gecko) Chrome/145.0.0.0 Safari/537.36 (compatible; meta-externalagent/1.1 (+https://developers.facebook.com/docs/sharing/webmasters/crawler))"
57.141.0.48 - - [29/Jul/2026:17:37:56 +0200] "GET /wp-includes/js/hoverIntent.min.js?ver=1.10.2 HTTP/1.1" 200 1499 "https://royalty-trailers.co.za/?j=t9u1r8b9i4n6a3l6165" "Mozilla/5.0 (Macintosh; Intel Mac OS X 10_15_7) AppleWebKit/537.36 (KHTML, like Gecko) Chrome/145.0.0.0 Safari/537.36 (compatible; meta-externalagent/1.1 (+https://developers.facebook.com/docs/sharing/webmasters/crawler))"
69.63.189.36 - - [29/Jul/2026:17:37:56 +0200] "GET /robots.txt HTTP/1.1" 206 87 "-" "facebookexternalhit/1.1 (+http://www.facebook.com/externalhit_uatext.php)"
57.141.0.61 - - [29/Jul/2026:17:37:59 +0200] "GET /wp-content/plugins/gdpr-cookie-compliance/dist/fonts/nunito-v8-latin-700.woff2 HTTP/1.1" 200 18912 "https://royalty-trailers.co.za/wp-content/plugins/gdpr-cookie-compliance/dist/styles/gdpr-main.css?ver=5.1.0" "Mozilla/5.0 (Macintosh; Intel Mac OS X 10_15_7) AppleWebKit/537.36 (KHTML, like Gecko) Chrome/145.0.0.0 Safari/537.36 (compatible; meta-externalagent/1.1 (+https://developers.facebook.com/docs/sharing/webmasters/crawler))"
74.7.243.231 - - [29/Jul/2026:17:38:01 +0200] "GET /shops/depainting/p8a3r5a4k6e6e6t1234 HTTP/1.1" 404 81563 "https://royalty-trailers.co.za/sitemap-product.xml" "Mozilla/5.0 AppleWebKit/537.36 (KHTML, like Gecko; compatible; GPTBot/1.4; +https://openai.com/gptbot)"
216.73.217.39 - - [29/Jul/2026:17:38:04 +0200] "GET /?j=g4l3o0c7h9i5d8i8u0m62 HTTP/1.1" 200 203621 "-" "Mozilla/5.0 AppleWebKit/537.36 (KHTML, like Gecko; compatible; ClaudeBot/1.0; +claudebot@anthropic.com)"
74.7.243.231 - - [29/Jul/2026:17:38:07 +0200] "GET /shops/hoper/d8i3s7c2o1n8s9o8l8a0t6ed HTTP/1.1" 404 81563 "https://royalty-trailers.co.za/sitemap-product.xml" "Mozilla/5.0 AppleWebKit/537.36 (KHTML, like Gecko; compatible; GPTBot/1.4; +https://openai.com/gptbot)"
74.7.243.231 - - [29/Jul/2026:17:38:14 +0200] "GET /shops/ostium/u8n3d4e4r9s2i9g3n36 HTTP/1.1" 404 130715 "https://royalty-trailers.co.za/sitemap-product.xml" "Mozilla/5.0 AppleWebKit/537.36 (KHTML, like Gecko; compatible; GPTBot/1.4; +https://openai.com/gptbot)"
164.68.125.131 - - [29/Jul/2026:17:38:16 +0200] "POST /wp-cron.php?doing_wp_cron=1785339496.0443830490112304687500 HTTP/1.1" 200 0 "-" "WordPress/6.9.4; https://royalty-trailers.co.za"
57.141.0.55 - - [29/Jul/2026:17:38:16 +0200] "GET /null HTTP/1.1" 404 145748 "https://royalty-trailers.co.za/?j=t9u1r8b9i4n6a3l6165" "Mozilla/5.0 (Macintosh; Intel Mac OS X 10_15_7) AppleWebKit/537.36 (KHTML, like Gecko) Chrome/145.0.0.0 Safari/537.36 (compatible; meta-externalagent/1.1 (+https://developers.facebook.com/docs/sharing/webmasters/crawler))"
74.7.243.231 - - [29/Jul/2026:17:38:20 +0200] "GET /upthunder/generator/8151124595 HTTP/1.1" 404 81563 "https://royalty-trailers.co.za/sitemap-product.xml" "Mozilla/5.0 AppleWebKit/537.36 (KHTML, like Gecko; compatible; GPTBot/1.4; +https://openai.com/gptbot)"
216.73.217.39 - - [29/Jul/2026:17:38:22 +0200] "GET /?j=p4h3y1s3i8a1n8t0h3r1o8py HTTP/1.1" 200 203492 "-" "Mozilla/5.0 AppleWebKit/537.36 (KHTML, like Gecko; compatible; ClaudeBot/1.0; +claudebot@anthropic.com)"
216.73.217.39 - - [29/Jul/2026:17:38:43 +0200] "GET /?j=s4a9t9u2r0a1t4i9n5g HTTP/1.1" 200 203688 "-" "Mozilla/5.0 AppleWebKit/537.36 (KHTML, like Gecko; compatible; ClaudeBot/1.0; +claudebot@anthropic.com)"
74.7.243.231 - - [29/Jul/2026:17:38:45 +0200] "GET /biblicist/alterable/8623551095 HTTP/1.1" 404 81563 "https://royalty-trailers.co.za/sitemap-product.xml" "Mozilla/5.0 AppleWebKit/537.36 (KHTML, like Gecko; compatible; GPTBot/1.4; +https://openai.com/gptbot)"
164.68.125.131 - - [29/Jul/2026:17:38:56 +0200] "POST /wp-cron.php?doing_wp_cron=1785339536.6823930740356445312500 HTTP/1.1" 200 0 "-" "WordPress/6.9.4; https://royalty-trailers.co.za"
74.7.243.231 - - [29/Jul/2026:17:38:56 +0200] "GET /?j=b8e2g9o4d0357830 HTTP/1.1" 200 203717 "https://royalty-trailers.co.za/sitemap-product.xml" "Mozilla/5.0 AppleWebKit/537.36 (KHTML, like Gecko; compatible; GPTBot/1.4; +https://openai.com/gptbot)"
216.73.217.39 - - [29/Jul/2026:17:39:01 +0200] "GET /?j=s4m3o8t4h9e2r8i3n1g7ly HTTP/1.1" 200 203753 "-" "Mozilla/5.0 AppleWebKit/537.36 (KHTML, like Gecko; compatible; ClaudeBot/1.0; +claudebot@anthropic.com)"
74.7.243.231 - - [29/Jul/2026:17:39:02 +0200] "GET /?j=l8a3e2t1a5579045 HTTP/1.1" 200 203922 "https://royalty-trailers.co.za/sitemap-product.xml" "Mozilla/5.0 AppleWebKit/537.36 (KHTML, like Gecko; compatible; GPTBot/1.4; +https://openai.com/gptbot)"
74.7.243.231 - - [29/Jul/2026:17:39:09 +0200] "GET /?j=r8u1p5i7a9495283 HTTP/1.1" 200 203734 "https://royalty-trailers.co.za/sitemap-product.xml" "Mozilla/5.0 AppleWebKit/537.36 (KHTML, like Gecko; compatible; GPTBot/1.4; +https://openai.com/gptbot)"
164.68.125.131 - - [29/Jul/2026:17:39:15 +0200] "POST /wp-cron.php?doing_wp_cron=1785339555.0556969642639160156250 HTTP/1.1" 200 0 "-" "WordPress/6.9.4; https://royalty-trailers.co.za"
74.7.243.231 - - [29/Jul/2026:17:39:15 +0200] "GET /?j=l8i7l6i5e3d41351 HTTP/1.1" 200 203924 "https://royalty-trailers.co.za/sitemap-product.xml" "Mozilla/5.0 AppleWebKit/537.36 (KHTML, like Gecko; compatible; GPTBot/1.4; +https://openai.com/gptbot)"
216.73.217.39 - - [29/Jul/2026:17:39:19 +0200] "GET /?j=f4r1u9s4t1r7a9t2e5l7y7 HTTP/1.1" 200 163415 "-" "Mozilla/5.0 AppleWebKit/537.36 (KHTML, like Gecko; compatible; ClaudeBot/1.0; +claudebot@anthropic.com)"
74.7.243.231 - - [29/Jul/2026:17:39:21 +0200] "GET /?j=r8i6c1k7e5r86701 HTTP/1.1" 200 203546 "https://royalty-trailers.co.za/sitemap-product.xml" "Mozilla/5.0 AppleWebKit/537.36 (KHTML, like Gecko; compatible; GPTBot/1.4; +https://openai.com/gptbot)"
216.73.217.39 - - [29/Jul/2026:17:39:24 +0200] "GET /?j=l4u2s7t8r5u4m5s4352 HTTP/1.1" 200 179799 "-" "Mozilla/5.0 AppleWebKit/537.36 (KHTML, like Gecko; compatible; ClaudeBot/1.0; +claudebot@anthropic.com)"
74.7.243.231 - - [29/Jul/2026:17:39:26 +0200] "GET /?j=w8e3a1p6o2n34331 HTTP/1.1" 200 203799 "https://royalty-trailers.co.za/sitemap-product.xml" "Mozilla/5.0 AppleWebKit/537.36 (KHTML, like Gecko; compatible; GPTBot/1.4; +https://openai.com/gptbot)"
57.141.0.25 - - [29/Jul/2026:17:39:29 +0200] "GET /null HTTP/1.1" 404 130715 "https://royalty-trailers.co.za/?j=t8r4a1v5o8y693764" "Mozilla/5.0 (Macintosh; Intel Mac OS X 10_15_7) AppleWebKit/537.36 (KHTML, like Gecko) Chrome/145.0.0.0 Safari/537.36 (compatible; meta-externalagent/1.1 (+https://developers.facebook.com/docs/sharing/webmasters/crawler))"
216.73.217.39 - - [29/Jul/2026:17:39:31 +0200] "GET /?j=d4i1n9g5i4n6e2s3s358 HTTP/1.1" 200 203698 "-" "Mozilla/5.0 AppleWebKit/537.36 (KHTML, like Gecko; compatible; ClaudeBot/1.0; +claudebot@anthropic.com)"
74.7.243.231 - - [29/Jul/2026:17:39:32 +0200] "GET /?j=a8n1g7u5i6s56174 HTTP/1.1" 200 203773 "https://royalty-trailers.co.za/sitemap-product.xml" "Mozilla/5.0 AppleWebKit/537.36 (KHTML, like Gecko; compatible; GPTBot/1.4; +https://openai.com/gptbot)"
74.7.243.231 - - [29/Jul/2026:17:39:37 +0200] "GET /shops/nupital/p8u8n2c6t8a5t5u3s3 HTTP/1.1" 404 146249 "https://royalty-trailers.co.za/sitemap-product.xml" "Mozilla/5.0 AppleWebKit/537.36 (KHTML, like Gecko; compatible; GPTBot/1.4; +https://openai.com/gptbot)"
74.7.243.231 - - [29/Jul/2026:17:39:43 +0200] "GET /?j=n8i2n2i6b3502883 HTTP/1.1" 200 203522 "https://royalty-trailers.co.za/sitemap-product.xml" "Mozilla/5.0 AppleWebKit/537.36 (KHTML, like Gecko; compatible; GPTBot/1.4; +https://openai.com/gptbot)"
216.73.217.39 - - [29/Jul/2026:17:39:50 +0200] "GET /shops/officiated/f4l3u6s7h0b9o7a0r7d38 HTTP/1.1" 404 146249 "-" "Mozilla/5.0 AppleWebKit/537.36 (KHTML, like Gecko; compatible; ClaudeBot/1.0; +claudebot@anthropic.com)"
74.7.243.231 - - [29/Jul/2026:17:40:04 +0200] "GET /?j=h8u1t9c2h8816811 HTTP/1.1" 200 203637 "https://royalty-trailers.co.za/sitemap-product.xml" "Mozilla/5.0 AppleWebKit/537.36 (KHTML, like Gecko; compatible; GPTBot/1.4; +https://openai.com/gptbot)"
216.73.217.39 - - [29/Jul/2026:17:40:14 +0200] "GET /lavalava/d4e1l2s6a7r8t8e0821 HTTP/1.1" 404 146249 "-" "Mozilla/5.0 AppleWebKit/537.36 (KHTML, like Gecko; compatible; ClaudeBot/1.0; +claudebot@anthropic.com)"
164.68.125.131 - - [29/Jul/2026:17:40:18 +0200] "POST /wp-cron.php?doing_wp_cron=1785339618.5498681068420410156250 HTTP/1.1" 200 0 "-" "WordPress/6.9.4; https://royalty-trailers.co.za"
74.7.243.231 - - [29/Jul/2026:17:40:18 +0200] "GET /?coston/83311900337 HTTP/1.1" 301 0 "https://royalty-trailers.co.za/sitemap-product.xml" "Mozilla/5.0 AppleWebKit/537.36 (KHTML, like Gecko; compatible; GPTBot/1.4; +https://openai.com/gptbot)"
57.141.0.34 - - [29/Jul/2026:17:40:19 +0200] "GET /supersession/b9e4d0y9e8d347681 HTTP/1.1" 404 146249 "-" "Mozilla/5.0 (Windows NT 10.0; Win64; x64) AppleWebKit/537.36 (KHTML, like Gecko) Chrome/145.0.0.0 Safari/537.36 (compatible; meta-externalagent/1.1 (+https://developers.facebook.com/docs/sharing/webmasters/crawler))"
66.249.66.34 - - [29/Jul/2026:17:40:22 +0200] "GET /?namedropping/53747632295 HTTP/1.1" 200 832502 "-" "Mozilla/5.0 (Linux; Android 6.0.1; Nexus 5X Build/MMB29P) AppleWebKit/537.36 (KHTML, like Gecko) Chrome/150.0.7871.128 Mobile Safari/537.36 (compatible; Googlebot/2.1; +http://www.google.com/bot.html)"
74.7.243.231 - - [29/Jul/2026:17:40:23 +0200] "GET /?coston%2F83311900337 HTTP/1.1" 200 203812 "https://royalty-trailers.co.za/?coston/83311900337" "Mozilla/5.0 AppleWebKit/537.36 (KHTML, like Gecko; compatible; GPTBot/1.4; +https://openai.com/gptbot)"
