74.7.243.231 - - [29/Jul/2026:19:43:53 +0200] "GET /?j=u4n1m0e6c4h6a5n4i7z3ed HTTP/1.1" 200 203574 "https://royalty-trailers.co.za/sitemap.xml" "Mozilla/5.0 AppleWebKit/537.36 (KHTML, like Gecko; compatible; GPTBot/1.4; +https://openai.com/gptbot)"
74.7.243.231 - - [29/Jul/2026:19:43:56 +0200] "GET /?j=i8m6p4o5r6t5u8n4a7b6le HTTP/1.1" 200 203537 "https://royalty-trailers.co.za/sitemap-product.xml" "Mozilla/5.0 AppleWebKit/537.36 (KHTML, like Gecko; compatible; GPTBot/1.4; +https://openai.com/gptbot)"
216.73.217.39 - - [29/Jul/2026:19:44:02 +0200] "GET /shops/genteelness/c4e1r1c0o3p8i1t9h6e9c3idae HTTP/1.1" 404 146249 "-" "Mozilla/5.0 AppleWebKit/537.36 (KHTML, like Gecko; compatible; ClaudeBot/1.0; +claudebot@anthropic.com)"
57.141.0.20 - - [29/Jul/2026:19:44:05 +0200] "GET /?sapiently%2F9758183936 HTTP/1.1" 200 203490 "-" "Mozilla/5.0 (Windows NT 10.0; Win64; x64) AppleWebKit/537.36 (KHTML, like Gecko) Chrome/145.0.0.0 Safari/537.36 (compatible; meta-externalagent/1.1 (+https://developers.facebook.com/docs/sharing/webmasters/crawler))"
164.68.125.131 - - [29/Jul/2026:19:44:12 +0200] "POST /wp-cron.php?doing_wp_cron=1785347052.1100509166717529296875 HTTP/1.1" 200 0 "-" "WordPress/6.9.4; https://royalty-trailers.co.za"
216.73.217.39 - - [29/Jul/2026:19:44:12 +0200] "GET /?j=s4o3o8t5y0820953 HTTP/1.1" 200 203843 "-" "Mozilla/5.0 AppleWebKit/537.36 (KHTML, like Gecko; compatible; ClaudeBot/1.0; +claudebot@anthropic.com)"
66.249.66.164 - - [29/Jul/2026:19:44:19 +0200] "GET /launched/h3a3l8t3e3r996177 HTTP/1.1" 200 830258 "-" "Mozilla/5.0 (Linux; Android 6.0.1; Nexus 5X Build/MMB29P) AppleWebKit/537.36 (KHTML, like Gecko) Chrome/150.0.7871.128 Mobile Safari/537.36 (compatible; GoogleOther)"
164.68.125.131 - - [29/Jul/2026:19:44:26 +0200] "POST /wp-cron.php?doing_wp_cron=1785347066.8367888927459716796875 HTTP/1.1" 200 0 "-" "WordPress/6.9.4; https://royalty-trailers.co.za"
216.73.217.39 - - [29/Jul/2026:19:44:26 +0200] "GET /shops/anemonin/s4c1o1u0r5g0e3r1792 HTTP/1.1" 404 146249 "-" "Mozilla/5.0 AppleWebKit/537.36 (KHTML, like Gecko; compatible; ClaudeBot/1.0; +claudebot@anthropic.com)"
216.73.217.39 - - [29/Jul/2026:19:44:38 +0200] "GET /shops/alkalescent/s4p3o1n9g2i2o9l7i4t2e2 HTTP/1.1" 404 146249 "-" "Mozilla/5.0 AppleWebKit/537.36 (KHTML, like Gecko; compatible; ClaudeBot/1.0; +claudebot@anthropic.com)"
216.73.217.39 - - [29/Jul/2026:19:44:48 +0200] "GET /?j=p4o8s4s2i2b0i6l8i7t8y HTTP/1.1" 200 203399 "-" "Mozilla/5.0 AppleWebKit/537.36 (KHTML, like Gecko; compatible; ClaudeBot/1.0; +claudebot@anthropic.com)"
66.249.66.163 - - [29/Jul/2026:19:44:55 +0200] "GET /?j=c4l1a1r9i1c0h8o2r9d42 HTTP/1.1" 200 809450 "-" "Mozilla/5.0 (compatible; Googlebot/2.1; +http://www.google.com/bot.html)"
216.73.217.39 - - [29/Jul/2026:19:45:06 +0200] "GET /?j=c4o9m4b7u5r6a6n0t62 HTTP/1.1" 200 196183 "-" "Mozilla/5.0 AppleWebKit/537.36 (KHTML, like Gecko; compatible; ClaudeBot/1.0; +claudebot@anthropic.com)"
66.249.66.73 - - [29/Jul/2026:19:45:13 +0200] "GET /?j=b2a3r3g9e5l0l5o7120 HTTP/1.1" 200 813774 "-" "Mozilla/5.0 (Linux; Android 6.0.1; Nexus 5X Build/MMB29P) AppleWebKit/537.36 (KHTML, like Gecko) Chrome/150.0.7871.128 Mobile Safari/537.36 (compatible; GoogleOther)"
164.68.125.131 - - [29/Jul/2026:19:45:15 +0200] "POST /wp-cron.php?doing_wp_cron=1785347115.9100599288940429687500 HTTP/1.1" 200 0 "-" "WordPress/6.9.4; https://royalty-trailers.co.za"
216.73.217.39 - - [29/Jul/2026:19:45:16 +0200] "GET /?j=p4o1l3y1s2e6p5a0l6o9us HTTP/1.1" 200 203335 "-" "Mozilla/5.0 AppleWebKit/537.36 (KHTML, like Gecko; compatible; ClaudeBot/1.0; +claudebot@anthropic.com)"
66.249.66.72 - - [29/Jul/2026:19:45:16 +0200] "GET /launched/h3a3l8t3e3r996177 HTTP/1.1" 200 830259 "-" "Mozilla/5.0 (Linux; Android 6.0.1; Nexus 5X Build/MMB29P) AppleWebKit/537.36 (KHTML, like Gecko) Chrome/150.0.7871.128 Mobile Safari/537.36 (compatible; Googlebot/2.1; +http://www.google.com/bot.html)"
216.73.217.39 - - [29/Jul/2026:19:45:30 +0200] "GET /?j=o4n3l8o3o0k6e9r6359 HTTP/1.1" 200 203745 "-" "Mozilla/5.0 AppleWebKit/537.36 (KHTML, like Gecko; compatible; ClaudeBot/1.0; +claudebot@anthropic.com)"
57.141.0.54 - - [29/Jul/2026:19:45:35 +0200] "GET /shops/supination/e4p2i6s5t8e4m8i0c614 HTTP/1.1" 404 146241 "-" "Mozilla/5.0 (Windows NT 10.0; Win64; x64) AppleWebKit/537.36 (KHTML, like Gecko) Chrome/145.0.0.0 Safari/537.36 (compatible; meta-externalagent/1.1 (+https://developers.facebook.com/docs/sharing/webmasters/crawler))"
216.73.217.39 - - [29/Jul/2026:19:45:45 +0200] "GET /?j=i4m1p6e0r8i2a2l8i1s4t5 HTTP/1.1" 200 203473 "-" "Mozilla/5.0 AppleWebKit/537.36 (KHTML, like Gecko; compatible; ClaudeBot/1.0; +claudebot@anthropic.com)"
216.73.217.39 - - [29/Jul/2026:19:45:52 +0200] "GET /?j=l4i1n0o3c7i5e6r9i0a44 HTTP/1.1" 200 203635 "-" "Mozilla/5.0 AppleWebKit/537.36 (KHTML, like Gecko; compatible; ClaudeBot/1.0; +claudebot@anthropic.com)"
216.73.217.39 - - [29/Jul/2026:19:46:05 +0200] "GET /friese/droopingly/42408326014 HTTP/1.1" 404 146249 "-" "Mozilla/5.0 AppleWebKit/537.36 (KHTML, like Gecko; compatible; ClaudeBot/1.0; +claudebot@anthropic.com)"
164.68.125.131 - - [29/Jul/2026:19:46:17 +0200] "POST /wp-cron.php?doing_wp_cron=1785347177.9282429218292236328125 HTTP/1.1" 200 0 "-" "WordPress/6.9.4; https://royalty-trailers.co.za"
216.73.217.39 - - [29/Jul/2026:19:46:18 +0200] "GET /?j=p4e3r0p7e0t6u3a1n7c6e0 HTTP/1.1" 200 203599 "-" "Mozilla/5.0 AppleWebKit/537.36 (KHTML, like Gecko; compatible; ClaudeBot/1.0; +claudebot@anthropic.com)"
216.73.217.39 - - [29/Jul/2026:19:46:30 +0200] "GET /?j=s4t2r1o0k6a8l61748 HTTP/1.1" 200 203493 "-" "Mozilla/5.0 AppleWebKit/537.36 (KHTML, like Gecko; compatible; ClaudeBot/1.0; +claudebot@anthropic.com)"
216.73.217.39 - - [29/Jul/2026:19:46:42 +0200] "GET /?j=r4e4q1u7i2s0i2t8i5o5n5 HTTP/1.1" 200 203614 "-" "Mozilla/5.0 AppleWebKit/537.36 (KHTML, like Gecko; compatible; ClaudeBot/1.0; +claudebot@anthropic.com)"
66.249.66.163 - - [29/Jul/2026:19:46:50 +0200] "GET /?j=t3r2a0s2h1e0d11439 HTTP/1.1" 200 795433 "-" "Mozilla/5.0 (compatible; Googlebot/2.1; +http://www.google.com/bot.html)"
216.73.217.39 - - [29/Jul/2026:19:47:11 +0200] "GET /?j=s4i2g6m3o5i2d8a8l8l7y3 HTTP/1.1" 200 203613 "-" "Mozilla/5.0 AppleWebKit/537.36 (KHTML, like Gecko; compatible; ClaudeBot/1.0; +claudebot@anthropic.com)"
164.68.125.131 - - [29/Jul/2026:19:47:19 +0200] "POST /wp-cron.php?doing_wp_cron=1785347239.2081370353698730468750 HTTP/1.1" 200 0 "-" "WordPress/6.9.4; https://royalty-trailers.co.za"
216.73.217.39 - - [29/Jul/2026:19:47:19 +0200] "GET /shops/pioner/i4n8d5e4n9t2u8r9i8ng HTTP/1.1" 404 146249 "-" "Mozilla/5.0 AppleWebKit/537.36 (KHTML, like Gecko; compatible; ClaudeBot/1.0; +claudebot@anthropic.com)"
216.73.217.39 - - [29/Jul/2026:19:47:28 +0200] "GET /?j=t4r3a2n6s2m3i4g7r8a5t9e HTTP/1.1" 200 203405 "-" "Mozilla/5.0 AppleWebKit/537.36 (KHTML, like Gecko; compatible; ClaudeBot/1.0; +claudebot@anthropic.com)"
66.249.66.164 - - [29/Jul/2026:19:47:34 +0200] "GET /review/goods/R523990105 HTTP/1.1" 200 836204 "-" "Mozilla/5.0 (Linux; Android 6.0.1; Nexus 5X Build/MMB29P) AppleWebKit/537.36 (KHTML, like Gecko) Chrome/150.0.7871.128 Mobile Safari/537.36 (compatible; GoogleOther)"
216.73.217.39 - - [29/Jul/2026:19:48:01 +0200] "GET /?j=s4p4i0r5k4e8t8i3n8g5 HTTP/1.1" 200 203654 "-" "Mozilla/5.0 AppleWebKit/537.36 (KHTML, like Gecko; compatible; ClaudeBot/1.0; +claudebot@anthropic.com)"
66.249.66.33 - - [29/Jul/2026:19:48:05 +0200] "GET /wp-content/plugins/new-social-media-widget/readme.txt HTTP/1.1" 200 10485 "-" "Mozilla/5.0 (Linux; Android 6.0.1; Nexus 5X Build/MMB29P) AppleWebKit/537.36 (KHTML, like Gecko) Chrome/150.0.7871.128 Mobile Safari/537.36 (compatible; Googlebot/2.1; +http://www.google.com/bot.html)"
216.73.217.39 - - [29/Jul/2026:19:48:09 +0200] "GET /?j=t4r1u9e8n1e2s1s4463 HTTP/1.1" 200 203633 "-" "Mozilla/5.0 AppleWebKit/537.36 (KHTML, like Gecko; compatible; ClaudeBot/1.0; +claudebot@anthropic.com)"
164.68.125.131 - - [29/Jul/2026:19:48:16 +0200] "POST /wp-cron.php?doing_wp_cron=1785347295.9436190128326416015625 HTTP/1.1" 200 0 "-" "WordPress/6.9.4; https://royalty-trailers.co.za"
216.73.217.39 - - [29/Jul/2026:19:48:16 +0200] "GET /shops/lookup/t4u3b0i7c1o8r4n3o8u4s3 HTTP/1.1" 404 146249 "-" "Mozilla/5.0 AppleWebKit/537.36 (KHTML, like Gecko; compatible; ClaudeBot/1.0; +claudebot@anthropic.com)"
66.249.66.201 - - [29/Jul/2026:19:48:26 +0200] "GET /wp-content/plugins/qi-blocks/readme.txt HTTP/1.1" 200 34698 "-" "Mozilla/5.0 (Linux; Android 6.0.1; Nexus 5X Build/MMB29P) AppleWebKit/537.36 (KHTML, like Gecko) Chrome/150.0.7871.128 Mobile Safari/537.36 (compatible; Googlebot/2.1; +http://www.google.com/bot.html)"
216.73.217.39 - - [29/Jul/2026:19:48:46 +0200] "GET /?j=a4u3s5p4i9c1i3o2u1s0ness HTTP/1.1" 200 203658 "-" "Mozilla/5.0 AppleWebKit/537.36 (KHTML, like Gecko; compatible; ClaudeBot/1.0; +claudebot@anthropic.com)"
216.73.217.39 - - [29/Jul/2026:19:48:56 +0200] "GET /inamorate/i4n9d1u4s3t4r5i9a4l1 HTTP/1.1" 404 146249 "-" "Mozilla/5.0 AppleWebKit/537.36 (KHTML, like Gecko; compatible; ClaudeBot/1.0; +claudebot@anthropic.com)"
57.141.0.55 - - [29/Jul/2026:19:49:10 +0200] "GET /shops/impalpability/c4r4o0w2n8o6f5t8h4e7f3ield HTTP/1.1" 404 146249 "-" "Mozilla/5.0 (Windows NT 10.0; Win64; x64) AppleWebKit/537.36 (KHTML, like Gecko) Chrome/145.0.0.0 Safari/537.36 (compatible; meta-externalagent/1.1 (+https://developers.facebook.com/docs/sharing/webmasters/crawler))"
57.141.0.1 - - [29/Jul/2026:19:49:11 +0200] "GET /?j=t4i9n1t0i5n0n5a4b7u2la HTTP/1.1" 200 203679 "-" "Mozilla/5.0 (Windows NT 10.0; Win64; x64) AppleWebKit/537.36 (KHTML, like Gecko) Chrome/145.0.0.0 Safari/537.36 (compatible; meta-externalagent/1.1 (+https://developers.facebook.com/docs/sharing/webmasters/crawler))"
57.141.0.51 - - [29/Jul/2026:19:49:12 +0200] "GET /holophanerous/remarriage/4478539274 HTTP/1.1" 404 146249 "-" "Mozilla/5.0 (Windows NT 10.0; Win64; x64) AppleWebKit/537.36 (KHTML, like Gecko) Chrome/145.0.0.0 Safari/537.36 (compatible; meta-externalagent/1.1 (+https://developers.facebook.com/docs/sharing/webmasters/crawler))"
164.68.125.131 - - [29/Jul/2026:19:49:16 +0200] "POST /wp-cron.php?doing_wp_cron=1785347356.1239550113677978515625 HTTP/1.1" 200 0 "-" "WordPress/6.9.4; https://royalty-trailers.co.za"
216.73.217.39 - - [29/Jul/2026:19:49:16 +0200] "GET /melopoeia/spenserian/e4n1d2p8o3i4n6t4234 HTTP/1.1" 404 146249 "-" "Mozilla/5.0 AppleWebKit/537.36 (KHTML, like Gecko; compatible; ClaudeBot/1.0; +claudebot@anthropic.com)"
57.141.0.59 - - [29/Jul/2026:19:49:27 +0200] "GET /?j=a9n2g2i2o8s2c7o3p6e93 HTTP/1.1" 200 203414 "-" "Mozilla/5.0 (Windows NT 10.0; Win64; x64) AppleWebKit/537.36 (KHTML, like Gecko) Chrome/145.0.0.0 Safari/537.36 (compatible; meta-externalagent/1.1 (+https://developers.facebook.com/docs/sharing/webmasters/crawler))"
216.73.217.39 - - [29/Jul/2026:19:49:43 +0200] "GET /shops/swill/a4s4p0i8r5a5t8i1o8n50 HTTP/1.1" 404 146249 "-" "Mozilla/5.0 AppleWebKit/537.36 (KHTML, like Gecko; compatible; ClaudeBot/1.0; +claudebot@anthropic.com)"
57.141.0.9 - - [29/Jul/2026:19:49:59 +0200] "GET /shops/metabolisis/m6a3r6m6o4r5a4t5i3o5n4 HTTP/1.1" 404 146249 "-" "Mozilla/5.0 (Windows NT 10.0; Win64; x64) AppleWebKit/537.36 (KHTML, like Gecko) Chrome/145.0.0.0 Safari/537.36 (compatible; meta-externalagent/1.1 (+https://developers.facebook.com/docs/sharing/webmasters/crawler))"
216.73.217.39 - - [29/Jul/2026:19:50:04 +0200] "GET /?j=s4u1p4e1r9f4l5u3i6t0a3nce HTTP/1.1" 200 203420 "-" "Mozilla/5.0 AppleWebKit/537.36 (KHTML, like Gecko; compatible; ClaudeBot/1.0; +claudebot@anthropic.com)"
216.73.217.39 - - [29/Jul/2026:19:50:12 +0200] "GET /epigraph/extortionate/43899465559 HTTP/1.1" 404 146249 "-" "Mozilla/5.0 AppleWebKit/537.36 (KHTML, like Gecko; compatible; ClaudeBot/1.0; +claudebot@anthropic.com)"
164.68.125.131 - - [29/Jul/2026:19:50:27 +0200] "POST /wp-cron.php?doing_wp_cron=1785347427.6910359859466552734375 HTTP/1.1" 200 0 "-" "WordPress/6.9.4; https://royalty-trailers.co.za"
216.73.217.39 - - [29/Jul/2026:19:50:27 +0200] "GET /shops/undersigned/o4f2f2k7e6y72171 HTTP/1.1" 404 146249 "-" "Mozilla/5.0 AppleWebKit/537.36 (KHTML, like Gecko; compatible; ClaudeBot/1.0; +claudebot@anthropic.com)"
57.141.0.69 - - [29/Jul/2026:19:50:35 +0200] "GET /shops/doortodoor/o9f1f1s8p5r9i0n8g226 HTTP/1.1" 404 146249 "-" "Mozilla/5.0 (Windows NT 10.0; Win64; x64) AppleWebKit/537.36 (KHTML, like Gecko) Chrome/145.0.0.0 Safari/537.36 (compatible; meta-externalagent/1.1 (+https://developers.facebook.com/docs/sharing/webmasters/crawler))"
57.141.0.37 - - [29/Jul/2026:19:50:38 +0200] "GET /?j=w9e3i0g3h2t5e9d5173 HTTP/1.1" 200 203523 "-" "Mozilla/5.0 (Windows NT 10.0; Win64; x64) AppleWebKit/537.36 (KHTML, like Gecko) Chrome/145.0.0.0 Safari/537.36 (compatible; meta-externalagent/1.1 (+https://developers.facebook.com/docs/sharing/webmasters/crawler))"
216.73.217.39 - - [29/Jul/2026:19:50:48 +0200] "GET /selfwrong/p4e2o9p4l7i6s9h5406 HTTP/1.1" 404 146249 "-" "Mozilla/5.0 AppleWebKit/537.36 (KHTML, like Gecko; compatible; ClaudeBot/1.0; +claudebot@anthropic.com)"
57.141.0.49 - - [29/Jul/2026:19:50:55 +0200] "GET /null HTTP/1.1" 404 114331 "https://royalty-trailers.co.za/?j=w9e3i0g3h2t5e9d5173" "Mozilla/5.0 (Windows NT 10.0; Win64; x64) AppleWebKit/537.36 (KHTML, like Gecko) Chrome/145.0.0.0 Safari/537.36 (compatible; meta-externalagent/1.1 (+https://developers.facebook.com/docs/sharing/webmasters/crawler))"
216.73.217.39 - - [29/Jul/2026:19:51:03 +0200] "GET /drouthy/b4e3a6u2t3y217321 HTTP/1.1" 404 146249 "-" "Mozilla/5.0 AppleWebKit/537.36 (KHTML, like Gecko; compatible; ClaudeBot/1.0; +claudebot@anthropic.com)"
164.68.125.131 - - [29/Jul/2026:19:51:15 +0200] "POST /wp-cron.php?doing_wp_cron=1785347475.1613519191741943359375 HTTP/1.1" 200 0 "-" "WordPress/6.9.4; https://royalty-trailers.co.za"
216.73.217.39 - - [29/Jul/2026:19:51:15 +0200] "GET /ascendancy/t4a3b4e9s1316021 HTTP/1.1" 404 146249 "-" "Mozilla/5.0 AppleWebKit/537.36 (KHTML, like Gecko; compatible; ClaudeBot/1.0; +claudebot@anthropic.com)"
57.141.0.32 - - [29/Jul/2026:19:51:17 +0200] "GET /?j=s9t4e8r0n7u7t4a2t6i0on HTTP/1.1" 200 203378 "-" "Mozilla/5.0 (Macintosh; Intel Mac OS X 10_15_7) AppleWebKit/537.36 (KHTML, like Gecko) Chrome/145.0.0.0 Safari/537.36 (compatible; meta-externalagent/1.1 (+https://developers.facebook.com/docs/sharing/webmasters/crawler))"
216.73.217.39 - - [29/Jul/2026:19:51:28 +0200] "GET /?j=c4h7a1r7a9c5t3e4r7i9sm HTTP/1.1" 200 203848 "-" "Mozilla/5.0 AppleWebKit/537.36 (KHTML, like Gecko; compatible; ClaudeBot/1.0; +claudebot@anthropic.com)"
57.141.0.15 - - [29/Jul/2026:19:51:36 +0200] "GET /null HTTP/1.1" 404 145748 "https://royalty-trailers.co.za/?j=s9t4e8r0n7u7t4a2t6i0on" "Mozilla/5.0 (Macintosh; Intel Mac OS X 10_15_7) AppleWebKit/537.36 (KHTML, like Gecko) Chrome/145.0.0.0 Safari/537.36 (compatible; meta-externalagent/1.1 (+https://developers.facebook.com/docs/sharing/webmasters/crawler))"
216.73.217.39 - - [29/Jul/2026:19:51:39 +0200] "GET /?j=t4h2e1o9r3e0m5a5t1i5s5t HTTP/1.1" 200 203865 "-" "Mozilla/5.0 AppleWebKit/537.36 (KHTML, like Gecko; compatible; ClaudeBot/1.0; +claudebot@anthropic.com)"
57.141.0.29 - - [29/Jul/2026:19:51:40 +0200] "GET /?omniumgatherum/4604654056 HTTP/1.1" 301 0 "-" "Mozilla/5.0 (Macintosh; Intel Mac OS X 10_15_7) AppleWebKit/537.36 (KHTML, like Gecko) Chrome/145.0.0.0 Safari/537.36 (compatible; meta-externalagent/1.1 (+https://developers.facebook.com/docs/sharing/webmasters/crawler))"
216.73.217.39 - - [29/Jul/2026:19:51:50 +0200] "GET /acidiferous/cliented/4673790967 HTTP/1.1" 404 146249 "-" "Mozilla/5.0 AppleWebKit/537.36 (KHTML, like Gecko; compatible; ClaudeBot/1.0; +claudebot@anthropic.com)"
216.73.217.39 - - [29/Jul/2026:19:52:03 +0200] "GET /?j=s4t2i0l3l1i0o1n8934 HTTP/1.1" 200 203429 "-" "Mozilla/5.0 AppleWebKit/537.36 (KHTML, like Gecko; compatible; ClaudeBot/1.0; +claudebot@anthropic.com)"
164.68.125.131 - - [29/Jul/2026:19:52:16 +0200] "POST /wp-cron.php?doing_wp_cron=1785347536.1355490684509277343750 HTTP/1.1" 200 0 "-" "WordPress/6.9.4; https://royalty-trailers.co.za"
216.73.217.39 - - [29/Jul/2026:19:52:16 +0200] "GET /?j=s4i2n8e0w8s3h8r7u9n2k5 HTTP/1.1" 200 203513 "-" "Mozilla/5.0 AppleWebKit/537.36 (KHTML, like Gecko; compatible; ClaudeBot/1.0; +claudebot@anthropic.com)"
216.73.217.39 - - [29/Jul/2026:19:52:29 +0200] "GET /?j=i4n1d4i4g0i2t3a9t5ion HTTP/1.1" 200 203501 "-" "Mozilla/5.0 AppleWebKit/537.36 (KHTML, like Gecko; compatible; ClaudeBot/1.0; +claudebot@anthropic.com)"
57.141.0.9 - - [29/Jul/2026:19:52:31 +0200] "GET /shops/copal/t4u4b1f7i6s5h76662 HTTP/1.1" 404 146249 "-" "Mozilla/5.0 (Windows NT 10.0; Win64; x64) AppleWebKit/537.36 (KHTML, like Gecko) Chrome/145.0.0.0 Safari/537.36 (compatible; meta-externalagent/1.1 (+https://developers.facebook.com/docs/sharing/webmasters/crawler))"
57.141.0.16 - - [29/Jul/2026:19:52:32 +0200] "GET /shops/deionizer/n4o2v8e8l2e0t7t3e23 HTTP/1.1" 404 146249 "-" "Mozilla/5.0 (Windows NT 10.0; Win64; x64) AppleWebKit/537.36 (KHTML, like Gecko) Chrome/145.0.0.0 Safari/537.36 (compatible; meta-externalagent/1.1 (+https://developers.facebook.com/docs/sharing/webmasters/crawler))"
216.73.217.39 - - [29/Jul/2026:19:52:42 +0200] "GET /shops/zulukaffir/s4t3r3a6t1i7f4o2r6m33 HTTP/1.1" 404 146249 "-" "Mozilla/5.0 AppleWebKit/537.36 (KHTML, like Gecko; compatible; ClaudeBot/1.0; +claudebot@anthropic.com)"
216.73.217.39 - - [29/Jul/2026:19:52:52 +0200] "GET /?j=s4p3l9a4t3t7e9r1d5a9s4h HTTP/1.1" 200 203471 "-" "Mozilla/5.0 AppleWebKit/537.36 (KHTML, like Gecko; compatible; ClaudeBot/1.0; +claudebot@anthropic.com)"
57.141.0.5 - - [29/Jul/2026:19:52:57 +0200] "GET /?j=t4e3m5p2o8r9o7a6u2r7i8cular HTTP/1.1" 200 203644 "-" "Mozilla/5.0 (Windows NT 10.0; Win64; x64) AppleWebKit/537.36 (KHTML, like Gecko) Chrome/145.0.0.0 Safari/537.36 (compatible; meta-externalagent/1.1 (+https://developers.facebook.com/docs/sharing/webmasters/crawler))"
216.73.217.39 - - [29/Jul/2026:19:52:58 +0200] "GET /?j=s4p3e9r7m3o6p9h8y7t1e4 HTTP/1.1" 200 203510 "-" "Mozilla/5.0 AppleWebKit/537.36 (KHTML, like Gecko; compatible; ClaudeBot/1.0; +claudebot@anthropic.com)"
216.73.217.39 - - [29/Jul/2026:19:53:06 +0200] "GET /grainer/physicomathematics/4547536517 HTTP/1.1" 404 146249 "-" "Mozilla/5.0 AppleWebKit/537.36 (KHTML, like Gecko; compatible; ClaudeBot/1.0; +claudebot@anthropic.com)"
198.244.242.186 - - [29/Jul/2026:19:53:07 +0200] "GET /sitemap.xml HTTP/1.1" 200 176141 "-" "Mozilla/5.0 (compatible; AhrefsBot/7.0; +http://ahrefs.com/robot/)"
164.68.125.131 - - [29/Jul/2026:19:53:18 +0200] "POST /wp-cron.php?doing_wp_cron=1785347598.9262380599975585937500 HTTP/1.1" 200 0 "-" "WordPress/6.9.4; https://royalty-trailers.co.za"
216.73.217.39 - - [29/Jul/2026:19:53:19 +0200] "GET /?j=w4a4t0e4r9r1o5t0t7e7d8 HTTP/1.1" 200 203841 "-" "Mozilla/5.0 AppleWebKit/537.36 (KHTML, like Gecko; compatible; ClaudeBot/1.0; +claudebot@anthropic.com)"
66.249.66.200 - - [29/Jul/2026:19:53:38 +0200] "GET /review/goods/R2797669530/ HTTP/1.1" 200 800313 "-" "Mozilla/5.0 (Linux; Android 6.0.1; Nexus 5X Build/MMB29P) AppleWebKit/537.36 (KHTML, like Gecko) Chrome/150.0.7871.128 Mobile Safari/537.36 (compatible; GoogleOther)"
216.73.217.39 - - [29/Jul/2026:19:53:43 +0200] "GET /robots.txt HTTP/1.1" 200 87 "-" "Mozilla/5.0 AppleWebKit/537.36 (KHTML, like Gecko; compatible; ClaudeBot/1.0; +claudebot@anthropic.com)"
216.73.217.39 - - [29/Jul/2026:19:53:47 +0200] "GET /opinionator/yeomanlike/43326185404 HTTP/1.1" 404 146249 "-" "Mozilla/5.0 AppleWebKit/537.36 (KHTML, like Gecko; compatible; ClaudeBot/1.0; +claudebot@anthropic.com)"
66.249.66.9 - - [29/Jul/2026:19:53:50 +0200] "GET /review/goods/R1477126136 HTTP/1.1" 200 795580 "-" "Mozilla/5.0 (Linux; Android 6.0.1; Nexus 5X Build/MMB29P) AppleWebKit/537.36 (KHTML, like Gecko) Chrome/150.0.7871.128 Mobile Safari/537.36 (compatible; Googlebot/2.1; +http://www.google.com/bot.html)"
57.141.0.9 - - [29/Jul/2026:19:53:56 +0200] "GET /shops/dorsimeson/p9o1r9t3l4a4n4d3926 HTTP/1.1" 404 146249 "-" "Mozilla/5.0 (Windows NT 10.0; Win64; x64) AppleWebKit/537.36 (KHTML, like Gecko) Chrome/145.0.0.0 Safari/537.36 (compatible; meta-externalagent/1.1 (+https://developers.facebook.com/docs/sharing/webmasters/crawler))"
164.68.125.131 - - [29/Jul/2026:19:55:16 +0200] "POST /wp-cron.php?doing_wp_cron=1785347716.4588110446929931640625 HTTP/1.1" 200 0 "-" "WordPress/6.9.4; https://royalty-trailers.co.za"
216.73.217.39 - - [29/Jul/2026:19:55:16 +0200] "GET /?j=s4i1g7m6a6350917 HTTP/1.1" 200 203479 "-" "Mozilla/5.0 AppleWebKit/537.36 (KHTML, like Gecko; compatible; ClaudeBot/1.0; +claudebot@anthropic.com)"
57.141.0.44 - - [29/Jul/2026:19:55:34 +0200] "GET /?j=a9l3e8x7i5t9e1r1i6c07 HTTP/1.1" 200 203172 "-" "Mozilla/5.0 (Macintosh; Intel Mac OS X 10_15_7) AppleWebKit/537.36 (KHTML, like Gecko) Chrome/145.0.0.0 Safari/537.36 (compatible; meta-externalagent/1.1 (+https://developers.facebook.com/docs/sharing/webmasters/crawler))"
216.73.217.39 - - [29/Jul/2026:19:55:42 +0200] "GET /shops/defrayer/m4e3l9a7n1o7m6a8177 HTTP/1.1" 404 146249 "-" "Mozilla/5.0 AppleWebKit/537.36 (KHTML, like Gecko; compatible; ClaudeBot/1.0; +claudebot@anthropic.com)"
164.68.125.131 - - [29/Jul/2026:19:56:16 +0200] "POST /wp-cron.php?doing_wp_cron=1785347776.9491119384765625000000 HTTP/1.1" 200 0 "-" "WordPress/6.9.4; https://royalty-trailers.co.za"
216.73.217.39 - - [29/Jul/2026:19:56:17 +0200] "GET /shops/frock/f4e8a1z5e581223 HTTP/1.1" 404 146249 "-" "Mozilla/5.0 AppleWebKit/537.36 (KHTML, like Gecko; compatible; ClaudeBot/1.0; +claudebot@anthropic.com)"
216.73.217.39 - - [29/Jul/2026:19:56:33 +0200] "GET /sevenup/outfling/4690735783 HTTP/1.1" 404 146249 "-" "Mozilla/5.0 AppleWebKit/537.36 (KHTML, like Gecko; compatible; ClaudeBot/1.0; +claudebot@anthropic.com)"
216.73.217.39 - - [29/Jul/2026:19:56:48 +0200] "GET /blockading/exoneration/43307472584 HTTP/1.1" 404 146249 "-" "Mozilla/5.0 AppleWebKit/537.36 (KHTML, like Gecko; compatible; ClaudeBot/1.0; +claudebot@anthropic.com)"
57.141.0.20 - - [29/Jul/2026:19:56:53 +0200] "GET /shops/flecked/v4a4l4l6e3t0s4041 HTTP/1.1" 404 146249 "-" "Mozilla/5.0 (Windows NT 10.0; Win64; x64) AppleWebKit/537.36 (KHTML, like Gecko) Chrome/145.0.0.0 Safari/537.36 (compatible; meta-externalagent/1.1 (+https://developers.facebook.com/docs/sharing/webmasters/crawler))"
216.73.217.39 - - [29/Jul/2026:19:57:01 +0200] "GET /?j=w4r3i8n7g1s7t1a6f2f35 HTTP/1.1" 200 203431 "-" "Mozilla/5.0 AppleWebKit/537.36 (KHTML, like Gecko; compatible; ClaudeBot/1.0; +claudebot@anthropic.com)"
57.141.0.67 - - [29/Jul/2026:19:57:10 +0200] "GET /?j=f4o4r0e6c5o0n8c9e5i4v5e HTTP/1.1" 200 203811 "-" "Mozilla/5.0 (Windows NT 10.0; Win64; x64) AppleWebKit/537.36 (KHTML, like Gecko) Chrome/145.0.0.0 Safari/537.36 (compatible; meta-externalagent/1.1 (+https://developers.facebook.com/docs/sharing/webmasters/crawler))"
164.68.125.131 - - [29/Jul/2026:19:57:19 +0200] "POST /wp-cron.php?doing_wp_cron=1785347839.3539540767669677734375 HTTP/1.1" 200 0 "-" "WordPress/6.9.4; https://royalty-trailers.co.za"
216.73.217.39 - - [29/Jul/2026:19:57:19 +0200] "GET /?j=t4r9o1g6u6e74054 HTTP/1.1" 200 203462 "-" "Mozilla/5.0 AppleWebKit/537.36 (KHTML, like Gecko; compatible; ClaudeBot/1.0; +claudebot@anthropic.com)"
57.141.0.62 - - [29/Jul/2026:19:57:45 +0200] "GET /shops/quantity/a4c1h1r9o5m6a0t1i2n58 HTTP/1.1" 404 146249 "-" "Mozilla/5.0 (Windows NT 10.0; Win64; x64) AppleWebKit/537.36 (KHTML, like Gecko) Chrome/145.0.0.0 Safari/537.36 (compatible; meta-externalagent/1.1 (+https://developers.facebook.com/docs/sharing/webmasters/crawler))"
57.141.0.8 - - [29/Jul/2026:19:57:45 +0200] "GET /shops/charitableness/m4u2r7r1a3y7i7n3770 HTTP/1.1" 404 146249 "-" "Mozilla/5.0 (Windows NT 10.0; Win64; x64) AppleWebKit/537.36 (KHTML, like Gecko) Chrome/145.0.0.0 Safari/537.36 (compatible; meta-externalagent/1.1 (+https://developers.facebook.com/docs/sharing/webmasters/crawler))"
57.141.0.60 - - [29/Jul/2026:19:57:45 +0200] "GET /?j=g4r2a3t1i6n6e81219 HTTP/1.1" 200 203765 "-" "Mozilla/5.0 (Windows NT 10.0; Win64; x64) AppleWebKit/537.36 (KHTML, like Gecko) Chrome/145.0.0.0 Safari/537.36 (compatible; meta-externalagent/1.1 (+https://developers.facebook.com/docs/sharing/webmasters/crawler))"
164.68.125.131 - - [29/Jul/2026:19:58:19 +0200] "POST /wp-cron.php?doing_wp_cron=1785347899.0741050243377685546875 HTTP/1.1" 200 0 "-" "WordPress/6.9.4; https://royalty-trailers.co.za"
57.141.0.15 - - [29/Jul/2026:19:58:19 +0200] "GET /shops/obsolescence/c9o2n1t9r4i6t6e2822 HTTP/1.1" 404 146249 "-" "Mozilla/5.0 (Windows NT 10.0; Win64; x64) AppleWebKit/537.36 (KHTML, like Gecko) Chrome/145.0.0.0 Safari/537.36 Edg/145.0.0.0 (compatible; meta-externalagent/1.1 (+https://developers.facebook.com/docs/sharing/webmasters/crawler))"
216.73.217.39 - - [29/Jul/2026:19:58:34 +0200] "GET /?j=o4r6e6g8o5n9i0a4n19 HTTP/1.1" 200 203398 "-" "Mozilla/5.0 AppleWebKit/537.36 (KHTML, like Gecko; compatible; ClaudeBot/1.0; +claudebot@anthropic.com)"
216.73.217.39 - - [29/Jul/2026:19:58:40 +0200] "GET /?j=s4u3l8t2a9n4y84260 HTTP/1.1" 200 203648 "-" "Mozilla/5.0 AppleWebKit/537.36 (KHTML, like Gecko; compatible; ClaudeBot/1.0; +claudebot@anthropic.com)"
66.249.66.163 - - [29/Jul/2026:19:58:42 +0200] "GET /review/goods/R641053920 HTTP/1.1" 200 808130 "-" "Mozilla/5.0 (Linux; Android 6.0.1; Nexus 5X Build/MMB29P) AppleWebKit/537.36 (KHTML, like Gecko) Chrome/150.0.7871.128 Mobile Safari/537.36 (compatible; Googlebot/2.1; +http://www.google.com/bot.html)"
164.68.125.131 - - [29/Jul/2026:19:59:20 +0200] "POST /wp-cron.php?doing_wp_cron=1785347960.0288619995117187500000 HTTP/1.1" 200 0 "-" "WordPress/6.9.4; https://royalty-trailers.co.za"
57.141.0.26 - - [29/Jul/2026:19:59:20 +0200] "GET /?j=s4l3a1g2g8i1n7g9224 HTTP/1.1" 200 203972 "-" "Mozilla/5.0 (Windows NT 10.0; Win64; x64) AppleWebKit/537.36 (KHTML, like Gecko) Chrome/145.0.0.0 Safari/537.36 (compatible; meta-externalagent/1.1 (+https://developers.facebook.com/docs/sharing/webmasters/crawler))"
57.141.0.1 - - [29/Jul/2026:19:59:55 +0200] "GET /checkout/ HTTP/1.1" 302 0 "-" "Mozilla/5.0 (Windows NT 10.0; Win64; x64) AppleWebKit/537.36 (KHTML, like Gecko) Chrome/145.0.0.0 Safari/537.36 (compatible; meta-externalagent/1.1 (+https://developers.facebook.com/docs/sharing/webmasters/crawler))"
216.73.217.39 - - [29/Jul/2026:19:59:59 +0200] "GET /shops/caryophyllaceae/i4n3s2p5e5r1s7i1o3n50 HTTP/1.1" 404 146249 "-" "Mozilla/5.0 AppleWebKit/537.36 (KHTML, like Gecko; compatible; ClaudeBot/1.0; +claudebot@anthropic.com)"
164.68.125.131 - - [29/Jul/2026:20:00:17 +0200] "POST /wp-cron.php?doing_wp_cron=1785348017.0305280685424804687500 HTTP/1.1" 200 0 "-" "WordPress/6.9.4; https://royalty-trailers.co.za"
57.141.0.13 - - [29/Jul/2026:20:00:17 +0200] "GET /?j=c4o3l9o9r3l9e9s3s498 HTTP/1.1" 200 203390 "-" "Mozilla/5.0 (Windows NT 10.0; Win64; x64) AppleWebKit/537.36 (KHTML, like Gecko) Chrome/145.0.0.0 Safari/537.36 (compatible; meta-externalagent/1.1 (+https://developers.facebook.com/docs/sharing/webmasters/crawler))"
66.249.66.163 - - [29/Jul/2026:20:00:42 +0200] "GET /?j=l8i2t3i2g2a2t5e0179 HTTP/1.1" 200 789977 "-" "Mozilla/5.0 (compatible; Googlebot/2.1; +http://www.google.com/bot.html)"
216.73.217.39 - - [29/Jul/2026:20:00:47 +0200] "GET /?j=i4n4i0t1i4a7l1i8s5e90 HTTP/1.1" 200 203622 "-" "Mozilla/5.0 AppleWebKit/537.36 (KHTML, like Gecko; compatible; ClaudeBot/1.0; +claudebot@anthropic.com)"
57.141.0.70 - - [29/Jul/2026:20:00:55 +0200] "GET /?argumentativeness/62969796409 HTTP/1.1" 301 0 "-" "Mozilla/5.0 (Windows NT 10.0; Win64; x64) AppleWebKit/537.36 (KHTML, like Gecko) Chrome/145.0.0.0 Safari/537.36 (compatible; meta-externalagent/1.1 (+https://developers.facebook.com/docs/sharing/webmasters/crawler))"
164.68.125.131 - - [29/Jul/2026:20:01:19 +0200] "POST /wp-cron.php?doing_wp_cron=1785348079.8059380054473876953125 HTTP/1.1" 200 0 "-" "WordPress/6.9.4; https://royalty-trailers.co.za"
57.141.0.24 - - [29/Jul/2026:20:01:20 +0200] "GET /?j=d4i2a6m9e4t6r9a7l7l5y2 HTTP/1.1" 200 203379 "-" "Mozilla/5.0 (Windows NT 10.0; Win64; x64) AppleWebKit/537.36 (KHTML, like Gecko) Chrome/145.0.0.0 Safari/537.36 (compatible; meta-externalagent/1.1 (+https://developers.facebook.com/docs/sharing/webmasters/crawler))"
216.73.217.39 - - [29/Jul/2026:20:01:24 +0200] "GET /?j=e2m2e0r2s6e2d2280 HTTP/1.1" 200 203583 "-" "Mozilla/5.0 AppleWebKit/537.36 (KHTML, like Gecko; compatible; ClaudeBot/1.0; +claudebot@anthropic.com)"
57.141.0.68 - - [29/Jul/2026:20:01:24 +0200] "GET /?argumentativeness%2F62969796409 HTTP/1.1" 200 203382 "-" "Mozilla/5.0 (Windows NT 10.0; Win64; x64) AppleWebKit/537.36 (KHTML, like Gecko) Chrome/145.0.0.0 Safari/537.36 (compatible; meta-externalagent/1.1 (+https://developers.facebook.com/docs/sharing/webmasters/crawler))"
216.73.217.39 - - [29/Jul/2026:20:01:39 +0200] "GET /gnathite/i4n2c9o7n2s7p8i6c5u1o1us HTTP/1.1" 404 146249 "-" "Mozilla/5.0 AppleWebKit/537.36 (KHTML, like Gecko; compatible; ClaudeBot/1.0; +claudebot@anthropic.com)"
216.73.217.39 - - [29/Jul/2026:20:01:54 +0200] "GET /shops/buckwheat/c2a2g7o5t746231 HTTP/1.1" 404 146249 "-" "Mozilla/5.0 AppleWebKit/537.36 (KHTML, like Gecko; compatible; ClaudeBot/1.0; +claudebot@anthropic.com)"
164.68.125.131 - - [29/Jul/2026:20:02:29 +0200] "POST /wp-cron.php?doing_wp_cron=1785348149.1262140274047851562500 HTTP/1.1" 200 0 "-" "WordPress/6.9.4; https://royalty-trailers.co.za"
216.73.217.39 - - [29/Jul/2026:20:02:29 +0200] "GET /playfere/c2a5t1b3r0i6e2r468 HTTP/1.1" 404 146249 "-" "Mozilla/5.0 AppleWebKit/537.36 (KHTML, like Gecko; compatible; ClaudeBot/1.0; +claudebot@anthropic.com)"
66.249.66.163 - - [29/Jul/2026:20:02:37 +0200] "GET /?bonnetless/11053998094 HTTP/1.1" 200 815676 "-" "Mozilla/5.0 (Linux; Android 6.0.1; Nexus 5X Build/MMB29P) AppleWebKit/537.36 (KHTML, like Gecko) Chrome/150.0.7871.128 Mobile Safari/537.36 (compatible; Googlebot/2.1; +http://www.google.com/bot.html)"
216.73.217.39 - - [29/Jul/2026:20:02:43 +0200] "GET /?j=a2s2p2i8d6o7p0h1o5r8o2ides HTTP/1.1" 200 203775 "-" "Mozilla/5.0 AppleWebKit/537.36 (KHTML, like Gecko; compatible; ClaudeBot/1.0; +claudebot@anthropic.com)"
164.68.125.131 - - [29/Jul/2026:20:02:56 +0200] "POST /wp-cron.php?doing_wp_cron=1785348176.8171570301055908203125 HTTP/1.1" 200 0 "-" "WordPress/6.9.4; https://royalty-trailers.co.za"
216.73.217.39 - - [29/Jul/2026:20:02:56 +0200] "GET /uniquely/p4e3r0p2l5e2x4i8t6i0e6s HTTP/1.1" 404 146249 "-" "Mozilla/5.0 AppleWebKit/537.36 (KHTML, like Gecko; compatible; ClaudeBot/1.0; +claudebot@anthropic.com)"
216.73.217.39 - - [29/Jul/2026:20:03:11 +0200] "GET /shops/wesil/m4a2h0a9l8e4b14547 HTTP/1.1" 404 146249 "-" "Mozilla/5.0 AppleWebKit/537.36 (KHTML, like Gecko; compatible; ClaudeBot/1.0; +claudebot@anthropic.com)"
164.68.125.131 - - [29/Jul/2026:20:03:15 +0200] "POST /wp-cron.php?doing_wp_cron=1785348195.4373180866241455078125 HTTP/1.1" 200 0 "-" "WordPress/6.9.4; https://royalty-trailers.co.za"
57.141.0.53 - - [29/Jul/2026:20:03:16 +0200] "GET /?j=p9r2o1x4y9p6r1e7n0o4minal HTTP/1.1" 200 203698 "-" "Mozilla/5.0 (Windows NT 10.0; Win64; x64) AppleWebKit/537.36 (KHTML, like Gecko) Chrome/145.0.0.0 Safari/537.36 (compatible; meta-externalagent/1.1 (+https://developers.facebook.com/docs/sharing/webmasters/crawler))"
57.141.0.22 - - [29/Jul/2026:20:03:19 +0200] "GET /?ventriloquizing/43752410251 HTTP/1.1" 301 0 "-" "Mozilla/5.0 (Macintosh; Intel Mac OS X 10_15_7) AppleWebKit/537.36 (KHTML, like Gecko) Chrome/145.0.0.0 Safari/537.36 (compatible; meta-externalagent/1.1 (+https://developers.facebook.com/docs/sharing/webmasters/crawler))"
57.141.0.66 - - [29/Jul/2026:20:03:19 +0200] "GET /sympathizing/candescence/d4i5s2t1r9i8b3u3t3a2ble HTTP/1.1" 404 146249 "-" "Mozilla/5.0 (Windows NT 10.0; Win64; x64) AppleWebKit/537.36 (KHTML, like Gecko) Chrome/145.0.0.0 Safari/537.36 (compatible; meta-externalagent/1.1 (+https://developers.facebook.com/docs/sharing/webmasters/crawler))"
57.141.0.36 - - [29/Jul/2026:20:03:21 +0200] "GET /?j=l4o3p1h7o8p2h1o0r9e38 HTTP/1.1" 200 202937 "-" "Mozilla/5.0 (Macintosh; Intel Mac OS X 10_15_7) AppleWebKit/537.36 (KHTML, like Gecko) Chrome/145.0.0.0 Safari/537.36 (compatible; meta-externalagent/1.1 (+https://developers.facebook.com/docs/sharing/webmasters/crawler))"
164.68.125.131 - - [29/Jul/2026:20:03:26 +0200] "POST /wp-cron.php?doing_wp_cron=1785348206.0516619682312011718750 HTTP/1.1" 200 0 "-" "WordPress/6.9.4; https://royalty-trailers.co.za"
216.73.217.39 - - [29/Jul/2026:20:03:26 +0200] "GET /infamy/s4c1h0o7l7a6s7t2i0c9i6sm HTTP/1.1" 404 146249 "-" "Mozilla/5.0 AppleWebKit/537.36 (KHTML, like Gecko; compatible; ClaudeBot/1.0; +claudebot@anthropic.com)"
216.73.217.39 - - [29/Jul/2026:20:03:38 +0200] "GET /shops/valorously/r2e4c2i0p5r1o3c5a4t4e6d HTTP/1.1" 404 146249 "-" "Mozilla/5.0 AppleWebKit/537.36 (KHTML, like Gecko; compatible; ClaudeBot/1.0; +claudebot@anthropic.com)"
57.141.0.35 - - [29/Jul/2026:20:03:47 +0200] "GET /?j=s6t1e6l3a1446346 HTTP/1.1" 200 203522 "-" "Mozilla/5.0 (Windows NT 10.0; Win64; x64) AppleWebKit/537.36 (KHTML, like Gecko) Chrome/145.0.0.0 Safari/537.36 (compatible; meta-externalagent/1.1 (+https://developers.facebook.com/docs/sharing/webmasters/crawler))"
216.73.217.39 - - [29/Jul/2026:20:03:54 +0200] "GET /?j=e4d3i8f1i7e6d07658 HTTP/1.1" 200 203806 "-" "Mozilla/5.0 AppleWebKit/537.36 (KHTML, like Gecko; compatible; ClaudeBot/1.0; +claudebot@anthropic.com)"
66.249.66.74 - - [29/Jul/2026:20:03:55 +0200] "GET /review/goods/R523990105 HTTP/1.1" 200 836192 "-" "Mozilla/5.0 (Linux; Android 6.0.1; Nexus 5X Build/MMB29P) AppleWebKit/537.36 (KHTML, like Gecko) Chrome/150.0.7871.128 Mobile Safari/537.36 (compatible; Googlebot/2.1; +http://www.google.com/bot.html)"
216.73.217.39 - - [29/Jul/2026:20:04:05 +0200] "GET /shops/supercilious/a4c1t8i7v1i2t2i6e1s94 HTTP/1.1" 404 146249 "-" "Mozilla/5.0 AppleWebKit/537.36 (KHTML, like Gecko; compatible; ClaudeBot/1.0; +claudebot@anthropic.com)"
164.68.125.131 - - [29/Jul/2026:20:04:19 +0200] "POST /wp-cron.php?doing_wp_cron=1785348259.3493609428405761718750 HTTP/1.1" 200 0 "-" "WordPress/6.9.4; https://royalty-trailers.co.za"
216.73.217.39 - - [29/Jul/2026:20:04:19 +0200] "GET /?j=c4l2o1u6d5c8a7p7p2e9d4 HTTP/1.1" 200 203566 "-" "Mozilla/5.0 AppleWebKit/537.36 (KHTML, like Gecko; compatible; ClaudeBot/1.0; +claudebot@anthropic.com)"
216.73.217.39 - - [29/Jul/2026:20:04:35 +0200] "GET /shops/scalops/b2r2e7v5i2f1o1l5i0a80 HTTP/1.1" 404 146249 "-" "Mozilla/5.0 AppleWebKit/537.36 (KHTML, like Gecko; compatible; ClaudeBot/1.0; +claudebot@anthropic.com)"
216.73.217.39 - - [29/Jul/2026:20:04:50 +0200] "GET /?j=a4r2c7t9i6a4d0a0e528 HTTP/1.1" 200 147031 "-" "Mozilla/5.0 AppleWebKit/537.36 (KHTML, like Gecko; compatible; ClaudeBot/1.0; +claudebot@anthropic.com)"
216.73.217.39 - - [29/Jul/2026:20:05:10 +0200] "GET /shops/kanaka/a4m3b0l2o1t1i6c4699 HTTP/1.1" 404 146249 "-" "Mozilla/5.0 AppleWebKit/537.36 (KHTML, like Gecko; compatible; ClaudeBot/1.0; +claudebot@anthropic.com)"
57.141.0.11 - - [29/Jul/2026:20:05:14 +0200] "GET /?endowment/81170967197 HTTP/1.1" 301 0 "-" "Mozilla/5.0 (Windows NT 10.0; Win64; x64) AppleWebKit/537.36 (KHTML, like Gecko) Chrome/145.0.0.0 Safari/537.36 Edg/145.0.0.0 (compatible; meta-externalagent/1.1 (+https://developers.facebook.com/docs/sharing/webmasters/crawler))"
164.68.125.131 - - [29/Jul/2026:20:05:23 +0200] "POST /wp-cron.php?doing_wp_cron=1785348323.8623390197753906250000 HTTP/1.1" 200 0 "-" "WordPress/6.9.4; https://royalty-trailers.co.za"
216.73.217.39 - - [29/Jul/2026:20:05:23 +0200] "GET /shops/airbrake/c2i2n4c7u6s851730 HTTP/1.1" 404 146249 "-" "Mozilla/5.0 AppleWebKit/537.36 (KHTML, like Gecko; compatible; ClaudeBot/1.0; +claudebot@anthropic.com)"
57.141.0.9 - - [29/Jul/2026:20:05:35 +0200] "GET /?j=c6a3t4h8o7l8i1c9a1l21 HTTP/1.1" 200 203402 "-" "Mozilla/5.0 (Windows NT 10.0; Win64; x64) AppleWebKit/537.36 (KHTML, like Gecko) Chrome/145.0.0.0 Safari/537.36 (compatible; meta-externalagent/1.1 (+https://developers.facebook.com/docs/sharing/webmasters/crawler))"
216.73.217.39 - - [29/Jul/2026:20:05:39 +0200] "GET /?j=s4u2c2k4l3e4d84445 HTTP/1.1" 200 203467 "-" "Mozilla/5.0 AppleWebKit/537.36 (KHTML, like Gecko; compatible; ClaudeBot/1.0; +claudebot@anthropic.com)"
57.141.0.54 - - [29/Jul/2026:20:05:51 +0200] "GET /?endowment%2F81170967197 HTTP/1.1" 200 203375 "-" "Mozilla/5.0 (Windows NT 10.0; Win64; x64) AppleWebKit/537.36 (KHTML, like Gecko) Chrome/145.0.0.0 Safari/537.36 (compatible; meta-externalagent/1.1 (+https://developers.facebook.com/docs/sharing/webmasters/crawler))"
216.73.217.39 - - [29/Jul/2026:20:05:55 +0200] "GET /?j=d4u2m7b0b9e6l1l4664 HTTP/1.1" 200 203690 "-" "Mozilla/5.0 AppleWebKit/537.36 (KHTML, like Gecko; compatible; ClaudeBot/1.0; +claudebot@anthropic.com)"
216.73.217.39 - - [29/Jul/2026:20:06:12 +0200] "GET /?j=s4p2h7a0c3e2l0a2t6e4d4 HTTP/1.1" 200 203566 "-" "Mozilla/5.0 AppleWebKit/537.36 (KHTML, like Gecko; compatible; ClaudeBot/1.0; +claudebot@anthropic.com)"
164.68.125.131 - - [29/Jul/2026:20:06:25 +0200] "POST /wp-cron.php?doing_wp_cron=1785348385.6530129909515380859375 HTTP/1.1" 200 0 "-" "WordPress/6.9.4; https://royalty-trailers.co.za"
57.141.0.70 - - [29/Jul/2026:20:06:25 +0200] "GET /shops/stogy/t4u2b1e7r8c7u0l9o0u7s9 HTTP/1.1" 404 146249 "-" "Mozilla/5.0 (Windows NT 10.0; Win64; x64) AppleWebKit/537.36 (KHTML, like Gecko) Chrome/145.0.0.0 Safari/537.36 (compatible; meta-externalagent/1.1 (+https://developers.facebook.com/docs/sharing/webmasters/crawler))"
216.73.217.39 - - [29/Jul/2026:20:06:27 +0200] "GET /?j=p2a2u7l0i9c5i3a7n779 HTTP/1.1" 200 203430 "-" "Mozilla/5.0 AppleWebKit/537.36 (KHTML, like Gecko; compatible; ClaudeBot/1.0; +claudebot@anthropic.com)"
216.73.217.39 - - [29/Jul/2026:20:06:42 +0200] "GET /lagan/c4l1o9t7b0u6r51121 HTTP/1.1" 404 146249 "-" "Mozilla/5.0 AppleWebKit/537.36 (KHTML, like Gecko; compatible; ClaudeBot/1.0; +claudebot@anthropic.com)"
216.73.217.39 - - [29/Jul/2026:20:06:57 +0200] "GET /?j=e4x2c1r9u3c7i8a6t3e7d2 HTTP/1.1" 200 203723 "-" "Mozilla/5.0 AppleWebKit/537.36 (KHTML, like Gecko; compatible; ClaudeBot/1.0; +claudebot@anthropic.com)"
216.73.217.39 - - [29/Jul/2026:20:07:06 +0200] "GET /?j=t2o1l5u2a8t6e8470 HTTP/1.1" 200 203438 "-" "Mozilla/5.0 AppleWebKit/537.36 (KHTML, like Gecko; compatible; ClaudeBot/1.0; +claudebot@anthropic.com)"
164.68.125.131 - - [29/Jul/2026:20:07:19 +0200] "POST /wp-cron.php?doing_wp_cron=1785348439.9088029861450195312500 HTTP/1.1" 200 0 "-" "WordPress/6.9.4; https://royalty-trailers.co.za"
216.73.217.39 - - [29/Jul/2026:20:07:20 +0200] "GET /shops/vakeel/p4a1s1t9e8b6o1a8r6d61 HTTP/1.1" 404 146249 "-" "Mozilla/5.0 AppleWebKit/537.36 (KHTML, like Gecko; compatible; ClaudeBot/1.0; +claudebot@anthropic.com)"
216.73.217.39 - - [29/Jul/2026:20:07:36 +0200] "GET /shops/coarsened/c2a2t9a2p1l9e7c7t1i1c1 HTTP/1.1" 404 146249 "-" "Mozilla/5.0 AppleWebKit/537.36 (KHTML, like Gecko; compatible; ClaudeBot/1.0; +claudebot@anthropic.com)"
216.73.217.39 - - [29/Jul/2026:20:07:51 +0200] "GET /shops/ignomy/u4n2p2r1a0c9t8i1c0a4l5 HTTP/1.1" 404 146249 "-" "Mozilla/5.0 AppleWebKit/537.36 (KHTML, like Gecko; compatible; ClaudeBot/1.0; +claudebot@anthropic.com)"
216.73.217.39 - - [29/Jul/2026:20:08:03 +0200] "GET /?j=h4e1r3a7p5a4t7h7i1t1e7 HTTP/1.1" 200 203753 "-" "Mozilla/5.0 AppleWebKit/537.36 (KHTML, like Gecko; compatible; ClaudeBot/1.0; +claudebot@anthropic.com)"
57.141.0.41 - - [29/Jul/2026:20:08:09 +0200] "GET /?j=m9o4p0h2e8a4d6e9d277 HTTP/1.1" 200 203401 "-" "Mozilla/5.0 (Windows NT 10.0; Win64; x64) AppleWebKit/537.36 (KHTML, like Gecko) Chrome/145.0.0.0 Safari/537.36 (compatible; meta-externalagent/1.1 (+https://developers.facebook.com/docs/sharing/webmasters/crawler))"
164.68.125.131 - - [29/Jul/2026:20:08:16 +0200] "POST /wp-cron.php?doing_wp_cron=1785348496.4777870178222656250000 HTTP/1.1" 200 0 "-" "WordPress/6.9.4; https://royalty-trailers.co.za"
216.73.217.39 - - [29/Jul/2026:20:08:16 +0200] "GET /shops/oxidator/m2e4r2c0u6r3i4a7l5i4z5ed HTTP/1.1" 404 146249 "-" "Mozilla/5.0 AppleWebKit/537.36 (KHTML, like Gecko; compatible; ClaudeBot/1.0; +claudebot@anthropic.com)"
57.141.0.18 - - [29/Jul/2026:20:08:22 +0200] "GET /null HTTP/1.1" 404 146249 "https://royalty-trailers.co.za/?j=m9o4p0h2e8a4d6e9d277" "Mozilla/5.0 (Windows NT 10.0; Win64; x64) AppleWebKit/537.36 (KHTML, like Gecko) Chrome/145.0.0.0 Safari/537.36 (compatible; meta-externalagent/1.1 (+https://developers.facebook.com/docs/sharing/webmasters/crawler))"
216.73.217.39 - - [29/Jul/2026:20:08:32 +0200] "GET /?j=s4c3a8r1c6e1n0e2s9s45 HTTP/1.1" 200 203696 "-" "Mozilla/5.0 AppleWebKit/537.36 (KHTML, like Gecko; compatible; ClaudeBot/1.0; +claudebot@anthropic.com)"
216.73.217.39 - - [29/Jul/2026:20:08:50 +0200] "GET /?j=r2e1v0i5l1e7m6e3n4t72 HTTP/1.1" 200 203401 "-" "Mozilla/5.0 AppleWebKit/537.36 (KHTML, like Gecko; compatible; ClaudeBot/1.0; +claudebot@anthropic.com)"
66.249.66.34 - - [29/Jul/2026:20:08:55 +0200] "GET /review/goods/R3054182303/ HTTP/1.1" 200 794290 "-" "Mozilla/5.0 (Linux; Android 6.0.1; Nexus 5X Build/MMB29P) AppleWebKit/537.36 (KHTML, like Gecko) Chrome/150.0.7871.128 Mobile Safari/537.36 (compatible; GoogleOther)"
216.73.217.39 - - [29/Jul/2026:20:09:05 +0200] "GET /?j=d4i1d9y4n0a5m8o0u4s78 HTTP/1.1" 200 203775 "-" "Mozilla/5.0 AppleWebKit/537.36 (KHTML, like Gecko; compatible; ClaudeBot/1.0; +claudebot@anthropic.com)"
164.68.125.131 - - [29/Jul/2026:20:09:19 +0200] "POST /wp-cron.php?doing_wp_cron=1785348559.7051949501037597656250 HTTP/1.1" 200 0 "-" "WordPress/6.9.4; https://royalty-trailers.co.za"
216.73.217.39 - - [29/Jul/2026:20:09:19 +0200] "GET /?j=p2l1u1m4p6n7e0s9s110 HTTP/1.1" 200 203480 "-" "Mozilla/5.0 AppleWebKit/537.36 (KHTML, like Gecko; compatible; ClaudeBot/1.0; +claudebot@anthropic.com)"
216.73.217.39 - - [29/Jul/2026:20:09:35 +0200] "GET /?j=s4t7y9c8e0r0i0n300 HTTP/1.1" 200 203470 "-" "Mozilla/5.0 AppleWebKit/537.36 (KHTML, like Gecko; compatible; ClaudeBot/1.0; +claudebot@anthropic.com)"
216.73.217.39 - - [29/Jul/2026:20:09:45 +0200] "GET /biaxially/magistrature/p2o4l2y7i9o6d0i2d6e54 HTTP/1.1" 404 146249 "-" "Mozilla/5.0 AppleWebKit/537.36 (KHTML, like Gecko; compatible; ClaudeBot/1.0; +claudebot@anthropic.com)"
57.141.0.22 - - [29/Jul/2026:20:09:51 +0200] "GET /?j=u4n1p8a9s3s7i7o6n8a1t7e HTTP/1.1" 200 203851 "-" "Mozilla/5.0 (Windows NT 10.0; Win64; x64) AppleWebKit/537.36 (KHTML, like Gecko) Chrome/145.0.0.0 Safari/537.36 Edg/145.0.0.0 (compatible; meta-externalagent/1.1 (+https://developers.facebook.com/docs/sharing/webmasters/crawler))"
216.73.217.39 - - [29/Jul/2026:20:10:01 +0200] "GET /shops/scutiped/t2o1r5t6u3r8i8n4g1l0y4 HTTP/1.1" 404 146249 "-" "Mozilla/5.0 AppleWebKit/537.36 (KHTML, like Gecko; compatible; ClaudeBot/1.0; +claudebot@anthropic.com)"
164.68.125.131 - - [29/Jul/2026:20:10:15 +0200] "POST /wp-cron.php?doing_wp_cron=1785348615.8922181129455566406250 HTTP/1.1" 200 0 "-" "WordPress/6.9.4; https://royalty-trailers.co.za"
216.73.217.39 - - [29/Jul/2026:20:10:16 +0200] "GET /?j=c2o1n1t1r6a8d0i1c9t9o0riness HTTP/1.1" 200 203477 "-" "Mozilla/5.0 AppleWebKit/537.36 (KHTML, like Gecko; compatible; ClaudeBot/1.0; +claudebot@anthropic.com)"
216.73.217.39 - - [29/Jul/2026:20:10:30 +0200] "GET /?j=s2y1n1c1h8r0o1n4i0c89 HTTP/1.1" 200 203677 "-" "Mozilla/5.0 AppleWebKit/537.36 (KHTML, like Gecko; compatible; ClaudeBot/1.0; +claudebot@anthropic.com)"
164.68.125.131 - - [29/Jul/2026:20:10:40 +0200] "POST /wp-cron.php?doing_wp_cron=1785348640.7853770256042480468750 HTTP/1.1" 200 0 "-" "WordPress/6.9.4; https://royalty-trailers.co.za"
216.73.217.39 - - [29/Jul/2026:20:10:40 +0200] "GET /abulic/t4a3r1t1a1r8u5s5676 HTTP/1.1" 404 146249 "-" "Mozilla/5.0 AppleWebKit/537.36 (KHTML, like Gecko; compatible; ClaudeBot/1.0; +claudebot@anthropic.com)"
57.141.0.8 - - [29/Jul/2026:20:10:52 +0200] "GET /shops/estiferous/o6d1o4n5t0o7n7i4t7h8e2s HTTP/1.1" 404 146249 "-" "Mozilla/5.0 (Windows NT 10.0; Win64; x64) AppleWebKit/537.36 (KHTML, like Gecko) Chrome/145.0.0.0 Safari/537.36 (compatible; meta-externalagent/1.1 (+https://developers.facebook.com/docs/sharing/webmasters/crawler))"
216.73.217.39 - - [29/Jul/2026:20:10:55 +0200] "GET /?j=r4e2c5l4u0s0i9o8n090 HTTP/1.1" 200 203595 "-" "Mozilla/5.0 AppleWebKit/537.36 (KHTML, like Gecko; compatible; ClaudeBot/1.0; +claudebot@anthropic.com)"
57.141.0.35 - - [29/Jul/2026:20:10:58 +0200] "GET /shops/concordance/h9i1p4p4o7c1r0a3t4i6c9a HTTP/1.1" 404 146249 "-" "Mozilla/5.0 (Windows NT 10.0; Win64; x64) AppleWebKit/537.36 (KHTML, like Gecko) Chrome/145.0.0.0 Safari/537.36 (compatible; meta-externalagent/1.1 (+https://developers.facebook.com/docs/sharing/webmasters/crawler))"
216.73.217.39 - - [29/Jul/2026:20:11:11 +0200] "GET /shops/wasden/c4h1a9r9i0s3m3a4t2i8c8 HTTP/1.1" 404 146249 "-" "Mozilla/5.0 AppleWebKit/537.36 (KHTML, like Gecko; compatible; ClaudeBot/1.0; +claudebot@anthropic.com)"
164.68.125.131 - - [29/Jul/2026:20:11:23 +0200] "POST /wp-cron.php?doing_wp_cron=1785348683.0842709541320800781250 HTTP/1.1" 200 0 "-" "WordPress/6.9.4; https://royalty-trailers.co.za"
57.141.0.61 - - [29/Jul/2026:20:11:23 +0200] "GET /bereaved/cyclorrhynchus/42007099279 HTTP/1.1" 404 146249 "-" "Mozilla/5.0 (Windows NT 10.0; Win64; x64) AppleWebKit/537.36 (KHTML, like Gecko) Chrome/145.0.0.0 Safari/537.36 (compatible; meta-externalagent/1.1 (+https://developers.facebook.com/docs/sharing/webmasters/crawler))"
57.141.0.6 - - [29/Jul/2026:20:11:24 +0200] "GET /?hornowl%2F92733983066 HTTP/1.1" 200 203773 "-" "Mozilla/5.0 (X11; Linux x86_64) AppleWebKit/537.36 (KHTML, like Gecko) Chrome/145.0.0.0 Safari/537.36 (compatible; meta-externalagent/1.1 (+https://developers.facebook.com/docs/sharing/webmasters/crawler))"
216.73.217.39 - - [29/Jul/2026:20:11:25 +0200] "GET /narrator/bahrein/b4i4f0o8c2a9l35552 HTTP/1.1" 404 146249 "-" "Mozilla/5.0 AppleWebKit/537.36 (KHTML, like Gecko; compatible; ClaudeBot/1.0; +claudebot@anthropic.com)"
57.141.0.32 - - [29/Jul/2026:20:11:26 +0200] "GET /excerebration/i4m1p9l6e4a7d0e3r781 HTTP/1.1" 404 145748 "-" "Mozilla/5.0 (Macintosh; Intel Mac OS X 10_15_7) AppleWebKit/537.36 (KHTML, like Gecko) Chrome/145.0.0.0 Safari/537.36 (compatible; meta-externalagent/1.1 (+https://developers.facebook.com/docs/sharing/webmasters/crawler))"
57.141.0.30 - - [29/Jul/2026:20:11:26 +0200] "GET /shops/centricity/r4a4p0i0d0i3t5y4202 HTTP/1.1" 404 146249 "-" "Mozilla/5.0 (Windows NT 10.0; Win64; x64) AppleWebKit/537.36 (KHTML, like Gecko) Chrome/145.0.0.0 Safari/537.36 (compatible; meta-externalagent/1.1 (+https://developers.facebook.com/docs/sharing/webmasters/crawler))"
216.73.217.39 - - [29/Jul/2026:20:11:42 +0200] "GET /shops/pitied/i4n4c1o8r8p4o5r8e2a4l3ly HTTP/1.1" 404 146249 "-" "Mozilla/5.0 AppleWebKit/537.36 (KHTML, like Gecko; compatible; ClaudeBot/1.0; +claudebot@anthropic.com)"
57.141.0.71 - - [29/Jul/2026:20:11:52 +0200] "GET /?j=b9r1e5a2k4n9e7c9k715 HTTP/1.1" 200 203634 "-" "Mozilla/5.0 (Windows NT 10.0; Win64; x64) AppleWebKit/537.36 (KHTML, like Gecko) Chrome/145.0.0.0 Safari/537.36 (compatible; meta-externalagent/1.1 (+https://developers.facebook.com/docs/sharing/webmasters/crawler))"
216.73.217.39 - - [29/Jul/2026:20:11:53 +0200] "GET /shops/croud/p4r3e5t7e5r6m8i0t829 HTTP/1.1" 404 146249 "-" "Mozilla/5.0 AppleWebKit/537.36 (KHTML, like Gecko; compatible; ClaudeBot/1.0; +claudebot@anthropic.com)"
216.73.217.39 - - [29/Jul/2026:20:11:58 +0200] "GET /?j=o4u1t3b4r8a7z5e2n117 HTTP/1.1" 200 203689 "-" "Mozilla/5.0 AppleWebKit/537.36 (KHTML, like Gecko; compatible; ClaudeBot/1.0; +claudebot@anthropic.com)"
216.73.217.39 - - [29/Jul/2026:20:12:04 +0200] "GET /shops/padrones/s4t3a0r3m1o0n4g9e4r77 HTTP/1.1" 404 146249 "-" "Mozilla/5.0 AppleWebKit/537.36 (KHTML, like Gecko; compatible; ClaudeBot/1.0; +claudebot@anthropic.com)"
216.73.217.39 - - [29/Jul/2026:20:12:11 +0200] "GET /?j=w4r3e4c5k3e8d51644 HTTP/1.1" 200 203848 "-" "Mozilla/5.0 AppleWebKit/537.36 (KHTML, like Gecko; compatible; ClaudeBot/1.0; +claudebot@anthropic.com)"
57.141.0.8 - - [29/Jul/2026:20:12:15 +0200] "GET /shops/possibility/m4i7n0i4v0e3t0534 HTTP/1.1" 404 146249 "-" "Mozilla/5.0 (X11; Linux x86_64) AppleWebKit/537.36 (KHTML, like Gecko) Chrome/145.0.0.0 Safari/537.36 (compatible; meta-externalagent/1.1 (+https://developers.facebook.com/docs/sharing/webmasters/crawler))"
66.249.66.164 - - [29/Jul/2026:20:12:19 +0200] "GET /?j=w5r2e1n3c0h903902 HTTP/1.1" 200 818925 "-" "Mozilla/5.0 (Linux; Android 6.0.1; Nexus 5X Build/MMB29P) AppleWebKit/537.36 (KHTML, like Gecko) Chrome/150.0.7871.128 Mobile Safari/537.36 (compatible; Googlebot/2.1; +http://www.google.com/bot.html)"
164.68.125.131 - - [29/Jul/2026:20:12:20 +0200] "POST /wp-cron.php?doing_wp_cron=1785348740.7229509353637695312500 HTTP/1.1" 200 0 "-" "WordPress/6.9.4; https://royalty-trailers.co.za"
216.73.217.39 - - [29/Jul/2026:20:12:20 +0200] "GET /?j=a4c1c1e4p1t5o8r6074 HTTP/1.1" 200 203452 "-" "Mozilla/5.0 AppleWebKit/537.36 (KHTML, like Gecko; compatible; ClaudeBot/1.0; +claudebot@anthropic.com)"
216.73.217.39 - - [29/Jul/2026:20:12:24 +0200] "GET /pupillometer/s4u3r5g6i0c2a7l6106 HTTP/1.1" 404 146249 "-" "Mozilla/5.0 AppleWebKit/537.36 (KHTML, like Gecko; compatible; ClaudeBot/1.0; +claudebot@anthropic.com)"
57.141.0.68 - - [29/Jul/2026:20:12:29 +0200] "GET /anemonin/soapberry/m4o3n5e1s2i6a69800 HTTP/1.1" 404 146249 "-" "Mozilla/5.0 (Windows NT 10.0; Win64; x64) AppleWebKit/537.36 (KHTML, like Gecko) Chrome/145.0.0.0 Safari/537.36 (compatible; meta-externalagent/1.1 (+https://developers.facebook.com/docs/sharing/webmasters/crawler))"
216.73.217.39 - - [29/Jul/2026:20:12:31 +0200] "GET /?j=s4o4j0o2u7r4n2e9d288 HTTP/1.1" 200 203555 "-" "Mozilla/5.0 AppleWebKit/537.36 (KHTML, like Gecko; compatible; ClaudeBot/1.0; +claudebot@anthropic.com)"
216.73.217.39 - - [29/Jul/2026:20:12:36 +0200] "GET /?j=r4a1i4n3y5883323 HTTP/1.1" 200 203585 "-" "Mozilla/5.0 AppleWebKit/537.36 (KHTML, like Gecko; compatible; ClaudeBot/1.0; +claudebot@anthropic.com)"
