74.7.243.231 - - [29/Jul/2026:16:19:15 +0200] "GET /?j=a4n1i7s3u6m748349 HTTP/1.1" 200 203623 "https://royalty-trailers.co.za/sitemap.xml" "Mozilla/5.0 AppleWebKit/537.36 (KHTML, like Gecko; compatible; GPTBot/1.4; +https://openai.com/gptbot)"
216.73.217.39 - - [29/Jul/2026:16:19:16 +0200] "GET /selfposited/t4r3e7b7i0z2o0n5d91 HTTP/1.1" 404 146249 "-" "Mozilla/5.0 AppleWebKit/537.36 (KHTML, like Gecko; compatible; ClaudeBot/1.0; +claudebot@anthropic.com)"
74.7.243.231 - - [29/Jul/2026:16:19:18 +0200] "GET /?j=p4a1t1t6e0d663782 HTTP/1.1" 200 203346 "https://royalty-trailers.co.za/sitemap.xml" "Mozilla/5.0 AppleWebKit/537.36 (KHTML, like Gecko; compatible; GPTBot/1.4; +https://openai.com/gptbot)"
74.7.243.231 - - [29/Jul/2026:16:19:22 +0200] "GET /?j=p4i2c8k8s2y705215 HTTP/1.1" 200 203842 "https://royalty-trailers.co.za/sitemap.xml" "Mozilla/5.0 AppleWebKit/537.36 (KHTML, like Gecko; compatible; GPTBot/1.4; +https://openai.com/gptbot)"
216.73.217.39 - - [29/Jul/2026:16:19:22 +0200] "GET /?j=o4n2e7r1a0t4e37762 HTTP/1.1" 200 97879 "-" "Mozilla/5.0 AppleWebKit/537.36 (KHTML, like Gecko; compatible; ClaudeBot/1.0; +claudebot@anthropic.com)"
216.73.217.39 - - [29/Jul/2026:16:19:26 +0200] "GET /shops/gogobera/c4o1n5c3o7l1o3r7o6u2s6 HTTP/1.1" 404 146241 "-" "Mozilla/5.0 AppleWebKit/537.36 (KHTML, like Gecko; compatible; ClaudeBot/1.0; +claudebot@anthropic.com)"
216.73.217.39 - - [29/Jul/2026:16:19:32 +0200] "GET /?j=d4a2l5e6s6m6a2n2568 HTTP/1.1" 200 203633 "-" "Mozilla/5.0 AppleWebKit/537.36 (KHTML, like Gecko; compatible; ClaudeBot/1.0; +claudebot@anthropic.com)"
216.73.217.39 - - [29/Jul/2026:16:19:37 +0200] "GET /cheated/h4y1m0e8n8o1p2t3e4r6 HTTP/1.1" 404 146249 "-" "Mozilla/5.0 AppleWebKit/537.36 (KHTML, like Gecko; compatible; ClaudeBot/1.0; +claudebot@anthropic.com)"
66.249.66.74 - - [29/Jul/2026:16:19:41 +0200] "GET /?j=t8i1c9h3o6r0r5h9i8n9e HTTP/1.1" 200 820976 "-" "Mozilla/5.0 (compatible; Googlebot/2.1; +http://www.google.com/bot.html)"
216.73.217.39 - - [29/Jul/2026:16:19:41 +0200] "GET /shops/perfidious/h4u6n2d7r5e7d0t5h75 HTTP/1.1" 404 146249 "-" "Mozilla/5.0 AppleWebKit/537.36 (KHTML, like Gecko; compatible; ClaudeBot/1.0; +claudebot@anthropic.com)"
74.7.243.231 - - [29/Jul/2026:16:19:45 +0200] "GET /?j=c4r3u8s0e1t915124 HTTP/1.1" 200 203405 "https://royalty-trailers.co.za/sitemap.xml" "Mozilla/5.0 AppleWebKit/537.36 (KHTML, like Gecko; compatible; GPTBot/1.4; +https://openai.com/gptbot)"
216.73.217.39 - - [29/Jul/2026:16:19:47 +0200] "GET /shops/coessentiality/h4o2m1i1s3h874750 HTTP/1.1" 404 97947 "-" "Mozilla/5.0 AppleWebKit/537.36 (KHTML, like Gecko; compatible; ClaudeBot/1.0; +claudebot@anthropic.com)"
216.73.217.39 - - [29/Jul/2026:16:19:53 +0200] "GET /shops/eyepiece/b4e4a2c1o1n8l3e6s3s16 HTTP/1.1" 404 146249 "-" "Mozilla/5.0 AppleWebKit/537.36 (KHTML, like Gecko; compatible; ClaudeBot/1.0; +claudebot@anthropic.com)"
216.73.217.39 - - [29/Jul/2026:16:19:56 +0200] "GET /shops/subterraneous/c4o4n4g1e9e19457 HTTP/1.1" 404 146249 "-" "Mozilla/5.0 AppleWebKit/537.36 (KHTML, like Gecko; compatible; ClaudeBot/1.0; +claudebot@anthropic.com)"
74.7.243.231 - - [29/Jul/2026:16:20:00 +0200] "GET /?j=c4a4r1f2u3l695295 HTTP/1.1" 200 203494 "https://royalty-trailers.co.za/sitemap.xml" "Mozilla/5.0 AppleWebKit/537.36 (KHTML, like Gecko; compatible; GPTBot/1.4; +https://openai.com/gptbot)"
216.73.217.39 - - [29/Jul/2026:16:20:03 +0200] "GET /provokable/novennial/43219598525 HTTP/1.1" 404 146241 "-" "Mozilla/5.0 AppleWebKit/537.36 (KHTML, like Gecko; compatible; ClaudeBot/1.0; +claudebot@anthropic.com)"
74.7.243.231 - - [29/Jul/2026:16:20:04 +0200] "GET /logcock/weakliest/43829561585 HTTP/1.1" 404 146249 "https://royalty-trailers.co.za/sitemap.xml" "Mozilla/5.0 AppleWebKit/537.36 (KHTML, like Gecko; compatible; GPTBot/1.4; +https://openai.com/gptbot)"
74.7.243.231 - - [29/Jul/2026:16:20:07 +0200] "GET /?coals/459039776 HTTP/1.1" 301 0 "https://royalty-trailers.co.za/sitemap.xml" "Mozilla/5.0 AppleWebKit/537.36 (KHTML, like Gecko; compatible; GPTBot/1.4; +https://openai.com/gptbot)"
216.73.217.39 - - [29/Jul/2026:16:20:09 +0200] "GET /shops/enacted/h4a1s2p7i5n2g39165 HTTP/1.1" 404 146249 "-" "Mozilla/5.0 AppleWebKit/537.36 (KHTML, like Gecko; compatible; ClaudeBot/1.0; +claudebot@anthropic.com)"
74.7.243.231 - - [29/Jul/2026:16:20:11 +0200] "GET /?coals%2F459039776 HTTP/1.1" 200 203329 "https://royalty-trailers.co.za/?coals/459039776" "Mozilla/5.0 AppleWebKit/537.36 (KHTML, like Gecko; compatible; GPTBot/1.4; +https://openai.com/gptbot)"
216.73.217.39 - - [29/Jul/2026:16:20:14 +0200] "GET /shops/mitome/l4u1m5i4n7a083691 HTTP/1.1" 404 146249 "-" "Mozilla/5.0 AppleWebKit/537.36 (KHTML, like Gecko; compatible; ClaudeBot/1.0; +claudebot@anthropic.com)"
164.68.125.131 - - [29/Jul/2026:16:20:15 +0200] "POST /wp-cron.php?doing_wp_cron=1785334815.2742099761962890625000 HTTP/1.1" 200 0 "-" "WordPress/6.9.4; https://royalty-trailers.co.za"
74.7.243.231 - - [29/Jul/2026:16:20:15 +0200] "GET /physically/bombus/41980079657 HTTP/1.1" 404 146249 "https://royalty-trailers.co.za/sitemap.xml" "Mozilla/5.0 AppleWebKit/537.36 (KHTML, like Gecko; compatible; GPTBot/1.4; +https://openai.com/gptbot)"
74.7.243.231 - - [29/Jul/2026:16:20:19 +0200] "GET /?j=c4u2l1p2o6n622240 HTTP/1.1" 200 203388 "https://royalty-trailers.co.za/sitemap.xml" "Mozilla/5.0 AppleWebKit/537.36 (KHTML, like Gecko; compatible; GPTBot/1.4; +https://openai.com/gptbot)"
216.73.217.39 - - [29/Jul/2026:16:20:20 +0200] "GET /?j=b4a2s9c8a1n0i7u0m189 HTTP/1.1" 200 203438 "-" "Mozilla/5.0 AppleWebKit/537.36 (KHTML, like Gecko; compatible; ClaudeBot/1.0; +claudebot@anthropic.com)"
74.7.243.231 - - [29/Jul/2026:16:20:22 +0200] "GET /erora/vellicative/43106353372 HTTP/1.1" 404 146249 "https://royalty-trailers.co.za/sitemap.xml" "Mozilla/5.0 AppleWebKit/537.36 (KHTML, like Gecko; compatible; GPTBot/1.4; +https://openai.com/gptbot)"
74.7.243.231 - - [29/Jul/2026:16:20:25 +0200] "GET /shops/pored/s4e2m2e9l4e855351 HTTP/1.1" 404 81563 "https://royalty-trailers.co.za/sitemap.xml" "Mozilla/5.0 AppleWebKit/537.36 (KHTML, like Gecko; compatible; GPTBot/1.4; +https://openai.com/gptbot)"
216.73.217.39 - - [29/Jul/2026:16:20:26 +0200] "GET /shops/machinery/s4p3e2a8r0h0e4a8d271 HTTP/1.1" 404 146249 "-" "Mozilla/5.0 AppleWebKit/537.36 (KHTML, like Gecko; compatible; ClaudeBot/1.0; +claudebot@anthropic.com)"
216.73.217.39 - - [29/Jul/2026:16:20:31 +0200] "GET /?j=b4a2y4a8m0o175879 HTTP/1.1" 200 203773 "-" "Mozilla/5.0 AppleWebKit/537.36 (KHTML, like Gecko; compatible; ClaudeBot/1.0; +claudebot@anthropic.com)"
216.73.217.39 - - [29/Jul/2026:16:20:37 +0200] "GET /?j=p4a1n1t5h4e7r8a5602 HTTP/1.1" 200 203475 "-" "Mozilla/5.0 AppleWebKit/537.36 (KHTML, like Gecko; compatible; ClaudeBot/1.0; +claudebot@anthropic.com)"
216.73.217.39 - - [29/Jul/2026:16:20:44 +0200] "GET /nature/f4a3l7s0e7n0e0s5s791 HTTP/1.1" 404 146249 "-" "Mozilla/5.0 AppleWebKit/537.36 (KHTML, like Gecko; compatible; ClaudeBot/1.0; +claudebot@anthropic.com)"
74.7.243.231 - - [29/Jul/2026:16:20:48 +0200] "GET /shops/filiferous/m4i7s5c1o4n7s8t1r2u0ing HTTP/1.1" 404 81563 "https://royalty-trailers.co.za/sitemap.xml" "Mozilla/5.0 AppleWebKit/537.36 (KHTML, like Gecko; compatible; GPTBot/1.4; +https://openai.com/gptbot)"
216.73.217.39 - - [29/Jul/2026:16:20:54 +0200] "GET /?j=a4p6p3l2e1s5a9u3c4e7 HTTP/1.1" 200 203737 "-" "Mozilla/5.0 AppleWebKit/537.36 (KHTML, like Gecko; compatible; ClaudeBot/1.0; +claudebot@anthropic.com)"
216.73.217.39 - - [29/Jul/2026:16:20:59 +0200] "GET /shops/japan/m4u2z8a5r4a3b7i4c296 HTTP/1.1" 404 146249 "-" "Mozilla/5.0 AppleWebKit/537.36 (KHTML, like Gecko; compatible; ClaudeBot/1.0; +claudebot@anthropic.com)"
74.7.243.231 - - [29/Jul/2026:16:21:02 +0200] "GET /conventionary/blennius/p4l2a8n2n6e8r7933 HTTP/1.1" 404 81563 "https://royalty-trailers.co.za/sitemap.xml" "Mozilla/5.0 AppleWebKit/537.36 (KHTML, like Gecko; compatible; GPTBot/1.4; +https://openai.com/gptbot)"
57.141.0.27 - - [29/Jul/2026:16:21:09 +0200] "GET /product/axle-1-6ton/feed/ HTTP/1.1" 200 802 "-" "Mozilla/5.0 (Macintosh; Intel Mac OS X 10_15_7) AppleWebKit/537.36 (KHTML, like Gecko) Chrome/145.0.0.0 Safari/537.36 (compatible; meta-webindexer/1.1 (+https://developers.facebook.com/docs/sharing/webmasters/crawler))"
216.73.217.39 - - [29/Jul/2026:16:21:10 +0200] "GET /shops/calin/p4s1e0u4d9o8g8r9a4p7hy HTTP/1.1" 404 146249 "-" "Mozilla/5.0 AppleWebKit/537.36 (KHTML, like Gecko; compatible; ClaudeBot/1.0; +claudebot@anthropic.com)"
74.7.243.231 - - [29/Jul/2026:16:21:10 +0200] "GET /accrescent/radioscopy/a4c7c5o2l6a9d0e235 HTTP/1.1" 404 146249 "https://royalty-trailers.co.za/sitemap.xml" "Mozilla/5.0 AppleWebKit/537.36 (KHTML, like Gecko; compatible; GPTBot/1.4; +https://openai.com/gptbot)"
74.7.243.231 - - [29/Jul/2026:16:21:14 +0200] "GET /shops/acclimature/c4o4h0a0b7i6t2a7t0i6on HTTP/1.1" 404 81563 "https://royalty-trailers.co.za/sitemap.xml" "Mozilla/5.0 AppleWebKit/537.36 (KHTML, like Gecko; compatible; GPTBot/1.4; +https://openai.com/gptbot)"
164.68.125.131 - - [29/Jul/2026:16:21:16 +0200] "POST /wp-cron.php?doing_wp_cron=1785334876.6829810142517089843750 HTTP/1.1" 200 0 "-" "WordPress/6.9.4; https://royalty-trailers.co.za"
216.73.217.39 - - [29/Jul/2026:16:21:16 +0200] "GET /shops/haematobia/t4o9u6r6i2s9t1455 HTTP/1.1" 404 146249 "-" "Mozilla/5.0 AppleWebKit/537.36 (KHTML, like Gecko; compatible; ClaudeBot/1.0; +claudebot@anthropic.com)"
74.7.243.231 - - [29/Jul/2026:16:21:17 +0200] "GET /diluted/muscadet/4681763239 HTTP/1.1" 404 81563 "https://royalty-trailers.co.za/sitemap.xml" "Mozilla/5.0 AppleWebKit/537.36 (KHTML, like Gecko; compatible; GPTBot/1.4; +https://openai.com/gptbot)"
164.68.125.131 - - [29/Jul/2026:16:21:21 +0200] "POST /wp-cron.php?doing_wp_cron=1785334881.4577610492706298828125 HTTP/1.1" 200 0 "-" "WordPress/6.9.4; https://royalty-trailers.co.za"
74.7.243.231 - - [29/Jul/2026:16:21:21 +0200] "GET /?j=c4r7o2w5d2y07313 HTTP/1.1" 200 203693 "https://royalty-trailers.co.za/sitemap.xml" "Mozilla/5.0 AppleWebKit/537.36 (KHTML, like Gecko; compatible; GPTBot/1.4; +https://openai.com/gptbot)"
74.7.243.231 - - [29/Jul/2026:16:21:25 +0200] "GET /?j=t4o4r1p0i3d17989 HTTP/1.1" 200 203445 "https://royalty-trailers.co.za/sitemap.xml" "Mozilla/5.0 AppleWebKit/537.36 (KHTML, like Gecko; compatible; GPTBot/1.4; +https://openai.com/gptbot)"
216.73.217.39 - - [29/Jul/2026:16:21:26 +0200] "GET /shops/benzole/h4e3n2c8e1260370 HTTP/1.1" 404 146249 "-" "Mozilla/5.0 AppleWebKit/537.36 (KHTML, like Gecko; compatible; ClaudeBot/1.0; +claudebot@anthropic.com)"
216.73.217.39 - - [29/Jul/2026:16:21:33 +0200] "GET /?j=n4e2c3r3o2p4o7l5i6s4es HTTP/1.1" 200 179799 "-" "Mozilla/5.0 AppleWebKit/537.36 (KHTML, like Gecko; compatible; ClaudeBot/1.0; +claudebot@anthropic.com)"
216.73.217.39 - - [29/Jul/2026:16:21:40 +0200] "GET /shops/embarrassing/p4u1d3d4e9r7e3d8738 HTTP/1.1" 404 146249 "-" "Mozilla/5.0 AppleWebKit/537.36 (KHTML, like Gecko; compatible; ClaudeBot/1.0; +claudebot@anthropic.com)"
216.73.217.39 - - [29/Jul/2026:16:21:48 +0200] "GET /?j=f4l2a5g8r1a1t8e0312 HTTP/1.1" 200 203381 "-" "Mozilla/5.0 AppleWebKit/537.36 (KHTML, like Gecko; compatible; ClaudeBot/1.0; +claudebot@anthropic.com)"
57.141.0.37 - - [29/Jul/2026:16:21:54 +0200] "GET /?j=f4o3s5s2e5w6a7y6054 HTTP/1.1" 200 203110 "-" "Mozilla/5.0 (Macintosh; Intel Mac OS X 10_15_7) AppleWebKit/537.36 (KHTML, like Gecko) Chrome/145.0.0.0 Safari/537.36 (compatible; meta-externalagent/1.1 (+https://developers.facebook.com/docs/sharing/webmasters/crawler))"
74.7.243.231 - - [29/Jul/2026:16:21:55 +0200] "GET /?j=s4w8a7g0e5d37765 HTTP/1.1" 200 203852 "https://royalty-trailers.co.za/sitemap.xml" "Mozilla/5.0 AppleWebKit/537.36 (KHTML, like Gecko; compatible; GPTBot/1.4; +https://openai.com/gptbot)"
216.73.217.39 - - [29/Jul/2026:16:21:55 +0200] "GET /?j=p4r4i1o3r7e4s8s6558 HTTP/1.1" 200 203815 "-" "Mozilla/5.0 AppleWebKit/537.36 (KHTML, like Gecko; compatible; ClaudeBot/1.0; +claudebot@anthropic.com)"
216.73.217.39 - - [29/Jul/2026:16:22:03 +0200] "GET /enrolled/a4n1a8s1t3o6m6o6s8i2n1g HTTP/1.1" 404 146249 "-" "Mozilla/5.0 AppleWebKit/537.36 (KHTML, like Gecko; compatible; ClaudeBot/1.0; +claudebot@anthropic.com)"
216.73.217.39 - - [29/Jul/2026:16:22:09 +0200] "GET /oesophagus/s4c2o9t2o0s9c4o6p5e41 HTTP/1.1" 404 97947 "-" "Mozilla/5.0 AppleWebKit/537.36 (KHTML, like Gecko; compatible; ClaudeBot/1.0; +claudebot@anthropic.com)"
74.7.243.231 - - [29/Jul/2026:16:22:10 +0200] "GET /?j=r4e1t7u7s1a65210 HTTP/1.1" 200 203503 "https://royalty-trailers.co.za/sitemap.xml" "Mozilla/5.0 AppleWebKit/537.36 (KHTML, like Gecko; compatible; GPTBot/1.4; +https://openai.com/gptbot)"
57.141.0.69 - - [29/Jul/2026:16:22:15 +0200] "GET /shops/seethe/s4e3e2m6l5y520360 HTTP/1.1" 404 145748 "-" "Mozilla/5.0 (Macintosh; Intel Mac OS X 10_15_7) AppleWebKit/537.36 (KHTML, like Gecko) Chrome/145.0.0.0 Safari/537.36 (compatible; meta-externalagent/1.1 (+https://developers.facebook.com/docs/sharing/webmasters/crawler))"
164.68.125.131 - - [29/Jul/2026:16:22:15 +0200] "POST /wp-cron.php?doing_wp_cron=1785334935.9160439968109130859375 HTTP/1.1" 200 0 "-" "WordPress/6.9.4; https://royalty-trailers.co.za"
74.7.243.231 - - [29/Jul/2026:16:22:15 +0200] "GET /?j=h4u2l1v1e8r24657 HTTP/1.1" 200 203782 "https://royalty-trailers.co.za/sitemap.xml" "Mozilla/5.0 AppleWebKit/537.36 (KHTML, like Gecko; compatible; GPTBot/1.4; +https://openai.com/gptbot)"
216.73.217.39 - - [29/Jul/2026:16:22:16 +0200] "GET /?j=q4u2i0r4i8n4a2l7718 HTTP/1.1" 200 196183 "-" "Mozilla/5.0 AppleWebKit/537.36 (KHTML, like Gecko; compatible; ClaudeBot/1.0; +claudebot@anthropic.com)"
57.141.0.44 - - [29/Jul/2026:16:22:17 +0200] "GET /?j=c4o3l5o3m1b4i0n0492 HTTP/1.1" 200 203264 "-" "Mozilla/5.0 (Macintosh; Intel Mac OS X 10_15_7) AppleWebKit/537.36 (KHTML, like Gecko) Chrome/145.0.0.0 Safari/537.36 (compatible; meta-externalagent/1.1 (+https://developers.facebook.com/docs/sharing/webmasters/crawler))"
74.7.243.231 - - [29/Jul/2026:16:22:21 +0200] "GET /shops/blimp/a4n8g2l9e517921 HTTP/1.1" 404 146249 "https://royalty-trailers.co.za/sitemap.xml" "Mozilla/5.0 AppleWebKit/537.36 (KHTML, like Gecko; compatible; GPTBot/1.4; +https://openai.com/gptbot)"
216.73.217.39 - - [29/Jul/2026:16:22:21 +0200] "GET /shops/amyloplastic/l4e2s0s0o8n5e1d5566 HTTP/1.1" 404 146249 "-" "Mozilla/5.0 AppleWebKit/537.36 (KHTML, like Gecko; compatible; ClaudeBot/1.0; +claudebot@anthropic.com)"
74.7.243.231 - - [29/Jul/2026:16:22:30 +0200] "GET /shops/diaheliotropism/s4u3b6j0e5c1t00605 HTTP/1.1" 404 81563 "https://royalty-trailers.co.za/sitemap.xml" "Mozilla/5.0 AppleWebKit/537.36 (KHTML, like Gecko; compatible; GPTBot/1.4; +https://openai.com/gptbot)"
216.73.217.39 - - [29/Jul/2026:16:22:31 +0200] "GET /shops/responsive/o4u1t5p6u3t56174 HTTP/1.1" 404 146249 "-" "Mozilla/5.0 AppleWebKit/537.36 (KHTML, like Gecko; compatible; ClaudeBot/1.0; +claudebot@anthropic.com)"
74.7.243.231 - - [29/Jul/2026:16:22:35 +0200] "GET /shops/subtruding/i4n2t8o6l0e2r5a2t5i0o8n HTTP/1.1" 404 81563 "https://royalty-trailers.co.za/sitemap.xml" "Mozilla/5.0 AppleWebKit/537.36 (KHTML, like Gecko; compatible; GPTBot/1.4; +https://openai.com/gptbot)"
74.7.243.231 - - [29/Jul/2026:16:22:41 +0200] "GET /shops/arctostaphylus/g4u2r3g1o8y1l7e4831 HTTP/1.1" 404 81563 "https://royalty-trailers.co.za/sitemap.xml" "Mozilla/5.0 AppleWebKit/537.36 (KHTML, like Gecko; compatible; GPTBot/1.4; +https://openai.com/gptbot)"
216.73.217.39 - - [29/Jul/2026:16:22:43 +0200] "GET /shops/figuration/s4t4a1c9t0e941034 HTTP/1.1" 404 146249 "-" "Mozilla/5.0 AppleWebKit/537.36 (KHTML, like Gecko; compatible; ClaudeBot/1.0; +claudebot@anthropic.com)"
66.249.66.9 - - [29/Jul/2026:16:22:45 +0200] "GET /?j=u0n2c3o3v5e8r27709 HTTP/1.1" 200 817457 "-" "Mozilla/5.0 (Linux; Android 6.0.1; Nexus 5X Build/MMB29P) AppleWebKit/537.36 (KHTML, like Gecko) Chrome/150.0.7871.128 Mobile Safari/537.36 (compatible; Googlebot/2.1; +http://www.google.com/bot.html)"
74.7.243.231 - - [29/Jul/2026:16:22:46 +0200] "GET /shops/unpleasantly/p4a3n7t8h6e9r8e4s2s84 HTTP/1.1" 404 81563 "https://royalty-trailers.co.za/sitemap.xml" "Mozilla/5.0 AppleWebKit/537.36 (KHTML, like Gecko; compatible; GPTBot/1.4; +https://openai.com/gptbot)"
57.141.0.42 - - [29/Jul/2026:16:22:47 +0200] "GET /?j=s9i6l0i0c4o83205 HTTP/1.1" 200 203343 "-" "Mozilla/5.0 (Macintosh; Intel Mac OS X 10_15_7) AppleWebKit/537.36 (KHTML, like Gecko) Chrome/145.0.0.0 Safari/537.36 (compatible; meta-externalagent/1.1 (+https://developers.facebook.com/docs/sharing/webmasters/crawler))"
216.73.217.39 - - [29/Jul/2026:16:22:49 +0200] "GET /shops/sparkful/i4n3f1e4c8t5e0d8006 HTTP/1.1" 404 146249 "-" "Mozilla/5.0 AppleWebKit/537.36 (KHTML, like Gecko; compatible; ClaudeBot/1.0; +claudebot@anthropic.com)"
74.7.243.231 - - [29/Jul/2026:16:22:51 +0200] "GET /?inset/43806667451 HTTP/1.1" 301 0 "https://royalty-trailers.co.za/sitemap.xml" "Mozilla/5.0 AppleWebKit/537.36 (KHTML, like Gecko; compatible; GPTBot/1.4; +https://openai.com/gptbot)"
216.73.217.39 - - [29/Jul/2026:16:22:54 +0200] "GET /buckle/bifarious/n4e1x3i8b9l5e46483 HTTP/1.1" 404 146249 "-" "Mozilla/5.0 AppleWebKit/537.36 (KHTML, like Gecko; compatible; ClaudeBot/1.0; +claudebot@anthropic.com)"
74.7.243.231 - - [29/Jul/2026:16:22:56 +0200] "GET /?inset%2F43806667451 HTTP/1.1" 200 203673 "https://royalty-trailers.co.za/?inset/43806667451" "Mozilla/5.0 AppleWebKit/537.36 (KHTML, like Gecko; compatible; GPTBot/1.4; +https://openai.com/gptbot)"
216.73.217.39 - - [29/Jul/2026:16:23:01 +0200] "GET /shops/swallowtailed/v4a2r8i7x4498890 HTTP/1.1" 404 146249 "-" "Mozilla/5.0 AppleWebKit/537.36 (KHTML, like Gecko; compatible; ClaudeBot/1.0; +claudebot@anthropic.com)"
74.7.243.231 - - [29/Jul/2026:16:23:01 +0200] "GET /shops/foliaged/s4a1c1r5a8m2e3n9t6a0l0ist HTTP/1.1" 404 146249 "https://royalty-trailers.co.za/sitemap.xml" "Mozilla/5.0 AppleWebKit/537.36 (KHTML, like Gecko; compatible; GPTBot/1.4; +https://openai.com/gptbot)"
57.141.0.2 - - [29/Jul/2026:16:23:08 +0200] "GET /?j=g9i1n1g3e1r4l9y8052 HTTP/1.1" 200 202857 "-" "Mozilla/5.0 (Macintosh; Intel Mac OS X 10_15_7) AppleWebKit/537.36 (KHTML, like Gecko) Chrome/145.0.0.0 Safari/537.36 (compatible; meta-externalagent/1.1 (+https://developers.facebook.com/docs/sharing/webmasters/crawler))"
216.73.217.39 - - [29/Jul/2026:16:23:08 +0200] "GET /shops/pahutes/r4e2s1t2i3f0f04719 HTTP/1.1" 404 146249 "-" "Mozilla/5.0 AppleWebKit/537.36 (KHTML, like Gecko; compatible; ClaudeBot/1.0; +claudebot@anthropic.com)"
74.7.243.231 - - [29/Jul/2026:16:23:10 +0200] "GET /shops/towed/w4a2n1d2e9r046422 HTTP/1.1" 404 81563 "https://royalty-trailers.co.za/sitemap.xml" "Mozilla/5.0 AppleWebKit/537.36 (KHTML, like Gecko; compatible; GPTBot/1.4; +https://openai.com/gptbot)"
164.68.125.131 - - [29/Jul/2026:16:23:15 +0200] "POST /wp-cron.php?doing_wp_cron=1785334995.5890960693359375000000 HTTP/1.1" 200 0 "-" "WordPress/6.9.4; https://royalty-trailers.co.za"
216.73.217.39 - - [29/Jul/2026:16:23:15 +0200] "GET /?j=r4e2p8u2b6l1i0c6a2n4izing HTTP/1.1" 200 203799 "-" "Mozilla/5.0 AppleWebKit/537.36 (KHTML, like Gecko; compatible; ClaudeBot/1.0; +claudebot@anthropic.com)"
57.141.0.11 - - [29/Jul/2026:16:23:20 +0200] "GET /?realty/62749784549 HTTP/1.1" 301 0 "-" "Mozilla/5.0 (Windows NT 10.0; Win64; x64) AppleWebKit/537.36 (KHTML, like Gecko) Chrome/145.0.0.0 Safari/537.36 (compatible; meta-externalagent/1.1 (+https://developers.facebook.com/docs/sharing/webmasters/crawler))"
216.73.217.39 - - [29/Jul/2026:16:23:22 +0200] "GET /?j=d4e2f8l3e8c2t2i7o0n7ize HTTP/1.1" 200 203645 "-" "Mozilla/5.0 AppleWebKit/537.36 (KHTML, like Gecko; compatible; ClaudeBot/1.0; +claudebot@anthropic.com)"
216.73.217.39 - - [29/Jul/2026:16:23:25 +0200] "GET /shops/grammarian/g4o1w7a7n0y87917 HTTP/1.1" 404 146249 "-" "Mozilla/5.0 AppleWebKit/537.36 (KHTML, like Gecko; compatible; ClaudeBot/1.0; +claudebot@anthropic.com)"
164.68.125.131 - - [29/Jul/2026:16:23:31 +0200] "POST /wp-cron.php?doing_wp_cron=1785335011.2419710159301757812500 HTTP/1.1" 200 0 "-" "WordPress/6.9.4; https://royalty-trailers.co.za"
216.73.217.39 - - [29/Jul/2026:16:23:31 +0200] "GET /?j=r4u7t4t6l8e12023 HTTP/1.1" 200 203407 "-" "Mozilla/5.0 AppleWebKit/537.36 (KHTML, like Gecko; compatible; ClaudeBot/1.0; +claudebot@anthropic.com)"
74.7.243.231 - - [29/Jul/2026:16:23:33 +0200] "GET /shops/hyomandibular/m4a6t7c5h7b9o8a8r4d5 HTTP/1.1" 404 81563 "https://royalty-trailers.co.za/sitemap.xml" "Mozilla/5.0 AppleWebKit/537.36 (KHTML, like Gecko; compatible; GPTBot/1.4; +https://openai.com/gptbot)"
216.73.217.39 - - [29/Jul/2026:16:23:38 +0200] "GET /shops/terekia/t4u8r6m6e9r2o0l244 HTTP/1.1" 404 146249 "-" "Mozilla/5.0 AppleWebKit/537.36 (KHTML, like Gecko; compatible; ClaudeBot/1.0; +claudebot@anthropic.com)"
74.7.243.231 - - [29/Jul/2026:16:23:41 +0200] "GET /shops/anthomyia/c4h6e3v6a9u8x8d9e6f7rise HTTP/1.1" 404 81563 "https://royalty-trailers.co.za/sitemap.xml" "Mozilla/5.0 AppleWebKit/537.36 (KHTML, like Gecko; compatible; GPTBot/1.4; +https://openai.com/gptbot)"
74.7.243.231 - - [29/Jul/2026:16:23:46 +0200] "GET /choral/athletism/42011969564 HTTP/1.1" 404 81563 "https://royalty-trailers.co.za/sitemap.xml" "Mozilla/5.0 AppleWebKit/537.36 (KHTML, like Gecko; compatible; GPTBot/1.4; +https://openai.com/gptbot)"
216.73.217.39 - - [29/Jul/2026:16:23:48 +0200] "GET /prolata/overshadowing/s4t1i0l6l0i8n8g8524 HTTP/1.1" 404 146249 "-" "Mozilla/5.0 AppleWebKit/537.36 (KHTML, like Gecko; compatible; ClaudeBot/1.0; +claudebot@anthropic.com)"
57.141.0.59 - - [29/Jul/2026:16:23:50 +0200] "GET /?realty%2F62749784549 HTTP/1.1" 200 203534 "-" "Mozilla/5.0 (Windows NT 10.0; Win64; x64) AppleWebKit/537.36 (KHTML, like Gecko) Chrome/145.0.0.0 Safari/537.36 (compatible; meta-externalagent/1.1 (+https://developers.facebook.com/docs/sharing/webmasters/crawler))"
74.7.243.231 - - [29/Jul/2026:16:23:51 +0200] "GET /theban/scrubbier/41789747690 HTTP/1.1" 404 81563 "https://royalty-trailers.co.za/sitemap.xml" "Mozilla/5.0 AppleWebKit/537.36 (KHTML, like Gecko; compatible; GPTBot/1.4; +https://openai.com/gptbot)"
57.141.0.35 - - [29/Jul/2026:16:23:51 +0200] "GET /?j=p9r1e4c5o0n5t0r8a6c8t3ing HTTP/1.1" 200 203435 "-" "Mozilla/5.0 (Windows NT 10.0; Win64; x64) AppleWebKit/537.36 (KHTML, like Gecko) Chrome/145.0.0.0 Safari/537.36 (compatible; meta-externalagent/1.1 (+https://developers.facebook.com/docs/sharing/webmasters/crawler))"
216.73.217.39 - - [29/Jul/2026:16:23:54 +0200] "GET /shops/sharewort/q4u1e8s1t9i7o4n1a0b4l0eness HTTP/1.1" 404 146249 "-" "Mozilla/5.0 AppleWebKit/537.36 (KHTML, like Gecko; compatible; ClaudeBot/1.0; +claudebot@anthropic.com)"
74.7.243.231 - - [29/Jul/2026:16:23:55 +0200] "GET /shops/carpophagous/a4s1c7a9r0i9a5s9i8s05 HTTP/1.1" 404 81563 "https://royalty-trailers.co.za/sitemap.xml" "Mozilla/5.0 AppleWebKit/537.36 (KHTML, like Gecko; compatible; GPTBot/1.4; +https://openai.com/gptbot)"
74.7.243.231 - - [29/Jul/2026:16:23:59 +0200] "GET /shops/detrude/d4e2f8e3n8s1e4l5e1s2s7ness HTTP/1.1" 404 81563 "https://royalty-trailers.co.za/sitemap.xml" "Mozilla/5.0 AppleWebKit/537.36 (KHTML, like Gecko; compatible; GPTBot/1.4; +https://openai.com/gptbot)"
74.7.243.231 - - [29/Jul/2026:16:24:03 +0200] "GET /dishonest/dropworm/s4u6p2e6r7v6e0n5e7d HTTP/1.1" 404 81563 "https://royalty-trailers.co.za/sitemap.xml" "Mozilla/5.0 AppleWebKit/537.36 (KHTML, like Gecko; compatible; GPTBot/1.4; +https://openai.com/gptbot)"
216.73.217.39 - - [29/Jul/2026:16:24:04 +0200] "GET /?j=m4a2r3t8y9r1s8h8i0p09 HTTP/1.1" 200 179799 "-" "Mozilla/5.0 AppleWebKit/537.36 (KHTML, like Gecko; compatible; ClaudeBot/1.0; +claudebot@anthropic.com)"
74.7.243.231 - - [29/Jul/2026:16:24:07 +0200] "GET /shops/reciprocation/r4o9s4m9a1r1i2n9u0s HTTP/1.1" 404 81563 "https://royalty-trailers.co.za/sitemap.xml" "Mozilla/5.0 AppleWebKit/537.36 (KHTML, like Gecko; compatible; GPTBot/1.4; +https://openai.com/gptbot)"
57.141.0.50 - - [29/Jul/2026:16:24:08 +0200] "GET /null HTTP/1.1" 404 114331 "https://royalty-trailers.co.za/?j=p9r1e4c5o0n5t0r8a6c8t3ing" "Mozilla/5.0 (Windows NT 10.0; Win64; x64) AppleWebKit/537.36 (KHTML, like Gecko) Chrome/145.0.0.0 Safari/537.36 (compatible; meta-externalagent/1.1 (+https://developers.facebook.com/docs/sharing/webmasters/crawler))"
216.73.217.39 - - [29/Jul/2026:16:24:09 +0200] "GET /?j=s4e1e5l8i6n8g91452 HTTP/1.1" 200 203688 "-" "Mozilla/5.0 AppleWebKit/537.36 (KHTML, like Gecko; compatible; ClaudeBot/1.0; +claudebot@anthropic.com)"
74.7.243.231 - - [29/Jul/2026:16:24:10 +0200] "GET /?gliff/43192374731 HTTP/1.1" 301 0 "https://royalty-trailers.co.za/sitemap.xml" "Mozilla/5.0 AppleWebKit/537.36 (KHTML, like Gecko; compatible; GPTBot/1.4; +https://openai.com/gptbot)"
74.7.243.231 - - [29/Jul/2026:16:24:14 +0200] "GET /?gliff%2F43192374731 HTTP/1.1" 200 203382 "https://royalty-trailers.co.za/?gliff/43192374731" "Mozilla/5.0 AppleWebKit/537.36 (KHTML, like Gecko; compatible; GPTBot/1.4; +https://openai.com/gptbot)"
164.68.125.131 - - [29/Jul/2026:16:24:15 +0200] "POST /wp-cron.php?doing_wp_cron=1785335055.6029949188232421875000 HTTP/1.1" 200 0 "-" "WordPress/6.9.4; https://royalty-trailers.co.za"
216.73.217.39 - - [29/Jul/2026:16:24:15 +0200] "GET /cimbric/e4x3a3s1p4e7r0a7t6i8o6n HTTP/1.1" 404 146249 "-" "Mozilla/5.0 AppleWebKit/537.36 (KHTML, like Gecko; compatible; ClaudeBot/1.0; +claudebot@anthropic.com)"
74.7.243.231 - - [29/Jul/2026:16:24:18 +0200] "GET /shops/jaundice/r4e1f9l3u7c5t0u2a3t5i6on HTTP/1.1" 404 146249 "https://royalty-trailers.co.za/sitemap.xml" "Mozilla/5.0 AppleWebKit/537.36 (KHTML, like Gecko; compatible; GPTBot/1.4; +https://openai.com/gptbot)"
74.7.243.231 - - [29/Jul/2026:16:24:23 +0200] "GET /skunk/powders/4211988164 HTTP/1.1" 404 81563 "https://royalty-trailers.co.za/sitemap.xml" "Mozilla/5.0 AppleWebKit/537.36 (KHTML, like Gecko; compatible; GPTBot/1.4; +https://openai.com/gptbot)"
216.73.217.39 - - [29/Jul/2026:16:24:24 +0200] "GET /?j=r4a1v7i3n7e883123 HTTP/1.1" 200 203594 "-" "Mozilla/5.0 AppleWebKit/537.36 (KHTML, like Gecko; compatible; ClaudeBot/1.0; +claudebot@anthropic.com)"
74.7.243.231 - - [29/Jul/2026:16:24:29 +0200] "GET /blackening/conservant/p4r2i8d9i3n6g99840 HTTP/1.1" 404 81563 "https://royalty-trailers.co.za/sitemap.xml" "Mozilla/5.0 AppleWebKit/537.36 (KHTML, like Gecko; compatible; GPTBot/1.4; +https://openai.com/gptbot)"
216.73.217.39 - - [29/Jul/2026:16:24:29 +0200] "GET /shillaly/c4r1o8w0s9f7e9e4t991 HTTP/1.1" 404 146249 "-" "Mozilla/5.0 AppleWebKit/537.36 (KHTML, like Gecko; compatible; ClaudeBot/1.0; +claudebot@anthropic.com)"
74.7.243.231 - - [29/Jul/2026:16:24:34 +0200] "GET /shops/affectuously/d4o1c4i7m1a2s6t7i4c93 HTTP/1.1" 404 81563 "https://royalty-trailers.co.za/sitemap.xml" "Mozilla/5.0 AppleWebKit/537.36 (KHTML, like Gecko; compatible; GPTBot/1.4; +https://openai.com/gptbot)"
216.73.217.39 - - [29/Jul/2026:16:24:36 +0200] "GET /shops/gravestone/a4l2p9h8a4b6e1t0a4r0i1an HTTP/1.1" 404 146249 "-" "Mozilla/5.0 AppleWebKit/537.36 (KHTML, like Gecko; compatible; ClaudeBot/1.0; +claudebot@anthropic.com)"
74.7.243.231 - - [29/Jul/2026:16:24:37 +0200] "GET /centavo/aularian/o4m1n0i8s3p7e7c2t3i9v2e HTTP/1.1" 404 81563 "https://royalty-trailers.co.za/sitemap.xml" "Mozilla/5.0 AppleWebKit/537.36 (KHTML, like Gecko; compatible; GPTBot/1.4; +https://openai.com/gptbot)"
216.73.217.39 - - [29/Jul/2026:16:24:39 +0200] "GET /shops/markov/c4a5r9a8s8i7u5s554 HTTP/1.1" 404 146249 "-" "Mozilla/5.0 AppleWebKit/537.36 (KHTML, like Gecko; compatible; ClaudeBot/1.0; +claudebot@anthropic.com)"
74.7.243.231 - - [29/Jul/2026:16:24:41 +0200] "GET /shops/invoking/m4e1t7h4a8e7m2o7g8l3o0bin HTTP/1.1" 404 81563 "https://royalty-trailers.co.za/sitemap.xml" "Mozilla/5.0 AppleWebKit/537.36 (KHTML, like Gecko; compatible; GPTBot/1.4; +https://openai.com/gptbot)"
216.73.217.39 - - [29/Jul/2026:16:24:47 +0200] "GET /?j=t4e5s5t4a2m2e2n5t5ary HTTP/1.1" 200 203596 "-" "Mozilla/5.0 AppleWebKit/537.36 (KHTML, like Gecko; compatible; ClaudeBot/1.0; +claudebot@anthropic.com)"
74.7.243.231 - - [29/Jul/2026:16:24:47 +0200] "GET /unwarm/pomatomus/42441397934 HTTP/1.1" 404 81563 "https://royalty-trailers.co.za/sitemap.xml" "Mozilla/5.0 AppleWebKit/537.36 (KHTML, like Gecko; compatible; GPTBot/1.4; +https://openai.com/gptbot)"
74.7.243.231 - - [29/Jul/2026:16:24:52 +0200] "GET /shops/emancipating/u4n2b0e7l6i8e6v8e4r30 HTTP/1.1" 404 81563 "https://royalty-trailers.co.za/sitemap.xml" "Mozilla/5.0 AppleWebKit/537.36 (KHTML, like Gecko; compatible; GPTBot/1.4; +https://openai.com/gptbot)"
216.73.217.39 - - [29/Jul/2026:16:24:55 +0200] "GET /?j=e4n2e3r3g7i0e1s0017 HTTP/1.1" 200 203522 "-" "Mozilla/5.0 AppleWebKit/537.36 (KHTML, like Gecko; compatible; ClaudeBot/1.0; +claudebot@anthropic.com)"
74.7.243.231 - - [29/Jul/2026:16:24:57 +0200] "GET /shops/impudency/n4e1o2s2c9h1o0l2a8s7t6ic HTTP/1.1" 404 81563 "https://royalty-trailers.co.za/sitemap.xml" "Mozilla/5.0 AppleWebKit/537.36 (KHTML, like Gecko; compatible; GPTBot/1.4; +https://openai.com/gptbot)"
216.73.217.39 - - [29/Jul/2026:16:25:03 +0200] "GET /?j=r4e3s8e5i7z9u9r7e462 HTTP/1.1" 200 203624 "-" "Mozilla/5.0 AppleWebKit/537.36 (KHTML, like Gecko; compatible; ClaudeBot/1.0; +claudebot@anthropic.com)"
66.249.66.11 - - [29/Jul/2026:16:25:05 +0200] "GET /togae/t2o3p2o0g8r2a8p4h1i5c8 HTTP/1.1" 200 806344 "-" "Mozilla/5.0 (compatible; Googlebot/2.1; +http://www.google.com/bot.html)"
216.73.217.39 - - [29/Jul/2026:16:25:09 +0200] "GET /?j=m4o2t4h4e2r5w3o2r7t08 HTTP/1.1" 200 203652 "-" "Mozilla/5.0 AppleWebKit/537.36 (KHTML, like Gecko; compatible; ClaudeBot/1.0; +claudebot@anthropic.com)"
164.68.125.131 - - [29/Jul/2026:16:25:16 +0200] "POST /wp-cron.php?doing_wp_cron=1785335115.9757640361785888671875 HTTP/1.1" 200 0 "-" "WordPress/6.9.4; https://royalty-trailers.co.za"
216.73.217.39 - - [29/Jul/2026:16:25:16 +0200] "GET /?j=m4i2r4a0f9r3a12619 HTTP/1.1" 200 203775 "-" "Mozilla/5.0 AppleWebKit/537.36 (KHTML, like Gecko; compatible; ClaudeBot/1.0; +claudebot@anthropic.com)"
74.7.243.231 - - [29/Jul/2026:16:25:21 +0200] "GET /sully/markman/41443802867 HTTP/1.1" 404 81563 "https://royalty-trailers.co.za/sitemap.xml" "Mozilla/5.0 AppleWebKit/537.36 (KHTML, like Gecko; compatible; GPTBot/1.4; +https://openai.com/gptbot)"
57.141.0.21 - - [29/Jul/2026:16:25:24 +0200] "GET /?j=m6e1t1a3p7e2c0t2i0c70 HTTP/1.1" 200 203404 "-" "Mozilla/5.0 (Windows NT 10.0; Win64; x64) AppleWebKit/537.36 (KHTML, like Gecko) Chrome/145.0.0.0 Safari/537.36 (compatible; meta-externalagent/1.1 (+https://developers.facebook.com/docs/sharing/webmasters/crawler))"
216.73.217.39 - - [29/Jul/2026:16:25:25 +0200] "GET /?j=i4l3i0c3i2n036098 HTTP/1.1" 200 203687 "-" "Mozilla/5.0 AppleWebKit/537.36 (KHTML, like Gecko; compatible; ClaudeBot/1.0; +claudebot@anthropic.com)"
74.7.243.231 - - [29/Jul/2026:16:25:31 +0200] "GET /shops/campylotropous/c4a2n3o1r6o9u6s2732 HTTP/1.1" 404 81563 "https://royalty-trailers.co.za/sitemap.xml" "Mozilla/5.0 AppleWebKit/537.36 (KHTML, like Gecko; compatible; GPTBot/1.4; +https://openai.com/gptbot)"
216.73.217.39 - - [29/Jul/2026:16:25:32 +0200] "GET /?j=c4y1m3b5a4l327510 HTTP/1.1" 200 203501 "-" "Mozilla/5.0 AppleWebKit/537.36 (KHTML, like Gecko; compatible; ClaudeBot/1.0; +claudebot@anthropic.com)"
74.7.243.231 - - [29/Jul/2026:16:25:37 +0200] "GET /shops/shielddrake/g4e2o7g7r0a8p2h2i0e7s9 HTTP/1.1" 404 81563 "https://royalty-trailers.co.za/sitemap.xml" "Mozilla/5.0 AppleWebKit/537.36 (KHTML, like Gecko; compatible; GPTBot/1.4; +https://openai.com/gptbot)"
74.7.243.231 - - [29/Jul/2026:16:25:41 +0200] "GET /?norse/42055531721 HTTP/1.1" 301 0 "https://royalty-trailers.co.za/sitemap.xml" "Mozilla/5.0 AppleWebKit/537.36 (KHTML, like Gecko; compatible; GPTBot/1.4; +https://openai.com/gptbot)"
216.73.217.39 - - [29/Jul/2026:16:25:42 +0200] "GET /?j=p4i2n6n0a7t6i4p2e4d44 HTTP/1.1" 200 203980 "-" "Mozilla/5.0 AppleWebKit/537.36 (KHTML, like Gecko; compatible; ClaudeBot/1.0; +claudebot@anthropic.com)"
74.7.243.231 - - [29/Jul/2026:16:25:47 +0200] "GET /?norse%2F42055531721 HTTP/1.1" 200 203687 "https://royalty-trailers.co.za/?norse/42055531721" "Mozilla/5.0 AppleWebKit/537.36 (KHTML, like Gecko; compatible; GPTBot/1.4; +https://openai.com/gptbot)"
74.7.243.231 - - [29/Jul/2026:16:25:51 +0200] "GET /shops/soyned/s4p2l1a7n7c8h9n0o6p7leuric HTTP/1.1" 404 146249 "https://royalty-trailers.co.za/sitemap.xml" "Mozilla/5.0 AppleWebKit/537.36 (KHTML, like Gecko; compatible; GPTBot/1.4; +https://openai.com/gptbot)"
216.73.217.39 - - [29/Jul/2026:16:25:51 +0200] "GET /?j=o4v3i5n6a0463208 HTTP/1.1" 200 203662 "-" "Mozilla/5.0 AppleWebKit/537.36 (KHTML, like Gecko; compatible; ClaudeBot/1.0; +claudebot@anthropic.com)"
74.7.243.231 - - [29/Jul/2026:16:25:56 +0200] "GET /yardstick/broadseal/w4e1a6k5k6n1e1e0d43 HTTP/1.1" 404 146249 "https://royalty-trailers.co.za/sitemap.xml" "Mozilla/5.0 AppleWebKit/537.36 (KHTML, like Gecko; compatible; GPTBot/1.4; +https://openai.com/gptbot)"
216.73.217.39 - - [29/Jul/2026:16:25:58 +0200] "GET /neocene/tillered/e4n2t6e5r2p6r4i3s9i2n7gly HTTP/1.1" 404 146241 "-" "Mozilla/5.0 AppleWebKit/537.36 (KHTML, like Gecko; compatible; ClaudeBot/1.0; +claudebot@anthropic.com)"
74.7.243.231 - - [29/Jul/2026:16:26:02 +0200] "GET /shops/semilenticular/t4i7l5e4r0i6e5s857 HTTP/1.1" 404 81563 "https://royalty-trailers.co.za/sitemap.xml" "Mozilla/5.0 AppleWebKit/537.36 (KHTML, like Gecko; compatible; GPTBot/1.4; +https://openai.com/gptbot)"
216.73.217.39 - - [29/Jul/2026:16:26:04 +0200] "GET /landleaguism/embayment/m4e3l6o3p5o9e1i5a272 HTTP/1.1" 404 146249 "-" "Mozilla/5.0 AppleWebKit/537.36 (KHTML, like Gecko; compatible; ClaudeBot/1.0; +claudebot@anthropic.com)"
74.7.243.231 - - [29/Jul/2026:16:26:07 +0200] "GET /shops/freespokenness/l4a3b0i3a5t8u3s199 HTTP/1.1" 404 81563 "https://royalty-trailers.co.za/sitemap.xml" "Mozilla/5.0 AppleWebKit/537.36 (KHTML, like Gecko; compatible; GPTBot/1.4; +https://openai.com/gptbot)"
74.7.243.231 - - [29/Jul/2026:16:26:12 +0200] "GET /shops/platel/t4e3r7r5i8t8o5r7i8a5lizing HTTP/1.1" 404 81563 "https://royalty-trailers.co.za/sitemap.xml" "Mozilla/5.0 AppleWebKit/537.36 (KHTML, like Gecko; compatible; GPTBot/1.4; +https://openai.com/gptbot)"
216.73.217.39 - - [29/Jul/2026:16:26:15 +0200] "GET /shops/tidology/s4l3u6g9h8o4r4n0e82 HTTP/1.1" 404 146241 "-" "Mozilla/5.0 AppleWebKit/537.36 (KHTML, like Gecko; compatible; ClaudeBot/1.0; +claudebot@anthropic.com)"
164.68.125.131 - - [29/Jul/2026:16:26:17 +0200] "POST /wp-cron.php?doing_wp_cron=1785335177.2169840335845947265625 HTTP/1.1" 200 0 "-" "WordPress/6.9.4; https://royalty-trailers.co.za"
74.7.243.231 - - [29/Jul/2026:16:26:17 +0200] "GET /opifice/hyalophane/i4n2s5e4c1a6b0l8e772 HTTP/1.1" 404 81563 "https://royalty-trailers.co.za/sitemap.xml" "Mozilla/5.0 AppleWebKit/537.36 (KHTML, like Gecko; compatible; GPTBot/1.4; +https://openai.com/gptbot)"
74.7.243.231 - - [29/Jul/2026:16:26:22 +0200] "GET /shops/haemacyanin/s4t4o2o1p7i8n7g8l0y19 HTTP/1.1" 404 81563 "https://royalty-trailers.co.za/sitemap.xml" "Mozilla/5.0 AppleWebKit/537.36 (KHTML, like Gecko; compatible; GPTBot/1.4; +https://openai.com/gptbot)"
66.249.66.164 - - [29/Jul/2026:16:26:25 +0200] "GET /?j=r4i2t6e4n1u2t8o9203 HTTP/1.1" 200 794536 "-" "Mozilla/5.0 (Linux; Android 6.0.1; Nexus 5X Build/MMB29P) AppleWebKit/537.36 (KHTML, like Gecko) Chrome/150.0.7871.128 Mobile Safari/537.36 (compatible; GoogleOther)"
216.73.217.39 - - [29/Jul/2026:16:26:26 +0200] "GET /?j=a4l8t6i1l1o1q9u3e7n3t HTTP/1.1" 200 203510 "-" "Mozilla/5.0 AppleWebKit/537.36 (KHTML, like Gecko; compatible; ClaudeBot/1.0; +claudebot@anthropic.com)"
74.7.243.231 - - [29/Jul/2026:16:26:26 +0200] "GET /shops/dispossessor/y4a2r5d8s5t1i7c0k961 HTTP/1.1" 404 81563 "https://royalty-trailers.co.za/sitemap.xml" "Mozilla/5.0 AppleWebKit/537.36 (KHTML, like Gecko; compatible; GPTBot/1.4; +https://openai.com/gptbot)"
74.7.243.231 - - [29/Jul/2026:16:26:31 +0200] "GET /shops/plangent/v4e4x1a4t7i0o1u4s7n4e3ss HTTP/1.1" 404 81563 "https://royalty-trailers.co.za/sitemap.xml" "Mozilla/5.0 AppleWebKit/537.36 (KHTML, like Gecko; compatible; GPTBot/1.4; +https://openai.com/gptbot)"
74.7.243.231 - - [29/Jul/2026:16:26:36 +0200] "GET /shops/gymnonoti/m4i3c4r3o5n2e3s8i5a7n4s HTTP/1.1" 404 81563 "https://royalty-trailers.co.za/sitemap.xml" "Mozilla/5.0 AppleWebKit/537.36 (KHTML, like Gecko; compatible; GPTBot/1.4; +https://openai.com/gptbot)"
216.73.217.39 - - [29/Jul/2026:16:26:38 +0200] "GET /?j=c4o3n1t7e8n5d78649 HTTP/1.1" 200 203412 "-" "Mozilla/5.0 AppleWebKit/537.36 (KHTML, like Gecko; compatible; ClaudeBot/1.0; +claudebot@anthropic.com)"
74.7.243.231 - - [29/Jul/2026:16:26:41 +0200] "GET /shops/thomsenolite/s4c3h5o3o0l4e6r9y890 HTTP/1.1" 404 81563 "https://royalty-trailers.co.za/sitemap.xml" "Mozilla/5.0 AppleWebKit/537.36 (KHTML, like Gecko; compatible; GPTBot/1.4; +https://openai.com/gptbot)"
74.7.243.231 - - [29/Jul/2026:16:26:46 +0200] "GET /ascariasis/purtenance/m4i2g6n5o8n685662 HTTP/1.1" 404 81563 "https://royalty-trailers.co.za/sitemap.xml" "Mozilla/5.0 AppleWebKit/537.36 (KHTML, like Gecko; compatible; GPTBot/1.4; +https://openai.com/gptbot)"
216.73.217.39 - - [29/Jul/2026:16:26:50 +0200] "GET /?j=e4x2t1a9s7y643943 HTTP/1.1" 200 203696 "-" "Mozilla/5.0 AppleWebKit/537.36 (KHTML, like Gecko; compatible; ClaudeBot/1.0; +claudebot@anthropic.com)"
74.7.243.231 - - [29/Jul/2026:16:26:51 +0200] "GET /shops/homologinic/b4r4o0c4a9t2e2l8l0o87 HTTP/1.1" 404 81563 "https://royalty-trailers.co.za/sitemap.xml" "Mozilla/5.0 AppleWebKit/537.36 (KHTML, like Gecko; compatible; GPTBot/1.4; +https://openai.com/gptbot)"
57.141.0.47 - - [29/Jul/2026:16:26:55 +0200] "GET /?euxanthic/43070504021 HTTP/1.1" 301 0 "-" "Mozilla/5.0 (Windows NT 10.0; Win64; x64) AppleWebKit/537.36 (KHTML, like Gecko) Chrome/145.0.0.0 Safari/537.36 (compatible; meta-externalagent/1.1 (+https://developers.facebook.com/docs/sharing/webmasters/crawler))"
74.7.243.231 - - [29/Jul/2026:16:26:55 +0200] "GET /shops/druidism/c4o3n4s9t2e9l9l0a2t4i2on HTTP/1.1" 404 81563 "https://royalty-trailers.co.za/sitemap.xml" "Mozilla/5.0 AppleWebKit/537.36 (KHTML, like Gecko; compatible; GPTBot/1.4; +https://openai.com/gptbot)"
74.7.243.231 - - [29/Jul/2026:16:27:00 +0200] "GET /shops/auriscope/e4p3i9c0h1i4r7e3m4a3t7a HTTP/1.1" 404 81563 "https://royalty-trailers.co.za/sitemap.xml" "Mozilla/5.0 AppleWebKit/537.36 (KHTML, like Gecko; compatible; GPTBot/1.4; +https://openai.com/gptbot)"
216.73.217.39 - - [29/Jul/2026:16:27:01 +0200] "GET /?j=p4e2t8r3o8g0r6a7d818 HTTP/1.1" 200 203463 "-" "Mozilla/5.0 AppleWebKit/537.36 (KHTML, like Gecko; compatible; ClaudeBot/1.0; +claudebot@anthropic.com)"
74.7.243.231 - - [29/Jul/2026:16:27:05 +0200] "GET /?j=m4o4u4n6d5e8d5554 HTTP/1.1" 200 203836 "https://royalty-trailers.co.za/sitemap.xml" "Mozilla/5.0 AppleWebKit/537.36 (KHTML, like Gecko; compatible; GPTBot/1.4; +https://openai.com/gptbot)"
74.7.243.231 - - [29/Jul/2026:16:27:10 +0200] "GET /omination/worshipfulness/r4o4o1k3e3d9364 HTTP/1.1" 404 146249 "https://royalty-trailers.co.za/sitemap.xml" "Mozilla/5.0 AppleWebKit/537.36 (KHTML, like Gecko; compatible; GPTBot/1.4; +https://openai.com/gptbot)"
216.73.217.39 - - [29/Jul/2026:16:27:12 +0200] "GET /shops/spoonflower/p4o3s5t5e6r8o26927 HTTP/1.1" 404 146249 "-" "Mozilla/5.0 AppleWebKit/537.36 (KHTML, like Gecko; compatible; ClaudeBot/1.0; +claudebot@anthropic.com)"
164.68.125.131 - - [29/Jul/2026:16:27:15 +0200] "POST /wp-cron.php?doing_wp_cron=1785335235.5017490386962890625000 HTTP/1.1" 200 0 "-" "WordPress/6.9.4; https://royalty-trailers.co.za"
74.7.243.231 - - [29/Jul/2026:16:27:15 +0200] "GET /?eunuch/488946896 HTTP/1.1" 301 0 "https://royalty-trailers.co.za/sitemap.xml" "Mozilla/5.0 AppleWebKit/537.36 (KHTML, like Gecko; compatible; GPTBot/1.4; +https://openai.com/gptbot)"
74.7.243.231 - - [29/Jul/2026:16:27:20 +0200] "GET /?eunuch%2F488946896 HTTP/1.1" 200 203635 "https://royalty-trailers.co.za/?eunuch/488946896" "Mozilla/5.0 AppleWebKit/537.36 (KHTML, like Gecko; compatible; GPTBot/1.4; +https://openai.com/gptbot)"
216.73.217.39 - - [29/Jul/2026:16:27:23 +0200] "GET /shops/unpassableness/g4u1l8l3e7t441436 HTTP/1.1" 404 146249 "-" "Mozilla/5.0 AppleWebKit/537.36 (KHTML, like Gecko; compatible; ClaudeBot/1.0; +claudebot@anthropic.com)"
74.7.243.231 - - [29/Jul/2026:16:27:25 +0200] "GET /shops/superadvenient/s4w3i0f7t0l7y09069 HTTP/1.1" 404 146249 "https://royalty-trailers.co.za/sitemap.xml" "Mozilla/5.0 AppleWebKit/537.36 (KHTML, like Gecko; compatible; GPTBot/1.4; +https://openai.com/gptbot)"
57.141.0.59 - - [29/Jul/2026:16:27:30 +0200] "GET /?euxanthic%2F43070504021 HTTP/1.1" 200 203633 "-" "Mozilla/5.0 (Windows NT 10.0; Win64; x64) AppleWebKit/537.36 (KHTML, like Gecko) Chrome/145.0.0.0 Safari/537.36 (compatible; meta-externalagent/1.1 (+https://developers.facebook.com/docs/sharing/webmasters/crawler))"
74.7.243.231 - - [29/Jul/2026:16:27:31 +0200] "GET /shops/repercussive/c4o1r2r8u2g4a9t2e967 HTTP/1.1" 404 81563 "https://royalty-trailers.co.za/sitemap.xml" "Mozilla/5.0 AppleWebKit/537.36 (KHTML, like Gecko; compatible; GPTBot/1.4; +https://openai.com/gptbot)"
216.73.217.39 - - [29/Jul/2026:16:27:34 +0200] "GET /shops/unfleshly/i4n3t5e5r5p2o6s9i4n8g6 HTTP/1.1" 404 146249 "-" "Mozilla/5.0 AppleWebKit/537.36 (KHTML, like Gecko; compatible; ClaudeBot/1.0; +claudebot@anthropic.com)"
74.7.243.231 - - [29/Jul/2026:16:27:37 +0200] "GET /shops/bespitten/a4t2r1o2p7u8r3p4u3r2e3a HTTP/1.1" 404 81563 "https://royalty-trailers.co.za/sitemap.xml" "Mozilla/5.0 AppleWebKit/537.36 (KHTML, like Gecko; compatible; GPTBot/1.4; +https://openai.com/gptbot)"
57.141.0.6 - - [29/Jul/2026:16:27:37 +0200] "GET /?j=g6a4l0i1l0e4a5n7796 HTTP/1.1" 200 203479 "-" "Mozilla/5.0 (Windows NT 10.0; Win64; x64) AppleWebKit/537.36 (KHTML, like Gecko) Chrome/145.0.0.0 Safari/537.36 (compatible; meta-externalagent/1.1 (+https://developers.facebook.com/docs/sharing/webmasters/crawler))"
216.73.217.39 - - [29/Jul/2026:16:27:39 +0200] "GET /shops/dixons/i4n3t2e4r6k0n4o1w3l8e1dge HTTP/1.1" 404 146249 "-" "Mozilla/5.0 AppleWebKit/537.36 (KHTML, like Gecko; compatible; ClaudeBot/1.0; +claudebot@anthropic.com)"
57.141.0.12 - - [29/Jul/2026:16:27:42 +0200] "GET /shops/bhutanese/c6o1m3m8o6n4a9g7e820 HTTP/1.1" 404 146249 "-" "Mozilla/5.0 (Windows NT 10.0; Win64; x64) AppleWebKit/537.36 (KHTML, like Gecko) Chrome/145.0.0.0 Safari/537.36 (compatible; meta-externalagent/1.1 (+https://developers.facebook.com/docs/sharing/webmasters/crawler))"
74.7.243.231 - - [29/Jul/2026:16:27:42 +0200] "GET /shops/gamete/o4l2d0w8o6m6a5n0i9s5h6ness HTTP/1.1" 404 81563 "https://royalty-trailers.co.za/sitemap.xml" "Mozilla/5.0 AppleWebKit/537.36 (KHTML, like Gecko; compatible; GPTBot/1.4; +https://openai.com/gptbot)"
74.7.243.231 - - [29/Jul/2026:16:27:47 +0200] "GET /siphonet/hoard/41082560293 HTTP/1.1" 404 81563 "https://royalty-trailers.co.za/sitemap.xml" "Mozilla/5.0 AppleWebKit/537.36 (KHTML, like Gecko; compatible; GPTBot/1.4; +https://openai.com/gptbot)"
57.141.0.48 - - [29/Jul/2026:16:27:50 +0200] "GET /?j=s4u2r0e0m8e3n8t7827 HTTP/1.1" 200 203541 "-" "Mozilla/5.0 (Windows NT 10.0; Win64; x64) AppleWebKit/537.36 (KHTML, like Gecko) Chrome/145.0.0.0 Safari/537.36 (compatible; meta-externalagent/1.1 (+https://developers.facebook.com/docs/sharing/webmasters/crawler))"
216.73.217.39 - - [29/Jul/2026:16:27:50 +0200] "GET /?j=a4u4t7o5p3a6t6h7i7c3 HTTP/1.1" 200 203495 "-" "Mozilla/5.0 AppleWebKit/537.36 (KHTML, like Gecko; compatible; ClaudeBot/1.0; +claudebot@anthropic.com)"
74.7.243.231 - - [29/Jul/2026:16:27:52 +0200] "GET /handiness/smoky/p4r3o2p9e4n4s9i6t8i9e4s HTTP/1.1" 404 81563 "https://royalty-trailers.co.za/sitemap.xml" "Mozilla/5.0 AppleWebKit/537.36 (KHTML, like Gecko; compatible; GPTBot/1.4; +https://openai.com/gptbot)"
74.7.243.231 - - [29/Jul/2026:16:27:56 +0200] "GET /hairsalt/noble/42657473563 HTTP/1.1" 404 81563 "https://royalty-trailers.co.za/sitemap.xml" "Mozilla/5.0 AppleWebKit/537.36 (KHTML, like Gecko; compatible; GPTBot/1.4; +https://openai.com/gptbot)"
216.73.217.39 - - [29/Jul/2026:16:28:01 +0200] "GET /?j=s4i1g7m6a6350917 HTTP/1.1" 200 203701 "-" "Mozilla/5.0 AppleWebKit/537.36 (KHTML, like Gecko; compatible; ClaudeBot/1.0; +claudebot@anthropic.com)"
74.7.243.231 - - [29/Jul/2026:16:28:01 +0200] "GET /shops/selfgratulation/u4m2b7i6l7i4c4a5t3e90 HTTP/1.1" 404 81563 "https://royalty-trailers.co.za/sitemap.xml" "Mozilla/5.0 AppleWebKit/537.36 (KHTML, like Gecko; compatible; GPTBot/1.4; +https://openai.com/gptbot)"
74.7.243.231 - - [29/Jul/2026:16:28:08 +0200] "GET /?j=f4o3r0m3u4l2a7r7i9z9e7 HTTP/1.1" 200 203689 "https://royalty-trailers.co.za/sitemap.xml" "Mozilla/5.0 AppleWebKit/537.36 (KHTML, like Gecko; compatible; GPTBot/1.4; +https://openai.com/gptbot)"
216.73.217.39 - - [29/Jul/2026:16:28:12 +0200] "GET /?j=s4o2g5g1i3n4e5s9s688 HTTP/1.1" 200 203439 "-" "Mozilla/5.0 AppleWebKit/537.36 (KHTML, like Gecko; compatible; ClaudeBot/1.0; +claudebot@anthropic.com)"
74.7.243.231 - - [29/Jul/2026:16:28:13 +0200] "GET /shops/caliginousness/f4r6i7t7i0l1l0a9r4y4 HTTP/1.1" 404 146249 "https://royalty-trailers.co.za/sitemap.xml" "Mozilla/5.0 AppleWebKit/537.36 (KHTML, like Gecko; compatible; GPTBot/1.4; +https://openai.com/gptbot)"
164.68.125.131 - - [29/Jul/2026:16:28:18 +0200] "POST /wp-cron.php?doing_wp_cron=1785335298.7877349853515625000000 HTTP/1.1" 200 0 "-" "WordPress/6.9.4; https://royalty-trailers.co.za"
74.7.243.231 - - [29/Jul/2026:16:28:18 +0200] "GET /throwaway/dryclean/t4e4l3e5n1e9r4g9y10 HTTP/1.1" 404 81563 "https://royalty-trailers.co.za/sitemap.xml" "Mozilla/5.0 AppleWebKit/537.36 (KHTML, like Gecko; compatible; GPTBot/1.4; +https://openai.com/gptbot)"
216.73.217.39 - - [29/Jul/2026:16:28:23 +0200] "GET /shops/broach/n4o1n7p1a3r0t0y6218 HTTP/1.1" 404 146249 "-" "Mozilla/5.0 AppleWebKit/537.36 (KHTML, like Gecko; compatible; ClaudeBot/1.0; +claudebot@anthropic.com)"
74.7.243.231 - - [29/Jul/2026:16:28:24 +0200] "GET /handhole/unroll/41307206365 HTTP/1.1" 404 81563 "https://royalty-trailers.co.za/sitemap.xml" "Mozilla/5.0 AppleWebKit/537.36 (KHTML, like Gecko; compatible; GPTBot/1.4; +https://openai.com/gptbot)"
74.7.243.231 - - [29/Jul/2026:16:28:29 +0200] "GET /shops/reproachableness/o4p8h6i6o9d9o7n569 HTTP/1.1" 404 81563 "https://royalty-trailers.co.za/sitemap.xml" "Mozilla/5.0 AppleWebKit/537.36 (KHTML, like Gecko; compatible; GPTBot/1.4; +https://openai.com/gptbot)"
74.7.243.231 - - [29/Jul/2026:16:28:34 +0200] "GET /ophiodon/sheen/42808465250 HTTP/1.1" 404 114331 "https://royalty-trailers.co.za/sitemap.xml" "Mozilla/5.0 AppleWebKit/537.36 (KHTML, like Gecko; compatible; GPTBot/1.4; +https://openai.com/gptbot)"
216.73.217.39 - - [29/Jul/2026:16:28:36 +0200] "GET /?j=h4y2p4o2c0h0o8n0d0r1e7s HTTP/1.1" 200 203308 "-" "Mozilla/5.0 AppleWebKit/537.36 (KHTML, like Gecko; compatible; ClaudeBot/1.0; +claudebot@anthropic.com)"
74.7.243.231 - - [29/Jul/2026:16:28:39 +0200] "GET /?j=a4p8l9i9t2i3c2802 HTTP/1.1" 200 203668 "https://royalty-trailers.co.za/sitemap.xml" "Mozilla/5.0 AppleWebKit/537.36 (KHTML, like Gecko; compatible; GPTBot/1.4; +https://openai.com/gptbot)"
74.7.243.231 - - [29/Jul/2026:16:28:44 +0200] "GET /?j=r4e5w2r1i2t1e6269 HTTP/1.1" 200 203600 "https://royalty-trailers.co.za/sitemap.xml" "Mozilla/5.0 AppleWebKit/537.36 (KHTML, like Gecko; compatible; GPTBot/1.4; +https://openai.com/gptbot)"
216.73.217.39 - - [29/Jul/2026:16:28:46 +0200] "GET /?j=c4o2n0f5o1r9m1a4b2i0l0ity HTTP/1.1" 200 203541 "-" "Mozilla/5.0 AppleWebKit/537.36 (KHTML, like Gecko; compatible; ClaudeBot/1.0; +claudebot@anthropic.com)"
74.7.243.231 - - [29/Jul/2026:16:28:49 +0200] "GET /?bunghole/4839696466 HTTP/1.1" 301 0 "https://royalty-trailers.co.za/sitemap.xml" "Mozilla/5.0 AppleWebKit/537.36 (KHTML, like Gecko; compatible; GPTBot/1.4; +https://openai.com/gptbot)"
74.7.243.231 - - [29/Jul/2026:16:28:55 +0200] "GET /?bunghole%2F4839696466 HTTP/1.1" 200 203621 "https://royalty-trailers.co.za/?bunghole/4839696466" "Mozilla/5.0 AppleWebKit/537.36 (KHTML, like Gecko; compatible; GPTBot/1.4; +https://openai.com/gptbot)"
216.73.217.39 - - [29/Jul/2026:16:28:57 +0200] "GET /?j=r4e2a3l3i8z3i8n5g6l2y3 HTTP/1.1" 200 203591 "-" "Mozilla/5.0 AppleWebKit/537.36 (KHTML, like Gecko; compatible; ClaudeBot/1.0; +claudebot@anthropic.com)"
74.7.243.231 - - [29/Jul/2026:16:29:00 +0200] "GET /?syllabic/4988663231 HTTP/1.1" 301 0 "https://royalty-trailers.co.za/sitemap.xml" "Mozilla/5.0 AppleWebKit/537.36 (KHTML, like Gecko; compatible; GPTBot/1.4; +https://openai.com/gptbot)"
74.7.243.231 - - [29/Jul/2026:16:29:04 +0200] "GET /?syllabic%2F4988663231 HTTP/1.1" 200 203728 "https://royalty-trailers.co.za/?syllabic/4988663231" "Mozilla/5.0 AppleWebKit/537.36 (KHTML, like Gecko; compatible; GPTBot/1.4; +https://openai.com/gptbot)"
216.73.217.39 - - [29/Jul/2026:16:29:06 +0200] "GET /?j=c4a2r4t1e7s6i5a5n8i1s9m HTTP/1.1" 200 203849 "-" "Mozilla/5.0 AppleWebKit/537.36 (KHTML, like Gecko; compatible; ClaudeBot/1.0; +claudebot@anthropic.com)"
74.7.243.231 - - [29/Jul/2026:16:29:10 +0200] "GET /?j=k4i5r9m9e9s0s5338 HTTP/1.1" 200 203612 "https://royalty-trailers.co.za/sitemap.xml" "Mozilla/5.0 AppleWebKit/537.36 (KHTML, like Gecko; compatible; GPTBot/1.4; +https://openai.com/gptbot)"
164.68.125.131 - - [29/Jul/2026:16:29:11 +0200] "POST /wp-cron.php?doing_wp_cron=1785335351.3888280391693115234375 HTTP/1.1" 200 0 "-" "WordPress/6.9.4; https://royalty-trailers.co.za"
57.141.0.39 - - [29/Jul/2026:16:29:11 +0200] "GET /shops/hylozoist/l8e3n4i5e5n1c4e2664 HTTP/1.1" 404 145748 "-" "Mozilla/5.0 (Macintosh; Intel Mac OS X 10_15_7) AppleWebKit/537.36 (KHTML, like Gecko) Chrome/145.0.0.0 Safari/537.36 (compatible; meta-externalagent/1.1 (+https://developers.facebook.com/docs/sharing/webmasters/crawler))"
164.68.125.131 - - [29/Jul/2026:16:29:15 +0200] "POST /wp-cron.php?doing_wp_cron=1785335355.4180290699005126953125 HTTP/1.1" 200 0 "-" "WordPress/6.9.4; https://royalty-trailers.co.za"
74.7.243.231 - - [29/Jul/2026:16:29:15 +0200] "GET /shops/lemuroid/b4r2a4s9s9v3i7s6a8g2e9d HTTP/1.1" 404 146249 "https://royalty-trailers.co.za/sitemap.xml" "Mozilla/5.0 AppleWebKit/537.36 (KHTML, like Gecko; compatible; GPTBot/1.4; +https://openai.com/gptbot)"
