74.7.243.231 - - [29/Jul/2026:16:09:26 +0200] "GET /shops/pingle/t4r3o2u9b5l8e72500 HTTP/1.1" 404 81563 "https://royalty-trailers.co.za/sitemap.xml" "Mozilla/5.0 AppleWebKit/537.36 (KHTML, like Gecko; compatible; GPTBot/1.4; +https://openai.com/gptbot)"
216.73.217.39 - - [29/Jul/2026:16:09:29 +0200] "GET /shops/plumbum/p4e8r1s4e3c6u9t1i2o4n HTTP/1.1" 404 146249 "-" "Mozilla/5.0 AppleWebKit/537.36 (KHTML, like Gecko; compatible; ClaudeBot/1.0; +claudebot@anthropic.com)"
74.7.243.231 - - [29/Jul/2026:16:09:30 +0200] "GET /shops/donary/b4e3b9i7l8y5a28350 HTTP/1.1" 404 48795 "https://royalty-trailers.co.za/sitemap.xml" "Mozilla/5.0 AppleWebKit/537.36 (KHTML, like Gecko; compatible; GPTBot/1.4; +https://openai.com/gptbot)"
57.141.0.15 - - [29/Jul/2026:16:09:32 +0200] "GET /?j=o8r3c9i3n9u8s48595 HTTP/1.1" 200 203526 "-" "Mozilla/5.0 (Windows NT 10.0; Win64; x64) AppleWebKit/537.36 (KHTML, like Gecko) Chrome/145.0.0.0 Safari/537.36 (compatible; meta-externalagent/1.1 (+https://developers.facebook.com/docs/sharing/webmasters/crawler))"
74.7.243.231 - - [29/Jul/2026:16:09:33 +0200] "GET /shops/dehortatory/s4a3c0k2l3e7s1s100 HTTP/1.1" 404 81563 "https://royalty-trailers.co.za/sitemap.xml" "Mozilla/5.0 AppleWebKit/537.36 (KHTML, like Gecko; compatible; GPTBot/1.4; +https://openai.com/gptbot)"
216.73.217.39 - - [29/Jul/2026:16:09:34 +0200] "GET /acheron/entada/h4a2r7m9l9e2s8s0879 HTTP/1.1" 404 146249 "-" "Mozilla/5.0 AppleWebKit/537.36 (KHTML, like Gecko; compatible; ClaudeBot/1.0; +claudebot@anthropic.com)"
74.7.243.231 - - [29/Jul/2026:16:09:36 +0200] "GET /tinseling/frankest/s4a3n4i5c7l3e45923 HTTP/1.1" 404 81563 "https://royalty-trailers.co.za/sitemap.xml" "Mozilla/5.0 AppleWebKit/537.36 (KHTML, like Gecko; compatible; GPTBot/1.4; +https://openai.com/gptbot)"
216.73.217.39 - - [29/Jul/2026:16:09:47 +0200] "GET /?j=c4o1c9c0i6d3i7u4m159 HTTP/1.1" 200 203689 "-" "Mozilla/5.0 AppleWebKit/537.36 (KHTML, like Gecko; compatible; ClaudeBot/1.0; +claudebot@anthropic.com)"
74.7.243.231 - - [29/Jul/2026:16:09:54 +0200] "GET /shops/fasciculus/l4i4b0e6l4l3i2n2g482 HTTP/1.1" 404 81563 "https://royalty-trailers.co.za/sitemap.xml" "Mozilla/5.0 AppleWebKit/537.36 (KHTML, like Gecko; compatible; GPTBot/1.4; +https://openai.com/gptbot)"
216.73.217.39 - - [29/Jul/2026:16:10:01 +0200] "GET /?j=i4m3p6l3i0c9a7t5i8v5e9 HTTP/1.1" 200 203701 "-" "Mozilla/5.0 AppleWebKit/537.36 (KHTML, like Gecko; compatible; ClaudeBot/1.0; +claudebot@anthropic.com)"
74.7.243.231 - - [29/Jul/2026:16:10:08 +0200] "GET /shops/tangibleness/s4o4r2t6i2n8g79534 HTTP/1.1" 404 81563 "https://royalty-trailers.co.za/sitemap.xml" "Mozilla/5.0 AppleWebKit/537.36 (KHTML, like Gecko; compatible; GPTBot/1.4; +https://openai.com/gptbot)"
216.73.217.39 - - [29/Jul/2026:16:10:11 +0200] "GET /?j=p4o2l8e0m9i4s1t2922 HTTP/1.1" 200 203874 "-" "Mozilla/5.0 AppleWebKit/537.36 (KHTML, like Gecko; compatible; ClaudeBot/1.0; +claudebot@anthropic.com)"
74.7.243.231 - - [29/Jul/2026:16:10:12 +0200] "GET /shops/oenanthone/u4n1i2f4o8r8m8e2d128 HTTP/1.1" 404 81563 "https://royalty-trailers.co.za/sitemap.xml" "Mozilla/5.0 AppleWebKit/537.36 (KHTML, like Gecko; compatible; GPTBot/1.4; +https://openai.com/gptbot)"
164.68.125.131 - - [29/Jul/2026:16:10:15 +0200] "POST /wp-cron.php?doing_wp_cron=1785334215.4840281009674072265625 HTTP/1.1" 200 0 "-" "WordPress/6.9.4; https://royalty-trailers.co.za"
74.7.243.231 - - [29/Jul/2026:16:10:15 +0200] "GET /shops/thynnus/j4u2r3i9s2d6i4c2t0i0o7n HTTP/1.1" 404 81563 "https://royalty-trailers.co.za/sitemap.xml" "Mozilla/5.0 AppleWebKit/537.36 (KHTML, like Gecko; compatible; GPTBot/1.4; +https://openai.com/gptbot)"
74.7.243.231 - - [29/Jul/2026:16:10:19 +0200] "GET /shops/boughten/s4t3r0e0n6u7o9u5s0l5y9 HTTP/1.1" 404 81563 "https://royalty-trailers.co.za/sitemap.xml" "Mozilla/5.0 AppleWebKit/537.36 (KHTML, like Gecko; compatible; GPTBot/1.4; +https://openai.com/gptbot)"
74.7.243.231 - - [29/Jul/2026:16:10:22 +0200] "GET /shops/sympathetic/c4a3r1d2a1m2o8n4212 HTTP/1.1" 404 81563 "https://royalty-trailers.co.za/sitemap.xml" "Mozilla/5.0 AppleWebKit/537.36 (KHTML, like Gecko; compatible; GPTBot/1.4; +https://openai.com/gptbot)"
74.7.243.231 - - [29/Jul/2026:16:10:25 +0200] "GET /shops/tested/a4v1i9c8e5n8n8i0a5c6e0ae HTTP/1.1" 404 81563 "https://royalty-trailers.co.za/sitemap.xml" "Mozilla/5.0 AppleWebKit/537.36 (KHTML, like Gecko; compatible; GPTBot/1.4; +https://openai.com/gptbot)"
74.7.243.231 - - [29/Jul/2026:16:10:29 +0200] "GET /shops/aegotheles/b4e1d9e8c1k2i9n1g772 HTTP/1.1" 404 81563 "https://royalty-trailers.co.za/sitemap.xml" "Mozilla/5.0 AppleWebKit/537.36 (KHTML, like Gecko; compatible; GPTBot/1.4; +https://openai.com/gptbot)"
74.7.243.231 - - [29/Jul/2026:16:10:32 +0200] "GET /shops/bewit/c4o1m0a2n2c1h1e0547 HTTP/1.1" 404 81563 "https://royalty-trailers.co.za/sitemap.xml" "Mozilla/5.0 AppleWebKit/537.36 (KHTML, like Gecko; compatible; GPTBot/1.4; +https://openai.com/gptbot)"
216.73.217.39 - - [29/Jul/2026:16:10:33 +0200] "GET /shops/prolegomenary/s4u9r4m1i4s1i4n5g34 HTTP/1.1" 404 146249 "-" "Mozilla/5.0 AppleWebKit/537.36 (KHTML, like Gecko; compatible; ClaudeBot/1.0; +claudebot@anthropic.com)"
216.73.217.39 - - [29/Jul/2026:16:10:40 +0200] "GET /?j=r4o3t6a7t1o9r9y5719 HTTP/1.1" 200 203689 "-" "Mozilla/5.0 AppleWebKit/537.36 (KHTML, like Gecko; compatible; ClaudeBot/1.0; +claudebot@anthropic.com)"
164.68.125.131 - - [29/Jul/2026:16:10:56 +0200] "POST /wp-cron.php?doing_wp_cron=1785334256.6721279621124267578125 HTTP/1.1" 200 0 "-" "WordPress/6.9.4; https://royalty-trailers.co.za"
216.73.217.39 - - [29/Jul/2026:16:10:56 +0200] "GET /shops/welder/d4i3s4t2r0a2c8t5i5l5e4 HTTP/1.1" 404 146249 "-" "Mozilla/5.0 AppleWebKit/537.36 (KHTML, like Gecko; compatible; ClaudeBot/1.0; +claudebot@anthropic.com)"
74.7.243.231 - - [29/Jul/2026:16:11:02 +0200] "GET /shops/menivel/n4i2s9e5y8598706 HTTP/1.1" 404 81563 "https://royalty-trailers.co.za/sitemap.xml" "Mozilla/5.0 AppleWebKit/537.36 (KHTML, like Gecko; compatible; GPTBot/1.4; +https://openai.com/gptbot)"
74.7.243.231 - - [29/Jul/2026:16:11:13 +0200] "GET /shops/begod/f4l3e1e2c8e4d60737 HTTP/1.1" 404 81563 "https://royalty-trailers.co.za/sitemap.xml" "Mozilla/5.0 AppleWebKit/537.36 (KHTML, like Gecko; compatible; GPTBot/1.4; +https://openai.com/gptbot)"
164.68.125.131 - - [29/Jul/2026:16:11:16 +0200] "POST /wp-cron.php?doing_wp_cron=1785334276.9277648925781250000000 HTTP/1.1" 200 0 "-" "WordPress/6.9.4; https://royalty-trailers.co.za"
74.7.243.231 - - [29/Jul/2026:16:11:17 +0200] "GET /shops/rampant/a4t1o5m8y6968745 HTTP/1.1" 404 81563 "https://royalty-trailers.co.za/sitemap.xml" "Mozilla/5.0 AppleWebKit/537.36 (KHTML, like Gecko; compatible; GPTBot/1.4; +https://openai.com/gptbot)"
216.73.217.39 - - [29/Jul/2026:16:11:18 +0200] "GET /shops/chondrite/p4r2e3t6e3n9d3e7n9c9e2 HTTP/1.1" 404 146249 "-" "Mozilla/5.0 AppleWebKit/537.36 (KHTML, like Gecko; compatible; ClaudeBot/1.0; +claudebot@anthropic.com)"
74.7.243.231 - - [29/Jul/2026:16:11:20 +0200] "GET /shops/waped/i4d3o3l7a1t3r2y4564 HTTP/1.1" 404 81563 "https://royalty-trailers.co.za/sitemap.xml" "Mozilla/5.0 AppleWebKit/537.36 (KHTML, like Gecko; compatible; GPTBot/1.4; +https://openai.com/gptbot)"
57.141.0.7 - - [29/Jul/2026:16:11:23 +0200] "GET /?j=u9n4r2e6m8o2r0s9e7l1e2ss HTTP/1.1" 200 203851 "-" "Mozilla/5.0 (Windows NT 10.0; Win64; x64) AppleWebKit/537.36 (KHTML, like Gecko) Chrome/145.0.0.0 Safari/537.36 (compatible; meta-externalagent/1.1 (+https://developers.facebook.com/docs/sharing/webmasters/crawler))"
74.7.243.231 - - [29/Jul/2026:16:11:23 +0200] "GET /shops/waveline/m4e4a0t3o0s3c1o5p5e92 HTTP/1.1" 404 81563 "https://royalty-trailers.co.za/sitemap.xml" "Mozilla/5.0 AppleWebKit/537.36 (KHTML, like Gecko; compatible; GPTBot/1.4; +https://openai.com/gptbot)"
57.141.0.62 - - [29/Jul/2026:16:11:24 +0200] "GET /wp-content/uploads/2021/07/home-custom-icon-1.png HTTP/1.1" 200 2558 "https://royalty-trailers.co.za/?j=u9n4r2e6m8o2r0s9e7l1e2ss" "Mozilla/5.0 (Windows NT 10.0; Win64; x64) AppleWebKit/537.36 (KHTML, like Gecko) Chrome/145.0.0.0 Safari/537.36 (compatible; meta-externalagent/1.1 (+https://developers.facebook.com/docs/sharing/webmasters/crawler))"
74.7.243.231 - - [29/Jul/2026:16:11:27 +0200] "GET /shops/flanerie/c4y1t2o3c1o5c2c7u0s74 HTTP/1.1" 404 81563 "https://royalty-trailers.co.za/sitemap.xml" "Mozilla/5.0 AppleWebKit/537.36 (KHTML, like Gecko; compatible; GPTBot/1.4; +https://openai.com/gptbot)"
74.7.243.231 - - [29/Jul/2026:16:11:30 +0200] "GET /shops/posology/r4e3l1e7g6a0t6i8o2n53 HTTP/1.1" 404 81563 "https://royalty-trailers.co.za/sitemap.xml" "Mozilla/5.0 AppleWebKit/537.36 (KHTML, like Gecko; compatible; GPTBot/1.4; +https://openai.com/gptbot)"
74.7.243.231 - - [29/Jul/2026:16:11:34 +0200] "GET /shops/tatouary/f4i2r4e1w2a7r6d6e6n01 HTTP/1.1" 404 81563 "https://royalty-trailers.co.za/sitemap.xml" "Mozilla/5.0 AppleWebKit/537.36 (KHTML, like Gecko; compatible; GPTBot/1.4; +https://openai.com/gptbot)"
74.7.243.231 - - [29/Jul/2026:16:11:37 +0200] "GET /shops/breakdown/m4u3s9k4o7g2e4e5s592 HTTP/1.1" 404 81563 "https://royalty-trailers.co.za/sitemap.xml" "Mozilla/5.0 AppleWebKit/537.36 (KHTML, like Gecko; compatible; GPTBot/1.4; +https://openai.com/gptbot)"
57.141.0.32 - - [29/Jul/2026:16:11:37 +0200] "GET /null HTTP/1.1" 404 146249 "https://royalty-trailers.co.za/?j=u9n4r2e6m8o2r0s9e7l1e2ss" "Mozilla/5.0 (Windows NT 10.0; Win64; x64) AppleWebKit/537.36 (KHTML, like Gecko) Chrome/145.0.0.0 Safari/537.36 (compatible; meta-externalagent/1.1 (+https://developers.facebook.com/docs/sharing/webmasters/crawler))"
216.73.217.39 - - [29/Jul/2026:16:11:39 +0200] "GET /shops/oriol/c4e9r3o3p6l5a6s0t1e2s HTTP/1.1" 404 146249 "-" "Mozilla/5.0 AppleWebKit/537.36 (KHTML, like Gecko; compatible; ClaudeBot/1.0; +claudebot@anthropic.com)"
74.7.243.231 - - [29/Jul/2026:16:11:40 +0200] "GET /shops/grizzled/w4i2n2d2s4h1a5k5e6n14 HTTP/1.1" 404 81563 "https://royalty-trailers.co.za/sitemap.xml" "Mozilla/5.0 AppleWebKit/537.36 (KHTML, like Gecko; compatible; GPTBot/1.4; +https://openai.com/gptbot)"
74.7.243.231 - - [29/Jul/2026:16:11:43 +0200] "GET /shops/necessary/w4i2n7n6e4b8a5g7o653 HTTP/1.1" 404 81563 "https://royalty-trailers.co.za/sitemap.xml" "Mozilla/5.0 AppleWebKit/537.36 (KHTML, like Gecko; compatible; GPTBot/1.4; +https://openai.com/gptbot)"
66.249.66.202 - - [29/Jul/2026:16:11:45 +0200] "GET /?j=t4r2e1c3e2n6t7i4s6t72 HTTP/1.1" 200 789004 "-" "Mozilla/5.0 (Linux; Android 6.0.1; Nexus 5X Build/MMB29P) AppleWebKit/537.36 (KHTML, like Gecko) Chrome/150.0.7871.128 Mobile Safari/537.36 (compatible; Googlebot/2.1; +http://www.google.com/bot.html)"
74.7.243.231 - - [29/Jul/2026:16:11:47 +0200] "GET /?j=b4u3s3k6y7784368 HTTP/1.1" 200 203411 "https://royalty-trailers.co.za/sitemap.xml" "Mozilla/5.0 AppleWebKit/537.36 (KHTML, like Gecko; compatible; GPTBot/1.4; +https://openai.com/gptbot)"
74.7.243.231 - - [29/Jul/2026:16:11:49 +0200] "GET /shops/experienced/i4r2o7n3i6s1h62632 HTTP/1.1" 404 146249 "https://royalty-trailers.co.za/sitemap.xml" "Mozilla/5.0 AppleWebKit/537.36 (KHTML, like Gecko; compatible; GPTBot/1.4; +https://openai.com/gptbot)"
74.7.243.231 - - [29/Jul/2026:16:11:53 +0200] "GET /shops/hellenize/c4o1m3p2e3n5d1i2a843 HTTP/1.1" 404 81563 "https://royalty-trailers.co.za/sitemap.xml" "Mozilla/5.0 AppleWebKit/537.36 (KHTML, like Gecko; compatible; GPTBot/1.4; +https://openai.com/gptbot)"
74.7.243.231 - - [29/Jul/2026:16:11:56 +0200] "GET /barology/termed/d4i1c0t6a3t1o3r0y407 HTTP/1.1" 404 81563 "https://royalty-trailers.co.za/sitemap.xml" "Mozilla/5.0 AppleWebKit/537.36 (KHTML, like Gecko; compatible; GPTBot/1.4; +https://openai.com/gptbot)"
216.73.217.39 - - [29/Jul/2026:16:11:57 +0200] "GET /?j=e4n1d4a2m1n0i6f3y278 HTTP/1.1" 200 203454 "-" "Mozilla/5.0 AppleWebKit/537.36 (KHTML, like Gecko; compatible; ClaudeBot/1.0; +claudebot@anthropic.com)"
74.7.243.231 - - [29/Jul/2026:16:11:59 +0200] "GET /shops/erora/p4r2u4d6e3n5t0i5a2l8i3ty HTTP/1.1" 404 81563 "https://royalty-trailers.co.za/sitemap.xml" "Mozilla/5.0 AppleWebKit/537.36 (KHTML, like Gecko; compatible; GPTBot/1.4; +https://openai.com/gptbot)"
74.7.243.231 - - [29/Jul/2026:16:12:04 +0200] "GET /shops/seaside/p4l2e0d3g4e6t36455 HTTP/1.1" 404 114331 "https://royalty-trailers.co.za/sitemap.xml" "Mozilla/5.0 AppleWebKit/537.36 (KHTML, like Gecko; compatible; GPTBot/1.4; +https://openai.com/gptbot)"
74.7.243.231 - - [29/Jul/2026:16:12:07 +0200] "GET /collaris/ligge/s4a7c0c1h8a8r7o8n3a3te HTTP/1.1" 404 81563 "https://royalty-trailers.co.za/sitemap.xml" "Mozilla/5.0 AppleWebKit/537.36 (KHTML, like Gecko; compatible; GPTBot/1.4; +https://openai.com/gptbot)"
74.7.243.231 - - [29/Jul/2026:16:12:12 +0200] "GET /shops/kerasine/l4o4q0u5a5c6i5o6u9s4ly HTTP/1.1" 404 81563 "https://royalty-trailers.co.za/sitemap.xml" "Mozilla/5.0 AppleWebKit/537.36 (KHTML, like Gecko; compatible; GPTBot/1.4; +https://openai.com/gptbot)"
164.68.125.131 - - [29/Jul/2026:16:12:15 +0200] "POST /wp-cron.php?doing_wp_cron=1785334335.4565000534057617187500 HTTP/1.1" 200 0 "-" "WordPress/6.9.4; https://royalty-trailers.co.za"
57.141.0.10 - - [29/Jul/2026:16:12:15 +0200] "GET /?j=f9u2n4n4e3l187900 HTTP/1.1" 200 203970 "-" "Mozilla/5.0 (Windows NT 10.0; Win64; x64) AppleWebKit/537.36 (KHTML, like Gecko) Chrome/145.0.0.0 Safari/537.36 (compatible; meta-externalagent/1.1 (+https://developers.facebook.com/docs/sharing/webmasters/crawler))"
216.73.217.39 - - [29/Jul/2026:16:12:19 +0200] "GET /?j=k4i1a3a1t9785513 HTTP/1.1" 200 203709 "-" "Mozilla/5.0 AppleWebKit/537.36 (KHTML, like Gecko; compatible; ClaudeBot/1.0; +claudebot@anthropic.com)"
57.141.0.45 - - [29/Jul/2026:16:12:21 +0200] "GET /?j=m4e3d1i4o7c0r9a1l719 HTTP/1.1" 200 203415 "-" "Mozilla/5.0 (Windows NT 10.0; Win64; x64) AppleWebKit/537.36 (KHTML, like Gecko) Chrome/145.0.0.0 Safari/537.36 (compatible; meta-externalagent/1.1 (+https://developers.facebook.com/docs/sharing/webmasters/crawler))"
74.7.243.231 - - [29/Jul/2026:16:12:35 +0200] "GET /shops/axmen/c4o3n7g3e4n6e1r5o8u7sness HTTP/1.1" 404 81563 "https://royalty-trailers.co.za/sitemap.xml" "Mozilla/5.0 AppleWebKit/537.36 (KHTML, like Gecko; compatible; GPTBot/1.4; +https://openai.com/gptbot)"
216.73.217.39 - - [29/Jul/2026:16:12:40 +0200] "GET /?j=s4u2a2v7i5f1i7e1d75 HTTP/1.1" 200 203720 "-" "Mozilla/5.0 AppleWebKit/537.36 (KHTML, like Gecko; compatible; ClaudeBot/1.0; +claudebot@anthropic.com)"
57.141.0.9 - - [29/Jul/2026:16:12:45 +0200] "GET /shops/hamfatter/s4o3l6i0p5s0i9s9m09 HTTP/1.1" 404 146249 "-" "Mozilla/5.0 (Windows NT 10.0; Win64; x64) AppleWebKit/537.36 (KHTML, like Gecko) Chrome/145.0.0.0 Safari/537.36 (compatible; meta-externalagent/1.1 (+https://developers.facebook.com/docs/sharing/webmasters/crawler))"
74.7.243.231 - - [29/Jul/2026:16:12:45 +0200] "GET /shops/metacromion/i4n3t2e3r7m0i7n7e93 HTTP/1.1" 404 81563 "https://royalty-trailers.co.za/sitemap.xml" "Mozilla/5.0 AppleWebKit/537.36 (KHTML, like Gecko; compatible; GPTBot/1.4; +https://openai.com/gptbot)"
57.141.0.46 - - [29/Jul/2026:16:12:51 +0200] "GET /?j=s4o1l8e1n8d3o2n4753 HTTP/1.1" 200 203524 "-" "Mozilla/5.0 (Windows NT 10.0; Win64; x64) AppleWebKit/537.36 (KHTML, like Gecko) Chrome/145.0.0.0 Safari/537.36 (compatible; meta-externalagent/1.1 (+https://developers.facebook.com/docs/sharing/webmasters/crawler))"
57.141.0.44 - - [29/Jul/2026:16:12:52 +0200] "GET /longshoreman/induement/42112458463 HTTP/1.1" 404 146249 "-" "Mozilla/5.0 (Windows NT 10.0; Win64; x64) AppleWebKit/537.36 (KHTML, like Gecko) Chrome/145.0.0.0 Safari/537.36 (compatible; meta-externalagent/1.1 (+https://developers.facebook.com/docs/sharing/webmasters/crawler))"
74.7.243.231 - - [29/Jul/2026:16:12:52 +0200] "GET /shops/marsupialia/a4r8a2m3a5i5s3m495 HTTP/1.1" 404 146249 "https://royalty-trailers.co.za/sitemap.xml" "Mozilla/5.0 AppleWebKit/537.36 (KHTML, like Gecko; compatible; GPTBot/1.4; +https://openai.com/gptbot)"
57.141.0.3 - - [29/Jul/2026:16:12:53 +0200] "GET /?j=c4u1b2i4l6e176433 HTTP/1.1" 200 203168 "-" "Mozilla/5.0 (Macintosh; Intel Mac OS X 10_15_7) AppleWebKit/537.36 (KHTML, like Gecko) Chrome/145.0.0.0 Safari/537.36 (compatible; meta-externalagent/1.1 (+https://developers.facebook.com/docs/sharing/webmasters/crawler))"
74.7.243.231 - - [29/Jul/2026:16:12:57 +0200] "GET /?j=g4r1o5u4t9y325574 HTTP/1.1" 200 203748 "https://royalty-trailers.co.za/sitemap.xml" "Mozilla/5.0 AppleWebKit/537.36 (KHTML, like Gecko; compatible; GPTBot/1.4; +https://openai.com/gptbot)"
216.73.217.39 - - [29/Jul/2026:16:13:01 +0200] "GET /?j=b4r2e9h4o1n071135 HTTP/1.1" 200 203775 "-" "Mozilla/5.0 AppleWebKit/537.36 (KHTML, like Gecko; compatible; ClaudeBot/1.0; +claudebot@anthropic.com)"
74.7.243.231 - - [29/Jul/2026:16:13:02 +0200] "GET /showroom/semiarian/42422485439 HTTP/1.1" 404 146249 "https://royalty-trailers.co.za/sitemap.xml" "Mozilla/5.0 AppleWebKit/537.36 (KHTML, like Gecko; compatible; GPTBot/1.4; +https://openai.com/gptbot)"
164.68.125.131 - - [29/Jul/2026:16:13:08 +0200] "POST /wp-cron.php?doing_wp_cron=1785334388.0233860015869140625000 HTTP/1.1" 200 0 "-" "WordPress/6.9.4; https://royalty-trailers.co.za"
74.7.243.231 - - [29/Jul/2026:16:13:08 +0200] "GET /shops/bronzed/s4a2m4a1r4e142239 HTTP/1.1" 404 81563 "https://royalty-trailers.co.za/sitemap.xml" "Mozilla/5.0 AppleWebKit/537.36 (KHTML, like Gecko; compatible; GPTBot/1.4; +https://openai.com/gptbot)"
216.73.217.39 - - [29/Jul/2026:16:13:13 +0200] "GET /shops/hummer/d4o1p1e9r1450695 HTTP/1.1" 404 146249 "-" "Mozilla/5.0 AppleWebKit/537.36 (KHTML, like Gecko; compatible; ClaudeBot/1.0; +claudebot@anthropic.com)"
74.7.243.231 - - [29/Jul/2026:16:13:13 +0200] "GET /shops/pouff/e4x3p1o4s7i3n7g3232 HTTP/1.1" 404 81563 "https://royalty-trailers.co.za/sitemap.xml" "Mozilla/5.0 AppleWebKit/537.36 (KHTML, like Gecko; compatible; GPTBot/1.4; +https://openai.com/gptbot)"
164.68.125.131 - - [29/Jul/2026:16:13:18 +0200] "POST /wp-cron.php?doing_wp_cron=1785334398.1505730152130126953125 HTTP/1.1" 200 0 "-" "WordPress/6.9.4; https://royalty-trailers.co.za"
57.141.0.71 - - [29/Jul/2026:16:13:18 +0200] "GET /?j=l9o1s2i3n5g645153 HTTP/1.1" 200 203861 "-" "Mozilla/5.0 (Windows NT 10.0; Win64; x64) AppleWebKit/537.36 (KHTML, like Gecko) Chrome/145.0.0.0 Safari/537.36 (compatible; meta-externalagent/1.1 (+https://developers.facebook.com/docs/sharing/webmasters/crawler))"
74.7.243.231 - - [29/Jul/2026:16:13:19 +0200] "GET /shops/preaortic/t4r9o9i3c415526 HTTP/1.1" 404 81563 "https://royalty-trailers.co.za/sitemap.xml" "Mozilla/5.0 AppleWebKit/537.36 (KHTML, like Gecko; compatible; GPTBot/1.4; +https://openai.com/gptbot)"
74.7.243.231 - - [29/Jul/2026:16:13:23 +0200] "GET /shops/overfed/n4o8m4i0n9a0l8549 HTTP/1.1" 404 81563 "https://royalty-trailers.co.za/sitemap.xml" "Mozilla/5.0 AppleWebKit/537.36 (KHTML, like Gecko; compatible; GPTBot/1.4; +https://openai.com/gptbot)"
216.73.217.39 - - [29/Jul/2026:16:13:26 +0200] "GET /?j=b4r1a3m4b5l2i2n0g464 HTTP/1.1" 200 203848 "-" "Mozilla/5.0 AppleWebKit/537.36 (KHTML, like Gecko; compatible; ClaudeBot/1.0; +claudebot@anthropic.com)"
74.7.243.231 - - [29/Jul/2026:16:13:28 +0200] "GET /shops/pulley/c4a1b6l5i7n7g4566 HTTP/1.1" 404 81563 "https://royalty-trailers.co.za/sitemap.xml" "Mozilla/5.0 AppleWebKit/537.36 (KHTML, like Gecko; compatible; GPTBot/1.4; +https://openai.com/gptbot)"
74.7.243.231 - - [29/Jul/2026:16:13:31 +0200] "GET /?j=i4l1i7a4l1337137 HTTP/1.1" 200 203424 "https://royalty-trailers.co.za/sitemap.xml" "Mozilla/5.0 AppleWebKit/537.36 (KHTML, like Gecko; compatible; GPTBot/1.4; +https://openai.com/gptbot)"
74.7.243.231 - - [29/Jul/2026:16:13:34 +0200] "GET /shops/fumaric/v4i2t0r3i5f8i4c8a5b5l4e HTTP/1.1" 404 146249 "https://royalty-trailers.co.za/sitemap.xml" "Mozilla/5.0 AppleWebKit/537.36 (KHTML, like Gecko; compatible; GPTBot/1.4; +https://openai.com/gptbot)"
216.73.217.39 - - [29/Jul/2026:16:13:37 +0200] "GET /shops/epipetalous/p4e8d5o6g6r0a1p0h99 HTTP/1.1" 404 146249 "-" "Mozilla/5.0 AppleWebKit/537.36 (KHTML, like Gecko; compatible; ClaudeBot/1.0; +claudebot@anthropic.com)"
74.7.243.231 - - [29/Jul/2026:16:13:38 +0200] "GET /shops/cytoskeletal/e4n1s7u7i3n6g04751 HTTP/1.1" 404 130715 "https://royalty-trailers.co.za/sitemap.xml" "Mozilla/5.0 AppleWebKit/537.36 (KHTML, like Gecko; compatible; GPTBot/1.4; +https://openai.com/gptbot)"
74.7.243.231 - - [29/Jul/2026:16:13:42 +0200] "GET /?j=r4h3y5n5i5a346795 HTTP/1.1" 200 203521 "https://royalty-trailers.co.za/sitemap.xml" "Mozilla/5.0 AppleWebKit/537.36 (KHTML, like Gecko; compatible; GPTBot/1.4; +https://openai.com/gptbot)"
216.73.217.39 - - [29/Jul/2026:16:13:43 +0200] "GET /?j=p4r3e4s1c8a6p9u5l8a59 HTTP/1.1" 200 203672 "-" "Mozilla/5.0 AppleWebKit/537.36 (KHTML, like Gecko; compatible; ClaudeBot/1.0; +claudebot@anthropic.com)"
74.7.243.231 - - [29/Jul/2026:16:13:45 +0200] "GET /?j=p4o2o8d8l7e735414 HTTP/1.1" 200 203721 "https://royalty-trailers.co.za/sitemap.xml" "Mozilla/5.0 AppleWebKit/537.36 (KHTML, like Gecko; compatible; GPTBot/1.4; +https://openai.com/gptbot)"
74.7.243.231 - - [29/Jul/2026:16:13:48 +0200] "GET /?j=s4a1g2g4e6r457914 HTTP/1.1" 200 203737 "https://royalty-trailers.co.za/sitemap.xml" "Mozilla/5.0 AppleWebKit/537.36 (KHTML, like Gecko; compatible; GPTBot/1.4; +https://openai.com/gptbot)"
74.7.243.231 - - [29/Jul/2026:16:13:52 +0200] "GET /?j=y4o3r9k0e5r013649 HTTP/1.1" 200 203491 "https://royalty-trailers.co.za/sitemap.xml" "Mozilla/5.0 AppleWebKit/537.36 (KHTML, like Gecko; compatible; GPTBot/1.4; +https://openai.com/gptbot)"
216.73.217.39 - - [29/Jul/2026:16:13:53 +0200] "GET /?j=h4i2m5s9e7l3f23267 HTTP/1.1" 200 203715 "-" "Mozilla/5.0 AppleWebKit/537.36 (KHTML, like Gecko; compatible; ClaudeBot/1.0; +claudebot@anthropic.com)"
74.7.243.231 - - [29/Jul/2026:16:13:55 +0200] "GET /?j=o4s2t1i1u1m527845 HTTP/1.1" 200 203757 "https://royalty-trailers.co.za/sitemap.xml" "Mozilla/5.0 AppleWebKit/537.36 (KHTML, like Gecko; compatible; GPTBot/1.4; +https://openai.com/gptbot)"
57.141.0.2 - - [29/Jul/2026:16:13:59 +0200] "GET /shops/fitchy/r4i1g7g8i0s9h5812 HTTP/1.1" 404 146249 "-" "Mozilla/5.0 (Windows NT 10.0; Win64; x64) AppleWebKit/537.36 (KHTML, like Gecko) Chrome/145.0.0.0 Safari/537.36 (compatible; meta-externalagent/1.1 (+https://developers.facebook.com/docs/sharing/webmasters/crawler))"
74.7.243.231 - - [29/Jul/2026:16:13:59 +0200] "GET /?j=m4a1d2d3e2d739157 HTTP/1.1" 200 203647 "https://royalty-trailers.co.za/sitemap.xml" "Mozilla/5.0 AppleWebKit/537.36 (KHTML, like Gecko; compatible; GPTBot/1.4; +https://openai.com/gptbot)"
57.141.0.28 - - [29/Jul/2026:16:13:59 +0200] "GET /accord/appositively/p4u2c6k9a6073390 HTTP/1.1" 404 146249 "-" "Mozilla/5.0 (Windows NT 10.0; Win64; x64) AppleWebKit/537.36 (KHTML, like Gecko) Chrome/145.0.0.0 Safari/537.36 (compatible; meta-externalagent/1.1 (+https://developers.facebook.com/docs/sharing/webmasters/crawler))"
74.7.243.231 - - [29/Jul/2026:16:14:03 +0200] "GET /?j=p4a1t4h2e3d071124 HTTP/1.1" 200 203516 "https://royalty-trailers.co.za/sitemap.xml" "Mozilla/5.0 AppleWebKit/537.36 (KHTML, like Gecko; compatible; GPTBot/1.4; +https://openai.com/gptbot)"
216.73.217.39 - - [29/Jul/2026:16:14:06 +0200] "GET /laism/h4a4l6f9s4w5o4r5d81 HTTP/1.1" 404 146249 "-" "Mozilla/5.0 AppleWebKit/537.36 (KHTML, like Gecko; compatible; ClaudeBot/1.0; +claudebot@anthropic.com)"
57.141.0.47 - - [29/Jul/2026:16:14:07 +0200] "GET /shops/reduplicative/s6p1i3c1u2l2a5e7855 HTTP/1.1" 404 146249 "-" "Mozilla/5.0 (Windows NT 10.0; Win64; x64) AppleWebKit/537.36 (KHTML, like Gecko) Chrome/145.0.0.0 Safari/537.36 (compatible; meta-externalagent/1.1 (+https://developers.facebook.com/docs/sharing/webmasters/crawler))"
164.68.125.131 - - [29/Jul/2026:16:14:17 +0200] "POST /wp-cron.php?doing_wp_cron=1785334457.9602990150451660156250 HTTP/1.1" 200 0 "-" "WordPress/6.9.4; https://royalty-trailers.co.za"
216.73.217.39 - - [29/Jul/2026:16:14:18 +0200] "GET /?j=p4u1d6e6n3d3u0m6138 HTTP/1.1" 200 203429 "-" "Mozilla/5.0 AppleWebKit/537.36 (KHTML, like Gecko; compatible; ClaudeBot/1.0; +claudebot@anthropic.com)"
74.7.243.231 - - [29/Jul/2026:16:14:25 +0200] "GET /?j=t4h3e3b3a6n892360 HTTP/1.1" 200 203477 "https://royalty-trailers.co.za/sitemap.xml" "Mozilla/5.0 AppleWebKit/537.36 (KHTML, like Gecko; compatible; GPTBot/1.4; +https://openai.com/gptbot)"
216.73.217.39 - - [29/Jul/2026:16:14:32 +0200] "GET /shops/silkweed/g4r4a1m2m2a5t5i5c6a8l6ly HTTP/1.1" 404 146249 "-" "Mozilla/5.0 AppleWebKit/537.36 (KHTML, like Gecko; compatible; ClaudeBot/1.0; +claudebot@anthropic.com)"
74.7.243.231 - - [29/Jul/2026:16:14:35 +0200] "GET /?j=b4i2d4e5n8s752988 HTTP/1.1" 200 203489 "https://royalty-trailers.co.za/sitemap.xml" "Mozilla/5.0 AppleWebKit/537.36 (KHTML, like Gecko; compatible; GPTBot/1.4; +https://openai.com/gptbot)"
74.7.243.231 - - [29/Jul/2026:16:14:39 +0200] "GET /?j=m4i2d8a5i7r828294 HTTP/1.1" 200 203625 "https://royalty-trailers.co.za/sitemap.xml" "Mozilla/5.0 AppleWebKit/537.36 (KHTML, like Gecko; compatible; GPTBot/1.4; +https://openai.com/gptbot)"
74.7.243.231 - - [29/Jul/2026:16:14:42 +0200] "GET /?j=w4a3d8m7o6l382332 HTTP/1.1" 200 203880 "https://royalty-trailers.co.za/sitemap.xml" "Mozilla/5.0 AppleWebKit/537.36 (KHTML, like Gecko; compatible; GPTBot/1.4; +https://openai.com/gptbot)"
216.73.217.39 - - [29/Jul/2026:16:14:45 +0200] "GET /?j=x4y3l9e4b0o0r2u5s17 HTTP/1.1" 200 203402 "-" "Mozilla/5.0 AppleWebKit/537.36 (KHTML, like Gecko; compatible; ClaudeBot/1.0; +claudebot@anthropic.com)"
74.7.243.231 - - [29/Jul/2026:16:14:45 +0200] "GET /?j=o4c3h8y7m8y970037 HTTP/1.1" 200 203555 "https://royalty-trailers.co.za/sitemap.xml" "Mozilla/5.0 AppleWebKit/537.36 (KHTML, like Gecko; compatible; GPTBot/1.4; +https://openai.com/gptbot)"
74.7.243.231 - - [29/Jul/2026:16:14:48 +0200] "GET /?j=a4b1r7a2s3e636725 HTTP/1.1" 200 203772 "https://royalty-trailers.co.za/sitemap.xml" "Mozilla/5.0 AppleWebKit/537.36 (KHTML, like Gecko; compatible; GPTBot/1.4; +https://openai.com/gptbot)"
74.7.243.231 - - [29/Jul/2026:16:14:52 +0200] "GET /?j=z4a2f6f8e2r186945 HTTP/1.1" 200 203600 "https://royalty-trailers.co.za/sitemap.xml" "Mozilla/5.0 AppleWebKit/537.36 (KHTML, like Gecko; compatible; GPTBot/1.4; +https://openai.com/gptbot)"
74.7.243.231 - - [29/Jul/2026:16:14:54 +0200] "GET /?country/44175646076 HTTP/1.1" 301 0 "https://royalty-trailers.co.za/sitemap.xml" "Mozilla/5.0 AppleWebKit/537.36 (KHTML, like Gecko; compatible; GPTBot/1.4; +https://openai.com/gptbot)"
57.141.0.52 - - [29/Jul/2026:16:14:54 +0200] "GET /shops/scotia/a4e3g3e1r7i8a8d0a2e03 HTTP/1.1" 404 146249 "-" "Mozilla/5.0 (X11; Linux x86_64) AppleWebKit/537.36 (KHTML, like Gecko) Chrome/145.0.0.0 Safari/537.36 (compatible; meta-externalagent/1.1 (+https://developers.facebook.com/docs/sharing/webmasters/crawler))"
74.7.243.231 - - [29/Jul/2026:16:14:57 +0200] "GET /?country%2F44175646076 HTTP/1.1" 200 203389 "https://royalty-trailers.co.za/?country/44175646076" "Mozilla/5.0 AppleWebKit/537.36 (KHTML, like Gecko; compatible; GPTBot/1.4; +https://openai.com/gptbot)"
74.7.243.231 - - [29/Jul/2026:16:15:01 +0200] "GET /?j=b4a1t4i6n8g679788 HTTP/1.1" 200 203585 "https://royalty-trailers.co.za/sitemap.xml" "Mozilla/5.0 AppleWebKit/537.36 (KHTML, like Gecko; compatible; GPTBot/1.4; +https://openai.com/gptbot)"
74.7.243.231 - - [29/Jul/2026:16:15:06 +0200] "GET /?j=d4e1b9t6e4d985294 HTTP/1.1" 200 203704 "https://royalty-trailers.co.za/sitemap.xml" "Mozilla/5.0 AppleWebKit/537.36 (KHTML, like Gecko; compatible; GPTBot/1.4; +https://openai.com/gptbot)"
216.73.217.39 - - [29/Jul/2026:16:15:09 +0200] "GET /autocatalysis/mahometanized/41779351220 HTTP/1.1" 404 146249 "-" "Mozilla/5.0 AppleWebKit/537.36 (KHTML, like Gecko; compatible; ClaudeBot/1.0; +claudebot@anthropic.com)"
74.7.243.231 - - [29/Jul/2026:16:15:09 +0200] "GET /?shelled/41353192736 HTTP/1.1" 301 0 "https://royalty-trailers.co.za/sitemap.xml" "Mozilla/5.0 AppleWebKit/537.36 (KHTML, like Gecko; compatible; GPTBot/1.4; +https://openai.com/gptbot)"
74.7.243.231 - - [29/Jul/2026:16:15:12 +0200] "GET /?shelled%2F41353192736 HTTP/1.1" 200 203404 "https://royalty-trailers.co.za/?shelled/41353192736" "Mozilla/5.0 AppleWebKit/537.36 (KHTML, like Gecko; compatible; GPTBot/1.4; +https://openai.com/gptbot)"
164.68.125.131 - - [29/Jul/2026:16:15:15 +0200] "POST /wp-cron.php?doing_wp_cron=1785334515.0740399360656738281250 HTTP/1.1" 200 0 "-" "WordPress/6.9.4; https://royalty-trailers.co.za"
216.73.217.39 - - [29/Jul/2026:16:15:15 +0200] "GET /?j=a4s4s2o1c4i3a1t4e2p2r8enominal HTTP/1.1" 200 203413 "-" "Mozilla/5.0 AppleWebKit/537.36 (KHTML, like Gecko; compatible; ClaudeBot/1.0; +claudebot@anthropic.com)"
74.7.243.231 - - [29/Jul/2026:16:15:15 +0200] "GET /shops/liquefiable/m4e2a8t4u2s8e9s7454 HTTP/1.1" 404 146249 "https://royalty-trailers.co.za/sitemap.xml" "Mozilla/5.0 AppleWebKit/537.36 (KHTML, like Gecko; compatible; GPTBot/1.4; +https://openai.com/gptbot)"
74.7.243.231 - - [29/Jul/2026:16:15:19 +0200] "GET /shops/linament/m4e3n7a1c0c4a5n9i7t8e9 HTTP/1.1" 404 81563 "https://royalty-trailers.co.za/sitemap.xml" "Mozilla/5.0 AppleWebKit/537.36 (KHTML, like Gecko; compatible; GPTBot/1.4; +https://openai.com/gptbot)"
74.7.243.231 - - [29/Jul/2026:16:15:23 +0200] "GET /shops/brownism/h4a1r5e1b4r6a6i6n1e5d9 HTTP/1.1" 404 81563 "https://royalty-trailers.co.za/sitemap.xml" "Mozilla/5.0 AppleWebKit/537.36 (KHTML, like Gecko; compatible; GPTBot/1.4; +https://openai.com/gptbot)"
216.73.217.39 - - [29/Jul/2026:16:15:25 +0200] "GET /?j=i4n8c8o6n6c7e1i7v4a2ble HTTP/1.1" 200 203718 "-" "Mozilla/5.0 AppleWebKit/537.36 (KHTML, like Gecko; compatible; ClaudeBot/1.0; +claudebot@anthropic.com)"
74.7.243.231 - - [29/Jul/2026:16:15:26 +0200] "GET /shops/healthily/i4n3t4r4o3s4p6e3c6t59 HTTP/1.1" 404 81563 "https://royalty-trailers.co.za/sitemap.xml" "Mozilla/5.0 AppleWebKit/537.36 (KHTML, like Gecko; compatible; GPTBot/1.4; +https://openai.com/gptbot)"
74.7.243.231 - - [29/Jul/2026:16:15:29 +0200] "GET /shops/broadcaster/p4l3a6t7t4e5r8n8243 HTTP/1.1" 404 81563 "https://royalty-trailers.co.za/sitemap.xml" "Mozilla/5.0 AppleWebKit/537.36 (KHTML, like Gecko; compatible; GPTBot/1.4; +https://openai.com/gptbot)"
74.7.243.231 - - [29/Jul/2026:16:15:32 +0200] "GET /alcyonaria/uphaf/m4o2r8s8i5t1a2n9s397 HTTP/1.1" 404 81563 "https://royalty-trailers.co.za/sitemap.xml" "Mozilla/5.0 AppleWebKit/537.36 (KHTML, like Gecko; compatible; GPTBot/1.4; +https://openai.com/gptbot)"
74.7.243.231 - - [29/Jul/2026:16:15:36 +0200] "GET /?j=a4r4r2o5y2o537450 HTTP/1.1" 200 203710 "https://royalty-trailers.co.za/sitemap.xml" "Mozilla/5.0 AppleWebKit/537.36 (KHTML, like Gecko; compatible; GPTBot/1.4; +https://openai.com/gptbot)"
74.7.243.231 - - [29/Jul/2026:16:15:39 +0200] "GET /shops/shiel/d4e3f2e4r3v6e9s4c5e0n8ce HTTP/1.1" 404 146249 "https://royalty-trailers.co.za/sitemap.xml" "Mozilla/5.0 AppleWebKit/537.36 (KHTML, like Gecko; compatible; GPTBot/1.4; +https://openai.com/gptbot)"
74.7.243.231 - - [29/Jul/2026:16:15:42 +0200] "GET /shops/drawlink/b4u3m5b2l8e0p4u5p6p9y2 HTTP/1.1" 404 81563 "https://royalty-trailers.co.za/sitemap.xml" "Mozilla/5.0 AppleWebKit/537.36 (KHTML, like Gecko; compatible; GPTBot/1.4; +https://openai.com/gptbot)"
74.7.243.231 - - [29/Jul/2026:16:15:46 +0200] "GET /corsica/nominative/4357155109 HTTP/1.1" 404 81563 "https://royalty-trailers.co.za/sitemap.xml" "Mozilla/5.0 AppleWebKit/537.36 (KHTML, like Gecko; compatible; GPTBot/1.4; +https://openai.com/gptbot)"
74.7.243.231 - - [29/Jul/2026:16:15:49 +0200] "GET /shops/gyrating/s4c9r9i2m2e0r3427 HTTP/1.1" 404 81563 "https://royalty-trailers.co.za/sitemap.xml" "Mozilla/5.0 AppleWebKit/537.36 (KHTML, like Gecko; compatible; GPTBot/1.4; +https://openai.com/gptbot)"
216.73.217.39 - - [29/Jul/2026:16:15:51 +0200] "GET /?j=l4o3n6g3i2p2e6s5267 HTTP/1.1" 200 203455 "-" "Mozilla/5.0 AppleWebKit/537.36 (KHTML, like Gecko; compatible; ClaudeBot/1.0; +claudebot@anthropic.com)"
74.7.243.231 - - [29/Jul/2026:16:15:52 +0200] "GET /shops/seemer/s4t5r6i1c3t0i9o6n92 HTTP/1.1" 404 81563 "https://royalty-trailers.co.za/sitemap.xml" "Mozilla/5.0 AppleWebKit/537.36 (KHTML, like Gecko; compatible; GPTBot/1.4; +https://openai.com/gptbot)"
74.7.243.231 - - [29/Jul/2026:16:15:55 +0200] "GET /shops/tercelet/s4u9a4s7i6o4n3371 HTTP/1.1" 404 81563 "https://royalty-trailers.co.za/sitemap.xml" "Mozilla/5.0 AppleWebKit/537.36 (KHTML, like Gecko; compatible; GPTBot/1.4; +https://openai.com/gptbot)"
74.7.243.231 - - [29/Jul/2026:16:15:58 +0200] "GET /shops/potentate/m4a4d7r8a8s20771 HTTP/1.1" 404 81563 "https://royalty-trailers.co.za/sitemap.xml" "Mozilla/5.0 AppleWebKit/537.36 (KHTML, like Gecko; compatible; GPTBot/1.4; +https://openai.com/gptbot)"
216.73.217.39 - - [29/Jul/2026:16:16:02 +0200] "GET /?j=r4h1e1m5a2t8i5c5033 HTTP/1.1" 200 203467 "-" "Mozilla/5.0 AppleWebKit/537.36 (KHTML, like Gecko; compatible; ClaudeBot/1.0; +claudebot@anthropic.com)"
74.7.243.231 - - [29/Jul/2026:16:16:02 +0200] "GET /shops/thrush/c4a4r8d1u2l4i4s969 HTTP/1.1" 404 81563 "https://royalty-trailers.co.za/sitemap.xml" "Mozilla/5.0 AppleWebKit/537.36 (KHTML, like Gecko; compatible; GPTBot/1.4; +https://openai.com/gptbot)"
57.141.0.23 - - [29/Jul/2026:16:16:03 +0200] "GET /?j=d9i3s8s0u2n6d5e6r530 HTTP/1.1" 200 203729 "-" "Mozilla/5.0 (Windows NT 10.0; Win64; x64) AppleWebKit/537.36 (KHTML, like Gecko) Chrome/145.0.0.0 Safari/537.36 (compatible; meta-externalagent/1.1 (+https://developers.facebook.com/docs/sharing/webmasters/crawler))"
74.7.243.231 - - [29/Jul/2026:16:16:06 +0200] "GET /shops/squabby/t4o5t5t9e9r34054 HTTP/1.1" 404 81563 "https://royalty-trailers.co.za/sitemap.xml" "Mozilla/5.0 AppleWebKit/537.36 (KHTML, like Gecko; compatible; GPTBot/1.4; +https://openai.com/gptbot)"
74.7.243.231 - - [29/Jul/2026:16:16:10 +0200] "GET /shops/myzontes/m4a2t3t9e3r854106 HTTP/1.1" 404 81563 "https://royalty-trailers.co.za/sitemap.xml" "Mozilla/5.0 AppleWebKit/537.36 (KHTML, like Gecko; compatible; GPTBot/1.4; +https://openai.com/gptbot)"
164.68.125.131 - - [29/Jul/2026:16:16:15 +0200] "POST /wp-cron.php?doing_wp_cron=1785334575.3775210380554199218750 HTTP/1.1" 200 0 "-" "WordPress/6.9.4; https://royalty-trailers.co.za"
74.7.243.231 - - [29/Jul/2026:16:16:15 +0200] "GET /?j=b4r2i9k0e6811432 HTTP/1.1" 200 203668 "https://royalty-trailers.co.za/sitemap.xml" "Mozilla/5.0 AppleWebKit/537.36 (KHTML, like Gecko; compatible; GPTBot/1.4; +https://openai.com/gptbot)"
74.7.243.231 - - [29/Jul/2026:16:16:19 +0200] "GET /?j=s4h3o5t8e8794127 HTTP/1.1" 200 203797 "https://royalty-trailers.co.za/sitemap.xml" "Mozilla/5.0 AppleWebKit/537.36 (KHTML, like Gecko; compatible; GPTBot/1.4; +https://openai.com/gptbot)"
74.7.243.231 - - [29/Jul/2026:16:16:23 +0200] "GET /?j=c4o2v7i8n6965018 HTTP/1.1" 200 203640 "https://royalty-trailers.co.za/sitemap.xml" "Mozilla/5.0 AppleWebKit/537.36 (KHTML, like Gecko; compatible; GPTBot/1.4; +https://openai.com/gptbot)"
74.7.243.231 - - [29/Jul/2026:16:16:27 +0200] "GET /?j=b4u3y3e0r8s84302 HTTP/1.1" 200 203699 "https://royalty-trailers.co.za/sitemap.xml" "Mozilla/5.0 AppleWebKit/537.36 (KHTML, like Gecko; compatible; GPTBot/1.4; +https://openai.com/gptbot)"
216.73.217.39 - - [29/Jul/2026:16:16:28 +0200] "GET /?j=a4s3c1r3i3b6e0d0057 HTTP/1.1" 200 203302 "-" "Mozilla/5.0 AppleWebKit/537.36 (KHTML, like Gecko; compatible; ClaudeBot/1.0; +claudebot@anthropic.com)"
74.7.243.231 - - [29/Jul/2026:16:16:30 +0200] "GET /?j=p4a1r3t8e4r73463 HTTP/1.1" 200 203541 "https://royalty-trailers.co.za/sitemap.xml" "Mozilla/5.0 AppleWebKit/537.36 (KHTML, like Gecko; compatible; GPTBot/1.4; +https://openai.com/gptbot)"
74.7.243.231 - - [29/Jul/2026:16:16:33 +0200] "GET /?j=p4o7r9k3e8r73618 HTTP/1.1" 200 203530 "https://royalty-trailers.co.za/sitemap.xml" "Mozilla/5.0 AppleWebKit/537.36 (KHTML, like Gecko; compatible; GPTBot/1.4; +https://openai.com/gptbot)"
74.7.243.231 - - [29/Jul/2026:16:16:36 +0200] "GET /?pudenda/4795085701 HTTP/1.1" 301 0 "https://royalty-trailers.co.za/sitemap.xml" "Mozilla/5.0 AppleWebKit/537.36 (KHTML, like Gecko; compatible; GPTBot/1.4; +https://openai.com/gptbot)"
74.7.243.231 - - [29/Jul/2026:16:16:39 +0200] "GET /?pudenda%2F4795085701 HTTP/1.1" 200 203513 "https://royalty-trailers.co.za/?pudenda/4795085701" "Mozilla/5.0 AppleWebKit/537.36 (KHTML, like Gecko; compatible; GPTBot/1.4; +https://openai.com/gptbot)"
74.7.243.231 - - [29/Jul/2026:16:16:43 +0200] "GET /?j=l4i7n2c2h7i83115 HTTP/1.1" 200 203540 "https://royalty-trailers.co.za/sitemap.xml" "Mozilla/5.0 AppleWebKit/537.36 (KHTML, like Gecko; compatible; GPTBot/1.4; +https://openai.com/gptbot)"
74.7.243.231 - - [29/Jul/2026:16:16:46 +0200] "GET /?j=c4l5o2r1o0x52730 HTTP/1.1" 200 203503 "https://royalty-trailers.co.za/sitemap.xml" "Mozilla/5.0 AppleWebKit/537.36 (KHTML, like Gecko; compatible; GPTBot/1.4; +https://openai.com/gptbot)"
74.7.243.231 - - [29/Jul/2026:16:16:51 +0200] "GET /?j=m4o5m6e0n0t97577 HTTP/1.1" 200 203407 "https://royalty-trailers.co.za/sitemap.xml" "Mozilla/5.0 AppleWebKit/537.36 (KHTML, like Gecko; compatible; GPTBot/1.4; +https://openai.com/gptbot)"
216.73.217.39 - - [29/Jul/2026:16:16:52 +0200] "GET /shops/unwell/m4a3r1m3o8r4a3t3u7m HTTP/1.1" 404 146249 "-" "Mozilla/5.0 AppleWebKit/537.36 (KHTML, like Gecko; compatible; ClaudeBot/1.0; +claudebot@anthropic.com)"
74.7.243.231 - - [29/Jul/2026:16:16:55 +0200] "GET /?j=o4m2i4s9h2200320 HTTP/1.1" 200 203646 "https://royalty-trailers.co.za/sitemap.xml" "Mozilla/5.0 AppleWebKit/537.36 (KHTML, like Gecko; compatible; GPTBot/1.4; +https://openai.com/gptbot)"
74.7.243.231 - - [29/Jul/2026:16:16:58 +0200] "GET /?j=w4a5g5o5n345282 HTTP/1.1" 200 203781 "https://royalty-trailers.co.za/sitemap.xml" "Mozilla/5.0 AppleWebKit/537.36 (KHTML, like Gecko; compatible; GPTBot/1.4; +https://openai.com/gptbot)"
216.73.217.39 - - [29/Jul/2026:16:17:00 +0200] "GET /?j=p4r2e4s5c0i9e4n4t2l3y9 HTTP/1.1" 200 203605 "-" "Mozilla/5.0 AppleWebKit/537.36 (KHTML, like Gecko; compatible; ClaudeBot/1.0; +claudebot@anthropic.com)"
74.7.243.231 - - [29/Jul/2026:16:17:05 +0200] "GET /?j=c4a3r6a4c331634 HTTP/1.1" 200 203623 "https://royalty-trailers.co.za/sitemap.xml" "Mozilla/5.0 AppleWebKit/537.36 (KHTML, like Gecko; compatible; GPTBot/1.4; +https://openai.com/gptbot)"
74.7.243.231 - - [29/Jul/2026:16:17:12 +0200] "GET /?j=e4r3o5r9a579323 HTTP/1.1" 200 203377 "https://royalty-trailers.co.za/sitemap.xml" "Mozilla/5.0 AppleWebKit/537.36 (KHTML, like Gecko; compatible; GPTBot/1.4; +https://openai.com/gptbot)"
164.68.125.131 - - [29/Jul/2026:16:17:16 +0200] "POST /wp-cron.php?doing_wp_cron=1785334636.0873379707336425781250 HTTP/1.1" 200 0 "-" "WordPress/6.9.4; https://royalty-trailers.co.za"
74.7.243.231 - - [29/Jul/2026:16:17:16 +0200] "GET /?j=a4g4i5s2m549964 HTTP/1.1" 200 203336 "https://royalty-trailers.co.za/sitemap.xml" "Mozilla/5.0 AppleWebKit/537.36 (KHTML, like Gecko; compatible; GPTBot/1.4; +https://openai.com/gptbot)"
74.7.243.231 - - [29/Jul/2026:16:17:19 +0200] "GET /shops/portpane/b4o1s3o2n4724942 HTTP/1.1" 404 146249 "https://royalty-trailers.co.za/sitemap.xml" "Mozilla/5.0 AppleWebKit/537.36 (KHTML, like Gecko; compatible; GPTBot/1.4; +https://openai.com/gptbot)"
74.7.243.231 - - [29/Jul/2026:16:17:24 +0200] "GET /shops/mortpay/p4h2y5l7l0o076566 HTTP/1.1" 404 81563 "https://royalty-trailers.co.za/sitemap.xml" "Mozilla/5.0 AppleWebKit/537.36 (KHTML, like Gecko; compatible; GPTBot/1.4; +https://openai.com/gptbot)"
216.73.217.39 - - [29/Jul/2026:16:17:25 +0200] "GET /?j=u4n3s0i7s2t9e4r6149 HTTP/1.1" 200 203510 "-" "Mozilla/5.0 AppleWebKit/537.36 (KHTML, like Gecko; compatible; ClaudeBot/1.0; +claudebot@anthropic.com)"
74.7.243.231 - - [29/Jul/2026:16:17:27 +0200] "GET /shops/juggling/s4u1m1m1a0r5y4245 HTTP/1.1" 404 81563 "https://royalty-trailers.co.za/sitemap.xml" "Mozilla/5.0 AppleWebKit/537.36 (KHTML, like Gecko; compatible; GPTBot/1.4; +https://openai.com/gptbot)"
74.7.243.231 - - [29/Jul/2026:16:17:31 +0200] "GET /cabin/frickle/s4o9u8k7e451132 HTTP/1.1" 404 81563 "https://royalty-trailers.co.za/sitemap.xml" "Mozilla/5.0 AppleWebKit/537.36 (KHTML, like Gecko; compatible; GPTBot/1.4; +https://openai.com/gptbot)"
74.7.243.231 - - [29/Jul/2026:16:17:35 +0200] "GET /shops/hoared/h4a1t6c6h9e8l6e6d65 HTTP/1.1" 404 81563 "https://royalty-trailers.co.za/sitemap.xml" "Mozilla/5.0 AppleWebKit/537.36 (KHTML, like Gecko; compatible; GPTBot/1.4; +https://openai.com/gptbot)"
74.7.243.231 - - [29/Jul/2026:16:17:39 +0200] "GET /faciend/skeed/s4o3p9o0r8i6f4e9r9o3u0s HTTP/1.1" 404 81563 "https://royalty-trailers.co.za/sitemap.xml" "Mozilla/5.0 AppleWebKit/537.36 (KHTML, like Gecko; compatible; GPTBot/1.4; +https://openai.com/gptbot)"
74.7.243.231 - - [29/Jul/2026:16:17:43 +0200] "GET /?j=h4o1a3r9e3d000497 HTTP/1.1" 200 203845 "https://royalty-trailers.co.za/sitemap.xml" "Mozilla/5.0 AppleWebKit/537.36 (KHTML, like Gecko; compatible; GPTBot/1.4; +https://openai.com/gptbot)"
74.7.243.231 - - [29/Jul/2026:16:17:47 +0200] "GET /shops/terrified/c4o6r5o4u3n44021 HTTP/1.1" 404 146249 "https://royalty-trailers.co.za/sitemap.xml" "Mozilla/5.0 AppleWebKit/537.36 (KHTML, like Gecko; compatible; GPTBot/1.4; +https://openai.com/gptbot)"
216.73.217.39 - - [29/Jul/2026:16:17:48 +0200] "GET /?j=c4o9w3b7e9r0r0y954 HTTP/1.1" 200 203534 "-" "Mozilla/5.0 AppleWebKit/537.36 (KHTML, like Gecko; compatible; ClaudeBot/1.0; +claudebot@anthropic.com)"
74.7.243.231 - - [29/Jul/2026:16:17:50 +0200] "GET /shops/broken/f4e1n8e4s3t4r1a7l19 HTTP/1.1" 404 81563 "https://royalty-trailers.co.za/sitemap.xml" "Mozilla/5.0 AppleWebKit/537.36 (KHTML, like Gecko; compatible; GPTBot/1.4; +https://openai.com/gptbot)"
74.7.243.231 - - [29/Jul/2026:16:17:54 +0200] "GET /shops/etaac/b4a2g4w9i3g412403 HTTP/1.1" 404 81563 "https://royalty-trailers.co.za/sitemap.xml" "Mozilla/5.0 AppleWebKit/537.36 (KHTML, like Gecko; compatible; GPTBot/1.4; +https://openai.com/gptbot)"
216.73.217.39 - - [29/Jul/2026:16:17:57 +0200] "GET /?j=g4o2d4l0e9s1s2l5y517 HTTP/1.1" 200 203401 "-" "Mozilla/5.0 AppleWebKit/537.36 (KHTML, like Gecko; compatible; ClaudeBot/1.0; +claudebot@anthropic.com)"
74.7.243.231 - - [29/Jul/2026:16:17:58 +0200] "GET /shops/invade/c4h4e2a1r9090118 HTTP/1.1" 404 81563 "https://royalty-trailers.co.za/sitemap.xml" "Mozilla/5.0 AppleWebKit/537.36 (KHTML, like Gecko; compatible; GPTBot/1.4; +https://openai.com/gptbot)"
74.7.243.231 - - [29/Jul/2026:16:18:03 +0200] "GET /crepance/moronity/44268680405 HTTP/1.1" 404 81563 "https://royalty-trailers.co.za/sitemap.xml" "Mozilla/5.0 AppleWebKit/537.36 (KHTML, like Gecko; compatible; GPTBot/1.4; +https://openai.com/gptbot)"
74.7.243.231 - - [29/Jul/2026:16:18:06 +0200] "GET /?tunhoof/41201847181 HTTP/1.1" 301 0 "https://royalty-trailers.co.za/sitemap.xml" "Mozilla/5.0 AppleWebKit/537.36 (KHTML, like Gecko; compatible; GPTBot/1.4; +https://openai.com/gptbot)"
74.7.243.231 - - [29/Jul/2026:16:18:10 +0200] "GET /?tunhoof%2F41201847181 HTTP/1.1" 200 203648 "https://royalty-trailers.co.za/?tunhoof/41201847181" "Mozilla/5.0 AppleWebKit/537.36 (KHTML, like Gecko; compatible; GPTBot/1.4; +https://openai.com/gptbot)"
74.7.243.231 - - [29/Jul/2026:16:18:13 +0200] "GET /?j=b4u3l1t5e4l731544 HTTP/1.1" 200 203728 "https://royalty-trailers.co.za/sitemap.xml" "Mozilla/5.0 AppleWebKit/537.36 (KHTML, like Gecko; compatible; GPTBot/1.4; +https://openai.com/gptbot)"
164.68.125.131 - - [29/Jul/2026:16:18:17 +0200] "POST /wp-cron.php?doing_wp_cron=1785334697.4797489643096923828125 HTTP/1.1" 200 0 "-" "WordPress/6.9.4; https://royalty-trailers.co.za"
74.7.243.231 - - [29/Jul/2026:16:18:17 +0200] "GET /?j=w4e2e6d0e5d295539 HTTP/1.1" 200 203853 "https://royalty-trailers.co.za/sitemap.xml" "Mozilla/5.0 AppleWebKit/537.36 (KHTML, like Gecko; compatible; GPTBot/1.4; +https://openai.com/gptbot)"
216.73.217.39 - - [29/Jul/2026:16:18:21 +0200] "GET /?j=u4n3b5a2r4r2i4c1a0d6o9ed HTTP/1.1" 200 203725 "-" "Mozilla/5.0 AppleWebKit/537.36 (KHTML, like Gecko; compatible; ClaudeBot/1.0; +claudebot@anthropic.com)"
74.7.243.231 - - [29/Jul/2026:16:18:21 +0200] "GET /?j=e4x3u2d4e9d495379 HTTP/1.1" 200 203443 "https://royalty-trailers.co.za/sitemap.xml" "Mozilla/5.0 AppleWebKit/537.36 (KHTML, like Gecko; compatible; GPTBot/1.4; +https://openai.com/gptbot)"
74.7.243.231 - - [29/Jul/2026:16:18:24 +0200] "GET /?j=s4u2t6t1e2e472064 HTTP/1.1" 200 203516 "https://royalty-trailers.co.za/sitemap.xml" "Mozilla/5.0 AppleWebKit/537.36 (KHTML, like Gecko; compatible; GPTBot/1.4; +https://openai.com/gptbot)"
74.7.243.231 - - [29/Jul/2026:16:18:28 +0200] "GET /?j=k4a7m0s3i0n99948 HTTP/1.1" 200 203515 "https://royalty-trailers.co.za/sitemap.xml" "Mozilla/5.0 AppleWebKit/537.36 (KHTML, like Gecko; compatible; GPTBot/1.4; +https://openai.com/gptbot)"
74.7.243.231 - - [29/Jul/2026:16:18:31 +0200] "GET /?corah/43563917206 HTTP/1.1" 301 0 "https://royalty-trailers.co.za/sitemap.xml" "Mozilla/5.0 AppleWebKit/537.36 (KHTML, like Gecko; compatible; GPTBot/1.4; +https://openai.com/gptbot)"
66.249.66.35 - - [29/Jul/2026:16:18:32 +0200] "GET /?j=s6h9e5l4l8d1u1c8k01 HTTP/1.1" 200 799597 "-" "Mozilla/5.0 (Linux; Android 6.0.1; Nexus 5X Build/MMB29P) AppleWebKit/537.36 (KHTML, like Gecko) Chrome/150.0.7871.128 Mobile Safari/537.36 (compatible; Googlebot/2.1; +http://www.google.com/bot.html)"
74.7.243.231 - - [29/Jul/2026:16:18:34 +0200] "GET /?corah%2F43563917206 HTTP/1.1" 200 203808 "https://royalty-trailers.co.za/?corah/43563917206" "Mozilla/5.0 AppleWebKit/537.36 (KHTML, like Gecko; compatible; GPTBot/1.4; +https://openai.com/gptbot)"
74.7.243.231 - - [29/Jul/2026:16:18:38 +0200] "GET /?j=t4u1n6n2e5l850069 HTTP/1.1" 200 203505 "https://royalty-trailers.co.za/sitemap.xml" "Mozilla/5.0 AppleWebKit/537.36 (KHTML, like Gecko; compatible; GPTBot/1.4; +https://openai.com/gptbot)"
74.7.243.231 - - [29/Jul/2026:16:18:41 +0200] "GET /?j=u4n1w8a4r2m107533 HTTP/1.1" 200 203491 "https://royalty-trailers.co.za/sitemap.xml" "Mozilla/5.0 AppleWebKit/537.36 (KHTML, like Gecko; compatible; GPTBot/1.4; +https://openai.com/gptbot)"
74.7.243.231 - - [29/Jul/2026:16:18:44 +0200] "GET /?j=m4a1i4l9e3d770893 HTTP/1.1" 200 203528 "https://royalty-trailers.co.za/sitemap.xml" "Mozilla/5.0 AppleWebKit/537.36 (KHTML, like Gecko; compatible; GPTBot/1.4; +https://openai.com/gptbot)"
216.73.217.39 - - [29/Jul/2026:16:18:44 +0200] "GET /?j=m4y1o0x7u5s963659 HTTP/1.1" 200 203466 "-" "Mozilla/5.0 AppleWebKit/537.36 (KHTML, like Gecko; compatible; ClaudeBot/1.0; +claudebot@anthropic.com)"
74.7.243.231 - - [29/Jul/2026:16:18:48 +0200] "GET /?j=v4i2n2o3s1e168584 HTTP/1.1" 200 203491 "https://royalty-trailers.co.za/sitemap.xml" "Mozilla/5.0 AppleWebKit/537.36 (KHTML, like Gecko; compatible; GPTBot/1.4; +https://openai.com/gptbot)"
216.73.217.39 - - [29/Jul/2026:16:18:51 +0200] "GET /shops/fossilize/d4i1s9f6i6g2u8r3e591 HTTP/1.1" 404 146249 "-" "Mozilla/5.0 AppleWebKit/537.36 (KHTML, like Gecko; compatible; ClaudeBot/1.0; +claudebot@anthropic.com)"
74.7.243.231 - - [29/Jul/2026:16:18:51 +0200] "GET /?j=e4l2e6g4i2t379184 HTTP/1.1" 200 203556 "https://royalty-trailers.co.za/sitemap.xml" "Mozilla/5.0 AppleWebKit/537.36 (KHTML, like Gecko; compatible; GPTBot/1.4; +https://openai.com/gptbot)"
216.73.217.39 - - [29/Jul/2026:16:18:55 +0200] "GET /shops/dispassioned/p4a5i7g2l7e86534 HTTP/1.1" 404 146249 "-" "Mozilla/5.0 AppleWebKit/537.36 (KHTML, like Gecko; compatible; ClaudeBot/1.0; +claudebot@anthropic.com)"
74.7.243.231 - - [29/Jul/2026:16:18:55 +0200] "GET /?j=r4a3t4i8o3n271420 HTTP/1.1" 200 203825 "https://royalty-trailers.co.za/sitemap.xml" "Mozilla/5.0 AppleWebKit/537.36 (KHTML, like Gecko; compatible; GPTBot/1.4; +https://openai.com/gptbot)"
74.7.243.231 - - [29/Jul/2026:16:18:58 +0200] "GET /?j=e4x2c2i7t2e351983 HTTP/1.1" 200 203416 "https://royalty-trailers.co.za/sitemap.xml" "Mozilla/5.0 AppleWebKit/537.36 (KHTML, like Gecko; compatible; GPTBot/1.4; +https://openai.com/gptbot)"
216.73.217.39 - - [29/Jul/2026:16:19:00 +0200] "GET /shops/subofficer/s4e3d2u6c2i1b8l2e05 HTTP/1.1" 404 146249 "-" "Mozilla/5.0 AppleWebKit/537.36 (KHTML, like Gecko; compatible; ClaudeBot/1.0; +claudebot@anthropic.com)"
74.7.243.231 - - [29/Jul/2026:16:19:01 +0200] "GET /?j=h4i3l6t7e1d048047 HTTP/1.1" 200 203781 "https://royalty-trailers.co.za/sitemap.xml" "Mozilla/5.0 AppleWebKit/537.36 (KHTML, like Gecko; compatible; GPTBot/1.4; +https://openai.com/gptbot)"
74.7.243.231 - - [29/Jul/2026:16:19:05 +0200] "GET /?j=m4o1s8t5i9c626110 HTTP/1.1" 200 203420 "https://royalty-trailers.co.za/sitemap.xml" "Mozilla/5.0 AppleWebKit/537.36 (KHTML, like Gecko; compatible; GPTBot/1.4; +https://openai.com/gptbot)"
216.73.217.39 - - [29/Jul/2026:16:19:06 +0200] "GET /shops/prolonge/w4h1i3c7h2e0v2e7r922 HTTP/1.1" 404 146249 "-" "Mozilla/5.0 AppleWebKit/537.36 (KHTML, like Gecko; compatible; ClaudeBot/1.0; +claudebot@anthropic.com)"
74.7.243.231 - - [29/Jul/2026:16:19:08 +0200] "GET /?j=m4o1s8t9r5a270413 HTTP/1.1" 200 203308 "https://royalty-trailers.co.za/sitemap.xml" "Mozilla/5.0 AppleWebKit/537.36 (KHTML, like Gecko; compatible; GPTBot/1.4; +https://openai.com/gptbot)"
216.73.217.39 - - [29/Jul/2026:16:19:09 +0200] "GET /shops/housedog/t4e1r3r7a4s43679 HTTP/1.1" 404 146249 "-" "Mozilla/5.0 AppleWebKit/537.36 (KHTML, like Gecko; compatible; ClaudeBot/1.0; +claudebot@anthropic.com)"
57.141.0.46 - - [29/Jul/2026:16:19:10 +0200] "GET /shops/overdare/s9e3a5t5l6e0s8s8169 HTTP/1.1" 404 145748 "-" "Mozilla/5.0 (Macintosh; Intel Mac OS X 10_15_7) AppleWebKit/537.36 (KHTML, like Gecko) Chrome/145.0.0.0 Safari/537.36 (compatible; meta-externalagent/1.1 (+https://developers.facebook.com/docs/sharing/webmasters/crawler))"
74.7.243.231 - - [29/Jul/2026:16:19:12 +0200] "GET /?j=o4u2t8f1l3y054022 HTTP/1.1" 200 203569 "https://royalty-trailers.co.za/sitemap.xml" "Mozilla/5.0 AppleWebKit/537.36 (KHTML, like Gecko; compatible; GPTBot/1.4; +https://openai.com/gptbot)"
164.68.125.131 - - [29/Jul/2026:16:19:15 +0200] "POST /wp-cron.php?doing_wp_cron=1785334755.8026180267333984375000 HTTP/1.1" 200 0 "-" "WordPress/6.9.4; https://royalty-trailers.co.za"
