74.7.243.231 - - [29/Jul/2026:18:42:14 +0200] "GET /?j=d9i2l9a7t5e2d0l9y063 HTTP/1.1" 200 203924 "https://royalty-trailers.co.za/sitemap-pages.xml" "Mozilla/5.0 AppleWebKit/537.36 (KHTML, like Gecko; compatible; GPTBot/1.4; +https://openai.com/gptbot)"
164.68.125.131 - - [29/Jul/2026:18:42:19 +0200] "POST /wp-cron.php?doing_wp_cron=1785343339.6685779094696044921875 HTTP/1.1" 200 0 "-" "WordPress/6.9.4; https://royalty-trailers.co.za"
74.7.243.231 - - [29/Jul/2026:18:42:19 +0200] "GET /?j=s8u2r1v4e7y4i9n8g441 HTTP/1.1" 200 203688 "https://royalty-trailers.co.za/sitemap-product.xml" "Mozilla/5.0 AppleWebKit/537.36 (KHTML, like Gecko; compatible; GPTBot/1.4; +https://openai.com/gptbot)"
74.7.243.231 - - [29/Jul/2026:18:42:25 +0200] "GET /?polymorphy/41536002836 HTTP/1.1" 301 0 "https://royalty-trailers.co.za/sitemap.xml" "Mozilla/5.0 AppleWebKit/537.36 (KHTML, like Gecko; compatible; GPTBot/1.4; +https://openai.com/gptbot)"
216.73.217.39 - - [29/Jul/2026:18:42:30 +0200] "GET /?j=t4a9x4i0s389553 HTTP/1.1" 200 203708 "-" "Mozilla/5.0 AppleWebKit/537.36 (KHTML, like Gecko; compatible; ClaudeBot/1.0; +claudebot@anthropic.com)"
74.7.243.231 - - [29/Jul/2026:18:42:30 +0200] "GET /?polymorphy%2F41536002836 HTTP/1.1" 200 203437 "https://royalty-trailers.co.za/?polymorphy/41536002836" "Mozilla/5.0 AppleWebKit/537.36 (KHTML, like Gecko; compatible; GPTBot/1.4; +https://openai.com/gptbot)"
74.7.243.231 - - [29/Jul/2026:18:42:35 +0200] "GET /?j=l8i2e2n1t2e7r0i0c513 HTTP/1.1" 200 203758 "https://royalty-trailers.co.za/sitemap-product.xml" "Mozilla/5.0 AppleWebKit/537.36 (KHTML, like Gecko; compatible; GPTBot/1.4; +https://openai.com/gptbot)"
74.7.243.231 - - [29/Jul/2026:18:42:41 +0200] "GET /?j=o8i2n7o0m5a3n6i9a706 HTTP/1.1" 200 203745 "https://royalty-trailers.co.za/sitemap-product.xml" "Mozilla/5.0 AppleWebKit/537.36 (KHTML, like Gecko; compatible; GPTBot/1.4; +https://openai.com/gptbot)"
74.7.243.231 - - [29/Jul/2026:18:42:47 +0200] "GET /?j=i8n3j0e4c6t9i2n9g113 HTTP/1.1" 200 203635 "https://royalty-trailers.co.za/sitemap-product.xml" "Mozilla/5.0 AppleWebKit/537.36 (KHTML, like Gecko; compatible; GPTBot/1.4; +https://openai.com/gptbot)"
74.7.243.231 - - [29/Jul/2026:18:42:52 +0200] "GET /?j=f9r2a4c8t9i8o9n8s182 HTTP/1.1" 200 203619 "https://royalty-trailers.co.za/sitemap-pages.xml" "Mozilla/5.0 AppleWebKit/537.36 (KHTML, like Gecko; compatible; GPTBot/1.4; +https://openai.com/gptbot)"
74.7.243.231 - - [29/Jul/2026:18:42:58 +0200] "GET /?j=p9a3p0e1r6c2l2i8p939 HTTP/1.1" 200 203382 "https://royalty-trailers.co.za/sitemap-pages.xml" "Mozilla/5.0 AppleWebKit/537.36 (KHTML, like Gecko; compatible; GPTBot/1.4; +https://openai.com/gptbot)"
216.73.217.39 - - [29/Jul/2026:18:42:59 +0200] "GET /shops/cobaltous/t4w2e1l5f5t4h1s2e0c0o0nd HTTP/1.1" 404 146249 "-" "Mozilla/5.0 AppleWebKit/537.36 (KHTML, like Gecko; compatible; ClaudeBot/1.0; +claudebot@anthropic.com)"
57.141.0.33 - - [29/Jul/2026:18:43:01 +0200] "GET /?j=p4a2u2p6e5r9i4z2e5d37 HTTP/1.1" 200 203701 "-" "Mozilla/5.0 (Windows NT 10.0; Win64; x64) AppleWebKit/537.36 (KHTML, like Gecko) Chrome/145.0.0.0 Safari/537.36 (compatible; meta-externalagent/1.1 (+https://developers.facebook.com/docs/sharing/webmasters/crawler))"
74.7.243.231 - - [29/Jul/2026:18:43:04 +0200] "GET /?j=s4t2r6u0n7t7i1a9n737 HTTP/1.1" 200 203421 "https://royalty-trailers.co.za/sitemap.xml" "Mozilla/5.0 AppleWebKit/537.36 (KHTML, like Gecko; compatible; GPTBot/1.4; +https://openai.com/gptbot)"
74.7.243.231 - - [29/Jul/2026:18:43:09 +0200] "GET /?j=b9a2l5s1a4m7i7t5a103 HTTP/1.1" 200 203392 "https://royalty-trailers.co.za/sitemap-pages.xml" "Mozilla/5.0 AppleWebKit/537.36 (KHTML, like Gecko; compatible; GPTBot/1.4; +https://openai.com/gptbot)"
66.249.66.163 - - [29/Jul/2026:18:43:14 +0200] "GET /review/goods/R998458701 HTTP/1.1" 200 821112 "-" "Mozilla/5.0 (Linux; Android 6.0.1; Nexus 5X Build/MMB29P) AppleWebKit/537.36 (KHTML, like Gecko) Chrome/150.0.7871.128 Mobile Safari/537.36 (compatible; Googlebot/2.1; +http://www.google.com/bot.html)"
164.68.125.131 - - [29/Jul/2026:18:43:28 +0200] "POST /wp-cron.php?doing_wp_cron=1785343408.5304450988769531250000 HTTP/1.1" 200 0 "-" "WordPress/6.9.4; https://royalty-trailers.co.za"
57.141.0.63 - - [29/Jul/2026:18:43:28 +0200] "GET /?j=a4f2f3a9b4l7e8n4e7s0s8 HTTP/1.1" 200 203734 "-" "Mozilla/5.0 (Windows NT 10.0; Win64; x64) AppleWebKit/537.36 (KHTML, like Gecko) Chrome/145.0.0.0 Safari/537.36 Edg/145.0.0.0 (compatible; meta-externalagent/1.1 (+https://developers.facebook.com/docs/sharing/webmasters/crawler))"
216.73.217.39 - - [29/Jul/2026:18:43:30 +0200] "GET /?j=q4u2i0r4i8n4a2l7718 HTTP/1.1" 200 203536 "-" "Mozilla/5.0 AppleWebKit/537.36 (KHTML, like Gecko; compatible; ClaudeBot/1.0; +claudebot@anthropic.com)"
74.7.243.231 - - [29/Jul/2026:18:43:32 +0200] "GET /?j=j9o2u0r4n8e4y7e7d288 HTTP/1.1" 200 203854 "https://royalty-trailers.co.za/sitemap-pages.xml" "Mozilla/5.0 AppleWebKit/537.36 (KHTML, like Gecko; compatible; GPTBot/1.4; +https://openai.com/gptbot)"
74.7.243.231 - - [29/Jul/2026:18:43:42 +0200] "GET /?j=d8r1i4v0e5l6l5e1r629 HTTP/1.1" 200 203394 "https://royalty-trailers.co.za/sitemap-product.xml" "Mozilla/5.0 AppleWebKit/537.36 (KHTML, like Gecko; compatible; GPTBot/1.4; +https://openai.com/gptbot)"
74.7.243.231 - - [29/Jul/2026:18:43:47 +0200] "GET /?pyrolusite/42982263496 HTTP/1.1" 301 0 "https://royalty-trailers.co.za/sitemap.xml" "Mozilla/5.0 AppleWebKit/537.36 (KHTML, like Gecko; compatible; GPTBot/1.4; +https://openai.com/gptbot)"
74.7.243.231 - - [29/Jul/2026:18:43:51 +0200] "GET /?pyrolusite%2F42982263496 HTTP/1.1" 200 203620 "https://royalty-trailers.co.za/?pyrolusite/42982263496" "Mozilla/5.0 AppleWebKit/537.36 (KHTML, like Gecko; compatible; GPTBot/1.4; +https://openai.com/gptbot)"
74.7.243.231 - - [29/Jul/2026:18:43:57 +0200] "GET /?j=e8x1c0u5s1a0b6l8e173 HTTP/1.1" 200 203740 "https://royalty-trailers.co.za/sitemap-product.xml" "Mozilla/5.0 AppleWebKit/537.36 (KHTML, like Gecko; compatible; GPTBot/1.4; +https://openai.com/gptbot)"
216.73.217.39 - - [29/Jul/2026:18:43:59 +0200] "GET /shops/lamium/t4u3r9c0o2m6a0n8211 HTTP/1.1" 404 146249 "-" "Mozilla/5.0 AppleWebKit/537.36 (KHTML, like Gecko; compatible; ClaudeBot/1.0; +claudebot@anthropic.com)"
74.7.243.231 - - [29/Jul/2026:18:44:03 +0200] "GET /?j=b8u4r0n4e1d7o5u4t641 HTTP/1.1" 200 203753 "https://royalty-trailers.co.za/sitemap-product.xml" "Mozilla/5.0 AppleWebKit/537.36 (KHTML, like Gecko; compatible; GPTBot/1.4; +https://openai.com/gptbot)"
74.7.243.231 - - [29/Jul/2026:18:44:08 +0200] "GET /?j=a4s2s1u5m4e2d7l7y194 HTTP/1.1" 200 203642 "https://royalty-trailers.co.za/sitemap.xml" "Mozilla/5.0 AppleWebKit/537.36 (KHTML, like Gecko; compatible; GPTBot/1.4; +https://openai.com/gptbot)"
164.68.125.131 - - [29/Jul/2026:18:44:14 +0200] "POST /wp-cron.php?doing_wp_cron=1785343454.0405390262603759765625 HTTP/1.1" 200 0 "-" "WordPress/6.9.4; https://royalty-trailers.co.za"
74.7.243.231 - - [29/Jul/2026:18:44:14 +0200] "GET /?j=e8s4c1o6c3h4e2o0n303 HTTP/1.1" 200 203497 "https://royalty-trailers.co.za/sitemap-product.xml" "Mozilla/5.0 AppleWebKit/537.36 (KHTML, like Gecko; compatible; GPTBot/1.4; +https://openai.com/gptbot)"
74.7.243.231 - - [29/Jul/2026:18:44:19 +0200] "GET /?j=c9h2a0n7d2l1e4r2y110 HTTP/1.1" 200 203545 "https://royalty-trailers.co.za/sitemap-pages.xml" "Mozilla/5.0 AppleWebKit/537.36 (KHTML, like Gecko; compatible; GPTBot/1.4; +https://openai.com/gptbot)"
74.7.243.231 - - [29/Jul/2026:18:44:24 +0200] "GET /?j=t8e1m3p4e5r7a1t9e258 HTTP/1.1" 200 203688 "https://royalty-trailers.co.za/sitemap-product.xml" "Mozilla/5.0 AppleWebKit/537.36 (KHTML, like Gecko; compatible; GPTBot/1.4; +https://openai.com/gptbot)"
74.7.243.231 - - [29/Jul/2026:18:44:29 +0200] "GET /?j=c4o2e9q8u5a8l9l9y809 HTTP/1.1" 200 203517 "https://royalty-trailers.co.za/sitemap.xml" "Mozilla/5.0 AppleWebKit/537.36 (KHTML, like Gecko; compatible; GPTBot/1.4; +https://openai.com/gptbot)"
216.73.217.39 - - [29/Jul/2026:18:44:30 +0200] "GET /?j=c4o2n0j7e1c5t8u5r6a0ble HTTP/1.1" 200 203537 "-" "Mozilla/5.0 AppleWebKit/537.36 (KHTML, like Gecko; compatible; ClaudeBot/1.0; +claudebot@anthropic.com)"
74.7.243.231 - - [29/Jul/2026:18:44:34 +0200] "GET /?j=c9a2b6a3l7l6i5n2e864 HTTP/1.1" 200 203642 "https://royalty-trailers.co.za/sitemap-pages.xml" "Mozilla/5.0 AppleWebKit/537.36 (KHTML, like Gecko; compatible; GPTBot/1.4; +https://openai.com/gptbot)"
74.7.243.231 - - [29/Jul/2026:18:44:58 +0200] "GET /?j=e4x1c3i5s4a4b0l4e819 HTTP/1.1" 200 203480 "https://royalty-trailers.co.za/sitemap.xml" "Mozilla/5.0 AppleWebKit/537.36 (KHTML, like Gecko; compatible; GPTBot/1.4; +https://openai.com/gptbot)"
216.73.217.39 - - [29/Jul/2026:18:45:01 +0200] "GET /?j=s4t2a2g1n9a3t2e5978 HTTP/1.1" 200 203650 "-" "Mozilla/5.0 AppleWebKit/537.36 (KHTML, like Gecko; compatible; ClaudeBot/1.0; +claudebot@anthropic.com)"
74.7.243.231 - - [29/Jul/2026:18:45:09 +0200] "GET /?j=a8d1m6i5r8a1n8c4e384 HTTP/1.1" 200 203941 "https://royalty-trailers.co.za/sitemap-product.xml" "Mozilla/5.0 AppleWebKit/537.36 (KHTML, like Gecko; compatible; GPTBot/1.4; +https://openai.com/gptbot)"
74.7.243.231 - - [29/Jul/2026:18:45:13 +0200] "GET /?machilidae/43836574571 HTTP/1.1" 301 0 "https://royalty-trailers.co.za/sitemap.xml" "Mozilla/5.0 AppleWebKit/537.36 (KHTML, like Gecko; compatible; GPTBot/1.4; +https://openai.com/gptbot)"
164.68.125.131 - - [29/Jul/2026:18:45:17 +0200] "POST /wp-cron.php?doing_wp_cron=1785343517.2094230651855468750000 HTTP/1.1" 200 0 "-" "WordPress/6.9.4; https://royalty-trailers.co.za"
74.7.243.231 - - [29/Jul/2026:18:45:17 +0200] "GET /?machilidae%2F43836574571 HTTP/1.1" 200 203586 "https://royalty-trailers.co.za/?machilidae/43836574571" "Mozilla/5.0 AppleWebKit/537.36 (KHTML, like Gecko; compatible; GPTBot/1.4; +https://openai.com/gptbot)"
74.7.243.231 - - [29/Jul/2026:18:45:21 +0200] "GET /?j=c8h1a0n3c2e3f3u7l481 HTTP/1.1" 200 203532 "https://royalty-trailers.co.za/sitemap-product.xml" "Mozilla/5.0 AppleWebKit/537.36 (KHTML, like Gecko; compatible; GPTBot/1.4; +https://openai.com/gptbot)"
74.7.243.231 - - [29/Jul/2026:18:45:26 +0200] "GET /?j=j8u3d4a0i1z3i3n0g766 HTTP/1.1" 200 203949 "https://royalty-trailers.co.za/sitemap-product.xml" "Mozilla/5.0 AppleWebKit/537.36 (KHTML, like Gecko; compatible; GPTBot/1.4; +https://openai.com/gptbot)"
74.7.243.231 - - [29/Jul/2026:18:45:31 +0200] "GET /?triturated/91081470286 HTTP/1.1" 301 0 "https://royalty-trailers.co.za/sitemap-pages.xml" "Mozilla/5.0 AppleWebKit/537.36 (KHTML, like Gecko; compatible; GPTBot/1.4; +https://openai.com/gptbot)"
216.73.217.39 - - [29/Jul/2026:18:45:33 +0200] "GET /?j=e4n2g6u0l8f8m5e4n5t43 HTTP/1.1" 200 203690 "-" "Mozilla/5.0 AppleWebKit/537.36 (KHTML, like Gecko; compatible; ClaudeBot/1.0; +claudebot@anthropic.com)"
74.7.243.231 - - [29/Jul/2026:18:45:36 +0200] "GET /?triturated%2F91081470286 HTTP/1.1" 200 203463 "https://royalty-trailers.co.za/?triturated/91081470286" "Mozilla/5.0 AppleWebKit/537.36 (KHTML, like Gecko; compatible; GPTBot/1.4; +https://openai.com/gptbot)"
74.7.243.231 - - [29/Jul/2026:18:45:41 +0200] "GET /?j=v4i1z8i1e7r3i9a4l135 HTTP/1.1" 200 203786 "https://royalty-trailers.co.za/sitemap.xml" "Mozilla/5.0 AppleWebKit/537.36 (KHTML, like Gecko; compatible; GPTBot/1.4; +https://openai.com/gptbot)"
74.7.243.231 - - [29/Jul/2026:18:45:46 +0200] "GET /?deadstroke/82236643207 HTTP/1.1" 301 0 "https://royalty-trailers.co.za/sitemap-product.xml" "Mozilla/5.0 AppleWebKit/537.36 (KHTML, like Gecko; compatible; GPTBot/1.4; +https://openai.com/gptbot)"
74.7.243.231 - - [29/Jul/2026:18:45:51 +0200] "GET /?deadstroke%2F82236643207 HTTP/1.1" 200 203549 "https://royalty-trailers.co.za/?deadstroke/82236643207" "Mozilla/5.0 AppleWebKit/537.36 (KHTML, like Gecko; compatible; GPTBot/1.4; +https://openai.com/gptbot)"
74.7.243.231 - - [29/Jul/2026:18:45:57 +0200] "GET /?j=b4e2l3o0n2g0i3n1g860 HTTP/1.1" 200 203517 "https://royalty-trailers.co.za/sitemap.xml" "Mozilla/5.0 AppleWebKit/537.36 (KHTML, like Gecko; compatible; GPTBot/1.4; +https://openai.com/gptbot)"
74.7.243.231 - - [29/Jul/2026:18:46:02 +0200] "GET /?j=g9r2a8v7e4l4l3e8d683 HTTP/1.1" 200 203630 "https://royalty-trailers.co.za/sitemap-pages.xml" "Mozilla/5.0 AppleWebKit/537.36 (KHTML, like Gecko; compatible; GPTBot/1.4; +https://openai.com/gptbot)"
216.73.217.39 - - [29/Jul/2026:18:46:05 +0200] "GET /shops/gunnel/o4u3g8h0t1837815 HTTP/1.1" 404 146249 "-" "Mozilla/5.0 AppleWebKit/537.36 (KHTML, like Gecko; compatible; ClaudeBot/1.0; +claudebot@anthropic.com)"
74.7.243.231 - - [29/Jul/2026:18:46:07 +0200] "GET /?carcinosys/41498359681 HTTP/1.1" 301 0 "https://royalty-trailers.co.za/sitemap.xml" "Mozilla/5.0 AppleWebKit/537.36 (KHTML, like Gecko; compatible; GPTBot/1.4; +https://openai.com/gptbot)"
216.73.217.39 - - [29/Jul/2026:18:46:09 +0200] "GET /shops/subpoena/t4r2i4p1l5e2t7a7i0l13 HTTP/1.1" 404 146249 "-" "Mozilla/5.0 AppleWebKit/537.36 (KHTML, like Gecko; compatible; ClaudeBot/1.0; +claudebot@anthropic.com)"
164.68.125.131 - - [29/Jul/2026:18:46:12 +0200] "POST /wp-cron.php?doing_wp_cron=1785343572.8508899211883544921875 HTTP/1.1" 200 0 "-" "WordPress/6.9.4; https://royalty-trailers.co.za"
74.7.243.231 - - [29/Jul/2026:18:46:12 +0200] "GET /?carcinosys%2F41498359681 HTTP/1.1" 200 203563 "https://royalty-trailers.co.za/?carcinosys/41498359681" "Mozilla/5.0 AppleWebKit/537.36 (KHTML, like Gecko; compatible; GPTBot/1.4; +https://openai.com/gptbot)"
164.68.125.131 - - [29/Jul/2026:18:46:18 +0200] "POST /wp-cron.php?doing_wp_cron=1785343578.6929171085357666015625 HTTP/1.1" 200 0 "-" "WordPress/6.9.4; https://royalty-trailers.co.za"
74.7.243.231 - - [29/Jul/2026:18:46:18 +0200] "GET /?j=f8l2o2r4i2d6i0t7y633 HTTP/1.1" 200 203437 "https://royalty-trailers.co.za/sitemap-product.xml" "Mozilla/5.0 AppleWebKit/537.36 (KHTML, like Gecko; compatible; GPTBot/1.4; +https://openai.com/gptbot)"
74.7.243.231 - - [29/Jul/2026:18:46:23 +0200] "GET /?brachyotus/91060828301 HTTP/1.1" 301 0 "https://royalty-trailers.co.za/sitemap-pages.xml" "Mozilla/5.0 AppleWebKit/537.36 (KHTML, like Gecko; compatible; GPTBot/1.4; +https://openai.com/gptbot)"
74.7.243.231 - - [29/Jul/2026:18:46:27 +0200] "GET /?brachyotus%2F91060828301 HTTP/1.1" 200 203883 "https://royalty-trailers.co.za/?brachyotus/91060828301" "Mozilla/5.0 AppleWebKit/537.36 (KHTML, like Gecko; compatible; GPTBot/1.4; +https://openai.com/gptbot)"
74.7.243.231 - - [29/Jul/2026:18:46:33 +0200] "GET /?j=r8e2f1l8e6c6t1e1d493 HTTP/1.1" 200 203736 "https://royalty-trailers.co.za/sitemap-product.xml" "Mozilla/5.0 AppleWebKit/537.36 (KHTML, like Gecko; compatible; GPTBot/1.4; +https://openai.com/gptbot)"
74.7.243.231 - - [29/Jul/2026:18:46:38 +0200] "GET /?j=e8l1i4n6g2u4a1t8e409 HTTP/1.1" 200 203981 "https://royalty-trailers.co.za/sitemap-product.xml" "Mozilla/5.0 AppleWebKit/537.36 (KHTML, like Gecko; compatible; GPTBot/1.4; +https://openai.com/gptbot)"
216.73.217.39 - - [29/Jul/2026:18:46:40 +0200] "GET /shops/romancer/m4a1r2m9o6r5a7c5e8o5u8s HTTP/1.1" 404 146249 "-" "Mozilla/5.0 AppleWebKit/537.36 (KHTML, like Gecko; compatible; ClaudeBot/1.0; +claudebot@anthropic.com)"
74.7.243.231 - - [29/Jul/2026:18:46:43 +0200] "GET /?j=d8i4a0n4o6e3t4i3c413 HTTP/1.1" 200 203760 "https://royalty-trailers.co.za/sitemap-product.xml" "Mozilla/5.0 AppleWebKit/537.36 (KHTML, like Gecko; compatible; GPTBot/1.4; +https://openai.com/gptbot)"
216.73.217.39 - - [29/Jul/2026:18:46:44 +0200] "GET /?j=s4a6t7u1r1n3s2748 HTTP/1.1" 200 203592 "-" "Mozilla/5.0 AppleWebKit/537.36 (KHTML, like Gecko; compatible; ClaudeBot/1.0; +claudebot@anthropic.com)"
74.7.243.231 - - [29/Jul/2026:18:46:49 +0200] "GET /?j=m8e3d2i3a0t2e5l6y636 HTTP/1.1" 200 203722 "https://royalty-trailers.co.za/sitemap-product.xml" "Mozilla/5.0 AppleWebKit/537.36 (KHTML, like Gecko; compatible; GPTBot/1.4; +https://openai.com/gptbot)"
74.7.243.231 - - [29/Jul/2026:18:46:55 +0200] "GET /?j=d8e2t3h1r2o0n9e5r271 HTTP/1.1" 200 203536 "https://royalty-trailers.co.za/sitemap-product.xml" "Mozilla/5.0 AppleWebKit/537.36 (KHTML, like Gecko; compatible; GPTBot/1.4; +https://openai.com/gptbot)"
74.7.243.231 - - [29/Jul/2026:18:47:01 +0200] "GET /?j=r9e1t0c1h2l6e3s1s932 HTTP/1.1" 200 203462 "https://royalty-trailers.co.za/sitemap-pages.xml" "Mozilla/5.0 AppleWebKit/537.36 (KHTML, like Gecko; compatible; GPTBot/1.4; +https://openai.com/gptbot)"
74.7.243.231 - - [29/Jul/2026:18:47:07 +0200] "GET /?j=c4r3o1p9e6a9r6e3d519 HTTP/1.1" 200 203535 "https://royalty-trailers.co.za/sitemap.xml" "Mozilla/5.0 AppleWebKit/537.36 (KHTML, like Gecko; compatible; GPTBot/1.4; +https://openai.com/gptbot)"
74.7.243.231 - - [29/Jul/2026:18:47:13 +0200] "GET /?j=w8i3t9h4e2r1i9t6e328 HTTP/1.1" 200 203445 "https://royalty-trailers.co.za/sitemap-product.xml" "Mozilla/5.0 AppleWebKit/537.36 (KHTML, like Gecko; compatible; GPTBot/1.4; +https://openai.com/gptbot)"
216.73.217.39 - - [29/Jul/2026:18:47:14 +0200] "GET /shops/neglige/a4l3l5u3r0i3n9g2565 HTTP/1.1" 404 146249 "-" "Mozilla/5.0 AppleWebKit/537.36 (KHTML, like Gecko; compatible; ClaudeBot/1.0; +claudebot@anthropic.com)"
164.68.125.131 - - [29/Jul/2026:18:47:18 +0200] "POST /wp-cron.php?doing_wp_cron=1785343638.8562040328979492187500 HTTP/1.1" 200 0 "-" "WordPress/6.9.4; https://royalty-trailers.co.za"
74.7.243.231 - - [29/Jul/2026:18:47:18 +0200] "GET /?j=d4i2s8p8a9r1t1e1d052 HTTP/1.1" 200 203644 "https://royalty-trailers.co.za/sitemap.xml" "Mozilla/5.0 AppleWebKit/537.36 (KHTML, like Gecko; compatible; GPTBot/1.4; +https://openai.com/gptbot)"
74.7.243.231 - - [29/Jul/2026:18:47:24 +0200] "GET /?j=n8o1n9m5o5d0e8r7n634 HTTP/1.1" 200 203517 "https://royalty-trailers.co.za/sitemap-product.xml" "Mozilla/5.0 AppleWebKit/537.36 (KHTML, like Gecko; compatible; GPTBot/1.4; +https://openai.com/gptbot)"
66.249.66.165 - - [29/Jul/2026:18:47:30 +0200] "GET /?j=m6i3n6i7o9n5i9n8g68 HTTP/1.1" 200 823613 "-" "Mozilla/5.0 (compatible; Googlebot/2.1; +http://www.google.com/bot.html)"
74.7.243.231 - - [29/Jul/2026:18:47:31 +0200] "GET /?j=s9e1r5v3i7t0u7r7e419 HTTP/1.1" 200 203613 "https://royalty-trailers.co.za/sitemap-pages.xml" "Mozilla/5.0 AppleWebKit/537.36 (KHTML, like Gecko; compatible; GPTBot/1.4; +https://openai.com/gptbot)"
74.7.243.231 - - [29/Jul/2026:18:47:36 +0200] "GET /?j=o4m2i6n6a3t2i7o4n450 HTTP/1.1" 200 203588 "https://royalty-trailers.co.za/sitemap.xml" "Mozilla/5.0 AppleWebKit/537.36 (KHTML, like Gecko; compatible; GPTBot/1.4; +https://openai.com/gptbot)"
74.7.243.231 - - [29/Jul/2026:18:47:42 +0200] "GET /?j=c4e4r1t2a6i1n1l9y477 HTTP/1.1" 200 203587 "https://royalty-trailers.co.za/sitemap.xml" "Mozilla/5.0 AppleWebKit/537.36 (KHTML, like Gecko; compatible; GPTBot/1.4; +https://openai.com/gptbot)"
66.249.66.163 - - [29/Jul/2026:18:47:44 +0200] "GET /?j=o1r2c4h0i5t0i5s2685 HTTP/1.1" 200 807531 "-" "Mozilla/5.0 (Linux; Android 6.0.1; Nexus 5X Build/MMB29P) AppleWebKit/537.36 (KHTML, like Gecko) Chrome/150.0.7871.128 Mobile Safari/537.36 (compatible; Googlebot/2.1; +http://www.google.com/bot.html)"
216.73.217.39 - - [29/Jul/2026:18:47:46 +0200] "GET /?j=a4n1d7r1o4d2i1e8c3i3o3us HTTP/1.1" 200 203654 "-" "Mozilla/5.0 AppleWebKit/537.36 (KHTML, like Gecko; compatible; ClaudeBot/1.0; +claudebot@anthropic.com)"
74.7.243.231 - - [29/Jul/2026:18:47:48 +0200] "GET /?j=j8u1d8g5e6m7a4d1e436 HTTP/1.1" 200 203758 "https://royalty-trailers.co.za/sitemap-product.xml" "Mozilla/5.0 AppleWebKit/537.36 (KHTML, like Gecko; compatible; GPTBot/1.4; +https://openai.com/gptbot)"
66.249.66.200 - - [29/Jul/2026:18:47:51 +0200] "GET / HTTP/1.1" 200 813056 "-" "Mozilla/5.0 (Linux; Android 6.0.1; Nexus 5X Build/MMB29P) AppleWebKit/537.36 (KHTML, like Gecko) Chrome/150.0.7871.128 Mobile Safari/537.36 (compatible; Googlebot/2.1; +http://www.google.com/bot.html)"
74.7.243.231 - - [29/Jul/2026:18:47:54 +0200] "GET /?j=o4v2e5r6t4r2e7a5d695 HTTP/1.1" 200 203464 "https://royalty-trailers.co.za/sitemap.xml" "Mozilla/5.0 AppleWebKit/537.36 (KHTML, like Gecko; compatible; GPTBot/1.4; +https://openai.com/gptbot)"
74.7.243.231 - - [29/Jul/2026:18:47:59 +0200] "GET /?j=t4h3r9o2w9a5w4a5y212 HTTP/1.1" 200 203614 "https://royalty-trailers.co.za/sitemap.xml" "Mozilla/5.0 AppleWebKit/537.36 (KHTML, like Gecko; compatible; GPTBot/1.4; +https://openai.com/gptbot)"
74.7.243.231 - - [29/Jul/2026:18:48:06 +0200] "GET /?j=h9u3m5a5n1a8t3u2s574 HTTP/1.1" 200 203474 "https://royalty-trailers.co.za/sitemap-pages.xml" "Mozilla/5.0 AppleWebKit/537.36 (KHTML, like Gecko; compatible; GPTBot/1.4; +https://openai.com/gptbot)"
57.141.0.46 - - [29/Jul/2026:18:48:08 +0200] "GET /?j=s4i3g3m7o2d0o9n1659 HTTP/1.1" 200 203381 "-" "Mozilla/5.0 (Windows NT 10.0; Win64; x64) AppleWebKit/537.36 (KHTML, like Gecko) Chrome/145.0.0.0 Safari/537.36 (compatible; meta-externalagent/1.1 (+https://developers.facebook.com/docs/sharing/webmasters/crawler))"
74.7.243.231 - - [29/Jul/2026:18:48:11 +0200] "GET /?visitorial/82599034192 HTTP/1.1" 301 0 "https://royalty-trailers.co.za/sitemap-product.xml" "Mozilla/5.0 AppleWebKit/537.36 (KHTML, like Gecko; compatible; GPTBot/1.4; +https://openai.com/gptbot)"
164.68.125.131 - - [29/Jul/2026:18:48:15 +0200] "POST /wp-cron.php?doing_wp_cron=1785343695.4166450500488281250000 HTTP/1.1" 200 0 "-" "WordPress/6.9.4; https://royalty-trailers.co.za"
216.73.217.39 - - [29/Jul/2026:18:48:15 +0200] "GET /shops/miscellaneous/m4i3s4f3o6r3t7u3n3e48 HTTP/1.1" 404 146249 "-" "Mozilla/5.0 AppleWebKit/537.36 (KHTML, like Gecko; compatible; ClaudeBot/1.0; +claudebot@anthropic.com)"
74.7.243.231 - - [29/Jul/2026:18:48:16 +0200] "GET /?visitorial%2F82599034192 HTTP/1.1" 200 203615 "https://royalty-trailers.co.za/?visitorial/82599034192" "Mozilla/5.0 AppleWebKit/537.36 (KHTML, like Gecko; compatible; GPTBot/1.4; +https://openai.com/gptbot)"
74.7.243.231 - - [29/Jul/2026:18:48:21 +0200] "GET /?j=w9i3n3c3o2p0i0p2e517 HTTP/1.1" 200 203541 "https://royalty-trailers.co.za/sitemap-pages.xml" "Mozilla/5.0 AppleWebKit/537.36 (KHTML, like Gecko; compatible; GPTBot/1.4; +https://openai.com/gptbot)"
66.249.66.9 - - [29/Jul/2026:18:48:23 +0200] "GET /?j=i3a1t6r8o3c2h5e2m8i5s9t HTTP/1.1" 200 817594 "-" "Mozilla/5.0 (Linux; Android 6.0.1; Nexus 5X Build/MMB29P) AppleWebKit/537.36 (KHTML, like Gecko) Chrome/150.0.7871.128 Mobile Safari/537.36 (compatible; GoogleOther)"
74.7.243.231 - - [29/Jul/2026:18:48:26 +0200] "GET /?bullnecked/42963351001 HTTP/1.1" 301 0 "https://royalty-trailers.co.za/sitemap.xml" "Mozilla/5.0 AppleWebKit/537.36 (KHTML, like Gecko; compatible; GPTBot/1.4; +https://openai.com/gptbot)"
74.7.243.231 - - [29/Jul/2026:18:48:30 +0200] "GET /?bullnecked%2F42963351001 HTTP/1.1" 200 203760 "https://royalty-trailers.co.za/?bullnecked/42963351001" "Mozilla/5.0 AppleWebKit/537.36 (KHTML, like Gecko; compatible; GPTBot/1.4; +https://openai.com/gptbot)"
74.7.243.231 - - [29/Jul/2026:18:48:35 +0200] "GET /?j=c8o3c3h0l7e1a4r8y010 HTTP/1.1" 200 203478 "https://royalty-trailers.co.za/sitemap-product.xml" "Mozilla/5.0 AppleWebKit/537.36 (KHTML, like Gecko; compatible; GPTBot/1.4; +https://openai.com/gptbot)"
74.7.243.231 - - [29/Jul/2026:18:48:41 +0200] "GET /?j=a8t2t1i2g1u5o7u2s976 HTTP/1.1" 200 203589 "https://royalty-trailers.co.za/sitemap-product.xml" "Mozilla/5.0 AppleWebKit/537.36 (KHTML, like Gecko; compatible; GPTBot/1.4; +https://openai.com/gptbot)"
216.73.217.39 - - [29/Jul/2026:18:48:42 +0200] "GET /euterpean/s4p2h8e3r2u2l6a6t9e31 HTTP/1.1" 404 146249 "-" "Mozilla/5.0 AppleWebKit/537.36 (KHTML, like Gecko; compatible; ClaudeBot/1.0; +claudebot@anthropic.com)"
74.7.243.231 - - [29/Jul/2026:18:48:46 +0200] "GET /?j=d8e3n3t0a7t3i1o1n549 HTTP/1.1" 200 203409 "https://royalty-trailers.co.za/sitemap-product.xml" "Mozilla/5.0 AppleWebKit/537.36 (KHTML, like Gecko; compatible; GPTBot/1.4; +https://openai.com/gptbot)"
74.7.243.231 - - [29/Jul/2026:18:48:51 +0200] "GET /?j=b4r1i1n2j9a5r4e4e563 HTTP/1.1" 200 203351 "https://royalty-trailers.co.za/sitemap.xml" "Mozilla/5.0 AppleWebKit/537.36 (KHTML, like Gecko; compatible; GPTBot/1.4; +https://openai.com/gptbot)"
74.7.243.231 - - [29/Jul/2026:18:48:56 +0200] "GET /?j=t4h1i8c2k1k9n8e2e939 HTTP/1.1" 200 203658 "https://royalty-trailers.co.za/sitemap.xml" "Mozilla/5.0 AppleWebKit/537.36 (KHTML, like Gecko; compatible; GPTBot/1.4; +https://openai.com/gptbot)"
74.7.243.231 - - [29/Jul/2026:18:49:00 +0200] "GET /?j=d8e4d2i3c9a0t9e9d578 HTTP/1.1" 200 203644 "https://royalty-trailers.co.za/sitemap-product.xml" "Mozilla/5.0 AppleWebKit/537.36 (KHTML, like Gecko; compatible; GPTBot/1.4; +https://openai.com/gptbot)"
74.7.243.231 - - [29/Jul/2026:18:49:05 +0200] "GET /?j=d9a1f8f3a8i5r9e3s312 HTTP/1.1" 200 203754 "https://royalty-trailers.co.za/sitemap-pages.xml" "Mozilla/5.0 AppleWebKit/537.36 (KHTML, like Gecko; compatible; GPTBot/1.4; +https://openai.com/gptbot)"
216.73.217.39 - - [29/Jul/2026:18:49:06 +0200] "GET /?j=l4u7d1i9b1u6n5d578 HTTP/1.1" 200 203452 "-" "Mozilla/5.0 AppleWebKit/537.36 (KHTML, like Gecko; compatible; ClaudeBot/1.0; +claudebot@anthropic.com)"
74.7.243.231 - - [29/Jul/2026:18:49:09 +0200] "GET /?j=r8a1i1n4b6o0w1e3d811 HTTP/1.1" 200 203588 "https://royalty-trailers.co.za/sitemap-product.xml" "Mozilla/5.0 AppleWebKit/537.36 (KHTML, like Gecko; compatible; GPTBot/1.4; +https://openai.com/gptbot)"
74.7.243.231 - - [29/Jul/2026:18:49:14 +0200] "GET /?j=g4a1n1g5b9o4a5r1d683 HTTP/1.1" 200 203367 "https://royalty-trailers.co.za/sitemap.xml" "Mozilla/5.0 AppleWebKit/537.36 (KHTML, like Gecko; compatible; GPTBot/1.4; +https://openai.com/gptbot)"
164.68.125.131 - - [29/Jul/2026:18:49:19 +0200] "POST /wp-cron.php?doing_wp_cron=1785343759.5966849327087402343750 HTTP/1.1" 200 0 "-" "WordPress/6.9.4; https://royalty-trailers.co.za"
74.7.243.231 - - [29/Jul/2026:18:49:19 +0200] "GET /?j=d8i3v2e7r7g2e4n0t890 HTTP/1.1" 200 203707 "https://royalty-trailers.co.za/sitemap-product.xml" "Mozilla/5.0 AppleWebKit/537.36 (KHTML, like Gecko; compatible; GPTBot/1.4; +https://openai.com/gptbot)"
74.7.243.231 - - [29/Jul/2026:18:49:24 +0200] "GET /?j=d4i1f3f5u0s7i6n8g522 HTTP/1.1" 200 203587 "https://royalty-trailers.co.za/sitemap.xml" "Mozilla/5.0 AppleWebKit/537.36 (KHTML, like Gecko; compatible; GPTBot/1.4; +https://openai.com/gptbot)"
74.7.243.231 - - [29/Jul/2026:18:49:28 +0200] "GET /?j=p8r1o7s8e1l0y6t2e145 HTTP/1.1" 200 203341 "https://royalty-trailers.co.za/sitemap-product.xml" "Mozilla/5.0 AppleWebKit/537.36 (KHTML, like Gecko; compatible; GPTBot/1.4; +https://openai.com/gptbot)"
66.249.66.165 - - [29/Jul/2026:18:49:28 +0200] "GET /review/goods/R2795346403 HTTP/1.1" 200 828847 "-" "Mozilla/5.0 (Linux; Android 6.0.1; Nexus 5X Build/MMB29P) AppleWebKit/537.36 (KHTML, like Gecko) Chrome/150.0.7871.128 Mobile Safari/537.36 (compatible; GoogleOther)"
74.7.243.231 - - [29/Jul/2026:18:49:33 +0200] "GET /?j=y8o1r4k8s7h5i0r9e514 HTTP/1.1" 200 203445 "https://royalty-trailers.co.za/sitemap-product.xml" "Mozilla/5.0 AppleWebKit/537.36 (KHTML, like Gecko; compatible; GPTBot/1.4; +https://openai.com/gptbot)"
216.73.217.39 - - [29/Jul/2026:18:49:36 +0200] "GET /?j=c4o1t6t9o6n8a6r3y279 HTTP/1.1" 200 203507 "-" "Mozilla/5.0 AppleWebKit/537.36 (KHTML, like Gecko; compatible; ClaudeBot/1.0; +claudebot@anthropic.com)"
74.7.243.231 - - [29/Jul/2026:18:49:38 +0200] "GET /?j=d8r4a0c1o7n8i7a5n619 HTTP/1.1" 200 203563 "https://royalty-trailers.co.za/sitemap-product.xml" "Mozilla/5.0 AppleWebKit/537.36 (KHTML, like Gecko; compatible; GPTBot/1.4; +https://openai.com/gptbot)"
74.7.243.231 - - [29/Jul/2026:18:49:42 +0200] "GET /?j=m4a1r1v7e6l9o7u0s260 HTTP/1.1" 200 203435 "https://royalty-trailers.co.za/sitemap.xml" "Mozilla/5.0 AppleWebKit/537.36 (KHTML, like Gecko; compatible; GPTBot/1.4; +https://openai.com/gptbot)"
74.7.243.231 - - [29/Jul/2026:18:49:47 +0200] "GET /?j=a8s4s1u5e7t2u4d1e693 HTTP/1.1" 200 203613 "https://royalty-trailers.co.za/sitemap-product.xml" "Mozilla/5.0 AppleWebKit/537.36 (KHTML, like Gecko; compatible; GPTBot/1.4; +https://openai.com/gptbot)"
57.141.0.7 - - [29/Jul/2026:18:49:47 +0200] "GET /?j=s4t1o5m1a5c5h9i6c745 HTTP/1.1" 200 203654 "-" "Mozilla/5.0 (X11; Linux x86_64) AppleWebKit/537.36 (KHTML, like Gecko) Chrome/145.0.0.0 Safari/537.36 (compatible; meta-externalagent/1.1 (+https://developers.facebook.com/docs/sharing/webmasters/crawler))"
57.141.0.29 - - [29/Jul/2026:18:49:48 +0200] "GET /?comedietta/42152620091 HTTP/1.1" 301 0 "-" "Mozilla/5.0 (Macintosh; Intel Mac OS X 10_15_7) AppleWebKit/537.36 (KHTML, like Gecko) Chrome/145.0.0.0 Safari/537.36 (compatible; meta-externalagent/1.1 (+https://developers.facebook.com/docs/sharing/webmasters/crawler))"
74.7.243.231 - - [29/Jul/2026:18:49:52 +0200] "GET /?j=b8e1c9h0u6a7n0a9s430 HTTP/1.1" 200 203786 "https://royalty-trailers.co.za/sitemap-product.xml" "Mozilla/5.0 AppleWebKit/537.36 (KHTML, like Gecko; compatible; GPTBot/1.4; +https://openai.com/gptbot)"
74.7.243.231 - - [29/Jul/2026:18:49:57 +0200] "GET /?j=u8n1r3e8a4l3i1t4y920 HTTP/1.1" 200 203476 "https://royalty-trailers.co.za/sitemap-product.xml" "Mozilla/5.0 AppleWebKit/537.36 (KHTML, like Gecko; compatible; GPTBot/1.4; +https://openai.com/gptbot)"
216.73.217.39 - - [29/Jul/2026:18:50:02 +0200] "GET /?j=e4m2i5s3s2a1r9y0s3h8i0p HTTP/1.1" 200 203717 "-" "Mozilla/5.0 AppleWebKit/537.36 (KHTML, like Gecko; compatible; ClaudeBot/1.0; +claudebot@anthropic.com)"
74.7.243.231 - - [29/Jul/2026:18:50:03 +0200] "GET /?j=r4e2m9a5r9k8i1n0g789 HTTP/1.1" 200 203802 "https://royalty-trailers.co.za/sitemap.xml" "Mozilla/5.0 AppleWebKit/537.36 (KHTML, like Gecko; compatible; GPTBot/1.4; +https://openai.com/gptbot)"
74.7.243.231 - - [29/Jul/2026:18:50:09 +0200] "GET /?j=s4e1m5i4m4e7t3a6l802 HTTP/1.1" 200 203449 "https://royalty-trailers.co.za/sitemap.xml" "Mozilla/5.0 AppleWebKit/537.36 (KHTML, like Gecko; compatible; GPTBot/1.4; +https://openai.com/gptbot)"
74.7.243.231 - - [29/Jul/2026:18:50:14 +0200] "GET /?j=a4s3s7a8u5l7t7e2r169 HTTP/1.1" 200 203533 "https://royalty-trailers.co.za/sitemap.xml" "Mozilla/5.0 AppleWebKit/537.36 (KHTML, like Gecko; compatible; GPTBot/1.4; +https://openai.com/gptbot)"
164.68.125.131 - - [29/Jul/2026:18:50:17 +0200] "POST /wp-cron.php?doing_wp_cron=1785343817.8649868965148925781250 HTTP/1.1" 200 0 "-" "WordPress/6.9.4; https://royalty-trailers.co.za"
74.7.243.231 - - [29/Jul/2026:18:50:17 +0200] "GET /?macrolepis/91783809271 HTTP/1.1" 301 0 "https://royalty-trailers.co.za/sitemap-pages.xml" "Mozilla/5.0 AppleWebKit/537.36 (KHTML, like Gecko; compatible; GPTBot/1.4; +https://openai.com/gptbot)"
74.7.243.231 - - [29/Jul/2026:18:50:22 +0200] "GET /?macrolepis%2F91783809271 HTTP/1.1" 200 203856 "https://royalty-trailers.co.za/?macrolepis/91783809271" "Mozilla/5.0 AppleWebKit/537.36 (KHTML, like Gecko; compatible; GPTBot/1.4; +https://openai.com/gptbot)"
74.7.243.231 - - [29/Jul/2026:18:50:26 +0200] "GET /?j=u9n1m3a3t8c7h4e7d578 HTTP/1.1" 200 203500 "https://royalty-trailers.co.za/sitemap-pages.xml" "Mozilla/5.0 AppleWebKit/537.36 (KHTML, like Gecko; compatible; GPTBot/1.4; +https://openai.com/gptbot)"
57.141.0.4 - - [29/Jul/2026:18:50:27 +0200] "GET /?j=c4l2a1u3s4u5m65812 HTTP/1.1" 200 203615 "-" "Mozilla/5.0 (Windows NT 10.0; Win64; x64) AppleWebKit/537.36 (KHTML, like Gecko) Chrome/145.0.0.0 Safari/537.36 (compatible; meta-externalagent/1.1 (+https://developers.facebook.com/docs/sharing/webmasters/crawler))"
216.73.217.39 - - [29/Jul/2026:18:50:27 +0200] "GET /?j=g4a1s4t2r2o8m3y0t2h92 HTTP/1.1" 200 203608 "-" "Mozilla/5.0 AppleWebKit/537.36 (KHTML, like Gecko; compatible; ClaudeBot/1.0; +claudebot@anthropic.com)"
74.7.243.231 - - [29/Jul/2026:18:50:31 +0200] "GET /?j=a9c2r4o7b8a9t0i3c557 HTTP/1.1" 200 203619 "https://royalty-trailers.co.za/sitemap-pages.xml" "Mozilla/5.0 AppleWebKit/537.36 (KHTML, like Gecko; compatible; GPTBot/1.4; +https://openai.com/gptbot)"
74.7.243.231 - - [29/Jul/2026:18:50:36 +0200] "GET /?j=n9e1u4r2o0l6o0g5y479 HTTP/1.1" 200 203385 "https://royalty-trailers.co.za/sitemap-pages.xml" "Mozilla/5.0 AppleWebKit/537.36 (KHTML, like Gecko; compatible; GPTBot/1.4; +https://openai.com/gptbot)"
74.7.243.231 - - [29/Jul/2026:18:50:41 +0200] "GET /?j=r9e3p2u3l8s8i0o4n649 HTTP/1.1" 200 203760 "https://royalty-trailers.co.za/sitemap-pages.xml" "Mozilla/5.0 AppleWebKit/537.36 (KHTML, like Gecko; compatible; GPTBot/1.4; +https://openai.com/gptbot)"
66.249.66.34 - - [29/Jul/2026:18:50:45 +0200] "GET /?j=s0h2t3i4c7k88501 HTTP/1.1" 200 790512 "-" "Mozilla/5.0 (compatible; Googlebot/2.1; +http://www.google.com/bot.html)"
74.7.243.231 - - [29/Jul/2026:18:50:46 +0200] "GET /?j=h4a1n3d5i1n9e8s0s637 HTTP/1.1" 200 203534 "https://royalty-trailers.co.za/sitemap.xml" "Mozilla/5.0 AppleWebKit/537.36 (KHTML, like Gecko; compatible; GPTBot/1.4; +https://openai.com/gptbot)"
74.7.243.231 - - [29/Jul/2026:18:50:51 +0200] "GET /?j=h4e3c5t5o4g1r3a4m680 HTTP/1.1" 200 203533 "https://royalty-trailers.co.za/sitemap.xml" "Mozilla/5.0 AppleWebKit/537.36 (KHTML, like Gecko; compatible; GPTBot/1.4; +https://openai.com/gptbot)"
216.73.217.39 - - [29/Jul/2026:18:50:52 +0200] "GET /?j=o4v2a6t8e9r1o0t1u0n6d9ate HTTP/1.1" 200 203695 "-" "Mozilla/5.0 AppleWebKit/537.36 (KHTML, like Gecko; compatible; ClaudeBot/1.0; +claudebot@anthropic.com)"
74.7.243.231 - - [29/Jul/2026:18:50:55 +0200] "GET /?j=j9u1c3u8n9d4i8t6y260 HTTP/1.1" 200 203626 "https://royalty-trailers.co.za/sitemap-pages.xml" "Mozilla/5.0 AppleWebKit/537.36 (KHTML, like Gecko; compatible; GPTBot/1.4; +https://openai.com/gptbot)"
74.7.243.231 - - [29/Jul/2026:18:50:58 +0200] "GET /?slidometer/41570825806 HTTP/1.1" 301 0 "https://royalty-trailers.co.za/sitemap.xml" "Mozilla/5.0 AppleWebKit/537.36 (KHTML, like Gecko; compatible; GPTBot/1.4; +https://openai.com/gptbot)"
66.249.66.163 - - [29/Jul/2026:18:51:01 +0200] "GET /?j=m6e2t0a9t5o9l6u8i5c20 HTTP/1.1" 200 789093 "-" "Mozilla/5.0 (compatible; Googlebot/2.1; +http://www.google.com/bot.html)"
74.7.243.231 - - [29/Jul/2026:18:51:02 +0200] "GET /?slidometer%2F41570825806 HTTP/1.1" 200 203703 "https://royalty-trailers.co.za/?slidometer/41570825806" "Mozilla/5.0 AppleWebKit/537.36 (KHTML, like Gecko; compatible; GPTBot/1.4; +https://openai.com/gptbot)"
74.7.243.231 - - [29/Jul/2026:18:51:06 +0200] "GET /?j=e4n3c4r0i7m5s9o2n129 HTTP/1.1" 200 203730 "https://royalty-trailers.co.za/sitemap.xml" "Mozilla/5.0 AppleWebKit/537.36 (KHTML, like Gecko; compatible; GPTBot/1.4; +https://openai.com/gptbot)"
66.249.66.200 - - [29/Jul/2026:18:51:08 +0200] "GET /review/goods/R838717933 HTTP/1.1" 200 819383 "-" "Mozilla/5.0 (Linux; Android 6.0.1; Nexus 5X Build/MMB29P) AppleWebKit/537.36 (KHTML, like Gecko) Chrome/150.0.7871.128 Mobile Safari/537.36 (compatible; GoogleOther)"
164.68.125.131 - - [29/Jul/2026:18:51:15 +0200] "POST /wp-cron.php?doing_wp_cron=1785343875.3011469841003417968750 HTTP/1.1" 200 0 "-" "WordPress/6.9.4; https://royalty-trailers.co.za"
216.73.217.39 - - [29/Jul/2026:18:51:15 +0200] "GET /?j=b4o2u9l4a8n9g6i6s0t98 HTTP/1.1" 200 203697 "-" "Mozilla/5.0 AppleWebKit/537.36 (KHTML, like Gecko; compatible; ClaudeBot/1.0; +claudebot@anthropic.com)"
74.7.243.231 - - [29/Jul/2026:18:51:21 +0200] "GET /?j=s8a2g8e3b5r2u6s0h453 HTTP/1.1" 200 203816 "https://royalty-trailers.co.za/sitemap-product.xml" "Mozilla/5.0 AppleWebKit/537.36 (KHTML, like Gecko; compatible; GPTBot/1.4; +https://openai.com/gptbot)"
57.141.0.20 - - [29/Jul/2026:18:51:29 +0200] "GET /?probabilist/41986811146 HTTP/1.1" 301 0 "-" "Mozilla/5.0 (Windows NT 10.0; Win64; x64) AppleWebKit/537.36 (KHTML, like Gecko) Chrome/145.0.0.0 Safari/537.36 (compatible; meta-externalagent/1.1 (+https://developers.facebook.com/docs/sharing/webmasters/crawler))"
57.141.0.4 - - [29/Jul/2026:18:51:30 +0200] "GET /shops/centrically/a4n2e9m1o2n3i3n0822 HTTP/1.1" 404 145748 "-" "Mozilla/5.0 (Macintosh; Intel Mac OS X 10_15_7) AppleWebKit/537.36 (KHTML, like Gecko) Chrome/145.0.0.0 Safari/537.36 (compatible; meta-externalagent/1.1 (+https://developers.facebook.com/docs/sharing/webmasters/crawler))"
57.141.0.61 - - [29/Jul/2026:18:51:30 +0200] "GET /shops/horologiography/b4o6l5l4o0c6k2540 HTTP/1.1" 404 145748 "-" "Mozilla/5.0 (Macintosh; Intel Mac OS X 10_15_7) AppleWebKit/537.36 (KHTML, like Gecko) Chrome/145.0.0.0 Safari/537.36 (compatible; meta-externalagent/1.1 (+https://developers.facebook.com/docs/sharing/webmasters/crawler))"
57.141.0.17 - - [29/Jul/2026:18:51:31 +0200] "GET /cutout/squamozygomatic/m4a8m6m5a5l0o3g9i5c7al HTTP/1.1" 404 146249 "-" "Mozilla/5.0 (Windows NT 10.0; Win64; x64) AppleWebKit/537.36 (KHTML, like Gecko) Chrome/145.0.0.0 Safari/537.36 (compatible; meta-externalagent/1.1 (+https://developers.facebook.com/docs/sharing/webmasters/crawler))"
57.141.0.29 - - [29/Jul/2026:18:51:40 +0200] "GET /shops/chela/b4e2s7p3a7n0g9l3e250 HTTP/1.1" 404 146249 "-" "Mozilla/5.0 (Windows NT 10.0; Win64; x64) AppleWebKit/537.36 (KHTML, like Gecko) Chrome/145.0.0.0 Safari/537.36 (compatible; meta-externalagent/1.1 (+https://developers.facebook.com/docs/sharing/webmasters/crawler))"
74.7.243.231 - - [29/Jul/2026:18:51:42 +0200] "GET /?j=i9n3v8e2n7t0f9u5l924 HTTP/1.1" 200 203453 "https://royalty-trailers.co.za/sitemap-pages.xml" "Mozilla/5.0 AppleWebKit/537.36 (KHTML, like Gecko; compatible; GPTBot/1.4; +https://openai.com/gptbot)"
216.73.217.39 - - [29/Jul/2026:18:51:47 +0200] "GET /caproate/nonemphatic/44274479618 HTTP/1.1" 404 146249 "-" "Mozilla/5.0 AppleWebKit/537.36 (KHTML, like Gecko; compatible; ClaudeBot/1.0; +claudebot@anthropic.com)"
74.7.243.231 - - [29/Jul/2026:18:51:47 +0200] "GET /?j=f8o3s6t6e2r3i6n2g470 HTTP/1.1" 200 203659 "https://royalty-trailers.co.za/sitemap-product.xml" "Mozilla/5.0 AppleWebKit/537.36 (KHTML, like Gecko; compatible; GPTBot/1.4; +https://openai.com/gptbot)"
74.7.243.231 - - [29/Jul/2026:18:51:53 +0200] "GET /?j=s4e1l6e9n5i7t2i8c473 HTTP/1.1" 200 203701 "https://royalty-trailers.co.za/sitemap.xml" "Mozilla/5.0 AppleWebKit/537.36 (KHTML, like Gecko; compatible; GPTBot/1.4; +https://openai.com/gptbot)"
57.141.0.35 - - [29/Jul/2026:18:51:56 +0200] "GET /shops/estimating/p4l2a1s4t7e7r9e8r516 HTTP/1.1" 404 145748 "-" "Mozilla/5.0 (Macintosh; Intel Mac OS X 10_15_7) AppleWebKit/537.36 (KHTML, like Gecko) Chrome/145.0.0.0 Safari/537.36 (compatible; meta-externalagent/1.1 (+https://developers.facebook.com/docs/sharing/webmasters/crawler))"
216.73.217.39 - - [29/Jul/2026:18:51:56 +0200] "GET /shops/consideration/l4e3m9u0r5o7i6d3a626 HTTP/1.1" 404 146249 "-" "Mozilla/5.0 AppleWebKit/537.36 (KHTML, like Gecko; compatible; ClaudeBot/1.0; +claudebot@anthropic.com)"
74.7.243.231 - - [29/Jul/2026:18:51:58 +0200] "GET /?j=r4u2p9i1c5a0p3r6a517 HTTP/1.1" 200 203628 "https://royalty-trailers.co.za/sitemap.xml" "Mozilla/5.0 AppleWebKit/537.36 (KHTML, like Gecko; compatible; GPTBot/1.4; +https://openai.com/gptbot)"
74.7.243.231 - - [29/Jul/2026:18:52:03 +0200] "GET /?j=p8s1y9c5h8i7c2a3l931 HTTP/1.1" 200 203532 "https://royalty-trailers.co.za/sitemap-product.xml" "Mozilla/5.0 AppleWebKit/537.36 (KHTML, like Gecko; compatible; GPTBot/1.4; +https://openai.com/gptbot)"
74.7.243.231 - - [29/Jul/2026:18:52:07 +0200] "GET /?j=d9e3s2e8r9t7f7u0l574 HTTP/1.1" 200 203731 "https://royalty-trailers.co.za/sitemap-pages.xml" "Mozilla/5.0 AppleWebKit/537.36 (KHTML, like Gecko; compatible; GPTBot/1.4; +https://openai.com/gptbot)"
216.73.217.39 - - [29/Jul/2026:18:52:13 +0200] "GET /?j=a4u2t3o6b7i0o8g0r6a4p4hic HTTP/1.1" 200 203676 "-" "Mozilla/5.0 AppleWebKit/537.36 (KHTML, like Gecko; compatible; ClaudeBot/1.0; +claudebot@anthropic.com)"
164.68.125.131 - - [29/Jul/2026:18:52:38 +0200] "POST /wp-cron.php?doing_wp_cron=1785343958.1684720516204833984375 HTTP/1.1" 200 0 "-" "WordPress/6.9.4; https://royalty-trailers.co.za"
74.7.243.231 - - [29/Jul/2026:18:52:38 +0200] "GET /?j=c9o4v2e0r9t6u1r1e503 HTTP/1.1" 200 203606 "https://royalty-trailers.co.za/sitemap-pages.xml" "Mozilla/5.0 AppleWebKit/537.36 (KHTML, like Gecko; compatible; GPTBot/1.4; +https://openai.com/gptbot)"
216.73.217.39 - - [29/Jul/2026:18:52:43 +0200] "GET /?j=g4o7o8d3b0y20979 HTTP/1.1" 200 203522 "-" "Mozilla/5.0 AppleWebKit/537.36 (KHTML, like Gecko; compatible; ClaudeBot/1.0; +claudebot@anthropic.com)"
216.73.217.39 - - [29/Jul/2026:18:52:51 +0200] "GET /robots.txt HTTP/1.1" 200 87 "-" "Mozilla/5.0 AppleWebKit/537.36 (KHTML, like Gecko; compatible; ClaudeBot/1.0; +claudebot@anthropic.com)"
74.7.243.231 - - [29/Jul/2026:18:52:56 +0200] "GET /?j=e8m1p6h5a6s9i7z2e285 HTTP/1.1" 200 203760 "https://royalty-trailers.co.za/sitemap-product.xml" "Mozilla/5.0 AppleWebKit/537.36 (KHTML, like Gecko; compatible; GPTBot/1.4; +https://openai.com/gptbot)"
74.7.243.231 - - [29/Jul/2026:18:52:59 +0200] "GET /?j=v9i3c6a5r0s0h1i5p249 HTTP/1.1" 200 203394 "https://royalty-trailers.co.za/sitemap-pages.xml" "Mozilla/5.0 AppleWebKit/537.36 (KHTML, like Gecko; compatible; GPTBot/1.4; +https://openai.com/gptbot)"
216.73.217.39 - - [29/Jul/2026:18:53:03 +0200] "GET /pedograph/bartering/42798068780 HTTP/1.1" 404 146249 "-" "Mozilla/5.0 AppleWebKit/537.36 (KHTML, like Gecko; compatible; ClaudeBot/1.0; +claudebot@anthropic.com)"
74.7.243.231 - - [29/Jul/2026:18:53:04 +0200] "GET /?j=s8o2u9r4k6r1o5u8t733 HTTP/1.1" 200 203557 "https://royalty-trailers.co.za/sitemap-product.xml" "Mozilla/5.0 AppleWebKit/537.36 (KHTML, like Gecko; compatible; GPTBot/1.4; +https://openai.com/gptbot)"
74.7.243.231 - - [29/Jul/2026:18:53:07 +0200] "GET /?j=a8l1i0g1n3m4e2n4t986 HTTP/1.1" 200 203630 "https://royalty-trailers.co.za/sitemap-product.xml" "Mozilla/5.0 AppleWebKit/537.36 (KHTML, like Gecko; compatible; GPTBot/1.4; +https://openai.com/gptbot)"
74.7.243.231 - - [29/Jul/2026:18:53:11 +0200] "GET /?j=b8i3p5i9n7n4a6t3e604 HTTP/1.1" 200 203737 "https://royalty-trailers.co.za/sitemap-product.xml" "Mozilla/5.0 AppleWebKit/537.36 (KHTML, like Gecko; compatible; GPTBot/1.4; +https://openai.com/gptbot)"
164.68.125.131 - - [29/Jul/2026:18:53:15 +0200] "POST /wp-cron.php?doing_wp_cron=1785343995.8474159240722656250000 HTTP/1.1" 200 0 "-" "WordPress/6.9.4; https://royalty-trailers.co.za"
74.7.243.231 - - [29/Jul/2026:18:53:15 +0200] "GET /?j=m8e4t2r4o0p3o1l1e693 HTTP/1.1" 200 203398 "https://royalty-trailers.co.za/sitemap-product.xml" "Mozilla/5.0 AppleWebKit/537.36 (KHTML, like Gecko; compatible; GPTBot/1.4; +https://openai.com/gptbot)"
74.7.243.231 - - [29/Jul/2026:18:53:24 +0200] "GET /?j=e9n1t5r6a7m1m4e8l062 HTTP/1.1" 200 203447 "https://royalty-trailers.co.za/sitemap-pages.xml" "Mozilla/5.0 AppleWebKit/537.36 (KHTML, like Gecko; compatible; GPTBot/1.4; +https://openai.com/gptbot)"
216.73.217.39 - - [29/Jul/2026:18:53:25 +0200] "GET /?j=o4u1t0l5a1b7o6r065 HTTP/1.1" 200 203553 "-" "Mozilla/5.0 AppleWebKit/537.36 (KHTML, like Gecko; compatible; ClaudeBot/1.0; +claudebot@anthropic.com)"
74.7.243.231 - - [29/Jul/2026:18:53:31 +0200] "GET /?j=l8a2k4e0f6r5o0n5t238 HTTP/1.1" 200 203496 "https://royalty-trailers.co.za/sitemap-product.xml" "Mozilla/5.0 AppleWebKit/537.36 (KHTML, like Gecko; compatible; GPTBot/1.4; +https://openai.com/gptbot)"
74.7.243.231 - - [29/Jul/2026:18:53:37 +0200] "GET /?j=g8r2o8u3t0h6e7a1d681 HTTP/1.1" 200 203603 "https://royalty-trailers.co.za/sitemap-product.xml" "Mozilla/5.0 AppleWebKit/537.36 (KHTML, like Gecko; compatible; GPTBot/1.4; +https://openai.com/gptbot)"
216.73.217.39 - - [29/Jul/2026:18:53:43 +0200] "GET /?j=c4o2r8r3i9g2u7m9933 HTTP/1.1" 200 203723 "-" "Mozilla/5.0 AppleWebKit/537.36 (KHTML, like Gecko; compatible; ClaudeBot/1.0; +claudebot@anthropic.com)"
74.7.243.231 - - [29/Jul/2026:18:53:43 +0200] "GET /?j=c4r2a2t7a0e9g7u6s345 HTTP/1.1" 200 203758 "https://royalty-trailers.co.za/sitemap.xml" "Mozilla/5.0 AppleWebKit/537.36 (KHTML, like Gecko; compatible; GPTBot/1.4; +https://openai.com/gptbot)"
74.7.243.231 - - [29/Jul/2026:18:53:49 +0200] "GET /?j=b9e2m3o8n5s7t5e1r097 HTTP/1.1" 200 203723 "https://royalty-trailers.co.za/sitemap-pages.xml" "Mozilla/5.0 AppleWebKit/537.36 (KHTML, like Gecko; compatible; GPTBot/1.4; +https://openai.com/gptbot)"
74.7.243.231 - - [29/Jul/2026:18:53:54 +0200] "GET /?j=h8e3b2r5i7d1e1a6n296 HTTP/1.1" 200 203589 "https://royalty-trailers.co.za/sitemap-product.xml" "Mozilla/5.0 AppleWebKit/537.36 (KHTML, like Gecko; compatible; GPTBot/1.4; +https://openai.com/gptbot)"
66.249.66.73 - - [29/Jul/2026:18:53:57 +0200] "GET /?alepidosaurus/41679885541 HTTP/1.1" 200 814250 "-" "Mozilla/5.0 (compatible; Googlebot/2.1; +http://www.google.com/bot.html)"
216.73.217.39 - - [29/Jul/2026:18:54:05 +0200] "GET /?j=c4o1l4l9o3c6a9t3i5o8n4 HTTP/1.1" 200 203866 "-" "Mozilla/5.0 AppleWebKit/537.36 (KHTML, like Gecko; compatible; ClaudeBot/1.0; +claudebot@anthropic.com)"
66.249.66.164 - - [29/Jul/2026:18:54:12 +0200] "GET /?j=u0n3i2f6o6r6m4i6t6a2r3ianism HTTP/1.1" 200 795647 "-" "Mozilla/5.0 (Linux; Android 6.0.1; Nexus 5X Build/MMB29P) AppleWebKit/537.36 (KHTML, like Gecko) Chrome/150.0.7871.128 Mobile Safari/537.36 (compatible; Googlebot/2.1; +http://www.google.com/bot.html)"
74.7.243.231 - - [29/Jul/2026:18:54:12 +0200] "GET /?j=f8e1u3d6a3t4o1r9y654 HTTP/1.1" 200 203533 "https://royalty-trailers.co.za/sitemap-product.xml" "Mozilla/5.0 AppleWebKit/537.36 (KHTML, like Gecko; compatible; GPTBot/1.4; +https://openai.com/gptbot)"
164.68.125.131 - - [29/Jul/2026:18:54:21 +0200] "POST /wp-cron.php?doing_wp_cron=1785344061.7041199207305908203125 HTTP/1.1" 200 0 "-" "WordPress/6.9.4; https://royalty-trailers.co.za"
216.73.217.39 - - [29/Jul/2026:18:54:21 +0200] "GET /shops/manicaria/c4o3l5l4a9b3o0r5a0t6i0on HTTP/1.1" 404 146249 "-" "Mozilla/5.0 AppleWebKit/537.36 (KHTML, like Gecko; compatible; ClaudeBot/1.0; +claudebot@anthropic.com)"
74.7.243.231 - - [29/Jul/2026:18:54:25 +0200] "GET /?j=s4u1b6p2o7e0n6a2l168 HTTP/1.1" 200 203311 "https://royalty-trailers.co.za/sitemap.xml" "Mozilla/5.0 AppleWebKit/537.36 (KHTML, like Gecko; compatible; GPTBot/1.4; +https://openai.com/gptbot)"
74.7.243.231 - - [29/Jul/2026:18:54:30 +0200] "GET /?j=l4o1g2i8c2a3l2l9y444 HTTP/1.1" 200 203614 "https://royalty-trailers.co.za/sitemap.xml" "Mozilla/5.0 AppleWebKit/537.36 (KHTML, like Gecko; compatible; GPTBot/1.4; +https://openai.com/gptbot)"
74.7.243.231 - - [29/Jul/2026:18:54:34 +0200] "GET /?j=r8u5f1i5v6i6r2g9a8ta HTTP/1.1" 200 203762 "https://royalty-trailers.co.za/sitemap-product.xml" "Mozilla/5.0 AppleWebKit/537.36 (KHTML, like Gecko; compatible; GPTBot/1.4; +https://openai.com/gptbot)"
74.7.243.231 - - [29/Jul/2026:18:54:39 +0200] "GET /?j=c4o3n5c3e7p4t9i5b4le HTTP/1.1" 200 203447 "https://royalty-trailers.co.za/sitemap.xml" "Mozilla/5.0 AppleWebKit/537.36 (KHTML, like Gecko; compatible; GPTBot/1.4; +https://openai.com/gptbot)"
74.7.243.231 - - [29/Jul/2026:18:54:45 +0200] "GET /?j=a4n1t3h1r3o4p2o3p6h2agical HTTP/1.1" 200 203711 "https://royalty-trailers.co.za/sitemap.xml" "Mozilla/5.0 AppleWebKit/537.36 (KHTML, like Gecko; compatible; GPTBot/1.4; +https://openai.com/gptbot)"
57.141.0.7 - - [29/Jul/2026:18:54:47 +0200] "GET /wp-content/plugins/woocommerce/assets/client/blocks/wc-blocks.css?ver=wc-10.9.4 HTTP/1.1" 200 14006 "https://royalty-trailers.co.za/?j=c8u2r0c0u4l4i4o2n2i9d6eae" "Mozilla/5.0 (Windows NT 10.0; Win64; x64) AppleWebKit/537.36 (KHTML, like Gecko) Chrome/145.0.0.0 Safari/537.36 (compatible; meta-externalagent/1.1 (+https://developers.facebook.com/docs/sharing/webmasters/crawler))"
57.141.0.43 - - [29/Jul/2026:18:54:47 +0200] "GET /wp-content/plugins/click-to-chat-for-whatsapp/new/inc/assets/css/main.css?ver=4.41 HTTP/1.1" 200 3015 "https://royalty-trailers.co.za/?j=c8u2r0c0u4l4i4o2n2i9d6eae" "Mozilla/5.0 (Windows NT 10.0; Win64; x64) AppleWebKit/537.36 (KHTML, like Gecko) Chrome/145.0.0.0 Safari/537.36 (compatible; meta-externalagent/1.1 (+https://developers.facebook.com/docs/sharing/webmasters/crawler))"
57.141.0.4 - - [29/Jul/2026:18:54:47 +0200] "GET /wp-content/plugins/elementor/assets/css/frontend.min.css?ver=3.33.2 HTTP/1.1" 200 53644 "https://royalty-trailers.co.za/?j=c8u2r0c0u4l4i4o2n2i9d6eae" "Mozilla/5.0 (Windows NT 10.0; Win64; x64) AppleWebKit/537.36 (KHTML, like Gecko) Chrome/145.0.0.0 Safari/537.36 (compatible; meta-externalagent/1.1 (+https://developers.facebook.com/docs/sharing/webmasters/crawler))"
57.141.0.32 - - [29/Jul/2026:18:54:47 +0200] "GET /wp-content/themes/bridge/css/style_dynamic.css?ver=1764680366 HTTP/1.1" 200 42557 "https://royalty-trailers.co.za/?j=c8u2r0c0u4l4i4o2n2i9d6eae" "Mozilla/5.0 (Windows NT 10.0; Win64; x64) AppleWebKit/537.36 (KHTML, like Gecko) Chrome/145.0.0.0 Safari/537.36 (compatible; meta-externalagent/1.1 (+https://developers.facebook.com/docs/sharing/webmasters/crawler))"
57.141.0.11 - - [29/Jul/2026:18:54:47 +0200] "GET /wp-content/plugins/woocommerce/assets/js/jquery-blockui/jquery.blockUI.min.js?ver=2.7.0-wc.10.9.4 HTTP/1.1" 200 9636 "https://royalty-trailers.co.za/?j=c8u2r0c0u4l4i4o2n2i9d6eae" "Mozilla/5.0 (Windows NT 10.0; Win64; x64) AppleWebKit/537.36 (KHTML, like Gecko) Chrome/145.0.0.0 Safari/537.36 (compatible; meta-externalagent/1.1 (+https://developers.facebook.com/docs/sharing/webmasters/crawler))"
57.141.0.15 - - [29/Jul/2026:18:54:47 +0200] "GET /wp-content/uploads/elementor/css/post-492.css?ver=1785280153 HTTP/1.1" 200 31465 "https://royalty-trailers.co.za/?j=c8u2r0c0u4l4i4o2n2i9d6eae" "Mozilla/5.0 (Windows NT 10.0; Win64; x64) AppleWebKit/537.36 (KHTML, like Gecko) Chrome/145.0.0.0 Safari/537.36 (compatible; meta-externalagent/1.1 (+https://developers.facebook.com/docs/sharing/webmasters/crawler))"
57.141.0.5 - - [29/Jul/2026:18:54:47 +0200] "GET /wp-content/uploads/elementor/css/post-7.css?ver=1785280153 HTTP/1.1" 200 1164 "https://royalty-trailers.co.za/?j=c8u2r0c0u4l4i4o2n2i9d6eae" "Mozilla/5.0 (Windows NT 10.0; Win64; x64) AppleWebKit/537.36 (KHTML, like Gecko) Chrome/145.0.0.0 Safari/537.36 (compatible; meta-externalagent/1.1 (+https://developers.facebook.com/docs/sharing/webmasters/crawler))"
57.141.0.6 - - [29/Jul/2026:18:54:47 +0200] "GET /?j=c8u2r0c0u4l4i4o2n2i9d6eae HTTP/1.1" 200 203827 "-" "Mozilla/5.0 (Windows NT 10.0; Win64; x64) AppleWebKit/537.36 (KHTML, like Gecko) Chrome/145.0.0.0 Safari/537.36 (compatible; meta-externalagent/1.1 (+https://developers.facebook.com/docs/sharing/webmasters/crawler))"
