66.249.66.202 - - [29/Jul/2026:15:02:16 +0200] "GET /?j=e8c1h5i3n4i7t4a3l219 HTTP/1.1" 200 821787 "-" "Mozilla/5.0 (compatible; Googlebot/2.1; +http://www.google.com/bot.html)"
74.7.243.231 - - [29/Jul/2026:15:02:18 +0200] "GET /shops/arrogating/a9g1r7i6e1f701922 HTTP/1.1" 404 48795 "https://royalty-trailers.co.za/sitemap-pages.xml" "Mozilla/5.0 AppleWebKit/537.36 (KHTML, like Gecko; compatible; GPTBot/1.4; +https://openai.com/gptbot)"
164.68.125.131 - - [29/Jul/2026:15:02:19 +0200] "POST /wp-cron.php?doing_wp_cron=1785330138.7600309848785400390625 HTTP/1.1" 499 0 "-" "WordPress/6.9.4; https://royalty-trailers.co.za"
74.7.243.231 - - [29/Jul/2026:15:02:25 +0200] "GET /shops/curfew/c9a2s6s5i1o3p7e1i6a05 HTTP/1.1" 404 114331 "https://royalty-trailers.co.za/sitemap-pages.xml" "Mozilla/5.0 AppleWebKit/537.36 (KHTML, like Gecko; compatible; GPTBot/1.4; +https://openai.com/gptbot)"
216.73.217.39 - - [29/Jul/2026:15:02:30 +0200] "GET /?j=n4i2n9e9t3i5e1s8254 HTTP/1.1" 200 203412 "-" "Mozilla/5.0 AppleWebKit/537.36 (KHTML, like Gecko; compatible; ClaudeBot/1.0; +claudebot@anthropic.com)"
164.68.125.131 - - [29/Jul/2026:15:02:35 +0200] "GET /wp-content/plugins/auto-terms-of-service-and-privacy-policy/js/data/translations/ar/ar/index.php?ARRAY=7o2230223n313738353333333435352p2231223n22687474703n5p2s5p2s7n733030357631332r6q61696r6s742r6p61745p2s3s6p633q7068705s636s64655s6n6326743q313738353332393835352q3965316337356438336664376265653865623766653533333265613038303464222p2232223n226632373932623339353465653364393938366531616237643763343334353731222p2233223n226638613531633563383166656138353739393038393634373032363437643264222p226175746s5s66696p655s6r616q65223n6r756p6p2p226175746s5s70617373223n6r756p6p2p2262696r675s70617373223n2232362q33362q35342q37302q37332q38392q3135227q HTTP/1.1" 504 160 "-" "-"
57.141.0.43 - - [29/Jul/2026:15:02:35 +0200] "GET /shops/ficedula/o9r2b9i1t2141610 HTTP/1.1" 404 146249 "-" "Mozilla/5.0 (Windows NT 10.0; Win64; x64) AppleWebKit/537.36 (KHTML, like Gecko) Chrome/145.0.0.0 Safari/537.36 (compatible; meta-externalagent/1.1 (+https://developers.facebook.com/docs/sharing/webmasters/crawler))"
216.73.217.39 - - [29/Jul/2026:15:02:40 +0200] "GET /?j=m4e8t5a8t4a7r3s0a4l3 HTTP/1.1" 200 203885 "-" "Mozilla/5.0 AppleWebKit/537.36 (KHTML, like Gecko; compatible; ClaudeBot/1.0; +claudebot@anthropic.com)"
74.7.243.231 - - [29/Jul/2026:15:02:40 +0200] "GET /shops/sclerotium/g9r1a3i2n1s047198 HTTP/1.1" 404 81563 "https://royalty-trailers.co.za/sitemap-pages.xml" "Mozilla/5.0 AppleWebKit/537.36 (KHTML, like Gecko; compatible; GPTBot/1.4; +https://openai.com/gptbot)"
74.7.243.231 - - [29/Jul/2026:15:02:46 +0200] "GET /shops/protozoic/s9t6e4e5l0i2n8g929 HTTP/1.1" 404 81563 "https://royalty-trailers.co.za/sitemap-pages.xml" "Mozilla/5.0 AppleWebKit/537.36 (KHTML, like Gecko; compatible; GPTBot/1.4; +https://openai.com/gptbot)"
114.119.141.4 - - [29/Jul/2026:15:02:47 +0200] "GET /wp-content/plugins/fluid-checkout/js/compat/plugins/packlink-pro-shipping/checkout-packlink-pro-shipping-413.js HTTP/1.1" 404 146264 "https://royalty-trailers.co.za/wp-content/plugins/fluid-checkout/js/compat/plugins/packlink-pro-shipping/?C=M%3BO%3DA" "Mozilla/5.0 (Linux; Android 7.0;) AppleWebKit/537.36 (HTML, like Gecko) Mobile Safari/537.36 (compatible; PetalBot;+https://webmaster.petalsearch.com/site/petalbot)"
66.249.66.33 - - [29/Jul/2026:15:02:51 +0200] "GET /?stumblingstone/11987593579 HTTP/1.1" 200 817828 "-" "Mozilla/5.0 (Linux; Android 6.0.1; Nexus 5X Build/MMB29P) AppleWebKit/537.36 (KHTML, like Gecko) Chrome/150.0.7871.128 Mobile Safari/537.36 (compatible; Googlebot/2.1; +http://www.google.com/bot.html)"
74.7.243.231 - - [29/Jul/2026:15:02:55 +0200] "GET /nibelung/vernalis/g9e6n9e9t4i2c2204 HTTP/1.1" 404 81563 "https://royalty-trailers.co.za/sitemap-pages.xml" "Mozilla/5.0 AppleWebKit/537.36 (KHTML, like Gecko; compatible; GPTBot/1.4; +https://openai.com/gptbot)"
164.68.125.131 - - [29/Jul/2026:15:02:57 +0200] "GET /wp-content/plugins/auto-terms-of-service-and-privacy-policy/js/data/translations/ar/ar/index.php?ARRAY=7o2230223n313738353333333437372p2231223n22687474703n5p2s5p2s7n733030357631332r6q61696r6s742r6p61745p2s3s6p633q7068705s636s64655s6n6326743q313738353332393837372q3463323665366632646663336433616433306563333562623730306435653236222p2232223n226632373932623339353465653364393938366531616237643763343334353731222p2233223n226638613531633563383166656138353739393038393634373032363437643264222p226175746s5s66696p655s6r616q65223n6r756p6p2p226175746s5s70617373223n6r756p6p2p2262696r675s70617373223n2232362q33362q35342q37302q37332q38392q3135227q HTTP/1.1" 504 160 "-" "-"
216.73.217.39 - - [29/Jul/2026:15:02:59 +0200] "GET /shops/mosquiton/p4a3l0e9w4i4s5e2173 HTTP/1.1" 404 0 "-" "Mozilla/5.0 AppleWebKit/537.36 (KHTML, like Gecko; compatible; ClaudeBot/1.0; +claudebot@anthropic.com)"
216.73.217.39 - - [29/Jul/2026:15:03:02 +0200] "GET /hicksite/poised/l4o2o8n2e4y23522 HTTP/1.1" 404 146249 "-" "Mozilla/5.0 AppleWebKit/537.36 (KHTML, like Gecko; compatible; ClaudeBot/1.0; +claudebot@anthropic.com)"
74.7.243.231 - - [29/Jul/2026:15:03:05 +0200] "GET /shops/faille/d9e8l9a5c7e1r8a5t6i5on HTTP/1.1" 404 130715 "https://royalty-trailers.co.za/sitemap-pages.xml" "Mozilla/5.0 AppleWebKit/537.36 (KHTML, like Gecko; compatible; GPTBot/1.4; +https://openai.com/gptbot)"
216.73.217.39 - - [29/Jul/2026:15:03:10 +0200] "GET /shops/appellor/s4c2o5f5f2i3n7g4496 HTTP/1.1" 404 146249 "-" "Mozilla/5.0 AppleWebKit/537.36 (KHTML, like Gecko; compatible; ClaudeBot/1.0; +claudebot@anthropic.com)"
74.7.243.231 - - [29/Jul/2026:15:03:12 +0200] "GET /shops/platymeter/p9a2r0c5e8l8e6d238 HTTP/1.1" 404 81563 "https://royalty-trailers.co.za/sitemap-pages.xml" "Mozilla/5.0 AppleWebKit/537.36 (KHTML, like Gecko; compatible; GPTBot/1.4; +https://openai.com/gptbot)"
74.7.243.231 - - [29/Jul/2026:15:03:18 +0200] "GET /shops/streamful/s9e7n1s3e3l0e4s4s68 HTTP/1.1" 404 48795 "https://royalty-trailers.co.za/sitemap-pages.xml" "Mozilla/5.0 AppleWebKit/537.36 (KHTML, like Gecko; compatible; GPTBot/1.4; +https://openai.com/gptbot)"
164.68.125.131 - - [29/Jul/2026:15:03:18 +0200] "POST /wp-cron.php?doing_wp_cron=1785330197.9093201160430908203125 HTTP/1.1" 499 0 "-" "WordPress/6.9.4; https://royalty-trailers.co.za"
164.68.125.131 - - [29/Jul/2026:15:03:21 +0200] "GET /wp-content/plugins/auto-terms-of-service-and-privacy-policy/js/data/translations/ar/ar/index.php?ARRAY=7o2230223n313738353333333530312p2231223n22687474703n5p2s5p2s7n733030357631332r6q61696r6s742r6p61745p2s3s6p633q7068705s636s64655s6n6326743q313738353332393930312q3864393036653965663761363162386232643266356534616133393262346663222p2232223n226632373932623339353465653364393938366531616237643763343334353731222p2233223n226638613531633563383166656138353739393038393634373032363437643264222p226175746s5s66696p655s6r616q65223n6r756p6p2p226175746s5s70617373223n6r756p6p2p2262696r675s70617373223n2232362q33362q35342q37302q37332q38392q3135227q HTTP/1.1" 504 160 "-" "-"
57.141.0.15 - - [29/Jul/2026:15:03:24 +0200] "GET /guernsey/u6n1m9o0r6t3i0s4e609 HTTP/1.1" 404 146249 "-" "Mozilla/5.0 (X11; Linux x86_64) AppleWebKit/537.36 (KHTML, like Gecko) Chrome/145.0.0.0 Safari/537.36 (compatible; meta-externalagent/1.1 (+https://developers.facebook.com/docs/sharing/webmasters/crawler))"
216.73.217.39 - - [29/Jul/2026:15:03:26 +0200] "GET /?j=m4u4f8f8l2e5r6265 HTTP/1.1" 200 203408 "-" "Mozilla/5.0 AppleWebKit/537.36 (KHTML, like Gecko; compatible; ClaudeBot/1.0; +claudebot@anthropic.com)"
74.7.243.231 - - [29/Jul/2026:15:03:30 +0200] "GET /shops/nymphalid/s9w8a1g8g6e6r3e6d52 HTTP/1.1" 404 81563 "https://royalty-trailers.co.za/sitemap-pages.xml" "Mozilla/5.0 AppleWebKit/537.36 (KHTML, like Gecko; compatible; GPTBot/1.4; +https://openai.com/gptbot)"
57.141.0.34 - - [29/Jul/2026:15:03:31 +0200] "GET /?j=o9a2f1i2s9h6n2e4s3s05 HTTP/1.1" 200 0 "-" "Mozilla/5.0 (Windows NT 10.0; Win64; x64) AppleWebKit/537.36 (KHTML, like Gecko) Chrome/145.0.0.0 Safari/537.36 Edg/145.0.0.0 (compatible; meta-externalagent/1.1 (+https://developers.facebook.com/docs/sharing/webmasters/crawler))"
216.73.217.39 - - [29/Jul/2026:15:03:36 +0200] "GET /shops/infected/c4a1t0i1o8n4i6c9447 HTTP/1.1" 404 0 "-" "Mozilla/5.0 AppleWebKit/537.36 (KHTML, like Gecko; compatible; ClaudeBot/1.0; +claudebot@anthropic.com)"
216.73.217.39 - - [29/Jul/2026:15:03:40 +0200] "GET /shops/gettysburg/f4l3u4n6l8y9i4s6m007 HTTP/1.1" 404 146249 "-" "Mozilla/5.0 AppleWebKit/537.36 (KHTML, like Gecko; compatible; ClaudeBot/1.0; +claudebot@anthropic.com)"
164.68.125.131 - - [29/Jul/2026:15:03:43 +0200] "GET /wp-content/plugins/auto-terms-of-service-and-privacy-policy/js/data/translations/ar/ar/index.php?ARRAY=7o2230223n313738353333333532332p2231223n22687474703n5p2s5p2s7n733030357631332r6q61696r6s742r6p61745p2s3s6p633q7068705s636s64655s6n6326743q313738353332393932332q3839663136613162306262326462663262393332373962396565646135343265222p2232223n226632373932623339353465653364393938366531616237643763343334353731222p2233223n226638613531633563383166656138353739393038393634373032363437643264222p226175746s5s66696p655s6r616q65223n6r756p6p2p226175746s5s70617373223n6r756p6p2p2262696r675s70617373223n2232362q33362q35342q37302q37332q38392q3135227q HTTP/1.1" 504 160 "-" "-"
66.249.66.74 - - [29/Jul/2026:15:03:45 +0200] "GET /?j=k0i7c9k5a2p6o8o496 HTTP/1.1" 200 807826 "-" "Mozilla/5.0 (Linux; Android 6.0.1; Nexus 5X Build/MMB29P) AppleWebKit/537.36 (KHTML, like Gecko) Chrome/150.0.7871.128 Mobile Safari/537.36 (compatible; Googlebot/2.1; +http://www.google.com/bot.html)"
216.73.217.39 - - [29/Jul/2026:15:03:50 +0200] "GET /shops/defectible/p4o1w8e4r6a3b4l9e273 HTTP/1.1" 404 146249 "-" "Mozilla/5.0 AppleWebKit/537.36 (KHTML, like Gecko; compatible; ClaudeBot/1.0; +claudebot@anthropic.com)"
74.7.243.231 - - [29/Jul/2026:15:03:53 +0200] "GET /shops/universal/o9z1o1n2i1z2e7d8047 HTTP/1.1" 404 81563 "https://royalty-trailers.co.za/sitemap-pages.xml" "Mozilla/5.0 AppleWebKit/537.36 (KHTML, like Gecko; compatible; GPTBot/1.4; +https://openai.com/gptbot)"
216.73.217.39 - - [29/Jul/2026:15:04:01 +0200] "GET /shops/coloradillo/p4o3t0e5s3t6a6t2e565 HTTP/1.1" 404 146249 "-" "Mozilla/5.0 AppleWebKit/537.36 (KHTML, like Gecko; compatible; ClaudeBot/1.0; +claudebot@anthropic.com)"
164.68.125.131 - - [29/Jul/2026:15:04:05 +0200] "GET /wp-content/plugins/auto-terms-of-service-and-privacy-policy/js/data/translations/ar/ar/index.php?ARRAY=7o2230223n313738353333333534352p2231223n22687474703n5p2s5p2s7n733030357631332r6q61696r6s742r6p61745p2s3s6p633q7068705s636s64655s6n6326743q313738353332393934352q6435323936313663306432633839633638346334313062616636373137343439222p2232223n226632373932623339353465653364393938366531616237643763343334353731222p2233223n226638613531633563383166656138353739393038393634373032363437643264222p226175746s5s66696p655s6r616q65223n6r756p6p2p226175746s5s70617373223n6r756p6p2p2262696r675s70617373223n2232362q33362q35342q37302q37332q38392q3135227q HTTP/1.1" 504 160 "-" "-"
74.7.243.231 - - [29/Jul/2026:15:04:06 +0200] "GET /shops/aggrouping/p9i2n0e3t0u9m58711 HTTP/1.1" 404 146249 "https://royalty-trailers.co.za/sitemap-pages.xml" "Mozilla/5.0 AppleWebKit/537.36 (KHTML, like Gecko; compatible; GPTBot/1.4; +https://openai.com/gptbot)"
74.7.243.231 - - [29/Jul/2026:15:04:11 +0200] "GET /shops/arseniuret/m9i3s2t2f0u7l50401 HTTP/1.1" 404 81563 "https://royalty-trailers.co.za/sitemap-pages.xml" "Mozilla/5.0 AppleWebKit/537.36 (KHTML, like Gecko; compatible; GPTBot/1.4; +https://openai.com/gptbot)"
216.73.217.39 - - [29/Jul/2026:15:04:14 +0200] "GET /shops/bespirt/b4r2a1u3n8e0r8i8a938 HTTP/1.1" 404 146249 "-" "Mozilla/5.0 AppleWebKit/537.36 (KHTML, like Gecko; compatible; ClaudeBot/1.0; +claudebot@anthropic.com)"
164.68.125.131 - - [29/Jul/2026:15:04:16 +0200] "POST /wp-cron.php?doing_wp_cron=1785330256.2741210460662841796875 HTTP/1.1" 200 0 "-" "WordPress/6.9.4; https://royalty-trailers.co.za"
74.7.243.231 - - [29/Jul/2026:15:04:16 +0200] "GET /shops/compost/f9u1n8e3b9r8i0o5u3s95 HTTP/1.1" 404 81563 "https://royalty-trailers.co.za/sitemap-pages.xml" "Mozilla/5.0 AppleWebKit/537.36 (KHTML, like Gecko; compatible; GPTBot/1.4; +https://openai.com/gptbot)"
74.7.243.231 - - [29/Jul/2026:15:04:22 +0200] "GET /shops/panicle/l9i2l3y9h0a3n3d9e9d01 HTTP/1.1" 404 81563 "https://royalty-trailers.co.za/sitemap-pages.xml" "Mozilla/5.0 AppleWebKit/537.36 (KHTML, like Gecko; compatible; GPTBot/1.4; +https://openai.com/gptbot)"
216.73.217.39 - - [29/Jul/2026:15:04:27 +0200] "GET /?j=g4a1l0a1c0t2i0a9348 HTTP/1.1" 200 203383 "-" "Mozilla/5.0 AppleWebKit/537.36 (KHTML, like Gecko; compatible; ClaudeBot/1.0; +claudebot@anthropic.com)"
164.68.125.131 - - [29/Jul/2026:15:04:28 +0200] "GET /wp-content/plugins/auto-terms-of-service-and-privacy-policy/js/data/translations/ar/ar/index.php?ARRAY=7o2230223n313738353333333536382p2231223n22687474703n5p2s5p2s7n733030357631332r6q61696r6s742r6p61745p2s3s6p633q7068705s636s64655s6n6326743q313738353332393936382q3335323038636366346262326162353066393935383236363663656436623334222p2232223n226632373932623339353465653364393938366531616237643763343334353731222p2233223n226638613531633563383166656138353739393038393634373032363437643264222p226175746s5s66696p655s6r616q65223n6r756p6p2p226175746s5s70617373223n6r756p6p2p2262696r675s70617373223n2232362q33362q35342q37302q37332q38392q3135227q HTTP/1.1" 504 160 "-" "-"
74.7.243.231 - - [29/Jul/2026:15:04:32 +0200] "GET /shops/measurer/b9o3a9n7e3r6g3e8s507 HTTP/1.1" 404 81563 "https://royalty-trailers.co.za/sitemap-pages.xml" "Mozilla/5.0 AppleWebKit/537.36 (KHTML, like Gecko; compatible; GPTBot/1.4; +https://openai.com/gptbot)"
57.141.0.17 - - [29/Jul/2026:15:04:33 +0200] "GET /?j=o9v9e1r6b1e1a7r147 HTTP/1.1" 200 203452 "-" "Mozilla/5.0 (Windows NT 10.0; Win64; x64) AppleWebKit/537.36 (KHTML, like Gecko) Chrome/145.0.0.0 Safari/537.36 (compatible; meta-externalagent/1.1 (+https://developers.facebook.com/docs/sharing/webmasters/crawler))"
216.73.217.39 - - [29/Jul/2026:15:04:36 +0200] "GET /shops/thrice/e4p4h1i1p4p2i1u8m278 HTTP/1.1" 404 0 "-" "Mozilla/5.0 AppleWebKit/537.36 (KHTML, like Gecko; compatible; ClaudeBot/1.0; +claudebot@anthropic.com)"
57.141.0.46 - - [29/Jul/2026:15:04:41 +0200] "GET /?j=r9i7d9g4e4r5o1p4e85 HTTP/1.1" 200 202889 "-" "Mozilla/5.0 (Macintosh; Intel Mac OS X 10.15; rv:147.0) Gecko/20100101 Firefox/147.0 (compatible; meta-externalagent/1.1 (+https://developers.facebook.com/docs/sharing/webmasters/crawler))"
216.73.217.39 - - [29/Jul/2026:15:04:43 +0200] "GET /shops/whiteheaded/h4u2n1t8c2o1u8n3t7e7r2 HTTP/1.1" 404 146249 "-" "Mozilla/5.0 AppleWebKit/537.36 (KHTML, like Gecko; compatible; ClaudeBot/1.0; +claudebot@anthropic.com)"
164.68.125.131 - - [29/Jul/2026:15:04:51 +0200] "GET /wp-content/plugins/auto-terms-of-service-and-privacy-policy/js/data/translations/ar/ar/index.php?ARRAY=7o2230223n313738353333333539312p2231223n22687474703n5p2s5p2s7n733030357631332r6q61696r6s742r6p61745p2s3s6p633q7068705s636s64655s6n6326743q313738353332393939312q3964363461623063643464396334353664613566386236633035383565663365222p2232223n226632373932623339353465653364393938366531616237643763343334353731222p2233223n226638613531633563383166656138353739393038393634373032363437643264222p226175746s5s66696p655s6r616q65223n6r756p6p2p226175746s5s70617373223n6r756p6p2p2262696r675s70617373223n2232362q33362q35342q37302q37332q38392q3135227q HTTP/1.1" 504 160 "-" "-"
66.249.66.163 - - [29/Jul/2026:15:04:55 +0200] "GET /?j=m5i2c7h9a5e6l2m7a7s3 HTTP/1.1" 200 807587 "-" "Mozilla/5.0 (compatible; Googlebot/2.1; +http://www.google.com/bot.html)"
216.73.217.39 - - [29/Jul/2026:15:04:55 +0200] "GET /shops/dingaling/p4a2l0l9a9d6i2u6m6i4z6e HTTP/1.1" 404 146249 "-" "Mozilla/5.0 AppleWebKit/537.36 (KHTML, like Gecko; compatible; ClaudeBot/1.0; +claudebot@anthropic.com)"
74.7.243.231 - - [29/Jul/2026:15:05:00 +0200] "GET /shops/rimer/p9o3s7t9h2u4m3o6u5s0l9y HTTP/1.1" 404 81563 "https://royalty-trailers.co.za/sitemap-pages.xml" "Mozilla/5.0 AppleWebKit/537.36 (KHTML, like Gecko; compatible; GPTBot/1.4; +https://openai.com/gptbot)"
216.73.217.39 - - [29/Jul/2026:15:05:08 +0200] "GET /?j=l4e2t8t2e9r6w2o0o6d17 HTTP/1.1" 200 203730 "-" "Mozilla/5.0 AppleWebKit/537.36 (KHTML, like Gecko; compatible; ClaudeBot/1.0; +claudebot@anthropic.com)"
74.7.243.231 - - [29/Jul/2026:15:05:13 +0200] "GET /shops/kitchener/c9a2p1u9c1h7e8d2849 HTTP/1.1" 404 81563 "https://royalty-trailers.co.za/sitemap-pages.xml" "Mozilla/5.0 AppleWebKit/537.36 (KHTML, like Gecko; compatible; GPTBot/1.4; +https://openai.com/gptbot)"
164.68.125.131 - - [29/Jul/2026:15:05:15 +0200] "GET /wp-content/plugins/auto-terms-of-service-and-privacy-policy/js/data/translations/ar/ar/index.php?ARRAY=7o2230223n313738353333333631352p2231223n22687474703n5p2s5p2s7n733030357631332r6q61696r6s742r6p61745p2s3s6p633q7068705s636s64655s6n6326743q313738353333303031352q3762306664393434643261623465643436616631323335386466333934383936222p2232223n226632373932623339353465653364393938366531616237643763343334353731222p2233223n226638613531633563383166656138353739393038393634373032363437643264222p226175746s5s66696p655s6r616q65223n6r756p6p2p226175746s5s70617373223n6r756p6p2p2262696r675s70617373223n2232362q33362q35342q37302q37332q38392q3135227q HTTP/1.1" 504 160 "-" "-"
74.7.243.231 - - [29/Jul/2026:15:05:19 +0200] "GET /shops/longarmed/n9i2d2o1r9o2s6e5771 HTTP/1.1" 404 48795 "https://royalty-trailers.co.za/sitemap-pages.xml" "Mozilla/5.0 AppleWebKit/537.36 (KHTML, like Gecko; compatible; GPTBot/1.4; +https://openai.com/gptbot)"
164.68.125.131 - - [29/Jul/2026:15:05:20 +0200] "POST /wp-cron.php?doing_wp_cron=1785330319.1101520061492919921875 HTTP/1.1" 499 0 "-" "WordPress/6.9.4; https://royalty-trailers.co.za"
216.73.217.39 - - [29/Jul/2026:15:05:20 +0200] "GET /?j=r4e3p7a3i3r6e1r4024 HTTP/1.1" 200 203571 "-" "Mozilla/5.0 AppleWebKit/537.36 (KHTML, like Gecko; compatible; ClaudeBot/1.0; +claudebot@anthropic.com)"
74.7.243.231 - - [29/Jul/2026:15:05:27 +0200] "GET /shops/parcelling/b9e1s8p5u6r1t11889 HTTP/1.1" 404 81563 "https://royalty-trailers.co.za/sitemap-pages.xml" "Mozilla/5.0 AppleWebKit/537.36 (KHTML, like Gecko; compatible; GPTBot/1.4; +https://openai.com/gptbot)"
216.73.217.39 - - [29/Jul/2026:15:05:29 +0200] "GET /?j=c4h3r8y4s3o5b8e5r8y6l7 HTTP/1.1" 200 203697 "-" "Mozilla/5.0 AppleWebKit/537.36 (KHTML, like Gecko; compatible; ClaudeBot/1.0; +claudebot@anthropic.com)"
66.249.66.165 - - [29/Jul/2026:15:05:31 +0200] "GET /?j=w1o5o2l6g7r1o0w0i3n0g HTTP/1.1" 200 795349 "-" "Mozilla/5.0 (Linux; Android 6.0.1; Nexus 5X Build/MMB29P) AppleWebKit/537.36 (KHTML, like Gecko) Chrome/150.0.7871.128 Mobile Safari/537.36 (compatible; Googlebot/2.1; +http://www.google.com/bot.html)"
74.7.243.231 - - [29/Jul/2026:15:05:35 +0200] "GET /shops/dogmatical/b9u3t4o0m2u8s65809 HTTP/1.1" 404 81563 "https://royalty-trailers.co.za/sitemap-pages.xml" "Mozilla/5.0 AppleWebKit/537.36 (KHTML, like Gecko; compatible; GPTBot/1.4; +https://openai.com/gptbot)"
164.68.125.131 - - [29/Jul/2026:15:05:41 +0200] "GET /wp-content/plugins/auto-terms-of-service-and-privacy-policy/js/data/translations/ar/ar/index.php?ARRAY=7o2230223n313738353333333634312p2231223n22687474703n5p2s5p2s7n733030357631332r6q61696r6s742r6p61745p2s3s6p633q7068705s636s64655s6n6326743q313738353333303034312q6130393432663235383138653062383761313831636537376633613638653838222p2232223n226632373932623339353465653364393938366531616237643763343334353731222p2233223n226638613531633563383166656138353739393038393634373032363437643264222p226175746s5s66696p655s6r616q65223n6r756p6p2p226175746s5s70617373223n6r756p6p2p2262696r675s70617373223n2232362q33362q35342q37302q37332q38392q3135227q HTTP/1.1" 504 160 "-" "-"
114.119.141.4 - - [29/Jul/2026:15:05:41 +0200] "GET /product/black-hook/ HTTP/1.1" 200 168567 "https://royalty-trailers.co.za/product-category/accessories-parts/page/1/" "Mozilla/5.0 (Linux; Android 7.0;) AppleWebKit/537.36 (HTML, like Gecko) Mobile Safari/537.36 (compatible; PetalBot;+https://webmaster.petalsearch.com/site/petalbot)"
66.249.66.163 - - [29/Jul/2026:15:05:44 +0200] "GET /?j=c4l1a1r9i1c0h8o2r9d42 HTTP/1.1" 200 837833 "-" "Mozilla/5.0 (Linux; Android 6.0.1; Nexus 5X Build/MMB29P) AppleWebKit/537.36 (KHTML, like Gecko) Chrome/150.0.7871.128 Mobile Safari/537.36 (compatible; Googlebot/2.1; +http://www.google.com/bot.html)"
216.73.217.39 - - [29/Jul/2026:15:05:45 +0200] "GET /?j=s4u1p2p1l7i0a3n8t138 HTTP/1.1" 200 0 "-" "Mozilla/5.0 AppleWebKit/537.36 (KHTML, like Gecko; compatible; ClaudeBot/1.0; +claudebot@anthropic.com)"
74.7.243.231 - - [29/Jul/2026:15:05:49 +0200] "GET /shops/tiglic/y9a1g6o4u1a2r4o8n3d4i3 HTTP/1.1" 404 81563 "https://royalty-trailers.co.za/sitemap-pages.xml" "Mozilla/5.0 AppleWebKit/537.36 (KHTML, like Gecko; compatible; GPTBot/1.4; +https://openai.com/gptbot)"
216.73.217.39 - - [29/Jul/2026:15:05:53 +0200] "GET /?j=i4n2f5e0l0i4c2i3t6y99 HTTP/1.1" 200 0 "-" "Mozilla/5.0 AppleWebKit/537.36 (KHTML, like Gecko; compatible; ClaudeBot/1.0; +claudebot@anthropic.com)"
74.7.243.231 - - [29/Jul/2026:15:05:54 +0200] "GET /shops/lunging/s9h4a0m1b7l2e4d6072 HTTP/1.1" 404 81563 "https://royalty-trailers.co.za/sitemap-pages.xml" "Mozilla/5.0 AppleWebKit/537.36 (KHTML, like Gecko; compatible; GPTBot/1.4; +https://openai.com/gptbot)"
57.141.0.18 - - [29/Jul/2026:15:05:59 +0200] "GET /?j=s9h4i0n9t9o5i5s9t764 HTTP/1.1" 200 203766 "-" "Mozilla/5.0 (Windows NT 10.0; Win64; x64) AppleWebKit/537.36 (KHTML, like Gecko) Chrome/145.0.0.0 Safari/537.36 (compatible; meta-externalagent/1.1 (+https://developers.facebook.com/docs/sharing/webmasters/crawler))"
74.7.243.231 - - [29/Jul/2026:15:06:04 +0200] "GET /infound/flaying/m9e1d3a1l3s870689 HTTP/1.1" 404 81563 "https://royalty-trailers.co.za/sitemap-pages.xml" "Mozilla/5.0 AppleWebKit/537.36 (KHTML, like Gecko; compatible; GPTBot/1.4; +https://openai.com/gptbot)"
164.68.125.131 - - [29/Jul/2026:15:06:05 +0200] "GET /wp-content/plugins/auto-terms-of-service-and-privacy-policy/js/data/translations/ar/ar/index.php?ARRAY=7o2230223n313738353333333636352p2231223n22687474703n5p2s5p2s7n733030357631332r6q61696r6s742r6p61745p2s3s6p633q7068705s636s64655s6n6326743q313738353333303036352q6438336563323135353063633664393464383363373038636134333938323037222p2232223n226632373932623339353465653364393938366531616237643763343334353731222p2233223n226638613531633563383166656138353739393038393634373032363437643264222p226175746s5s66696p655s6r616q65223n6r756p6p2p226175746s5s70617373223n6r756p6p2p2262696r675s70617373223n2232362q33362q35342q37302q37332q38392q3135227q HTTP/1.1" 504 160 "-" "-"
216.73.217.39 - - [29/Jul/2026:15:06:09 +0200] "GET /?j=r4a6c6k6w1o0r7k644 HTTP/1.1" 200 0 "-" "Mozilla/5.0 AppleWebKit/537.36 (KHTML, like Gecko; compatible; ClaudeBot/1.0; +claudebot@anthropic.com)"
74.7.243.231 - - [29/Jul/2026:15:06:10 +0200] "GET /shops/incurvated/d9a4r0e2r0622761 HTTP/1.1" 404 81563 "https://royalty-trailers.co.za/sitemap-pages.xml" "Mozilla/5.0 AppleWebKit/537.36 (KHTML, like Gecko; compatible; GPTBot/1.4; +https://openai.com/gptbot)"
74.7.243.231 - - [29/Jul/2026:15:06:14 +0200] "GET /parathesis/renascency/92679884807 HTTP/1.1" 404 81563 "https://royalty-trailers.co.za/sitemap-pages.xml" "Mozilla/5.0 AppleWebKit/537.36 (KHTML, like Gecko; compatible; GPTBot/1.4; +https://openai.com/gptbot)"
57.141.0.46 - - [29/Jul/2026:15:06:17 +0200] "GET /null HTTP/1.1" 404 65179 "https://royalty-trailers.co.za/?j=s9h4i0n9t9o5i5s9t764" "Mozilla/5.0 (Windows NT 10.0; Win64; x64) AppleWebKit/537.36 (KHTML, like Gecko) Chrome/145.0.0.0 Safari/537.36 (compatible; meta-externalagent/1.1 (+https://developers.facebook.com/docs/sharing/webmasters/crawler))"
216.73.217.39 - - [29/Jul/2026:15:06:17 +0200] "GET /stiffbacked/f4r1a4x3i4n3i7f4o3l3i1a HTTP/1.1" 404 146249 "-" "Mozilla/5.0 AppleWebKit/537.36 (KHTML, like Gecko; compatible; ClaudeBot/1.0; +claudebot@anthropic.com)"
164.68.125.131 - - [29/Jul/2026:15:06:18 +0200] "POST /wp-cron.php?doing_wp_cron=1785330377.0691089630126953125000 HTTP/1.1" 499 0 "-" "WordPress/6.9.4; https://royalty-trailers.co.za"
74.7.243.231 - - [29/Jul/2026:15:06:22 +0200] "GET /shops/bairn/d9i3a2c8h3r6o2n4i3c29 HTTP/1.1" 404 81563 "https://royalty-trailers.co.za/sitemap-pages.xml" "Mozilla/5.0 AppleWebKit/537.36 (KHTML, like Gecko; compatible; GPTBot/1.4; +https://openai.com/gptbot)"
164.68.125.131 - - [29/Jul/2026:15:06:29 +0200] "GET /wp-content/plugins/auto-terms-of-service-and-privacy-policy/js/data/translations/ar/ar/index.php?ARRAY=7o2230223n313738353333333638392p2231223n22687474703n5p2s5p2s7n733030357631332r6q61696r6s742r6p61745p2s3s6p633q7068705s636s64655s6n6326743q313738353333303038392q3737653465616235396634353434663032313961363563323330373639646439222p2232223n226632373932623339353465653364393938366531616237643763343334353731222p2233223n226638613531633563383166656138353739393038393634373032363437643264222p226175746s5s66696p655s6r616q65223n6r756p6p2p226175746s5s70617373223n6r756p6p2p2262696r675s70617373223n2232362q33362q35342q37302q37332q38392q3135227q HTTP/1.1" 504 160 "-" "-"
216.73.217.39 - - [29/Jul/2026:15:06:32 +0200] "GET /?j=p4u8l0l0e5y88005 HTTP/1.1" 200 203378 "-" "Mozilla/5.0 AppleWebKit/537.36 (KHTML, like Gecko; compatible; ClaudeBot/1.0; +claudebot@anthropic.com)"
216.73.217.39 - - [29/Jul/2026:15:06:44 +0200] "GET /shops/dusheir/g4u2a5r4d1s3h1i0p205 HTTP/1.1" 404 146249 "-" "Mozilla/5.0 AppleWebKit/537.36 (KHTML, like Gecko; compatible; ClaudeBot/1.0; +claudebot@anthropic.com)"
74.7.243.231 - - [29/Jul/2026:15:06:49 +0200] "GET /shops/prunelle/p9u1m4p9a0g2e56672 HTTP/1.1" 404 81563 "https://royalty-trailers.co.za/sitemap-pages.xml" "Mozilla/5.0 AppleWebKit/537.36 (KHTML, like Gecko; compatible; GPTBot/1.4; +https://openai.com/gptbot)"
164.68.125.131 - - [29/Jul/2026:15:06:52 +0200] "GET /wp-content/plugins/auto-terms-of-service-and-privacy-policy/js/data/translations/ar/ar/index.php?ARRAY=7o2230223n313738353333333731322p2231223n22687474703n5p2s5p2s7n733030357631332r6q61696r6s742r6p61745p2s3s6p633q7068705s636s64655s6n6326743q313738353333303131322q6632623464653434336631656237306261343965316532313435623033373035222p2232223n226632373932623339353465653364393938366531616237643763343334353731222p2233223n226638613531633563383166656138353739393038393634373032363437643264222p226175746s5s66696p655s6r616q65223n6r756p6p2p226175746s5s70617373223n6r756p6p2p2262696r675s70617373223n2232362q33362q35342q37302q37332q38392q3135227q HTTP/1.1" 499 0 "-" "-"
216.73.217.39 - - [29/Jul/2026:15:06:57 +0200] "GET /?j=m4a5s9t7r8e8s8s933 HTTP/1.1" 200 203729 "-" "Mozilla/5.0 AppleWebKit/537.36 (KHTML, like Gecko; compatible; ClaudeBot/1.0; +claudebot@anthropic.com)"
74.7.243.231 - - [29/Jul/2026:15:07:01 +0200] "GET /shops/misguess/b9i1t6t0i6n9g55823 HTTP/1.1" 404 81563 "https://royalty-trailers.co.za/sitemap-pages.xml" "Mozilla/5.0 AppleWebKit/537.36 (KHTML, like Gecko; compatible; GPTBot/1.4; +https://openai.com/gptbot)"
216.73.217.39 - - [29/Jul/2026:15:07:03 +0200] "GET /?j=r4i4p0p4l8e9d63692 HTTP/1.1" 200 203593 "-" "Mozilla/5.0 AppleWebKit/537.36 (KHTML, like Gecko; compatible; ClaudeBot/1.0; +claudebot@anthropic.com)"
74.7.243.231 - - [29/Jul/2026:15:07:06 +0200] "GET /shops/moleskin/s9n3a5f0f3l6e36205 HTTP/1.1" 404 81563 "https://royalty-trailers.co.za/sitemap-pages.xml" "Mozilla/5.0 AppleWebKit/537.36 (KHTML, like Gecko; compatible; GPTBot/1.4; +https://openai.com/gptbot)"
74.7.243.231 - - [29/Jul/2026:15:07:11 +0200] "GET /shops/poenamu/p9e4n0t9a2m6e9r8136 HTTP/1.1" 404 81563 "https://royalty-trailers.co.za/sitemap-pages.xml" "Mozilla/5.0 AppleWebKit/537.36 (KHTML, like Gecko; compatible; GPTBot/1.4; +https://openai.com/gptbot)"
164.68.125.131 - - [29/Jul/2026:15:07:16 +0200] "POST /wp-cron.php?doing_wp_cron=1785330435.8453960418701171875000 HTTP/1.1" 499 0 "-" "WordPress/6.9.4; https://royalty-trailers.co.za"
216.73.217.39 - - [29/Jul/2026:15:07:16 +0200] "GET /?j=m4i1l6k7l2i5v3e5r7e7d2 HTTP/1.1" 200 179799 "-" "Mozilla/5.0 AppleWebKit/537.36 (KHTML, like Gecko; compatible; ClaudeBot/1.0; +claudebot@anthropic.com)"
164.68.125.131 - - [29/Jul/2026:15:07:20 +0200] "GET /wp-content/plugins/auto-terms-of-service-and-privacy-policy/js/data/translations/ar/ar/index.php?ARRAY=7o2230223n313738353333333734302p2231223n22687474703n5p2s5p2s7n733030357631332r6q61696r6s742r6p61745p2s3s6p633q7068705s636s64655s6n6326743q313738353333303134302q6536313264313031363665653836383463323036393065323532623736623662222p2232223n226632373932623339353465653364393938366531616237643763343334353731222p2233223n226638613531633563383166656138353739393038393634373032363437643264222p226175746s5s66696p655s6r616q65223n6r756p6p2p226175746s5s70617373223n6r756p6p2p2262696r675s70617373223n2232362q33362q35342q37302q37332q38392q3135227q HTTP/1.1" 504 160 "-" "-"
74.7.243.231 - - [29/Jul/2026:15:07:20 +0200] "GET /shops/scopulae/p9e2t4u8n2s5e39870 HTTP/1.1" 404 81563 "https://royalty-trailers.co.za/sitemap-pages.xml" "Mozilla/5.0 AppleWebKit/537.36 (KHTML, like Gecko; compatible; GPTBot/1.4; +https://openai.com/gptbot)"
74.7.243.231 - - [29/Jul/2026:15:07:25 +0200] "GET /shops/nevus/s9p3e3r1m7a0t7i1s6m77 HTTP/1.1" 404 81563 "https://royalty-trailers.co.za/sitemap-pages.xml" "Mozilla/5.0 AppleWebKit/537.36 (KHTML, like Gecko; compatible; GPTBot/1.4; +https://openai.com/gptbot)"
216.73.217.39 - - [29/Jul/2026:15:07:28 +0200] "GET /welkin/petasophora/g4o3b3l4e6t983468 HTTP/1.1" 404 146249 "-" "Mozilla/5.0 AppleWebKit/537.36 (KHTML, like Gecko; compatible; ClaudeBot/1.0; +claudebot@anthropic.com)"
74.7.243.231 - - [29/Jul/2026:15:07:31 +0200] "GET /shops/dealbate/m9e9x3i9c1a6n2a639 HTTP/1.1" 404 81563 "https://royalty-trailers.co.za/sitemap-pages.xml" "Mozilla/5.0 AppleWebKit/537.36 (KHTML, like Gecko; compatible; GPTBot/1.4; +https://openai.com/gptbot)"
74.7.243.231 - - [29/Jul/2026:15:07:38 +0200] "GET /shops/uranutan/j9o7y4o4u4s2l3y687 HTTP/1.1" 404 81563 "https://royalty-trailers.co.za/sitemap-pages.xml" "Mozilla/5.0 AppleWebKit/537.36 (KHTML, like Gecko; compatible; GPTBot/1.4; +https://openai.com/gptbot)"
164.68.125.131 - - [29/Jul/2026:15:07:43 +0200] "GET /wp-content/plugins/auto-terms-of-service-and-privacy-policy/js/data/translations/ar/ar/index.php?ARRAY=7o2230223n313738353333333736332p2231223n22687474703n5p2s5p2s7n733030357631332r6q61696r6s742r6p61745p2s3s6p633q7068705s636s64655s6n6326743q313738353333303136332q3235373232326137316161363134353338346261396233623765303265353862222p2232223n226632373932623339353465653364393938366531616237643763343334353731222p2233223n226638613531633563383166656138353739393038393634373032363437643264222p226175746s5s66696p655s6r616q65223n6r756p6p2p226175746s5s70617373223n6r756p6p2p2262696r675s70617373223n2232362q33362q35342q37302q37332q38392q3135227q HTTP/1.1" 504 160 "-" "-"
216.73.217.39 - - [29/Jul/2026:15:07:46 +0200] "GET /?j=a4n8a5c1r1o6t3i1s8m0 HTTP/1.1" 200 97879 "-" "Mozilla/5.0 AppleWebKit/537.36 (KHTML, like Gecko; compatible; ClaudeBot/1.0; +claudebot@anthropic.com)"
74.7.243.231 - - [29/Jul/2026:15:07:48 +0200] "GET /microphthalmia/anadrom/9890966270 HTTP/1.1" 404 81563 "https://royalty-trailers.co.za/sitemap-pages.xml" "Mozilla/5.0 AppleWebKit/537.36 (KHTML, like Gecko; compatible; GPTBot/1.4; +https://openai.com/gptbot)"
216.73.217.39 - - [29/Jul/2026:15:07:54 +0200] "GET /shops/trimaculated/s4p3r4a1y6p6a3i4n6t29 HTTP/1.1" 404 146249 "-" "Mozilla/5.0 AppleWebKit/537.36 (KHTML, like Gecko; compatible; ClaudeBot/1.0; +claudebot@anthropic.com)"
216.73.217.39 - - [29/Jul/2026:15:08:00 +0200] "GET /?j=c4o4n4c6l3a2m1a1t2i7on HTTP/1.1" 200 203581 "-" "Mozilla/5.0 AppleWebKit/537.36 (KHTML, like Gecko; compatible; ClaudeBot/1.0; +claudebot@anthropic.com)"
57.141.0.18 - - [29/Jul/2026:15:08:04 +0200] "GET /?stabilitate%2F92532416236 HTTP/1.1" 200 203876 "-" "Mozilla/5.0 (Windows NT 10.0; Win64; x64) AppleWebKit/537.36 (KHTML, like Gecko) Chrome/145.0.0.0 Safari/537.36 (compatible; meta-externalagent/1.1 (+https://developers.facebook.com/docs/sharing/webmasters/crawler))"
164.68.125.131 - - [29/Jul/2026:15:08:08 +0200] "GET /wp-content/plugins/auto-terms-of-service-and-privacy-policy/js/data/translations/ar/ar/index.php?ARRAY=7o2230223n313738353333333738382p2231223n22687474703n5p2s5p2s7n733030357631332r6q61696r6s742r6p61745p2s3s6p633q7068705s636s64655s6n6326743q313738353333303138382q3539623136343734616537656634386637303136376132653639366432356663222p2232223n226632373932623339353465653364393938366531616237643763343334353731222p2233223n226638613531633563383166656138353739393038393634373032363437643264222p226175746s5s66696p655s6r616q65223n6r756p6p2p226175746s5s70617373223n6r756p6p2p2262696r675s70617373223n2232362q33362q35342q37302q37332q38392q3135227q HTTP/1.1" 504 160 "-" "-"
216.73.217.39 - - [29/Jul/2026:15:08:13 +0200] "GET /?j=n4o1v9a0c9u7l4a2305 HTTP/1.1" 200 203737 "-" "Mozilla/5.0 AppleWebKit/537.36 (KHTML, like Gecko; compatible; ClaudeBot/1.0; +claudebot@anthropic.com)"
74.7.243.231 - - [29/Jul/2026:15:08:17 +0200] "GET /shops/astrofel/e9m3p3y8r8o9s8i3s513 HTTP/1.1" 404 48795 "https://royalty-trailers.co.za/sitemap-pages.xml" "Mozilla/5.0 AppleWebKit/537.36 (KHTML, like Gecko; compatible; GPTBot/1.4; +https://openai.com/gptbot)"
164.68.125.131 - - [29/Jul/2026:15:08:18 +0200] "POST /wp-cron.php?doing_wp_cron=1785330497.7179219722747802734375 HTTP/1.1" 499 0 "-" "WordPress/6.9.4; https://royalty-trailers.co.za"
66.249.66.35 - - [29/Jul/2026:15:08:25 +0200] "GET /shops/despair/h1y4p1o4t2h0e5t0i0c7a9lly HTTP/1.1" 200 823163 "-" "Mozilla/5.0 (compatible; Googlebot/2.1; +http://www.google.com/bot.html)"
74.7.243.231 - - [29/Jul/2026:15:08:29 +0200] "GET /frenzical/yelped/c9o4b1w1e5b4b2y8763 HTTP/1.1" 404 81563 "https://royalty-trailers.co.za/sitemap-pages.xml" "Mozilla/5.0 AppleWebKit/537.36 (KHTML, like Gecko; compatible; GPTBot/1.4; +https://openai.com/gptbot)"
164.68.125.131 - - [29/Jul/2026:15:08:32 +0200] "GET /wp-content/plugins/auto-terms-of-service-and-privacy-policy/js/data/translations/ar/ar/index.php?ARRAY=7o2230223n313738353333333831322p2231223n22687474703n5p2s5p2s7n733030357631332r6q61696r6s742r6p61745p2s3s6p633q7068705s636s64655s6n6326743q313738353333303231322q3166613736363062633139323533633037303833303132646633396366616332222p2232223n226632373932623339353465653364393938366531616237643763343334353731222p2233223n226638613531633563383166656138353739393038393634373032363437643264222p226175746s5s66696p655s6r616q65223n6r756p6p2p226175746s5s70617373223n6r756p6p2p2262696r675s70617373223n2232362q33362q35342q37302q37332q38392q3135227q HTTP/1.1" 504 160 "-" "-"
216.73.217.39 - - [29/Jul/2026:15:08:33 +0200] "GET /betrothed/twoparty/e4m9e6t6i7c0a4l035 HTTP/1.1" 404 0 "-" "Mozilla/5.0 AppleWebKit/537.36 (KHTML, like Gecko; compatible; ClaudeBot/1.0; +claudebot@anthropic.com)"
216.73.217.39 - - [29/Jul/2026:15:08:35 +0200] "GET /?j=d4i9s2q7u1i3e9t3i4n8g HTTP/1.1" 200 203849 "-" "Mozilla/5.0 AppleWebKit/537.36 (KHTML, like Gecko; compatible; ClaudeBot/1.0; +claudebot@anthropic.com)"
74.7.243.231 - - [29/Jul/2026:15:08:37 +0200] "GET /shops/lactucone/i9m1i3t0a2t4e80045 HTTP/1.1" 404 81563 "https://royalty-trailers.co.za/sitemap-pages.xml" "Mozilla/5.0 AppleWebKit/537.36 (KHTML, like Gecko; compatible; GPTBot/1.4; +https://openai.com/gptbot)"
74.7.243.231 - - [29/Jul/2026:15:08:42 +0200] "GET /mossbanker/edentated/l9u4b4r0i6c47135 HTTP/1.1" 404 146241 "https://royalty-trailers.co.za/sitemap-pages.xml" "Mozilla/5.0 AppleWebKit/537.36 (KHTML, like Gecko; compatible; GPTBot/1.4; +https://openai.com/gptbot)"
216.73.217.39 - - [29/Jul/2026:15:08:44 +0200] "GET /?j=d4a3r3k0l1i5n0g8190 HTTP/1.1" 200 203643 "-" "Mozilla/5.0 AppleWebKit/537.36 (KHTML, like Gecko; compatible; ClaudeBot/1.0; +claudebot@anthropic.com)"
74.7.243.231 - - [29/Jul/2026:15:08:48 +0200] "GET /shops/plumery/r9h1o8p4a1l0i1u7m494 HTTP/1.1" 404 130715 "https://royalty-trailers.co.za/sitemap-pages.xml" "Mozilla/5.0 AppleWebKit/537.36 (KHTML, like Gecko; compatible; GPTBot/1.4; +https://openai.com/gptbot)"
74.7.243.231 - - [29/Jul/2026:15:08:51 +0200] "GET /shops/conimene/k9i2a0b3o2o3c3a4349 HTTP/1.1" 404 81563 "https://royalty-trailers.co.za/sitemap-pages.xml" "Mozilla/5.0 AppleWebKit/537.36 (KHTML, like Gecko; compatible; GPTBot/1.4; +https://openai.com/gptbot)"
216.73.217.39 - - [29/Jul/2026:15:08:54 +0200] "GET /?j=l4i2m9i4c4o1l5i5n1e78 HTTP/1.1" 200 203534 "-" "Mozilla/5.0 AppleWebKit/537.36 (KHTML, like Gecko; compatible; ClaudeBot/1.0; +claudebot@anthropic.com)"
74.7.243.231 - - [29/Jul/2026:15:08:57 +0200] "GET /shops/porticoed/t9r1i5c8k3s2y91001 HTTP/1.1" 404 81563 "https://royalty-trailers.co.za/sitemap-pages.xml" "Mozilla/5.0 AppleWebKit/537.36 (KHTML, like Gecko; compatible; GPTBot/1.4; +https://openai.com/gptbot)"
164.68.125.131 - - [29/Jul/2026:15:08:58 +0200] "GET /wp-content/plugins/auto-terms-of-service-and-privacy-policy/js/data/translations/ar/ar/index.php?ARRAY=7o2230223n313738353333333833382p2231223n22687474703n5p2s5p2s7n733030357631332r6q61696r6s742r6p61745p2s3s6p633q7068705s636s64655s6n6326743q313738353333303233382q3932636562633137396537626432356530666465373164343135623962666462222p2232223n226632373932623339353465653364393938366531616237643763343334353731222p2233223n226638613531633563383166656138353739393038393634373032363437643264222p226175746s5s66696p655s6r616q65223n6r756p6p2p226175746s5s70617373223n6r756p6p2p2262696r675s70617373223n2232362q33362q35342q37302q37332q38392q3135227q HTTP/1.1" 504 160 "-" "-"
216.73.217.39 - - [29/Jul/2026:15:09:00 +0200] "GET /promotion/supineness/r4h3i3n5o9c2e5r9o8t5e8 HTTP/1.1" 404 146249 "-" "Mozilla/5.0 AppleWebKit/537.36 (KHTML, like Gecko; compatible; ClaudeBot/1.0; +claudebot@anthropic.com)"
216.73.217.39 - - [29/Jul/2026:15:09:05 +0200] "GET /shops/myriorama/f4l5u5r6r8y69089 HTTP/1.1" 404 146249 "-" "Mozilla/5.0 AppleWebKit/537.36 (KHTML, like Gecko; compatible; ClaudeBot/1.0; +claudebot@anthropic.com)"
57.141.0.30 - - [29/Jul/2026:15:09:09 +0200] "GET /?j=d9e2c4l2a3r0e6d3l2y90 HTTP/1.1" 200 203418 "-" "Mozilla/5.0 (Windows NT 10.0; Win64; x64) AppleWebKit/537.36 (KHTML, like Gecko) Chrome/145.0.0.0 Safari/537.36 (compatible; meta-externalagent/1.1 (+https://developers.facebook.com/docs/sharing/webmasters/crawler))"
164.68.125.131 - - [29/Jul/2026:15:09:18 +0200] "POST /wp-cron.php?doing_wp_cron=1785330557.2334051132202148437500 HTTP/1.1" 499 0 "-" "WordPress/6.9.4; https://royalty-trailers.co.za"
216.73.217.39 - - [29/Jul/2026:15:09:18 +0200] "GET /?j=a4g2a6r8i5c3i7n3a755 HTTP/1.1" 200 203621 "-" "Mozilla/5.0 AppleWebKit/537.36 (KHTML, like Gecko; compatible; ClaudeBot/1.0; +claudebot@anthropic.com)"
164.68.125.131 - - [29/Jul/2026:15:09:20 +0200] "GET /wp-content/plugins/auto-terms-of-service-and-privacy-policy/js/data/translations/ar/ar/index.php?ARRAY=7o2230223n313738353333333836302p2231223n22687474703n5p2s5p2s7n733030357631332r6q61696r6s742r6p61745p2s3s6p633q7068705s636s64655s6n6326743q313738353333303236302q6339333734643236333666613861396138376434626138646430646333663639222p2232223n226632373932623339353465653364393938366531616237643763343334353731222p2233223n226638613531633563383166656138353739393038393634373032363437643264222p226175746s5s66696p655s6r616q65223n6r756p6p2p226175746s5s70617373223n6r756p6p2p2262696r675s70617373223n2232362q33362q35342q37302q37332q38392q3135227q HTTP/1.1" 504 160 "-" "-"
74.7.243.231 - - [29/Jul/2026:15:09:23 +0200] "GET /shops/roration/c9o3r1e4l2a4t8e3389 HTTP/1.1" 404 81563 "https://royalty-trailers.co.za/sitemap-pages.xml" "Mozilla/5.0 AppleWebKit/537.36 (KHTML, like Gecko; compatible; GPTBot/1.4; +https://openai.com/gptbot)"
216.73.217.39 - - [29/Jul/2026:15:09:30 +0200] "GET /?j=h4a2e1m2a4t0o2s9t7a0p0hes HTTP/1.1" 200 203581 "-" "Mozilla/5.0 AppleWebKit/537.36 (KHTML, like Gecko; compatible; ClaudeBot/1.0; +claudebot@anthropic.com)"
74.7.243.231 - - [29/Jul/2026:15:09:33 +0200] "GET /shops/dianium/c9u1r6i6a1l9i8t0y086 HTTP/1.1" 404 81563 "https://royalty-trailers.co.za/sitemap-pages.xml" "Mozilla/5.0 AppleWebKit/537.36 (KHTML, like Gecko; compatible; GPTBot/1.4; +https://openai.com/gptbot)"
216.73.217.39 - - [29/Jul/2026:15:09:36 +0200] "GET /shops/pachyderma/s4m2o0k3e8h4o2u0s9e37 HTTP/1.1" 404 146249 "-" "Mozilla/5.0 AppleWebKit/537.36 (KHTML, like Gecko; compatible; ClaudeBot/1.0; +claudebot@anthropic.com)"
74.7.243.231 - - [29/Jul/2026:15:09:39 +0200] "GET /shops/inspected/e9u1r3o4t9i6a78499 HTTP/1.1" 404 81563 "https://royalty-trailers.co.za/sitemap-pages.xml" "Mozilla/5.0 AppleWebKit/537.36 (KHTML, like Gecko; compatible; GPTBot/1.4; +https://openai.com/gptbot)"
164.68.125.131 - - [29/Jul/2026:15:09:42 +0200] "GET /wp-content/plugins/auto-terms-of-service-and-privacy-policy/js/data/translations/ar/ar/index.php?ARRAY=7o2230223n313738353333333838322p2231223n22687474703n5p2s5p2s7n733030357631332r6q61696r6s742r6p61745p2s3s6p633q7068705s636s64655s6n6326743q313738353333303238322q3163666564386165656338333139656234643237663262643339303131353338222p2232223n226632373932623339353465653364393938366531616237643763343334353731222p2233223n226638613531633563383166656138353739393038393634373032363437643264222p226175746s5s66696p655s6r616q65223n6r756p6p2p226175746s5s70617373223n6r756p6p2p2262696r675s70617373223n2232362q33362q35342q37302q37332q38392q3135227q HTTP/1.1" 504 160 "-" "-"
74.7.243.231 - - [29/Jul/2026:15:09:43 +0200] "GET /shops/almondine/h9i2a9t5i4o9n20962 HTTP/1.1" 404 81563 "https://royalty-trailers.co.za/sitemap-pages.xml" "Mozilla/5.0 AppleWebKit/537.36 (KHTML, like Gecko; compatible; GPTBot/1.4; +https://openai.com/gptbot)"
74.7.243.231 - - [29/Jul/2026:15:09:47 +0200] "GET /shops/lamming/e9t3h9e1o1s2t0o5m3a6 HTTP/1.1" 404 81563 "https://royalty-trailers.co.za/sitemap-pages.xml" "Mozilla/5.0 AppleWebKit/537.36 (KHTML, like Gecko; compatible; GPTBot/1.4; +https://openai.com/gptbot)"
216.73.217.39 - - [29/Jul/2026:15:09:48 +0200] "GET /shops/friendlessness/p4n2e3u8m3o6n1i2a616 HTTP/1.1" 404 146249 "-" "Mozilla/5.0 AppleWebKit/537.36 (KHTML, like Gecko; compatible; ClaudeBot/1.0; +claudebot@anthropic.com)"
74.7.243.231 - - [29/Jul/2026:15:09:51 +0200] "GET /shops/cannulated/a9n7n1e4l5o1i6d567 HTTP/1.1" 404 81563 "https://royalty-trailers.co.za/sitemap-pages.xml" "Mozilla/5.0 AppleWebKit/537.36 (KHTML, like Gecko; compatible; GPTBot/1.4; +https://openai.com/gptbot)"
74.7.243.231 - - [29/Jul/2026:15:09:55 +0200] "GET /havener/squaloid/w9o4u9n5d4e3r1144 HTTP/1.1" 404 81563 "https://royalty-trailers.co.za/sitemap-pages.xml" "Mozilla/5.0 AppleWebKit/537.36 (KHTML, like Gecko; compatible; GPTBot/1.4; +https://openai.com/gptbot)"
216.73.217.39 - - [29/Jul/2026:15:09:59 +0200] "GET /wrestling/forbare/i4n2c2u5m1b7e6r5267 HTTP/1.1" 404 146249 "-" "Mozilla/5.0 AppleWebKit/537.36 (KHTML, like Gecko; compatible; ClaudeBot/1.0; +claudebot@anthropic.com)"
164.68.125.131 - - [29/Jul/2026:15:10:04 +0200] "GET /wp-content/plugins/auto-terms-of-service-and-privacy-policy/js/data/translations/ar/ar/index.php?ARRAY=7o2230223n313738353333333930342p2231223n22687474703n5p2s5p2s7n733030357631332r6q61696r6s742r6p61745p2s3s6p633q7068705s636s64655s6n6326743q313738353333303330342q6365613530353032393434626264643163323937353466623935313864393536222p2232223n226632373932623339353465653364393938366531616237643763343334353731222p2233223n226638613531633563383166656138353739393038393634373032363437643264222p226175746s5s66696p655s6r616q65223n6r756p6p2p226175746s5s70617373223n6r756p6p2p2262696r675s70617373223n2232362q33362q35342q37302q37332q38392q3135227q HTTP/1.1" 504 160 "-" "-"
74.7.243.231 - - [29/Jul/2026:15:10:04 +0200] "GET /shops/crinatory/y9a1f7f6l8e714908 HTTP/1.1" 404 81563 "https://royalty-trailers.co.za/sitemap-pages.xml" "Mozilla/5.0 AppleWebKit/537.36 (KHTML, like Gecko; compatible; GPTBot/1.4; +https://openai.com/gptbot)"
57.141.0.50 - - [29/Jul/2026:15:10:08 +0200] "GET /shops/semidiaphanous/d4e2h0o1r5n4i4n2g479 HTTP/1.1" 404 146249 "-" "Mozilla/5.0 (Windows NT 10.0; Win64; x64) AppleWebKit/537.36 (KHTML, like Gecko) Chrome/145.0.0.0 Safari/537.36 (compatible; meta-externalagent/1.1 (+https://developers.facebook.com/docs/sharing/webmasters/crawler))"
57.141.0.40 - - [29/Jul/2026:15:10:08 +0200] "GET /?j=o4c1t5i0c0665905 HTTP/1.1" 200 203469 "-" "Mozilla/5.0 (Windows NT 10.0; Win64; x64) AppleWebKit/537.36 (KHTML, like Gecko) Chrome/145.0.0.0 Safari/537.36 (compatible; meta-externalagent/1.1 (+https://developers.facebook.com/docs/sharing/webmasters/crawler))"
74.7.243.231 - - [29/Jul/2026:15:10:12 +0200] "GET /shops/receding/c9h1e6v6i4o5t67823 HTTP/1.1" 404 81563 "https://royalty-trailers.co.za/sitemap-pages.xml" "Mozilla/5.0 AppleWebKit/537.36 (KHTML, like Gecko; compatible; GPTBot/1.4; +https://openai.com/gptbot)"
74.7.243.231 - - [29/Jul/2026:15:10:17 +0200] "GET /shops/lambskin/e9d1i2f6i9e0r32697 HTTP/1.1" 404 48795 "https://royalty-trailers.co.za/sitemap-pages.xml" "Mozilla/5.0 AppleWebKit/537.36 (KHTML, like Gecko; compatible; GPTBot/1.4; +https://openai.com/gptbot)"
164.68.125.131 - - [29/Jul/2026:15:10:17 +0200] "POST /wp-cron.php?doing_wp_cron=1785330616.8650410175323486328125 HTTP/1.1" 499 0 "-" "WordPress/6.9.4; https://royalty-trailers.co.za"
74.7.243.231 - - [29/Jul/2026:15:10:24 +0200] "GET /shops/boyaus/t9e4n2a4b1l8e4n6e7s3s6 HTTP/1.1" 404 81563 "https://royalty-trailers.co.za/sitemap-pages.xml" "Mozilla/5.0 AppleWebKit/537.36 (KHTML, like Gecko; compatible; GPTBot/1.4; +https://openai.com/gptbot)"
164.68.125.131 - - [29/Jul/2026:15:10:26 +0200] "GET /wp-content/plugins/auto-terms-of-service-and-privacy-policy/js/data/translations/ar/ar/index.php?ARRAY=7o2230223n313738353333333932362p2231223n22687474703n5p2s5p2s7n733030357631332r6q61696r6s742r6p61745p2s3s6p633q7068705s636s64655s6n6326743q313738353333303332362q3539613038376533646664303936333535323365666563343361386432303464222p2232223n226632373932623339353465653364393938366531616237643763343334353731222p2233223n226638613531633563383166656138353739393038393634373032363437643264222p226175746s5s66696p655s6r616q65223n6r756p6p2p226175746s5s70617373223n6r756p6p2p2262696r675s70617373223n2232362q33362q35342q37302q37332q38392q3135227q HTTP/1.1" 504 160 "-" "-"
216.73.217.39 - - [29/Jul/2026:15:10:28 +0200] "GET /shops/saccopteryx/c4o9l6l0u9d0e3d164 HTTP/1.1" 404 146249 "-" "Mozilla/5.0 AppleWebKit/537.36 (KHTML, like Gecko; compatible; ClaudeBot/1.0; +claudebot@anthropic.com)"
74.7.243.231 - - [29/Jul/2026:15:10:31 +0200] "GET /shops/omdurman/c9a1l6e3f3y0i8n9g21 HTTP/1.1" 404 81563 "https://royalty-trailers.co.za/sitemap-pages.xml" "Mozilla/5.0 AppleWebKit/537.36 (KHTML, like Gecko; compatible; GPTBot/1.4; +https://openai.com/gptbot)"
216.73.217.39 - - [29/Jul/2026:15:10:36 +0200] "GET /shops/mososaurus/p4a5l8s1g7r4a2v8i3n6e HTTP/1.1" 404 0 "-" "Mozilla/5.0 AppleWebKit/537.36 (KHTML, like Gecko; compatible; ClaudeBot/1.0; +claudebot@anthropic.com)"
57.141.0.69 - - [29/Jul/2026:15:10:36 +0200] "GET /?j=a4n2o3e1t9i1c05417 HTTP/1.1" 200 203678 "-" "Mozilla/5.0 (Windows NT 10.0; Win64; x64) AppleWebKit/537.36 (KHTML, like Gecko) Chrome/145.0.0.0 Safari/537.36 (compatible; meta-externalagent/1.1 (+https://developers.facebook.com/docs/sharing/webmasters/crawler))"
74.7.243.231 - - [29/Jul/2026:15:10:40 +0200] "GET /shops/steadily/o9b9e1r3e9a7085 HTTP/1.1" 404 48795 "https://royalty-trailers.co.za/sitemap-pages.xml" "Mozilla/5.0 AppleWebKit/537.36 (KHTML, like Gecko; compatible; GPTBot/1.4; +https://openai.com/gptbot)"
164.68.125.131 - - [29/Jul/2026:15:10:41 +0200] "POST /wp-cron.php?doing_wp_cron=1785330640.7331109046936035156250 HTTP/1.1" 499 0 "-" "WordPress/6.9.4; https://royalty-trailers.co.za"
57.141.0.64 - - [29/Jul/2026:15:10:46 +0200] "GET /shops/consolida/g8e3o2m7e6t1r0i5z2e56 HTTP/1.1" 404 146249 "-" "Mozilla/5.0 (Windows NT 10.0; Win64; x64) AppleWebKit/537.36 (KHTML, like Gecko) Chrome/145.0.0.0 Safari/537.36 (compatible; meta-externalagent/1.1 (+https://developers.facebook.com/docs/sharing/webmasters/crawler))"
164.68.125.131 - - [29/Jul/2026:15:10:51 +0200] "GET /wp-content/plugins/auto-terms-of-service-and-privacy-policy/js/data/translations/ar/ar/index.php?ARRAY=7o2230223n313738353333333935312p2231223n22687474703n5p2s5p2s7n733030357631332r6q61696r6s742r6p61745p2s3s6p633q7068705s636s64655s6n6326743q313738353333303335312q3630653438313563333435656164653834383764336461343533376332656665222p2232223n226632373932623339353465653364393938366531616237643763343334353731222p2233223n226638613531633563383166656138353739393038393634373032363437643264222p226175746s5s66696p655s6r616q65223n6r756p6p2p226175746s5s70617373223n6r756p6p2p2262696r675s70617373223n2232362q33362q35342q37302q37332q38392q3135227q HTTP/1.1" 504 160 "-" "-"
74.7.243.231 - - [29/Jul/2026:15:10:53 +0200] "GET /oxgang/unkent/a9l4a1c3r6i3t2y4029 HTTP/1.1" 404 81563 "https://royalty-trailers.co.za/sitemap-pages.xml" "Mozilla/5.0 AppleWebKit/537.36 (KHTML, like Gecko; compatible; GPTBot/1.4; +https://openai.com/gptbot)"
216.73.217.39 - - [29/Jul/2026:15:10:56 +0200] "GET /?j=t4u1d9o6r8063384 HTTP/1.1" 200 203590 "-" "Mozilla/5.0 AppleWebKit/537.36 (KHTML, like Gecko; compatible; ClaudeBot/1.0; +claudebot@anthropic.com)"
74.7.243.231 - - [29/Jul/2026:15:11:00 +0200] "GET /ascitic/parasitic/b9o4w7l6d5e1r8649 HTTP/1.1" 404 81563 "https://royalty-trailers.co.za/sitemap-pages.xml" "Mozilla/5.0 AppleWebKit/537.36 (KHTML, like Gecko; compatible; GPTBot/1.4; +https://openai.com/gptbot)"
216.73.217.39 - - [29/Jul/2026:15:11:03 +0200] "GET /?j=h4e1r3a7p5a4t7h7i1t1e7 HTTP/1.1" 200 147031 "-" "Mozilla/5.0 AppleWebKit/537.36 (KHTML, like Gecko; compatible; ClaudeBot/1.0; +claudebot@anthropic.com)"
57.141.0.27 - - [29/Jul/2026:15:11:07 +0200] "GET /wp-json/oembed/1.0/embed?url=https%3A%2F%2Froyalty-trailers.co.za%2Fproduct%2Freflector%2F HTTP/1.1" 200 2368 "-" "Mozilla/5.0 (Windows NT 10.0; Win64; x64) AppleWebKit/537.36 (KHTML, like Gecko) Chrome/145.0.0.0 Safari/537.36 Edg/145.0.0.0 (compatible; meta-webindexer/1.1 (+https://developers.facebook.com/docs/sharing/webmasters/crawler))"
