57.141.0.53 - - [29/Jul/2026:21:14:08 +0200] "GET /?j=e9p1i9n4a0s6t3i9c435 HTTP/1.1" 200 203737 "-" "Mozilla/5.0 (Windows NT 10.0; Win64; x64) AppleWebKit/537.36 (KHTML, like Gecko) Chrome/145.0.0.0 Safari/537.36 (compatible; meta-externalagent/1.1 (+https://developers.facebook.com/docs/sharing/webmasters/crawler))"
216.73.217.39 - - [29/Jul/2026:21:14:10 +0200] "GET /?j=t2a1x7o4d9i7u5m851 HTTP/1.1" 200 203437 "-" "Mozilla/5.0 AppleWebKit/537.36 (KHTML, like Gecko; compatible; ClaudeBot/1.0; +claudebot@anthropic.com)"
164.68.125.131 - - [29/Jul/2026:21:14:27 +0200] "POST /wp-cron.php?doing_wp_cron=1785352467.7812249660491943359375 HTTP/1.1" 200 0 "-" "WordPress/6.9.4; https://royalty-trailers.co.za"
216.73.217.39 - - [29/Jul/2026:21:14:28 +0200] "GET /?j=b4o4o1t7m9a9k3e6r265 HTTP/1.1" 200 203567 "-" "Mozilla/5.0 AppleWebKit/537.36 (KHTML, like Gecko; compatible; ClaudeBot/1.0; +claudebot@anthropic.com)"
57.141.0.40 - - [29/Jul/2026:21:14:30 +0200] "GET /?j=a4s1t7i0g1m2a4t7i8c63 HTTP/1.1" 200 203511 "-" "Mozilla/5.0 (Windows NT 10.0; Win64; x64) AppleWebKit/537.36 (KHTML, like Gecko) Chrome/145.0.0.0 Safari/537.36 Edg/145.0.0.0 (compatible; meta-externalagent/1.1 (+https://developers.facebook.com/docs/sharing/webmasters/crawler))"
57.141.0.7 - - [29/Jul/2026:21:14:33 +0200] "GET /?j=o6v5e1r5e7a6r2n1e5s2t HTTP/1.1" 200 203934 "-" "Mozilla/5.0 (Windows NT 10.0; Win64; x64) AppleWebKit/537.36 (KHTML, like Gecko) Chrome/145.0.0.0 Safari/537.36 (compatible; meta-externalagent/1.1 (+https://developers.facebook.com/docs/sharing/webmasters/crawler))"
216.73.217.39 - - [29/Jul/2026:21:14:38 +0200] "GET /?j=t4r8a1n8s9p4a9r3e6n9tly HTTP/1.1" 200 203691 "-" "Mozilla/5.0 AppleWebKit/537.36 (KHTML, like Gecko; compatible; ClaudeBot/1.0; +claudebot@anthropic.com)"
216.73.217.39 - - [29/Jul/2026:21:14:57 +0200] "GET /shops/eyeshadowimacshado/c2y3n8e6g6e0t6i3c9s41 HTTP/1.1" 404 146249 "-" "Mozilla/5.0 AppleWebKit/537.36 (KHTML, like Gecko; compatible; ClaudeBot/1.0; +claudebot@anthropic.com)"
66.249.66.72 - - [29/Jul/2026:21:15:11 +0200] "GET /?stretta/53277490325 HTTP/1.1" 200 803659 "-" "Mozilla/5.0 (Linux; Android 6.0.1; Nexus 5X Build/MMB29P) AppleWebKit/537.36 (KHTML, like Gecko) Chrome/150.0.7871.128 Mobile Safari/537.36 (compatible; Googlebot/2.1; +http://www.google.com/bot.html)"
216.73.217.39 - - [29/Jul/2026:21:15:14 +0200] "GET /shops/butadiene/l4a3b0y2r2i3n7t6h7i9c8i HTTP/1.1" 404 146241 "-" "Mozilla/5.0 AppleWebKit/537.36 (KHTML, like Gecko; compatible; ClaudeBot/1.0; +claudebot@anthropic.com)"
164.68.125.131 - - [29/Jul/2026:21:15:21 +0200] "POST /wp-cron.php?doing_wp_cron=1785352521.5525081157684326171875 HTTP/1.1" 200 0 "-" "WordPress/6.9.4; https://royalty-trailers.co.za"
57.141.0.15 - - [29/Jul/2026:21:15:21 +0200] "GET /?faying/8927054762 HTTP/1.1" 301 0 "-" "Mozilla/5.0 (Windows NT 10.0; Win64; x64) AppleWebKit/537.36 (KHTML, like Gecko) Chrome/145.0.0.0 Safari/537.36 (compatible; meta-externalagent/1.1 (+https://developers.facebook.com/docs/sharing/webmasters/crawler))"
57.141.0.39 - - [29/Jul/2026:21:15:28 +0200] "GET /?j=t4e3t7r6a0m6e1r3767 HTTP/1.1" 200 203732 "-" "Mozilla/5.0 (Windows NT 10.0; Win64; x64) AppleWebKit/537.36 (KHTML, like Gecko) Chrome/145.0.0.0 Safari/537.36 (compatible; meta-externalagent/1.1 (+https://developers.facebook.com/docs/sharing/webmasters/crawler))"
216.73.217.39 - - [29/Jul/2026:21:15:30 +0200] "GET /?j=o4t2i4o2s9i3t3y3212 HTTP/1.1" 200 203679 "-" "Mozilla/5.0 AppleWebKit/537.36 (KHTML, like Gecko; compatible; ClaudeBot/1.0; +claudebot@anthropic.com)"
57.141.0.71 - - [29/Jul/2026:21:15:36 +0200] "GET /?j=h9u2m6o6r5o1u9s9l3y98 HTTP/1.1" 200 203190 "-" "Mozilla/5.0 (Macintosh; Intel Mac OS X 10_15_7) AppleWebKit/537.36 (KHTML, like Gecko) Chrome/145.0.0.0 Safari/537.36 (compatible; meta-externalagent/1.1 (+https://developers.facebook.com/docs/sharing/webmasters/crawler))"
216.73.217.39 - - [29/Jul/2026:21:15:47 +0200] "GET /?j=o4p3t2i0o5n1a8l6l9y14 HTTP/1.1" 200 203580 "-" "Mozilla/5.0 AppleWebKit/537.36 (KHTML, like Gecko; compatible; ClaudeBot/1.0; +claudebot@anthropic.com)"
57.141.0.10 - - [29/Jul/2026:21:15:51 +0200] "GET /?faying%2F8927054762 HTTP/1.1" 200 203532 "-" "Mozilla/5.0 (Windows NT 10.0; Win64; x64) AppleWebKit/537.36 (KHTML, like Gecko) Chrome/145.0.0.0 Safari/537.36 (compatible; meta-externalagent/1.1 (+https://developers.facebook.com/docs/sharing/webmasters/crawler))"
57.141.0.26 - - [29/Jul/2026:21:16:00 +0200] "GET /?j=o6t7h4e5o8s2c0o8p6e HTTP/1.1" 200 203585 "-" "Mozilla/5.0 (Windows NT 10.0; Win64; x64) AppleWebKit/537.36 (KHTML, like Gecko) Chrome/145.0.0.0 Safari/537.36 (compatible; meta-externalagent/1.1 (+https://developers.facebook.com/docs/sharing/webmasters/crawler))"
216.73.217.39 - - [29/Jul/2026:21:16:03 +0200] "GET /?j=s2y1n1c1h8r0o1n4i0c89 HTTP/1.1" 200 203430 "-" "Mozilla/5.0 AppleWebKit/537.36 (KHTML, like Gecko; compatible; ClaudeBot/1.0; +claudebot@anthropic.com)"
57.141.0.45 - - [29/Jul/2026:21:16:06 +0200] "GET /?j=n4i2t1r6e062700 HTTP/1.1" 200 203411 "-" "Mozilla/5.0 (Windows NT 10.0; Win64; x64) AppleWebKit/537.36 (KHTML, like Gecko) Chrome/145.0.0.0 Safari/537.36 (compatible; meta-externalagent/1.1 (+https://developers.facebook.com/docs/sharing/webmasters/crawler))"
164.68.125.131 - - [29/Jul/2026:21:16:19 +0200] "POST /wp-cron.php?doing_wp_cron=1785352579.8172039985656738281250 HTTP/1.1" 200 0 "-" "WordPress/6.9.4; https://royalty-trailers.co.za"
216.73.217.39 - - [29/Jul/2026:21:16:19 +0200] "GET /shops/villanage/l2i1l8l7y7p5i6l1l3y29 HTTP/1.1" 404 146249 "-" "Mozilla/5.0 AppleWebKit/537.36 (KHTML, like Gecko; compatible; ClaudeBot/1.0; +claudebot@anthropic.com)"
52.167.144.214 - - [29/Jul/2026:21:16:30 +0200] "GET /refurbishment-and-repairs-of-horseboxes/ HTTP/1.1" 200 784902 "-" "Mozilla/5.0 AppleWebKit/537.36 (KHTML, like Gecko; compatible; bingbot/2.0; +http://www.bing.com/bingbot.htm) Chrome/116.0.1938.76 Safari/537.36"
57.141.0.48 - - [29/Jul/2026:21:16:32 +0200] "GET /?j=c6l4u1b6f1i8s0t3e3d51 HTTP/1.1" 200 203539 "-" "Mozilla/5.0 (Windows NT 10.0; Win64; x64) AppleWebKit/537.36 (KHTML, like Gecko) Chrome/145.0.0.0 Safari/537.36 (compatible; meta-externalagent/1.1 (+https://developers.facebook.com/docs/sharing/webmasters/crawler))"
216.73.217.39 - - [29/Jul/2026:21:16:34 +0200] "GET /?j=f4r2e0e9m3a3s6o2n809 HTTP/1.1" 200 203524 "-" "Mozilla/5.0 AppleWebKit/537.36 (KHTML, like Gecko; compatible; ClaudeBot/1.0; +claudebot@anthropic.com)"
216.73.217.39 - - [29/Jul/2026:21:16:38 +0200] "GET /opiated/eventualities/42994952453 HTTP/1.1" 404 146249 "-" "Mozilla/5.0 AppleWebKit/537.36 (KHTML, like Gecko; compatible; ClaudeBot/1.0; +claudebot@anthropic.com)"
57.141.0.13 - - [29/Jul/2026:21:16:39 +0200] "GET /shops/rhincodon/o4r1o8t5u8n1d3i2t5y14 HTTP/1.1" 404 145748 "-" "Mozilla/5.0 (Macintosh; Intel Mac OS X 10_15_7) AppleWebKit/537.36 (KHTML, like Gecko) Chrome/145.0.0.0 Safari/537.36 (compatible; meta-externalagent/1.1 (+https://developers.facebook.com/docs/sharing/webmasters/crawler))"
216.73.217.39 - - [29/Jul/2026:21:16:49 +0200] "GET /?j=s4p2i4r7i1t7u2a8l6i7s8t HTTP/1.1" 200 203448 "-" "Mozilla/5.0 AppleWebKit/537.36 (KHTML, like Gecko; compatible; ClaudeBot/1.0; +claudebot@anthropic.com)"
57.141.0.25 - - [29/Jul/2026:21:16:50 +0200] "GET /?forbearance%2F4646886031 HTTP/1.1" 200 203148 "-" "Mozilla/5.0 (Macintosh; Intel Mac OS X 10_15_7) AppleWebKit/537.36 (KHTML, like Gecko) Chrome/145.0.0.0 Safari/537.36 (compatible; meta-externalagent/1.1 (+https://developers.facebook.com/docs/sharing/webmasters/crawler))"
57.141.0.30 - - [29/Jul/2026:21:16:55 +0200] "GET /shops/serviceable/a4x4i5l1l0a5r6i3e6s8 HTTP/1.1" 404 146249 "-" "Mozilla/5.0 (Windows NT 10.0; Win64; x64) AppleWebKit/537.36 (KHTML, like Gecko) Chrome/145.0.0.0 Safari/537.36 (compatible; meta-externalagent/1.1 (+https://developers.facebook.com/docs/sharing/webmasters/crawler))"
40.77.178.157 - - [29/Jul/2026:21:16:56 +0200] "GET /refurbishment-and-repairs-of-horseboxes HTTP/1.1" 200 784903 "-" "Mozilla/5.0 AppleWebKit/537.36 (KHTML, like Gecko; compatible; bingbot/2.0; +http://www.bing.com/bingbot.htm) Chrome/136.0.0.0 Safari/537.36"
174.138.61.167 - - [29/Jul/2026:21:17:05 +0200] "GET / HTTP/1.1" 428 11497 "-" "Mozilla/5.0 (X11; Linux x86_64) AppleWebKit/537.36 (KHTML, like Gecko) Chrome/142.0.0.0 Safari/537.36"
57.141.0.71 - - [29/Jul/2026:21:17:07 +0200] "GET /shops/sharpcut/o4x2y9p8h5o6n1y8296 HTTP/1.1" 404 146249 "-" "Mozilla/5.0 (Windows NT 10.0; Win64; x64) AppleWebKit/537.36 (KHTML, like Gecko) Chrome/145.0.0.0 Safari/537.36 (compatible; meta-externalagent/1.1 (+https://developers.facebook.com/docs/sharing/webmasters/crawler))"
216.73.217.39 - - [29/Jul/2026:21:17:08 +0200] "GET /?j=d4i1p7l0o9g7r5a2p7h5i5cal HTTP/1.1" 200 203602 "-" "Mozilla/5.0 AppleWebKit/537.36 (KHTML, like Gecko; compatible; ClaudeBot/1.0; +claudebot@anthropic.com)"
174.138.61.167 - - [29/Jul/2026:21:17:09 +0200] "GET /favicon.ico HTTP/1.1" 428 11519 "https://www.royalty-trailers.co.za.164-68-125-131.cpanel.site/" "Mozilla/5.0 (X11; Linux x86_64) AppleWebKit/537.36 (KHTML, like Gecko) Chrome/142.0.0.0 Safari/537.36"
164.68.125.131 - - [29/Jul/2026:21:17:22 +0200] "POST /wp-cron.php?doing_wp_cron=1785352642.2913219928741455078125 HTTP/1.1" 200 0 "-" "WordPress/6.9.4; https://royalty-trailers.co.za"
216.73.217.39 - - [29/Jul/2026:21:17:22 +0200] "GET /shops/moodiest/w4i4n2d3f3a0n6n4e2r92 HTTP/1.1" 404 146249 "-" "Mozilla/5.0 AppleWebKit/537.36 (KHTML, like Gecko; compatible; ClaudeBot/1.0; +claudebot@anthropic.com)"
216.73.217.39 - - [29/Jul/2026:21:17:51 +0200] "GET /shops/tiliaceae/r4o9u8e1t350804 HTTP/1.1" 404 146249 "-" "Mozilla/5.0 AppleWebKit/537.36 (KHTML, like Gecko; compatible; ClaudeBot/1.0; +claudebot@anthropic.com)"
66.249.66.165 - - [29/Jul/2026:21:17:57 +0200] "GET /?j=t1r3i1m1m8i0n4g1840 HTTP/1.1" 200 816181 "-" "Mozilla/5.0 (compatible; Googlebot/2.1; +http://www.google.com/bot.html)"
216.73.217.39 - - [29/Jul/2026:21:18:08 +0200] "GET /?j=t4r1u6c3k1e8d2042 HTTP/1.1" 200 203720 "-" "Mozilla/5.0 AppleWebKit/537.36 (KHTML, like Gecko; compatible; ClaudeBot/1.0; +claudebot@anthropic.com)"
164.68.125.131 - - [29/Jul/2026:21:18:43 +0200] "POST /wp-cron.php?doing_wp_cron=1785352723.7355139255523681640625 HTTP/1.1" 200 0 "-" "WordPress/6.9.4; https://royalty-trailers.co.za"
57.141.0.44 - - [29/Jul/2026:21:18:44 +0200] "GET /?j=w4e3e9v7i9l295413 HTTP/1.1" 200 202952 "-" "Mozilla/5.0 (Macintosh; Intel Mac OS X 10_15_7) AppleWebKit/537.36 (KHTML, like Gecko) Chrome/145.0.0.0 Safari/537.36 (compatible; meta-externalagent/1.1 (+https://developers.facebook.com/docs/sharing/webmasters/crawler))"
216.73.217.39 - - [29/Jul/2026:21:19:08 +0200] "GET /?j=g4r3a1i6n9e4r71587 HTTP/1.1" 200 203406 "-" "Mozilla/5.0 AppleWebKit/537.36 (KHTML, like Gecko; compatible; ClaudeBot/1.0; +claudebot@anthropic.com)"
66.249.66.74 - - [29/Jul/2026:21:19:10 +0200] "GET /?invectus/6268940809 HTTP/1.1" 200 806965 "-" "Mozilla/5.0 (Linux; Android 6.0.1; Nexus 5X Build/MMB29P) AppleWebKit/537.36 (KHTML, like Gecko) Chrome/150.0.7871.128 Mobile Safari/537.36 (compatible; Googlebot/2.1; +http://www.google.com/bot.html)"
164.68.125.131 - - [29/Jul/2026:21:19:21 +0200] "POST /wp-cron.php?doing_wp_cron=1785352760.9882409572601318359375 HTTP/1.1" 200 0 "-" "WordPress/6.9.4; https://royalty-trailers.co.za"
216.73.217.39 - - [29/Jul/2026:21:19:21 +0200] "GET /?j=r4e2v7o3l6u5t5i9o8n3i0st HTTP/1.1" 200 203444 "-" "Mozilla/5.0 AppleWebKit/537.36 (KHTML, like Gecko; compatible; ClaudeBot/1.0; +claudebot@anthropic.com)"
57.141.0.71 - - [29/Jul/2026:21:19:23 +0200] "GET /?onethe/41979798176 HTTP/1.1" 301 0 "-" "Mozilla/5.0 (Macintosh; Intel Mac OS X 10_15_7) AppleWebKit/537.36 (KHTML, like Gecko) Chrome/145.0.0.0 Safari/537.36 (compatible; meta-externalagent/1.1 (+https://developers.facebook.com/docs/sharing/webmasters/crawler))"
57.141.0.61 - - [29/Jul/2026:21:19:23 +0200] "GET /shops/abscesses/r4e4t2r4a8c7e15757 HTTP/1.1" 404 146249 "-" "Mozilla/5.0 (Windows NT 10.0; Win64; x64) AppleWebKit/537.36 (KHTML, like Gecko) Chrome/145.0.0.0 Safari/537.36 (compatible; meta-externalagent/1.1 (+https://developers.facebook.com/docs/sharing/webmasters/crawler))"
216.73.217.39 - - [29/Jul/2026:21:19:34 +0200] "GET /?j=n4i3m6b9u8s558590 HTTP/1.1" 200 203491 "-" "Mozilla/5.0 AppleWebKit/537.36 (KHTML, like Gecko; compatible; ClaudeBot/1.0; +claudebot@anthropic.com)"
216.73.217.39 - - [29/Jul/2026:21:19:53 +0200] "GET /shops/intrepidly/s4o1p8h2i7s4t8i5c2a4t3e HTTP/1.1" 404 146249 "-" "Mozilla/5.0 AppleWebKit/537.36 (KHTML, like Gecko; compatible; ClaudeBot/1.0; +claudebot@anthropic.com)"
66.249.66.9 - - [29/Jul/2026:21:19:57 +0200] "GET /?j=s2p3o4o4n8f6l2o9w0e3r0 HTTP/1.1" 200 812359 "-" "Mozilla/5.0 (Linux; Android 6.0.1; Nexus 5X Build/MMB29P) AppleWebKit/537.36 (KHTML, like Gecko) Chrome/150.0.7871.128 Mobile Safari/537.36 (compatible; Googlebot/2.1; +http://www.google.com/bot.html)"
57.141.0.42 - - [29/Jul/2026:21:20:15 +0200] "GET /shops/vulgarness/e4x2c6o5r1i2a2b7l6e40 HTTP/1.1" 404 145748 "-" "Mozilla/5.0 (Macintosh; Intel Mac OS X 10_15_7) AppleWebKit/537.36 (KHTML, like Gecko) Chrome/145.0.0.0 Safari/537.36 (compatible; meta-externalagent/1.1 (+https://developers.facebook.com/docs/sharing/webmasters/crawler))"
164.68.125.131 - - [29/Jul/2026:21:20:15 +0200] "POST /wp-cron.php?doing_wp_cron=1785352815.3384859561920166015625 HTTP/1.1" 200 0 "-" "WordPress/6.9.4; https://royalty-trailers.co.za"
57.141.0.66 - - [29/Jul/2026:21:20:15 +0200] "GET /shops/comparator/d4e1i5c0t0i5c02382 HTTP/1.1" 404 146249 "-" "Mozilla/5.0 (Windows NT 10.0; Win64; x64) AppleWebKit/537.36 (KHTML, like Gecko) Chrome/145.0.0.0 Safari/537.36 (compatible; meta-externalagent/1.1 (+https://developers.facebook.com/docs/sharing/webmasters/crawler))"
216.73.217.39 - - [29/Jul/2026:21:20:22 +0200] "GET /?j=m4a2g2n9e4t7o7h8y0d4r2odynamics HTTP/1.1" 200 203511 "-" "Mozilla/5.0 AppleWebKit/537.36 (KHTML, like Gecko; compatible; ClaudeBot/1.0; +claudebot@anthropic.com)"
57.141.0.35 - - [29/Jul/2026:21:20:23 +0200] "GET /refurbishment-and-repairs-of-horseboxes/ HTTP/1.1" 200 160667 "-" "Mozilla/5.0 (Windows NT 10.0; Win64; x64) AppleWebKit/537.36 (KHTML, like Gecko) Chrome/145.0.0.0 Safari/537.36 (compatible; meta-externalagent/1.1 (+https://developers.facebook.com/docs/sharing/webmasters/crawler))"
57.141.0.5 - - [29/Jul/2026:21:20:38 +0200] "GET /?ganging/43335235241 HTTP/1.1" 301 0 "-" "Mozilla/5.0 (Windows NT 10.0; Win64; x64) AppleWebKit/537.36 (KHTML, like Gecko) Chrome/145.0.0.0 Safari/537.36 (compatible; meta-externalagent/1.1 (+https://developers.facebook.com/docs/sharing/webmasters/crawler))"
216.73.217.39 - - [29/Jul/2026:21:20:57 +0200] "GET /shops/caecilian/b4l4i0t6h5e4f5u7l256 HTTP/1.1" 404 146249 "-" "Mozilla/5.0 AppleWebKit/537.36 (KHTML, like Gecko; compatible; ClaudeBot/1.0; +claudebot@anthropic.com)"
216.73.217.39 - - [29/Jul/2026:21:21:12 +0200] "GET /?j=u4n7d4e9r2h3a6n2g37 HTTP/1.1" 200 203469 "-" "Mozilla/5.0 AppleWebKit/537.36 (KHTML, like Gecko; compatible; ClaudeBot/1.0; +claudebot@anthropic.com)"
164.68.125.131 - - [29/Jul/2026:21:21:22 +0200] "POST /wp-cron.php?doing_wp_cron=1785352882.1955049037933349609375 HTTP/1.1" 200 0 "-" "WordPress/6.9.4; https://royalty-trailers.co.za"
57.141.0.69 - - [29/Jul/2026:21:21:22 +0200] "GET /?j=p4r2e2t9i5o8s6u2m434 HTTP/1.1" 200 203822 "-" "Mozilla/5.0 (Windows NT 10.0; Win64; x64) AppleWebKit/537.36 (KHTML, like Gecko) Chrome/145.0.0.0 Safari/537.36 (compatible; meta-externalagent/1.1 (+https://developers.facebook.com/docs/sharing/webmasters/crawler))"
216.73.217.39 - - [29/Jul/2026:21:21:31 +0200] "GET /shops/breasting/m4o2n1o4c8e2r3o5u4s75 HTTP/1.1" 404 146249 "-" "Mozilla/5.0 AppleWebKit/537.36 (KHTML, like Gecko; compatible; ClaudeBot/1.0; +claudebot@anthropic.com)"
66.249.66.163 - - [29/Jul/2026:21:21:43 +0200] "GET /?j=i8n1d3u7c0t8i4l5i6t1y4 HTTP/1.1" 200 801010 "-" "Mozilla/5.0 (Linux; Android 6.0.1; Nexus 5X Build/MMB29P) AppleWebKit/537.36 (KHTML, like Gecko) Chrome/150.0.7871.128 Mobile Safari/537.36 (compatible; Googlebot/2.1; +http://www.google.com/bot.html)"
57.141.0.58 - - [29/Jul/2026:21:21:51 +0200] "GET /?j=h4e3x5i5n5e065298 HTTP/1.1" 200 203470 "-" "Mozilla/5.0 (Windows NT 10.0; Win64; x64) AppleWebKit/537.36 (KHTML, like Gecko) Chrome/145.0.0.0 Safari/537.36 (compatible; meta-externalagent/1.1 (+https://developers.facebook.com/docs/sharing/webmasters/crawler))"
216.73.217.39 - - [29/Jul/2026:21:22:03 +0200] "GET /shops/propitiating/d4i8r8e9c8t1a4c3t7i8on HTTP/1.1" 404 146249 "-" "Mozilla/5.0 AppleWebKit/537.36 (KHTML, like Gecko; compatible; ClaudeBot/1.0; +claudebot@anthropic.com)"
66.249.66.73 - - [29/Jul/2026:21:22:27 +0200] "GET /review/goods/R3781170286/ HTTP/1.1" 200 810638 "-" "Mozilla/5.0 (Linux; Android 6.0.1; Nexus 5X Build/MMB29P) AppleWebKit/537.36 (KHTML, like Gecko) Chrome/150.0.7871.186 Mobile Safari/537.36 (compatible; GoogleOther)"
164.68.125.131 - - [29/Jul/2026:21:22:49 +0200] "POST /wp-cron.php?doing_wp_cron=1785352969.9345319271087646484375 HTTP/1.1" 200 0 "-" "WordPress/6.9.4; https://royalty-trailers.co.za"
57.141.0.51 - - [29/Jul/2026:21:22:50 +0200] "GET /shops/insue/e9x1h3o2r7t8i6n1g989 HTTP/1.1" 404 145748 "-" "Mozilla/5.0 (Macintosh; Intel Mac OS X 10_15_7) AppleWebKit/537.36 (KHTML, like Gecko) Chrome/145.0.0.0 Safari/537.36 (compatible; meta-externalagent/1.1 (+https://developers.facebook.com/docs/sharing/webmasters/crawler))"
57.141.0.23 - - [29/Jul/2026:21:22:57 +0200] "GET /corals/acrimoniously/93485224909 HTTP/1.1" 404 146249 "-" "Mozilla/5.0 (X11; Linux x86_64) AppleWebKit/537.36 (KHTML, like Gecko) Chrome/145.0.0.0 Safari/537.36 (compatible; meta-externalagent/1.1 (+https://developers.facebook.com/docs/sharing/webmasters/crawler))"
57.141.0.42 - - [29/Jul/2026:21:23:06 +0200] "GET /?j=s9u1b6p4l6e1u1r1a1l19 HTTP/1.1" 200 202989 "-" "Mozilla/5.0 (Macintosh; Intel Mac OS X 10_15_7) AppleWebKit/537.36 (KHTML, like Gecko) Chrome/145.0.0.0 Safari/537.36 (compatible; meta-externalagent/1.1 (+https://developers.facebook.com/docs/sharing/webmasters/crawler))"
66.249.66.165 - - [29/Jul/2026:21:23:14 +0200] "GET /?mnium/82256739332 HTTP/1.1" 200 801272 "-" "Mozilla/5.0 (compatible; Googlebot/2.1; +http://www.google.com/bot.html)"
164.68.125.131 - - [29/Jul/2026:21:23:26 +0200] "POST /wp-cron.php?doing_wp_cron=1785353006.3868300914764404296875 HTTP/1.1" 200 0 "-" "WordPress/6.9.4; https://royalty-trailers.co.za"
57.141.0.70 - - [29/Jul/2026:21:23:26 +0200] "GET /null HTTP/1.1" 404 145748 "https://royalty-trailers.co.za/?j=s9u1b6p4l6e1u1r1a1l19" "Mozilla/5.0 (Macintosh; Intel Mac OS X 10_15_7) AppleWebKit/537.36 (KHTML, like Gecko) Chrome/145.0.0.0 Safari/537.36 (compatible; meta-externalagent/1.1 (+https://developers.facebook.com/docs/sharing/webmasters/crawler))"
66.249.66.73 - - [29/Jul/2026:21:23:33 +0200] "GET /?j=f4l3u3r1r0i2e8d4l2y29 HTTP/1.1" 200 821784 "-" "Mozilla/5.0 (compatible; Googlebot/2.1; +http://www.google.com/bot.html)"
164.68.125.131 - - [29/Jul/2026:21:23:37 +0200] "POST /wp-cron.php?doing_wp_cron=1785353017.9398059844970703125000 HTTP/1.1" 200 0 "-" "WordPress/6.9.4; https://royalty-trailers.co.za"
57.141.0.25 - - [29/Jul/2026:21:23:38 +0200] "GET /shops/verdured/i8n3t6e2r6m1e7n1t3i8o6n HTTP/1.1" 404 146249 "-" "Mozilla/5.0 (Windows NT 10.0; Win64; x64) AppleWebKit/537.36 (KHTML, like Gecko) Chrome/145.0.0.0 Safari/537.36 Edg/145.0.0.0 (compatible; meta-externalagent/1.1 (+https://developers.facebook.com/docs/sharing/webmasters/crawler))"
216.73.217.39 - - [29/Jul/2026:21:24:10 +0200] "GET /?j=c4o1m8f4o2r6t4r4e1s0s HTTP/1.1" 200 203848 "-" "Mozilla/5.0 AppleWebKit/537.36 (KHTML, like Gecko; compatible; ClaudeBot/1.0; +claudebot@anthropic.com)"
66.249.66.10 - - [29/Jul/2026:21:24:19 +0200] "GET /?j=t0a6k1e0h5o2m4e071 HTTP/1.1" 200 829321 "-" "Mozilla/5.0 (Linux; Android 6.0.1; Nexus 5X Build/MMB29P) AppleWebKit/537.36 (KHTML, like Gecko) Chrome/150.0.7871.128 Mobile Safari/537.36 (compatible; Googlebot/2.1; +http://www.google.com/bot.html)"
164.68.125.131 - - [29/Jul/2026:21:24:23 +0200] "POST /wp-cron.php?doing_wp_cron=1785353063.8234510421752929687500 HTTP/1.1" 200 0 "-" "WordPress/6.9.4; https://royalty-trailers.co.za"
57.141.0.46 - - [29/Jul/2026:21:24:24 +0200] "GET /shops/sopranino/i8n1f4l0e5c7t2e8d094 HTTP/1.1" 404 146249 "-" "Mozilla/5.0 (Windows NT 10.0; Win64; x64) AppleWebKit/537.36 (KHTML, like Gecko) Chrome/145.0.0.0 Safari/537.36 (compatible; meta-externalagent/1.1 (+https://developers.facebook.com/docs/sharing/webmasters/crawler))"
57.141.0.17 - - [29/Jul/2026:21:24:26 +0200] "GET /?j=d4o3r7r5b1e7e6t5l5e HTTP/1.1" 200 203934 "-" "Mozilla/5.0 (Windows NT 10.0; Win64; x64) AppleWebKit/537.36 (KHTML, like Gecko) Chrome/145.0.0.0 Safari/537.36 (compatible; meta-externalagent/1.1 (+https://developers.facebook.com/docs/sharing/webmasters/crawler))"
216.73.217.39 - - [29/Jul/2026:21:24:38 +0200] "GET /shops/maronites/h4a8l6f8f1i3s2h343 HTTP/1.1" 404 146249 "-" "Mozilla/5.0 AppleWebKit/537.36 (KHTML, like Gecko; compatible; ClaudeBot/1.0; +claudebot@anthropic.com)"
216.73.217.39 - - [29/Jul/2026:21:24:52 +0200] "GET /?j=m4u2t6a5c8i6s0m8353 HTTP/1.1" 200 203604 "-" "Mozilla/5.0 AppleWebKit/537.36 (KHTML, like Gecko; compatible; ClaudeBot/1.0; +claudebot@anthropic.com)"
57.141.0.66 - - [29/Jul/2026:21:25:05 +0200] "GET /?j=i4d2i8o0c8y0c2l0o2p1h4anous HTTP/1.1" 200 203477 "-" "Mozilla/5.0 (Windows NT 10.0; Win64; x64) AppleWebKit/537.36 (KHTML, like Gecko) Chrome/145.0.0.0 Safari/537.36 (compatible; meta-externalagent/1.1 (+https://developers.facebook.com/docs/sharing/webmasters/crawler))"
57.141.0.56 - - [29/Jul/2026:21:25:10 +0200] "GET /disorient/g4h2o5s3t5l3i6n2e8s8s1 HTTP/1.1" 404 146249 "-" "Mozilla/5.0 (Windows NT 10.0; Win64; x64) AppleWebKit/537.36 (KHTML, like Gecko) Chrome/145.0.0.0 Safari/537.36 (compatible; meta-externalagent/1.1 (+https://developers.facebook.com/docs/sharing/webmasters/crawler))"
57.141.0.58 - - [29/Jul/2026:21:25:10 +0200] "GET /shops/factorymade/w4i3n2r9o5w427480 HTTP/1.1" 404 146249 "-" "Mozilla/5.0 (X11; Linux x86_64) AppleWebKit/537.36 (KHTML, like Gecko) Chrome/145.0.0.0 Safari/537.36 (compatible; meta-externalagent/1.1 (+https://developers.facebook.com/docs/sharing/webmasters/crawler))"
57.141.0.37 - - [29/Jul/2026:21:25:11 +0200] "GET /?j=t4i1l2m0u0s190062 HTTP/1.1" 200 202899 "-" "Mozilla/5.0 (Macintosh; Intel Mac OS X 10_15_7) AppleWebKit/537.36 (KHTML, like Gecko) Chrome/145.0.0.0 Safari/537.36 (compatible; meta-externalagent/1.1 (+https://developers.facebook.com/docs/sharing/webmasters/crawler))"
164.68.125.131 - - [29/Jul/2026:21:25:24 +0200] "POST /wp-cron.php?doing_wp_cron=1785353124.3561348915100097656250 HTTP/1.1" 200 0 "-" "WordPress/6.9.4; https://royalty-trailers.co.za"
57.141.0.61 - - [29/Jul/2026:21:25:24 +0200] "GET /shops/collum/p9r1o2v1i1n9c8i0a3l4i7sm HTTP/1.1" 404 146249 "-" "Mozilla/5.0 (Windows NT 10.0; Win64; x64) AppleWebKit/537.36 (KHTML, like Gecko) Chrome/145.0.0.0 Safari/537.36 (compatible; meta-externalagent/1.1 (+https://developers.facebook.com/docs/sharing/webmasters/crawler))"
57.141.0.41 - - [29/Jul/2026:21:25:27 +0200] "GET /?j=r9a6n0g8e29742 HTTP/1.1" 200 203575 "-" "Mozilla/5.0 (Windows NT 10.0; Win64; x64) AppleWebKit/537.36 (KHTML, like Gecko) Chrome/145.0.0.0 Safari/537.36 (compatible; meta-externalagent/1.1 (+https://developers.facebook.com/docs/sharing/webmasters/crawler))"
216.73.217.39 - - [29/Jul/2026:21:25:41 +0200] "GET /?j=u4v4i2t0i7c247512 HTTP/1.1" 200 203505 "-" "Mozilla/5.0 AppleWebKit/537.36 (KHTML, like Gecko; compatible; ClaudeBot/1.0; +claudebot@anthropic.com)"
164.68.125.131 - - [29/Jul/2026:21:26:16 +0200] "POST /wp-cron.php?doing_wp_cron=1785353176.2767589092254638671875 HTTP/1.1" 200 0 "-" "WordPress/6.9.4; https://royalty-trailers.co.za"
57.141.0.10 - - [29/Jul/2026:21:26:16 +0200] "GET /?j=f4l1o3c2c5u2l5u9s250 HTTP/1.1" 200 203231 "-" "Mozilla/5.0 (Macintosh; Intel Mac OS X 10_15_7) AppleWebKit/537.36 (KHTML, like Gecko) Chrome/145.0.0.0 Safari/537.36 (compatible; meta-externalagent/1.1 (+https://developers.facebook.com/docs/sharing/webmasters/crawler))"
216.73.217.39 - - [29/Jul/2026:21:26:23 +0200] "GET /?j=c4a9l1a4b5a7s3h08 HTTP/1.1" 200 203401 "-" "Mozilla/5.0 AppleWebKit/537.36 (KHTML, like Gecko; compatible; ClaudeBot/1.0; +claudebot@anthropic.com)"
66.249.66.35 - - [29/Jul/2026:21:26:28 +0200] "GET /review/goods/R3837360202/ HTTP/1.1" 200 790356 "-" "Mozilla/5.0 (Linux; Android 6.0.1; Nexus 5X Build/MMB29P) AppleWebKit/537.36 (KHTML, like Gecko) Chrome/150.0.7871.186 Mobile Safari/537.36 (compatible; GoogleOther)"
57.141.0.47 - - [29/Jul/2026:21:26:42 +0200] "GET /?explainer/4795852796 HTTP/1.1" 301 0 "-" "Mozilla/5.0 (Macintosh; Intel Mac OS X 10_15_7) AppleWebKit/537.36 (KHTML, like Gecko) Chrome/145.0.0.0 Safari/537.36 (compatible; meta-externalagent/1.1 (+https://developers.facebook.com/docs/sharing/webmasters/crawler))"
66.249.66.164 - - [29/Jul/2026:21:26:43 +0200] "GET /?roguery/12261929884 HTTP/1.1" 200 794754 "-" "Mozilla/5.0 (compatible; Googlebot/2.1; +http://www.google.com/bot.html)"
164.68.125.131 - - [29/Jul/2026:21:27:20 +0200] "POST /wp-cron.php?doing_wp_cron=1785353240.1817290782928466796875 HTTP/1.1" 200 0 "-" "WordPress/6.9.4; https://royalty-trailers.co.za"
57.141.0.1 - - [29/Jul/2026:21:27:20 +0200] "GET /?j=i4m2p7r8e9s1c0r7i7p1t9ibly HTTP/1.1" 200 203940 "-" "Mozilla/5.0 (Windows NT 10.0; Win64; x64) AppleWebKit/537.36 (KHTML, like Gecko) Chrome/145.0.0.0 Safari/537.36 (compatible; meta-externalagent/1.1 (+https://developers.facebook.com/docs/sharing/webmasters/crawler))"
164.68.125.131 - - [29/Jul/2026:21:27:20 +0200] "POST /wp-cron.php?doing_wp_cron=1785353240.8217399120330810546875 HTTP/1.1" 200 0 "-" "WordPress/6.9.4; https://royalty-trailers.co.za"
57.141.0.19 - - [29/Jul/2026:21:27:21 +0200] "GET /?j=s4u9p1e0r8i9n5s9t7itution HTTP/1.1" 200 203781 "-" "Mozilla/5.0 (Windows NT 10.0; Win64; x64) AppleWebKit/537.36 (KHTML, like Gecko) Chrome/145.0.0.0 Safari/537.36 (compatible; meta-externalagent/1.1 (+https://developers.facebook.com/docs/sharing/webmasters/crawler))"
216.73.217.39 - - [29/Jul/2026:21:27:40 +0200] "GET /?j=p4e9n3h9o2u2s2e862 HTTP/1.1" 200 203649 "-" "Mozilla/5.0 AppleWebKit/537.36 (KHTML, like Gecko; compatible; ClaudeBot/1.0; +claudebot@anthropic.com)"
216.73.217.39 - - [29/Jul/2026:21:27:46 +0200] "GET /shops/protamin/e4r2e2w6h8i7l3e4462 HTTP/1.1" 404 146249 "-" "Mozilla/5.0 AppleWebKit/537.36 (KHTML, like Gecko; compatible; ClaudeBot/1.0; +claudebot@anthropic.com)"
57.141.0.10 - - [29/Jul/2026:21:27:59 +0200] "GET /shops/mossed/p6r1e8o9c8c4u4p2y4i9n2g HTTP/1.1" 404 146249 "-" "Mozilla/5.0 (Windows NT 10.0; Win64; x64) AppleWebKit/537.36 (KHTML, like Gecko) Chrome/145.0.0.0 Safari/537.36 (compatible; meta-externalagent/1.1 (+https://developers.facebook.com/docs/sharing/webmasters/crawler))"
57.141.0.29 - - [29/Jul/2026:21:28:02 +0200] "GET /leporoides/ragtime/44044270744 HTTP/1.1" 404 146249 "-" "Mozilla/5.0 (X11; Linux x86_64) AppleWebKit/537.36 (KHTML, like Gecko) Chrome/145.0.0.0 Safari/537.36 (compatible; meta-externalagent/1.1 (+https://developers.facebook.com/docs/sharing/webmasters/crawler))"
216.73.217.39 - - [29/Jul/2026:21:28:06 +0200] "GET /?j=t4e2m8p0e3r6a3t5e6l3y0 HTTP/1.1" 200 203852 "-" "Mozilla/5.0 AppleWebKit/537.36 (KHTML, like Gecko; compatible; ClaudeBot/1.0; +claudebot@anthropic.com)"
57.141.0.63 - - [29/Jul/2026:21:28:07 +0200] "GET /?j=h4i1s8p6i3d9a33385 HTTP/1.1" 200 203730 "-" "Mozilla/5.0 (Windows NT 10.0; Win64; x64) AppleWebKit/537.36 (KHTML, like Gecko) Chrome/145.0.0.0 Safari/537.36 (compatible; meta-externalagent/1.1 (+https://developers.facebook.com/docs/sharing/webmasters/crawler))"
57.141.0.22 - - [29/Jul/2026:21:28:08 +0200] "GET /?j=i4n1c4l4a4u7d3e3n4t85 HTTP/1.1" 200 202890 "-" "Mozilla/5.0 (Macintosh; Intel Mac OS X 10_15_7) AppleWebKit/537.36 (KHTML, like Gecko) Chrome/145.0.0.0 Safari/537.36 (compatible; meta-externalagent/1.1 (+https://developers.facebook.com/docs/sharing/webmasters/crawler))"
57.141.0.38 - - [29/Jul/2026:21:28:14 +0200] "GET /?j=s4t2i0m8u6l3u6s9443 HTTP/1.1" 200 203565 "-" "Mozilla/5.0 (Windows NT 10.0; Win64; x64) AppleWebKit/537.36 (KHTML, like Gecko) Chrome/145.0.0.0 Safari/537.36 (compatible; meta-externalagent/1.1 (+https://developers.facebook.com/docs/sharing/webmasters/crawler))"
57.141.0.42 - - [29/Jul/2026:21:28:14 +0200] "GET /scuffing/thaneship/p4a2r6f6i2t992937 HTTP/1.1" 404 146241 "-" "Mozilla/5.0 (Windows NT 10.0; Win64; x64) AppleWebKit/537.36 (KHTML, like Gecko) Chrome/145.0.0.0 Safari/537.36 (compatible; meta-externalagent/1.1 (+https://developers.facebook.com/docs/sharing/webmasters/crawler))"
57.141.0.53 - - [29/Jul/2026:21:28:14 +0200] "GET /shops/mumping/c4i3p7h8e5r3h2o7o1d65 HTTP/1.1" 404 146249 "-" "Mozilla/5.0 (Windows NT 10.0; Win64; x64) AppleWebKit/537.36 (KHTML, like Gecko) Chrome/145.0.0.0 Safari/537.36 (compatible; meta-externalagent/1.1 (+https://developers.facebook.com/docs/sharing/webmasters/crawler))"
164.68.125.131 - - [29/Jul/2026:21:28:26 +0200] "POST /wp-cron.php?doing_wp_cron=1785353306.7556569576263427734375 HTTP/1.1" 200 0 "-" "WordPress/6.9.4; https://royalty-trailers.co.za"
216.73.217.39 - - [29/Jul/2026:21:28:26 +0200] "GET /?j=e4n1r1h0e6u2m43875 HTTP/1.1" 200 203471 "-" "Mozilla/5.0 AppleWebKit/537.36 (KHTML, like Gecko; compatible; ClaudeBot/1.0; +claudebot@anthropic.com)"
57.141.0.4 - - [29/Jul/2026:21:28:54 +0200] "GET /?pursiveness/41160382301 HTTP/1.1" 301 0 "-" "Mozilla/5.0 (X11; Linux x86_64) AppleWebKit/537.36 (KHTML, like Gecko) Chrome/145.0.0.0 Safari/537.36 (compatible; meta-externalagent/1.1 (+https://developers.facebook.com/docs/sharing/webmasters/crawler))"
216.73.217.39 - - [29/Jul/2026:21:28:56 +0200] "GET /shops/alliance/s4u4r0v1i8v2a5n8c8e02 HTTP/1.1" 404 146249 "-" "Mozilla/5.0 AppleWebKit/537.36 (KHTML, like Gecko; compatible; ClaudeBot/1.0; +claudebot@anthropic.com)"
66.249.66.73 - - [29/Jul/2026:21:28:56 +0200] "GET /?j=c6r2u8m9b0l9y68500 HTTP/1.1" 200 820066 "-" "Mozilla/5.0 (compatible; Googlebot/2.1; +http://www.google.com/bot.html)"
66.249.66.200 - - [29/Jul/2026:21:29:01 +0200] "GET /?j=m1i2l8l1e1n3n4i5a6l0i1st HTTP/1.1" 200 827694 "-" "Mozilla/5.0 (Linux; Android 6.0.1; Nexus 5X Build/MMB29P) AppleWebKit/537.36 (KHTML, like Gecko) Chrome/150.0.7871.128 Mobile Safari/537.36 (compatible; Googlebot/2.1; +http://www.google.com/bot.html)"
66.249.66.163 - - [29/Jul/2026:21:29:02 +0200] "GET /?j=t5o1r2b2e8r4n0i1t9e14 HTTP/1.1" 200 817712 "-" "Mozilla/5.0 (compatible; Googlebot/2.1; +http://www.google.com/bot.html)"
57.141.0.33 - - [29/Jul/2026:21:29:10 +0200] "GET /shops/efferous/n4o1r2e9a8s6t1e0r8 HTTP/1.1" 404 145748 "-" "Mozilla/5.0 (Macintosh; Intel Mac OS X 10_15_7) AppleWebKit/537.36 (KHTML, like Gecko) Chrome/145.0.0.0 Safari/537.36 (compatible; meta-externalagent/1.1 (+https://developers.facebook.com/docs/sharing/webmasters/crawler))"
164.68.125.131 - - [29/Jul/2026:21:29:22 +0200] "POST /wp-cron.php?doing_wp_cron=1785353362.6110889911651611328125 HTTP/1.1" 200 0 "-" "WordPress/6.9.4; https://royalty-trailers.co.za"
57.141.0.64 - - [29/Jul/2026:21:29:22 +0200] "GET /shops/stinter/j6e6w2b3a3i0t9e7r81 HTTP/1.1" 404 146249 "-" "Mozilla/5.0 (Windows NT 10.0; Win64; x64) AppleWebKit/537.36 (KHTML, like Gecko) Chrome/145.0.0.0 Safari/537.36 (compatible; meta-externalagent/1.1 (+https://developers.facebook.com/docs/sharing/webmasters/crawler))"
164.68.125.131 - - [29/Jul/2026:21:29:23 +0200] "POST /wp-cron.php?doing_wp_cron=1785353363.4441530704498291015625 HTTP/1.1" 200 0 "-" "WordPress/6.9.4; https://royalty-trailers.co.za"
216.73.217.39 - - [29/Jul/2026:21:29:23 +0200] "GET /?j=v4i3a6t0e0c2t7u0r9e69 HTTP/1.1" 200 203811 "-" "Mozilla/5.0 AppleWebKit/537.36 (KHTML, like Gecko; compatible; ClaudeBot/1.0; +claudebot@anthropic.com)"
57.141.0.26 - - [29/Jul/2026:21:29:39 +0200] "GET /?j=p6a3s7s2a4g0e8s1690 HTTP/1.1" 200 203488 "-" "Mozilla/5.0 (Windows NT 10.0; Win64; x64) AppleWebKit/537.36 (KHTML, like Gecko) Chrome/146.0.0.0 Safari/537.36 Edg/146.0.0.0 (compatible; meta-externalagent/1.1 (+https://developers.facebook.com/docs/sharing/webmasters/crawler))"
216.73.217.39 - - [29/Jul/2026:21:29:47 +0200] "GET /?j=g4o2l9d8e5n8c2r2e4s8t4ed HTTP/1.1" 200 203476 "-" "Mozilla/5.0 AppleWebKit/537.36 (KHTML, like Gecko; compatible; ClaudeBot/1.0; +claudebot@anthropic.com)"
57.141.0.5 - - [29/Jul/2026:21:29:54 +0200] "GET /shops/underpinning/g4r1e8i2l8l4a8d1e39 HTTP/1.1" 404 146249 "-" "Mozilla/5.0 (Windows NT 10.0; Win64; x64) AppleWebKit/537.36 (KHTML, like Gecko) Chrome/145.0.0.0 Safari/537.36 (compatible; meta-externalagent/1.1 (+https://developers.facebook.com/docs/sharing/webmasters/crawler))"
57.141.0.17 - - [29/Jul/2026:21:29:54 +0200] "GET /raspis/transporting/s4u5r9r7e2n9d5e7r4o4r HTTP/1.1" 404 146249 "-" "Mozilla/5.0 (Windows NT 10.0; Win64; x64) AppleWebKit/537.36 (KHTML, like Gecko) Chrome/145.0.0.0 Safari/537.36 (compatible; meta-externalagent/1.1 (+https://developers.facebook.com/docs/sharing/webmasters/crawler))"
57.141.0.61 - - [29/Jul/2026:21:30:12 +0200] "GET /?ember/4447592621 HTTP/1.1" 301 0 "-" "Mozilla/5.0 (Windows NT 10.0; Win64; x64) AppleWebKit/537.36 (KHTML, like Gecko) Chrome/145.0.0.0 Safari/537.36 (compatible; meta-externalagent/1.1 (+https://developers.facebook.com/docs/sharing/webmasters/crawler))"
164.68.125.131 - - [29/Jul/2026:21:30:43 +0200] "POST /wp-cron.php?doing_wp_cron=1785353443.4867620468139648437500 HTTP/1.1" 200 0 "-" "WordPress/6.9.4; https://royalty-trailers.co.za"
57.141.0.44 - - [29/Jul/2026:21:30:43 +0200] "GET /?j=f8o7l0l9i4f2u1l708 HTTP/1.1" 200 203723 "-" "Mozilla/5.0 (Windows NT 10.0; Win64; x64) AppleWebKit/537.36 (KHTML, like Gecko) Chrome/145.0.0.0 Safari/537.36 (compatible; meta-externalagent/1.1 (+https://developers.facebook.com/docs/sharing/webmasters/crawler))"
66.249.66.200 - - [29/Jul/2026:21:30:44 +0200] "GET /?j=a2l2t7o5s3698266 HTTP/1.1" 200 826434 "-" "Mozilla/5.0 (compatible; Googlebot/2.1; +http://www.google.com/bot.html)"
57.141.0.49 - - [29/Jul/2026:21:30:53 +0200] "GET /?j=d4r4a1i0n57883 HTTP/1.1" 200 203494 "-" "Mozilla/5.0 (Windows NT 10.0; Win64; x64) AppleWebKit/537.36 (KHTML, like Gecko) Chrome/145.0.0.0 Safari/537.36 (compatible; meta-externalagent/1.1 (+https://developers.facebook.com/docs/sharing/webmasters/crawler))"
216.73.217.39 - - [29/Jul/2026:21:31:06 +0200] "GET /shops/stannary/a4m2p3h1o9r3a09605 HTTP/1.1" 404 146249 "-" "Mozilla/5.0 AppleWebKit/537.36 (KHTML, like Gecko; compatible; ClaudeBot/1.0; +claudebot@anthropic.com)"
164.68.125.131 - - [29/Jul/2026:21:31:29 +0200] "POST /wp-cron.php?doing_wp_cron=1785353489.0656290054321289062500 HTTP/1.1" 200 0 "-" "WordPress/6.9.4; https://royalty-trailers.co.za"
216.73.217.39 - - [29/Jul/2026:21:31:29 +0200] "GET /?j=a4n3t0e2r8o399785 HTTP/1.1" 200 203930 "-" "Mozilla/5.0 AppleWebKit/537.36 (KHTML, like Gecko; compatible; ClaudeBot/1.0; +claudebot@anthropic.com)"
57.141.0.13 - - [29/Jul/2026:21:31:32 +0200] "GET /shops/razed/c4o7n5g2i4e08738 HTTP/1.1" 404 146249 "-" "Mozilla/5.0 (X11; Linux x86_64) AppleWebKit/537.36 (KHTML, like Gecko) Chrome/145.0.0.0 Safari/537.36 (compatible; meta-externalagent/1.1 (+https://developers.facebook.com/docs/sharing/webmasters/crawler))"
57.141.0.58 - - [29/Jul/2026:21:31:34 +0200] "GET /musing/joewood/f6r6a3i9l4l5y2752 HTTP/1.1" 404 146249 "-" "Mozilla/5.0 (Windows NT 10.0; Win64; x64) AppleWebKit/537.36 (KHTML, like Gecko) Chrome/145.0.0.0 Safari/537.36 (compatible; meta-externalagent/1.1 (+https://developers.facebook.com/docs/sharing/webmasters/crawler))"
57.141.0.29 - - [29/Jul/2026:21:31:41 +0200] "GET /?j=f9l2a7b6e5l5l9i9f0o4r3mis HTTP/1.1" 200 203751 "-" "Mozilla/5.0 (Windows NT 10.0; Win64; x64) AppleWebKit/537.36 (KHTML, like Gecko) Chrome/145.0.0.0 Safari/537.36 Edg/145.0.0.0 (compatible; meta-externalagent/1.1 (+https://developers.facebook.com/docs/sharing/webmasters/crawler))"
66.249.66.200 - - [29/Jul/2026:21:31:45 +0200] "GET /?j=h2a3r0l7o5t4i8z0e636 HTTP/1.1" 200 798135 "-" "Mozilla/5.0 (compatible; Googlebot/2.1; +http://www.google.com/bot.html)"
57.141.0.64 - - [29/Jul/2026:21:31:49 +0200] "GET /?j=d9a1s7y9p1r6o7c2t6i7d0ae HTTP/1.1" 200 203270 "-" "Mozilla/5.0 (Macintosh; Intel Mac OS X 10_15_7) AppleWebKit/537.36 (KHTML, like Gecko) Chrome/145.0.0.0 Safari/537.36 (compatible; meta-externalagent/1.1 (+https://developers.facebook.com/docs/sharing/webmasters/crawler))"
57.141.0.3 - - [29/Jul/2026:21:32:07 +0200] "GET /?j=m9o3n7o5t2h2a2l1a0m3a9 HTTP/1.1" 200 203010 "-" "Mozilla/5.0 (Macintosh; Intel Mac OS X 10_15_7) AppleWebKit/537.36 (KHTML, like Gecko) Chrome/145.0.0.0 Safari/537.36 (compatible; meta-externalagent/1.1 (+https://developers.facebook.com/docs/sharing/webmasters/crawler))"
66.249.66.163 - - [29/Jul/2026:21:32:16 +0200] "GET /wp-content/plugins/woocommerce/assets/client/blocks/all-products/ HTTP/1.1" 403 811930 "-" "Mozilla/5.0 (Linux; Android 6.0.1; Nexus 5X Build/MMB29P) AppleWebKit/537.36 (KHTML, like Gecko) Chrome/150.0.7871.186 Mobile Safari/537.36 (compatible; Googlebot/2.1; +http://www.google.com/bot.html)"
164.68.125.131 - - [29/Jul/2026:21:32:33 +0200] "POST /wp-cron.php?doing_wp_cron=1785353553.2191219329833984375000 HTTP/1.1" 200 0 "-" "WordPress/6.9.4; https://royalty-trailers.co.za"
216.73.217.39 - - [29/Jul/2026:21:32:33 +0200] "GET /shops/propepsin/f4o1o0t8m3a6n95099 HTTP/1.1" 404 146249 "-" "Mozilla/5.0 AppleWebKit/537.36 (KHTML, like Gecko; compatible; ClaudeBot/1.0; +claudebot@anthropic.com)"
66.249.66.33 - - [29/Jul/2026:21:32:37 +0200] "GET /review/goods/R584813665/ HTTP/1.1" 200 814964 "-" "Mozilla/5.0 (Linux; Android 6.0.1; Nexus 5X Build/MMB29P) AppleWebKit/537.36 (KHTML, like Gecko) Chrome/150.0.7871.128 Mobile Safari/537.36 (compatible; Googlebot/2.1; +http://www.google.com/bot.html)"
216.73.217.39 - - [29/Jul/2026:21:32:44 +0200] "GET /shops/constructive/a4g1e2i1s9m462352 HTTP/1.1" 404 146249 "-" "Mozilla/5.0 AppleWebKit/537.36 (KHTML, like Gecko; compatible; ClaudeBot/1.0; +claudebot@anthropic.com)"
66.249.66.164 - - [29/Jul/2026:21:32:45 +0200] "GET /?j=d0e2n0o7u0e8m5e6n4t86 HTTP/1.1" 200 809552 "-" "Mozilla/5.0 (compatible; Googlebot/2.1; +http://www.google.com/bot.html)"
216.73.217.39 - - [29/Jul/2026:21:32:48 +0200] "GET /shops/decompound/g4a2l1l4e4o7t38972 HTTP/1.1" 404 146249 "-" "Mozilla/5.0 AppleWebKit/537.36 (KHTML, like Gecko; compatible; ClaudeBot/1.0; +claudebot@anthropic.com)"
216.73.217.39 - - [29/Jul/2026:21:32:54 +0200] "GET /?j=c4e2y8l2o7n740130 HTTP/1.1" 200 203425 "-" "Mozilla/5.0 AppleWebKit/537.36 (KHTML, like Gecko; compatible; ClaudeBot/1.0; +claudebot@anthropic.com)"
65.55.210.199 - - [29/Jul/2026:21:33:06 +0200] "GET /kaunet/categoryshop/office/sitemap/KWf_CMmGetMemAttrAjaxAction.jsp?IS_LOGIN=false&_=1785353582361 HTTP/1.1" 200 821878 "https://royalty-trailers.co.za/refurbishment-and-repairs-of-horseboxes/" "Mozilla/5.0 AppleWebKit/537.36 (KHTML, like Gecko; compatible; bingbot/2.0; +http://www.bing.com/bingbot.htm) Chrome/136.0.0.0 Safari/537.36"
40.77.178.196 - - [29/Jul/2026:21:33:07 +0200] "POST /kaunet/categoryshop/office/sitemap/KWf_CGmNaviPlusAjaxAction.jsp HTTP/1.1" 200 806712 "https://royalty-trailers.co.za/refurbishment-and-repairs-of-horseboxes/" "Mozilla/5.0 AppleWebKit/537.36 (KHTML, like Gecko; compatible; bingbot/2.0; +http://www.bing.com/bingbot.htm) Chrome/136.0.0.0 Safari/537.36"
40.77.178.202 - - [29/Jul/2026:21:33:07 +0200] "GET /rakuraku/IsAlive.htm?1785353582343&_=1785353582344 HTTP/1.1" 200 826085 "https://royalty-trailers.co.za/refurbishment-and-repairs-of-horseboxes/" "Mozilla/5.0 AppleWebKit/537.36 (KHTML, like Gecko; compatible; bingbot/2.0; +http://www.bing.com/bingbot.htm) Chrome/136.0.0.0 Safari/537.36"
40.77.179.5 - - [29/Jul/2026:21:33:07 +0200] "GET /api/categoryinfo?mcode=022_022004&_=1785353582366 HTTP/1.1" 200 825668 "https://royalty-trailers.co.za/refurbishment-and-repairs-of-horseboxes/" "Mozilla/5.0 AppleWebKit/537.36 (KHTML, like Gecko; compatible; bingbot/2.0; +http://www.bing.com/bingbot.htm) Chrome/136.0.0.0 Safari/537.36"
40.77.178.63 - - [29/Jul/2026:21:33:08 +0200] "GET /html/KWf_CSfFileNotFound.html?mode=spdown&_=1785353584506 HTTP/1.1" 200 814797 "https://royalty-trailers.co.za/refurbishment-and-repairs-of-horseboxes/" "Mozilla/5.0 AppleWebKit/537.36 (KHTML, like Gecko; compatible; bingbot/2.0; +http://www.bing.com/bingbot.htm) Chrome/136.0.0.0 Safari/537.36"
66.249.66.165 - - [29/Jul/2026:21:33:14 +0200] "GET /refurbishment-and-repairs-of-horseboxes/?gtm_latency=1 HTTP/1.1" 200 160667 "-" "GoogleOther"
66.249.66.202 - - [29/Jul/2026:21:33:15 +0200] "GET /wp-content/plugins/click-to-chat-for-whatsapp/new/inc/assets/css/main.css?ver=4.41 HTTP/1.1" 200 3015 "https://royalty-trailers.co.za/refurbishment-and-repairs-of-horseboxes/?gtm_latency=1" "GoogleOther"
66.249.66.73 - - [29/Jul/2026:21:33:15 +0200] "GET /wp-content/plugins/contact-form-7-image-captcha/css/cf7ic-style.css?ver=3.3.7 HTTP/1.1" 200 4349 "https://royalty-trailers.co.za/refurbishment-and-repairs-of-horseboxes/?gtm_latency=1" "GoogleOther"
164.68.125.131 - - [29/Jul/2026:21:33:15 +0200] "POST /wp-cron.php?doing_wp_cron=1785353595.6959679126739501953125 HTTP/1.1" 200 0 "-" "WordPress/6.9.4; https://royalty-trailers.co.za"
66.249.66.164 - - [29/Jul/2026:21:33:15 +0200] "GET /wp-content/plugins/LayerSlider/assets/static/layerslider/css/layerslider.css?ver=7.7.7 HTTP/1.1" 200 27690 "https://royalty-trailers.co.za/refurbishment-and-repairs-of-horseboxes/?gtm_latency=1" "GoogleOther"
216.73.217.39 - - [29/Jul/2026:21:33:15 +0200] "GET /shops/araise/s4p3l7e4n2i0c61225 HTTP/1.1" 404 81563 "-" "Mozilla/5.0 AppleWebKit/537.36 (KHTML, like Gecko; compatible; ClaudeBot/1.0; +claudebot@anthropic.com)"
66.249.66.10 - - [29/Jul/2026:21:33:17 +0200] "GET /wp-content/plugins/qi-blocks/assets/css/plugins/animate/animate.min.css?ver=4.1.1 HTTP/1.1" 200 71726 "https://royalty-trailers.co.za/refurbishment-and-repairs-of-horseboxes/?gtm_latency=1" "GoogleOther"
66.249.66.73 - - [29/Jul/2026:21:33:18 +0200] "GET /wp-content/plugins/woocommerce/assets/client/blocks/wc-blocks.css?ver=wc-10.9.4 HTTP/1.1" 200 14006 "https://royalty-trailers.co.za/refurbishment-and-repairs-of-horseboxes/?gtm_latency=1" "GoogleOther"
66.249.66.33 - - [29/Jul/2026:21:33:19 +0200] "GET /wp-content/plugins/auto-terms-of-service-and-privacy-policy/css/wpautoterms.css?ver=6.9.4 HTTP/1.1" 200 547 "https://royalty-trailers.co.za/refurbishment-and-repairs-of-horseboxes/?gtm_latency=1" "GoogleOther"
66.249.66.72 - - [29/Jul/2026:21:33:21 +0200] "GET /wp-includes/js/mediaelement/wp-mediaelement.min.css?ver=6.9.4 HTTP/1.1" 200 4186 "https://royalty-trailers.co.za/refurbishment-and-repairs-of-horseboxes/?gtm_latency=1" "GoogleOther"
216.73.217.39 - - [29/Jul/2026:21:33:21 +0200] "GET /shops/nortelry/r4e4t1e6p6o2r2a7652 HTTP/1.1" 404 146249 "-" "Mozilla/5.0 AppleWebKit/537.36 (KHTML, like Gecko; compatible; ClaudeBot/1.0; +claudebot@anthropic.com)"
66.249.66.33 - - [29/Jul/2026:21:33:22 +0200] "GET /wp-content/themes/bridge/css/dripicons/dripicons.css?ver=6.9.4 HTTP/1.1" 200 11546 "https://royalty-trailers.co.za/refurbishment-and-repairs-of-horseboxes/?gtm_latency=1" "GoogleOther"
66.249.66.9 - - [29/Jul/2026:21:33:23 +0200] "GET /wp-includes/js/mediaelement/mediaelementplayer-legacy.min.css?ver=4.2.17 HTTP/1.1" 200 11256 "https://royalty-trailers.co.za/refurbishment-and-repairs-of-horseboxes/?gtm_latency=1" "GoogleOther"
66.249.66.163 - - [29/Jul/2026:21:33:26 +0200] "GET /wp-includes/js/dist/i18n.min.js?ver=c26c3dc7bed366793375 HTTP/1.1" 200 5314 "https://royalty-trailers.co.za/refurbishment-and-repairs-of-horseboxes/?gtm_latency=1" "GoogleOther"
66.249.66.9 - - [29/Jul/2026:21:33:27 +0200] "GET /wp-content/plugins/contact-form-7/includes/swv/js/index.js?ver=6.1.6 HTTP/1.1" 200 12512 "https://royalty-trailers.co.za/refurbishment-and-repairs-of-horseboxes/?gtm_latency=1" "GoogleOther"
216.73.217.39 - - [29/Jul/2026:21:33:28 +0200] "GET /?j=k4l1a5x3o7n526643 HTTP/1.1" 200 97879 "-" "Mozilla/5.0 AppleWebKit/537.36 (KHTML, like Gecko; compatible; ClaudeBot/1.0; +claudebot@anthropic.com)"
66.249.66.163 - - [29/Jul/2026:21:33:28 +0200] "GET /wp-content/plugins/contact-form-7/includes/js/index.js?ver=6.1.6 HTTP/1.1" 200 13452 "https://royalty-trailers.co.za/refurbishment-and-repairs-of-horseboxes/?gtm_latency=1" "GoogleOther"
66.249.66.163 - - [29/Jul/2026:21:33:29 +0200] "GET /wp-content/plugins/qi-blocks/assets/dist/main.js?ver=1.4.4 HTTP/1.1" 200 14948 "https://royalty-trailers.co.za/refurbishment-and-repairs-of-horseboxes/?gtm_latency=1" "GoogleOther"
57.141.0.40 - - [29/Jul/2026:21:33:31 +0200] "GET /?j=g4r1i2n7n2i2n6g5l4y37 HTTP/1.1" 200 203485 "-" "Mozilla/5.0 (Windows NT 10.0; Win64; x64) AppleWebKit/537.36 (KHTML, like Gecko) Chrome/145.0.0.0 Safari/537.36 (compatible; meta-externalagent/1.1 (+https://developers.facebook.com/docs/sharing/webmasters/crawler))"
57.141.0.55 - - [29/Jul/2026:21:33:31 +0200] "GET /?j=c4i3c4a3d6i0d0a5e637 HTTP/1.1" 200 203623 "-" "Mozilla/5.0 (Windows NT 10.0; Win64; x64) AppleWebKit/537.36 (KHTML, like Gecko) Chrome/145.0.0.0 Safari/537.36 (compatible; meta-externalagent/1.1 (+https://developers.facebook.com/docs/sharing/webmasters/crawler))"
66.249.66.163 - - [29/Jul/2026:21:33:32 +0200] "GET /wp-includes/js/jquery/ui/core.min.js?ver=1.13.3 HTTP/1.1" 200 21464 "https://royalty-trailers.co.za/refurbishment-and-repairs-of-horseboxes/?gtm_latency=1" "GoogleOther"
57.141.0.66 - - [29/Jul/2026:21:33:32 +0200] "GET /shops/anolis/a4d2j2o7u3r1n1i9n0g46 HTTP/1.1" 404 146249 "-" "Mozilla/5.0 (X11; Linux x86_64) AppleWebKit/537.36 (KHTML, like Gecko) Chrome/145.0.0.0 Safari/537.36 (compatible; meta-externalagent/1.1 (+https://developers.facebook.com/docs/sharing/webmasters/crawler))"
57.141.0.30 - - [29/Jul/2026:21:33:33 +0200] "GET /?j=l4o4r0i6n4g856774 HTTP/1.1" 200 203559 "-" "Mozilla/5.0 (Windows NT 10.0; Win64; x64) AppleWebKit/537.36 (KHTML, like Gecko) Chrome/145.0.0.0 Safari/537.36 (compatible; meta-externalagent/1.1 (+https://developers.facebook.com/docs/sharing/webmasters/crawler))"
66.249.66.33 - - [29/Jul/2026:21:33:34 +0200] "GET /wp-content/plugins/qi-addons-for-elementor/assets/js/main.min.js?ver=1.9.5 HTTP/1.1" 200 63321 "https://royalty-trailers.co.za/refurbishment-and-repairs-of-horseboxes/?gtm_latency=1" "GoogleOther"
66.249.66.200 - - [29/Jul/2026:21:33:36 +0200] "GET /wp-includes/js/jquery/ui/accordion.min.js?ver=1.13.3 HTTP/1.1" 200 8860 "https://royalty-trailers.co.za/refurbishment-and-repairs-of-horseboxes/?gtm_latency=1" "GoogleOther"
66.249.66.9 - - [29/Jul/2026:21:33:37 +0200] "GET /wp-includes/js/jquery/ui/menu.min.js?ver=1.13.3 HTTP/1.1" 200 10199 "https://royalty-trailers.co.za/refurbishment-and-repairs-of-horseboxes/?gtm_latency=1" "GoogleOther"
66.249.66.163 - - [29/Jul/2026:21:33:38 +0200] "GET /wp-includes/js/dist/a11y.min.js?ver=cb460b4676c94bd228ed HTTP/1.1" 200 2212 "https://royalty-trailers.co.za/refurbishment-and-repairs-of-horseboxes/?gtm_latency=1" "GoogleOther"
66.249.66.200 - - [29/Jul/2026:21:33:39 +0200] "GET /wp-includes/js/jquery/ui/autocomplete.min.js?ver=1.13.3 HTTP/1.1" 200 8536 "https://royalty-trailers.co.za/refurbishment-and-repairs-of-horseboxes/?gtm_latency=1" "GoogleOther"
66.249.66.72 - - [29/Jul/2026:21:33:40 +0200] "GET /wp-includes/js/jquery/ui/controlgroup.min.js?ver=1.13.3 HTTP/1.1" 200 4402 "https://royalty-trailers.co.za/refurbishment-and-repairs-of-horseboxes/?gtm_latency=1" "GoogleOther"
66.249.66.163 - - [29/Jul/2026:21:33:41 +0200] "GET /wp-includes/js/jquery/ui/checkboxradio.min.js?ver=1.13.3 HTTP/1.1" 200 4348 "https://royalty-trailers.co.za/refurbishment-and-repairs-of-horseboxes/?gtm_latency=1" "GoogleOther"
66.249.66.72 - - [29/Jul/2026:21:33:43 +0200] "GET /wp-includes/js/jquery/ui/button.min.js?ver=1.13.3 HTTP/1.1" 200 6154 "https://royalty-trailers.co.za/refurbishment-and-repairs-of-horseboxes/?gtm_latency=1" "GoogleOther"
66.249.66.72 - - [29/Jul/2026:21:33:44 +0200] "GET /wp-includes/js/jquery/ui/datepicker.min.js?ver=1.13.3 HTTP/1.1" 200 36748 "https://royalty-trailers.co.za/refurbishment-and-repairs-of-horseboxes/?gtm_latency=1" "GoogleOther"
66.249.66.33 - - [29/Jul/2026:21:33:45 +0200] "GET /wp-includes/js/jquery/ui/mouse.min.js?ver=1.13.3 HTTP/1.1" 200 3428 "https://royalty-trailers.co.za/refurbishment-and-repairs-of-horseboxes/?gtm_latency=1" "GoogleOther"
66.249.66.200 - - [29/Jul/2026:21:33:46 +0200] "GET /wp-includes/js/jquery/ui/resizable.min.js?ver=1.13.3 HTTP/1.1" 200 18824 "https://royalty-trailers.co.za/refurbishment-and-repairs-of-horseboxes/?gtm_latency=1" "GoogleOther"
66.249.66.200 - - [29/Jul/2026:21:33:47 +0200] "GET /wp-includes/js/jquery/ui/draggable.min.js?ver=1.13.3 HTTP/1.1" 200 18420 "https://royalty-trailers.co.za/refurbishment-and-repairs-of-horseboxes/?gtm_latency=1" "GoogleOther"
66.249.66.163 - - [29/Jul/2026:21:33:48 +0200] "GET /wp-includes/js/jquery/ui/dialog.min.js?ver=1.13.3 HTTP/1.1" 200 13098 "https://royalty-trailers.co.za/refurbishment-and-repairs-of-horseboxes/?gtm_latency=1" "GoogleOther"
66.249.66.72 - - [29/Jul/2026:21:33:49 +0200] "GET /wp-includes/js/jquery/ui/droppable.min.js?ver=1.13.3 HTTP/1.1" 200 6665 "https://royalty-trailers.co.za/refurbishment-and-repairs-of-horseboxes/?gtm_latency=1" "GoogleOther"
66.249.66.163 - - [29/Jul/2026:21:33:50 +0200] "GET /wp-includes/js/jquery/ui/progressbar.min.js?ver=1.13.3 HTTP/1.1" 200 2558 "https://royalty-trailers.co.za/refurbishment-and-repairs-of-horseboxes/?gtm_latency=1" "GoogleOther"
66.249.66.9 - - [29/Jul/2026:21:33:52 +0200] "GET /wp-includes/js/jquery/ui/selectable.min.js?ver=1.13.3 HTTP/1.1" 200 4506 "https://royalty-trailers.co.za/refurbishment-and-repairs-of-horseboxes/?gtm_latency=1" "GoogleOther"
216.73.217.39 - - [29/Jul/2026:21:33:53 +0200] "GET /initiator/arthrography/p4l8a2n5k9i0n0g400 HTTP/1.1" 404 146249 "-" "Mozilla/5.0 AppleWebKit/537.36 (KHTML, like Gecko; compatible; ClaudeBot/1.0; +claudebot@anthropic.com)"
