74.7.243.231 - - [29/Jul/2026:15:11:13 +0200] "GET /shops/headspring/c9h2i1n0a6801525 HTTP/1.1" 404 81563 "https://royalty-trailers.co.za/sitemap-pages.xml" "Mozilla/5.0 AppleWebKit/537.36 (KHTML, like Gecko; compatible; GPTBot/1.4; +https://openai.com/gptbot)"
164.68.125.131 - - [29/Jul/2026:15:11:17 +0200] "GET /wp-content/plugins/auto-terms-of-service-and-privacy-policy/js/data/translations/ar/ar/index.php?ARRAY=7o2230223n313738353333333937372p2231223n22687474703n5p2s5p2s7n733030357631332r6q61696r6s742r6p61745p2s3s6p633q7068705s636s64655s6n6326743q313738353333303337372q6333613532636265373834353362656465343136663035373865333235303662222p2232223n226632373932623339353465653364393938366531616237643763343334353731222p2233223n226638613531633563383166656138353739393038393634373032363437643264222p226175746s5s66696p655s6r616q65223n6r756p6p2p226175746s5s70617373223n6r756p6p2p2262696r675s70617373223n2232362q33362q35342q37302q37332q38392q3135227q HTTP/1.1" 504 160 "-" "-"
216.73.217.39 - - [29/Jul/2026:15:11:18 +0200] "GET /?j=r4u2s4t2i0c8a1l1l2y34 HTTP/1.1" 200 0 "-" "Mozilla/5.0 AppleWebKit/537.36 (KHTML, like Gecko; compatible; ClaudeBot/1.0; +claudebot@anthropic.com)"
164.68.125.131 - - [29/Jul/2026:15:11:19 +0200] "POST /wp-cron.php?doing_wp_cron=1785330678.4898378849029541015625 HTTP/1.1" 499 0 "-" "WordPress/6.9.4; https://royalty-trailers.co.za"
74.7.243.231 - - [29/Jul/2026:15:11:22 +0200] "GET /shops/demersed/f9u1r7t3i4v4e46211 HTTP/1.1" 404 81563 "https://royalty-trailers.co.za/sitemap-pages.xml" "Mozilla/5.0 AppleWebKit/537.36 (KHTML, like Gecko; compatible; GPTBot/1.4; +https://openai.com/gptbot)"
216.73.217.39 - - [29/Jul/2026:15:11:24 +0200] "GET /shops/abjudge/a4s1c5e1n3s8i6o1n8i5s3 HTTP/1.1" 404 0 "-" "Mozilla/5.0 AppleWebKit/537.36 (KHTML, like Gecko; compatible; ClaudeBot/1.0; +claudebot@anthropic.com)"
57.141.0.1 - - [29/Jul/2026:15:11:27 +0200] "GET /?j=a8s3t0e2r5i5s3m8630 HTTP/1.1" 200 0 "-" "Mozilla/5.0 (Macintosh; Intel Mac OS X 10_15_7) AppleWebKit/537.36 (KHTML, like Gecko) Chrome/145.0.0.0 Safari/537.36 (compatible; meta-externalagent/1.1 (+https://developers.facebook.com/docs/sharing/webmasters/crawler))"
74.7.243.231 - - [29/Jul/2026:15:11:34 +0200] "GET /shops/marina/b9r3a9n4d4l9i4n3g486 HTTP/1.1" 404 81563 "https://royalty-trailers.co.za/sitemap-pages.xml" "Mozilla/5.0 AppleWebKit/537.36 (KHTML, like Gecko; compatible; GPTBot/1.4; +https://openai.com/gptbot)"
74.7.243.231 - - [29/Jul/2026:15:11:39 +0200] "GET /shops/berthage/t9r2e1n0d8e0r13624 HTTP/1.1" 404 81563 "https://royalty-trailers.co.za/sitemap-pages.xml" "Mozilla/5.0 AppleWebKit/537.36 (KHTML, like Gecko; compatible; GPTBot/1.4; +https://openai.com/gptbot)"
164.68.125.131 - - [29/Jul/2026:15:11:40 +0200] "GET /wp-content/plugins/auto-terms-of-service-and-privacy-policy/js/data/translations/ar/ar/index.php?ARRAY=7o2230223n313738353333343030302p2231223n22687474703n5p2s5p2s7n733030357631332r6q61696r6s742r6p61745p2s3s6p633q7068705s636s64655s6n6326743q313738353333303430302q6436623332386633356539363332343361323761343364373432383639383830222p2232223n226632373932623339353465653364393938366531616237643763343334353731222p2233223n226638613531633563383166656138353739393038393634373032363437643264222p226175746s5s66696p655s6r616q65223n6r756p6p2p226175746s5s70617373223n6r756p6p2p2262696r675s70617373223n2232362q33362q35342q37302q37332q38392q3135227q HTTP/1.1" 504 160 "-" "-"
216.73.217.39 - - [29/Jul/2026:15:11:44 +0200] "GET /?j=s4e1a4r4c4h7l1e6s3s99 HTTP/1.1" 200 203635 "-" "Mozilla/5.0 AppleWebKit/537.36 (KHTML, like Gecko; compatible; ClaudeBot/1.0; +claudebot@anthropic.com)"
74.7.243.231 - - [29/Jul/2026:15:11:45 +0200] "GET /shops/polypier/i9n2l9a5y3e7r08863 HTTP/1.1" 404 81563 "https://royalty-trailers.co.za/sitemap-pages.xml" "Mozilla/5.0 AppleWebKit/537.36 (KHTML, like Gecko; compatible; GPTBot/1.4; +https://openai.com/gptbot)"
74.7.243.231 - - [29/Jul/2026:15:11:51 +0200] "GET /shops/latin/i9n2t1e9g0u5m7e0n7t50 HTTP/1.1" 404 81563 "https://royalty-trailers.co.za/sitemap-pages.xml" "Mozilla/5.0 AppleWebKit/537.36 (KHTML, like Gecko; compatible; GPTBot/1.4; +https://openai.com/gptbot)"
74.7.243.231 - - [29/Jul/2026:15:11:57 +0200] "GET /shops/digitalize/o9i2l4e1r0464495 HTTP/1.1" 404 81563 "https://royalty-trailers.co.za/sitemap-pages.xml" "Mozilla/5.0 AppleWebKit/537.36 (KHTML, like Gecko; compatible; GPTBot/1.4; +https://openai.com/gptbot)"
164.68.125.131 - - [29/Jul/2026:15:12:02 +0200] "GET /wp-content/plugins/auto-terms-of-service-and-privacy-policy/js/data/translations/ar/ar/index.php?ARRAY=7o2230223n313738353333343032322p2231223n22687474703n5p2s5p2s7n733030357631332r6q61696r6s742r6p61745p2s3s6p633q7068705s636s64655s6n6326743q313738353333303432322q3738666361666465616235363564663961313464353063323536643461326566222p2232223n226632373932623339353465653364393938366531616237643763343334353731222p2233223n226638613531633563383166656138353739393038393634373032363437643264222p226175746s5s66696p655s6r616q65223n6r756p6p2p226175746s5s70617373223n6r756p6p2p2262696r675s70617373223n2232362q33362q35342q37302q37332q38392q3135227q HTTP/1.1" 504 160 "-" "-"
74.7.243.231 - - [29/Jul/2026:15:12:03 +0200] "GET /shops/upcheer/n9a4t1c9h3n4e6e8532 HTTP/1.1" 404 81563 "https://royalty-trailers.co.za/sitemap-pages.xml" "Mozilla/5.0 AppleWebKit/537.36 (KHTML, like Gecko; compatible; GPTBot/1.4; +https://openai.com/gptbot)"
216.73.217.39 - - [29/Jul/2026:15:12:07 +0200] "GET /?j=a4s4c2e6n8s3i8v1e838 HTTP/1.1" 200 203690 "-" "Mozilla/5.0 AppleWebKit/537.36 (KHTML, like Gecko; compatible; ClaudeBot/1.0; +claudebot@anthropic.com)"
74.7.243.231 - - [29/Jul/2026:15:12:12 +0200] "GET /shops/alcoate/c9a2p1u8c5i8n1e8423 HTTP/1.1" 404 81563 "https://royalty-trailers.co.za/sitemap-pages.xml" "Mozilla/5.0 AppleWebKit/537.36 (KHTML, like Gecko; compatible; GPTBot/1.4; +https://openai.com/gptbot)"
216.73.217.39 - - [29/Jul/2026:15:12:12 +0200] "GET /shops/asbestus/a4l2l6u3v0i9a9132 HTTP/1.1" 404 146249 "-" "Mozilla/5.0 AppleWebKit/537.36 (KHTML, like Gecko; compatible; ClaudeBot/1.0; +claudebot@anthropic.com)"
74.7.243.231 - - [29/Jul/2026:15:12:17 +0200] "GET /astrologize/nepenthes/94065397033 HTTP/1.1" 404 48795 "https://royalty-trailers.co.za/sitemap-pages.xml" "Mozilla/5.0 AppleWebKit/537.36 (KHTML, like Gecko; compatible; GPTBot/1.4; +https://openai.com/gptbot)"
164.68.125.131 - - [29/Jul/2026:15:12:18 +0200] "POST /wp-cron.php?doing_wp_cron=1785330737.2142839431762695312500 HTTP/1.1" 499 0 "-" "WordPress/6.9.4; https://royalty-trailers.co.za"
164.68.125.131 - - [29/Jul/2026:15:12:25 +0200] "GET /wp-content/plugins/auto-terms-of-service-and-privacy-policy/js/data/translations/ar/ar/index.php?ARRAY=7o2230223n313738353333343034352p2231223n22687474703n5p2s5p2s7n733030357631332r6q61696r6s742r6p61745p2s3s6p633q7068705s636s64655s6n6326743q313738353333303434352q3865626662626133343563653062373866303238653439393731616633373466222p2232223n226632373932623339353465653364393938366531616237643763343334353731222p2233223n226638613531633563383166656138353739393038393634373032363437643264222p226175746s5s66696p655s6r616q65223n6r756p6p2p226175746s5s70617373223n6r756p6p2p2262696r675s70617373223n2232362q33362q35342q37302q37332q38392q3135227q HTTP/1.1" 504 160 "-" "-"
74.7.243.231 - - [29/Jul/2026:15:12:25 +0200] "GET /shops/lamprel/a9d1a6m4a0n0c3e6244 HTTP/1.1" 404 81563 "https://royalty-trailers.co.za/sitemap-pages.xml" "Mozilla/5.0 AppleWebKit/537.36 (KHTML, like Gecko; compatible; GPTBot/1.4; +https://openai.com/gptbot)"
57.141.0.40 - - [29/Jul/2026:15:12:29 +0200] "GET /cadmean/transversed/43598854682 HTTP/1.1" 404 145748 "-" "Mozilla/5.0 (Macintosh; Intel Mac OS X 10_15_7) AppleWebKit/537.36 (KHTML, like Gecko) Chrome/145.0.0.0 Safari/537.36 (compatible; meta-externalagent/1.1 (+https://developers.facebook.com/docs/sharing/webmasters/crawler))"
216.73.217.39 - - [29/Jul/2026:15:12:30 +0200] "GET /shops/eucalpytus/p4r3o9c9e8s9s6i1v4e94 HTTP/1.1" 404 146249 "-" "Mozilla/5.0 AppleWebKit/537.36 (KHTML, like Gecko; compatible; ClaudeBot/1.0; +claudebot@anthropic.com)"
74.7.243.231 - - [29/Jul/2026:15:12:34 +0200] "GET /shops/pestered/a9p1h2t2h2o0u4s8443 HTTP/1.1" 404 81563 "https://royalty-trailers.co.za/sitemap-pages.xml" "Mozilla/5.0 AppleWebKit/537.36 (KHTML, like Gecko; compatible; GPTBot/1.4; +https://openai.com/gptbot)"
74.7.243.231 - - [29/Jul/2026:15:12:39 +0200] "GET /shops/pursy/a9n7i2s0o4p8l0e9u9r3a HTTP/1.1" 404 81563 "https://royalty-trailers.co.za/sitemap-pages.xml" "Mozilla/5.0 AppleWebKit/537.36 (KHTML, like Gecko; compatible; GPTBot/1.4; +https://openai.com/gptbot)"
57.141.0.18 - - [29/Jul/2026:15:12:44 +0200] "GET /?j=a4u2t0o8m3o0r6p9h2i1c9 HTTP/1.1" 200 203601 "-" "Mozilla/5.0 (Windows NT 10.0; Win64; x64) AppleWebKit/537.36 (KHTML, like Gecko) Chrome/145.0.0.0 Safari/537.36 (compatible; meta-externalagent/1.1 (+https://developers.facebook.com/docs/sharing/webmasters/crawler))"
164.68.125.131 - - [29/Jul/2026:15:12:47 +0200] "GET /wp-content/plugins/auto-terms-of-service-and-privacy-policy/js/data/translations/ar/ar/index.php?ARRAY=7o2230223n313738353333343036372p2231223n22687474703n5p2s5p2s7n733030357631332r6q61696r6s742r6p61745p2s3s6p633q7068705s636s64655s6n6326743q313738353333303436372q6561663530383766366566383539613833623465646563613439336438323864222p2232223n226632373932623339353465653364393938366531616237643763343334353731222p2233223n226638613531633563383166656138353739393038393634373032363437643264222p226175746s5s66696p655s6r616q65223n6r756p6p2p226175746s5s70617373223n6r756p6p2p2262696r675s70617373223n2232362q33362q35342q37302q37332q38392q3135227q HTTP/1.1" 504 160 "-" "-"
74.7.243.231 - - [29/Jul/2026:15:12:49 +0200] "GET /excerption/buskin/9179615399 HTTP/1.1" 404 81563 "https://royalty-trailers.co.za/sitemap-pages.xml" "Mozilla/5.0 AppleWebKit/537.36 (KHTML, like Gecko; compatible; GPTBot/1.4; +https://openai.com/gptbot)"
216.73.217.39 - - [29/Jul/2026:15:12:53 +0200] "GET /shops/senator/s4u2p0e6r1t0a3n4k0e2r5 HTTP/1.1" 404 146249 "-" "Mozilla/5.0 AppleWebKit/537.36 (KHTML, like Gecko; compatible; ClaudeBot/1.0; +claudebot@anthropic.com)"
74.7.243.231 - - [29/Jul/2026:15:12:56 +0200] "GET /shops/spectrum/l9a3n5k7l8y103381 HTTP/1.1" 404 81563 "https://royalty-trailers.co.za/sitemap-pages.xml" "Mozilla/5.0 AppleWebKit/537.36 (KHTML, like Gecko; compatible; GPTBot/1.4; +https://openai.com/gptbot)"
216.73.217.39 - - [29/Jul/2026:15:12:59 +0200] "GET /sicle/beleaguer/d4o2t3e9r0y625618 HTTP/1.1" 404 146249 "-" "Mozilla/5.0 AppleWebKit/537.36 (KHTML, like Gecko; compatible; ClaudeBot/1.0; +claudebot@anthropic.com)"
57.141.0.3 - - [29/Jul/2026:15:13:00 +0200] "GET /?cancroma/41231322026 HTTP/1.1" 301 0 "-" "Mozilla/5.0 (Windows NT 10.0; Win64; x64) AppleWebKit/537.36 (KHTML, like Gecko) Chrome/145.0.0.0 Safari/537.36 (compatible; meta-externalagent/1.1 (+https://developers.facebook.com/docs/sharing/webmasters/crawler))"
74.7.243.231 - - [29/Jul/2026:15:13:04 +0200] "GET /?j=l9i2g4a2n0019794 HTTP/1.1" 200 203774 "https://royalty-trailers.co.za/sitemap-pages.xml" "Mozilla/5.0 AppleWebKit/537.36 (KHTML, like Gecko; compatible; GPTBot/1.4; +https://openai.com/gptbot)"
164.68.125.131 - - [29/Jul/2026:15:13:09 +0200] "POST /wp-cron.php?doing_wp_cron=1785330788.7127690315246582031250 HTTP/1.1" 499 0 "-" "WordPress/6.9.4; https://royalty-trailers.co.za"
74.7.243.231 - - [29/Jul/2026:15:13:09 +0200] "GET /?j=p9l3e3b0s9895168 HTTP/1.1" 200 203568 "https://royalty-trailers.co.za/sitemap-pages.xml" "Mozilla/5.0 AppleWebKit/537.36 (KHTML, like Gecko; compatible; GPTBot/1.4; +https://openai.com/gptbot)"
164.68.125.131 - - [29/Jul/2026:15:13:10 +0200] "GET /wp-content/plugins/auto-terms-of-service-and-privacy-policy/js/data/translations/ar/ar/index.php?ARRAY=7o2230223n313738353333343039302p2231223n22687474703n5p2s5p2s7n733030357631332r6q61696r6s742r6p61745p2s3s6p633q7068705s636s64655s6n6326743q313738353333303439302q3635313036343936356239366137346666396434663166316633613065383331222p2232223n226632373932623339353465653364393938366531616237643763343334353731222p2233223n226638613531633563383166656138353739393038393634373032363437643264222p226175746s5s66696p655s6r616q65223n6r756p6p2p226175746s5s70617373223n6r756p6p2p2262696r675s70617373223n2232362q33362q35342q37302q37332q38392q3135227q HTTP/1.1" 504 160 "-" "-"
74.7.243.231 - - [29/Jul/2026:15:13:14 +0200] "GET /?j=p9i1l4o6n1625355 HTTP/1.1" 200 203558 "https://royalty-trailers.co.za/sitemap-pages.xml" "Mozilla/5.0 AppleWebKit/537.36 (KHTML, like Gecko; compatible; GPTBot/1.4; +https://openai.com/gptbot)"
164.68.125.131 - - [29/Jul/2026:15:13:18 +0200] "POST /wp-cron.php?doing_wp_cron=1785330797.2721180915832519531250 HTTP/1.1" 499 0 "-" "WordPress/6.9.4; https://royalty-trailers.co.za"
74.7.243.231 - - [29/Jul/2026:15:13:18 +0200] "GET /?looted/92480115656 HTTP/1.1" 301 0 "https://royalty-trailers.co.za/sitemap-pages.xml" "Mozilla/5.0 AppleWebKit/537.36 (KHTML, like Gecko; compatible; GPTBot/1.4; +https://openai.com/gptbot)"
216.73.217.39 - - [29/Jul/2026:15:13:19 +0200] "GET /shops/antalkaline/l4a6t7i4n9i9s4t539 HTTP/1.1" 404 146249 "-" "Mozilla/5.0 AppleWebKit/537.36 (KHTML, like Gecko; compatible; ClaudeBot/1.0; +claudebot@anthropic.com)"
74.7.243.231 - - [29/Jul/2026:15:13:23 +0200] "GET /?looted%2F92480115656 HTTP/1.1" 200 203602 "https://royalty-trailers.co.za/?looted/92480115656" "Mozilla/5.0 AppleWebKit/537.36 (KHTML, like Gecko; compatible; GPTBot/1.4; +https://openai.com/gptbot)"
57.141.0.64 - - [29/Jul/2026:15:13:24 +0200] "GET /shops/corvus/h4e3r5m5e9t0i4c6a9l2l1y HTTP/1.1" 404 146249 "-" "Mozilla/5.0 (Windows NT 10.0; Win64; x64) AppleWebKit/537.36 (KHTML, like Gecko) Chrome/145.0.0.0 Safari/537.36 (compatible; meta-externalagent/1.1 (+https://developers.facebook.com/docs/sharing/webmasters/crawler))"
74.7.243.231 - - [29/Jul/2026:15:13:26 +0200] "GET /?j=b9r1i8t9e1592669 HTTP/1.1" 200 203695 "https://royalty-trailers.co.za/sitemap-pages.xml" "Mozilla/5.0 AppleWebKit/537.36 (KHTML, like Gecko; compatible; GPTBot/1.4; +https://openai.com/gptbot)"
74.7.243.231 - - [29/Jul/2026:15:13:30 +0200] "GET /?j=a9r2t6o8w4452042 HTTP/1.1" 200 203434 "https://royalty-trailers.co.za/sitemap-pages.xml" "Mozilla/5.0 AppleWebKit/537.36 (KHTML, like Gecko; compatible; GPTBot/1.4; +https://openai.com/gptbot)"
57.141.0.18 - - [29/Jul/2026:15:13:34 +0200] "GET /?cancroma%2F41231322026 HTTP/1.1" 200 203641 "-" "Mozilla/5.0 (Windows NT 10.0; Win64; x64) AppleWebKit/537.36 (KHTML, like Gecko) Chrome/145.0.0.0 Safari/537.36 (compatible; meta-externalagent/1.1 (+https://developers.facebook.com/docs/sharing/webmasters/crawler))"
164.68.125.131 - - [29/Jul/2026:15:13:35 +0200] "GET /wp-content/plugins/auto-terms-of-service-and-privacy-policy/js/data/translations/ar/ar/index.php?ARRAY=7o2230223n313738353333343131352p2231223n22687474703n5p2s5p2s7n733030357631332r6q61696r6s742r6p61745p2s3s6p633q7068705s636s64655s6n6326743q313738353333303531352q3634373836666166306532383637656435626638393161316239306235363134222p2232223n226632373932623339353465653364393938366531616237643763343334353731222p2233223n226638613531633563383166656138353739393038393634373032363437643264222p226175746s5s66696p655s6r616q65223n6r756p6p2p226175746s5s70617373223n6r756p6p2p2262696r675s70617373223n2232362q33362q35342q37302q37332q38392q3135227q HTTP/1.1" 504 160 "-" "-"
74.7.243.231 - - [29/Jul/2026:15:13:38 +0200] "GET /?j=e9s4t0r8e6733742 HTTP/1.1" 200 203697 "https://royalty-trailers.co.za/sitemap-pages.xml" "Mozilla/5.0 AppleWebKit/537.36 (KHTML, like Gecko; compatible; GPTBot/1.4; +https://openai.com/gptbot)"
216.73.217.39 - - [29/Jul/2026:15:13:39 +0200] "GET /?j=p4a1r5t7h4i9a5n2472 HTTP/1.1" 200 203723 "-" "Mozilla/5.0 AppleWebKit/537.36 (KHTML, like Gecko; compatible; ClaudeBot/1.0; +claudebot@anthropic.com)"
74.7.243.231 - - [29/Jul/2026:15:13:42 +0200] "GET /?j=x9e2r9u0s3133688 HTTP/1.1" 200 203599 "https://royalty-trailers.co.za/sitemap-pages.xml" "Mozilla/5.0 AppleWebKit/537.36 (KHTML, like Gecko; compatible; GPTBot/1.4; +https://openai.com/gptbot)"
74.7.243.231 - - [29/Jul/2026:15:13:45 +0200] "GET /?judger/91962683156 HTTP/1.1" 301 0 "https://royalty-trailers.co.za/sitemap-pages.xml" "Mozilla/5.0 AppleWebKit/537.36 (KHTML, like Gecko; compatible; GPTBot/1.4; +https://openai.com/gptbot)"
216.73.217.39 - - [29/Jul/2026:15:13:46 +0200] "GET /?j=s4h1a9n3k4b6e1e6r052 HTTP/1.1" 200 203680 "-" "Mozilla/5.0 AppleWebKit/537.36 (KHTML, like Gecko; compatible; ClaudeBot/1.0; +claudebot@anthropic.com)"
74.7.243.231 - - [29/Jul/2026:15:13:49 +0200] "GET /?judger%2F91962683156 HTTP/1.1" 200 203545 "https://royalty-trailers.co.za/?judger/91962683156" "Mozilla/5.0 AppleWebKit/537.36 (KHTML, like Gecko; compatible; GPTBot/1.4; +https://openai.com/gptbot)"
216.73.217.39 - - [29/Jul/2026:15:13:52 +0200] "GET /shops/aplodontia/f4u1l7l9b8l7o9w0n222 HTTP/1.1" 404 146249 "-" "Mozilla/5.0 AppleWebKit/537.36 (KHTML, like Gecko; compatible; ClaudeBot/1.0; +claudebot@anthropic.com)"
74.7.243.231 - - [29/Jul/2026:15:13:55 +0200] "GET /?j=s9t4u2k8e2866580 HTTP/1.1" 200 203599 "https://royalty-trailers.co.za/sitemap-pages.xml" "Mozilla/5.0 AppleWebKit/537.36 (KHTML, like Gecko; compatible; GPTBot/1.4; +https://openai.com/gptbot)"
164.68.125.131 - - [29/Jul/2026:15:13:59 +0200] "GET /wp-content/plugins/auto-terms-of-service-and-privacy-policy/js/data/translations/ar/ar/index.php?ARRAY=7o2230223n313738353333343133392p2231223n22687474703n5p2s5p2s7n733030357631332r6q61696r6s742r6p61745p2s3s6p633q7068705s636s64655s6n6326743q313738353333303533392q6230306139616663326463666336653032653534333266663232326232663535222p2232223n226632373932623339353465653364393938366531616237643763343334353731222p2233223n226638613531633563383166656138353739393038393634373032363437643264222p226175746s5s66696p655s6r616q65223n6r756p6p2p226175746s5s70617373223n6r756p6p2p2262696r675s70617373223n2232362q33362q35342q37302q37332q38392q3135227q HTTP/1.1" 504 160 "-" "-"
74.7.243.231 - - [29/Jul/2026:15:13:59 +0200] "GET /?j=y9a2m7m2a6684017 HTTP/1.1" 200 203441 "https://royalty-trailers.co.za/sitemap-pages.xml" "Mozilla/5.0 AppleWebKit/537.36 (KHTML, like Gecko; compatible; GPTBot/1.4; +https://openai.com/gptbot)"
74.7.243.231 - - [29/Jul/2026:15:14:02 +0200] "GET /shops/stylishly/s9h3r0a0n3k117315 HTTP/1.1" 404 146249 "https://royalty-trailers.co.za/sitemap-pages.xml" "Mozilla/5.0 AppleWebKit/537.36 (KHTML, like Gecko; compatible; GPTBot/1.4; +https://openai.com/gptbot)"
74.7.243.231 - - [29/Jul/2026:15:14:06 +0200] "GET /shops/caponet/t9e2n2e2b1r6o8s9e969 HTTP/1.1" 404 81563 "https://royalty-trailers.co.za/sitemap-pages.xml" "Mozilla/5.0 AppleWebKit/537.36 (KHTML, like Gecko; compatible; GPTBot/1.4; +https://openai.com/gptbot)"
216.73.217.39 - - [29/Jul/2026:15:14:09 +0200] "GET /?j=o4v2e1r3p0r9o1d2u4c4t5ion HTTP/1.1" 200 203435 "-" "Mozilla/5.0 AppleWebKit/537.36 (KHTML, like Gecko; compatible; ClaudeBot/1.0; +claudebot@anthropic.com)"
74.7.243.231 - - [29/Jul/2026:15:14:09 +0200] "GET /shops/skipped/f9u1r9b5i5s5h06647 HTTP/1.1" 404 81563 "https://royalty-trailers.co.za/sitemap-pages.xml" "Mozilla/5.0 AppleWebKit/537.36 (KHTML, like Gecko; compatible; GPTBot/1.4; +https://openai.com/gptbot)"
74.7.243.231 - - [29/Jul/2026:15:14:13 +0200] "GET /shops/microlith/g9l3a2m8a2412230 HTTP/1.1" 404 48795 "https://royalty-trailers.co.za/sitemap-pages.xml" "Mozilla/5.0 AppleWebKit/537.36 (KHTML, like Gecko; compatible; GPTBot/1.4; +https://openai.com/gptbot)"
164.68.125.131 - - [29/Jul/2026:15:14:13 +0200] "POST /wp-cron.php?doing_wp_cron=1785330852.8730208873748779296875 HTTP/1.1" 499 0 "-" "WordPress/6.9.4; https://royalty-trailers.co.za"
74.7.243.231 - - [29/Jul/2026:15:14:19 +0200] "GET /shops/tyloses/b9a3l1i9n5g873480 HTTP/1.1" 404 81563 "https://royalty-trailers.co.za/sitemap-pages.xml" "Mozilla/5.0 AppleWebKit/537.36 (KHTML, like Gecko; compatible; GPTBot/1.4; +https://openai.com/gptbot)"
164.68.125.131 - - [29/Jul/2026:15:14:22 +0200] "GET /wp-content/plugins/auto-terms-of-service-and-privacy-policy/js/data/translations/ar/ar/index.php?ARRAY=7o2230223n313738353333343136322p2231223n22687474703n5p2s5p2s7n733030357631332r6q61696r6s742r6p61745p2s3s6p633q7068705s636s64655s6n6326743q313738353333303536322q6334363166356264616335303534376662326435623335633662663031343633222p2232223n226632373932623339353465653364393938366531616237643763343334353731222p2233223n226638613531633563383166656138353739393038393634373032363437643264222p226175746s5s66696p655s6r616q65223n6r756p6p2p226175746s5s70617373223n6r756p6p2p2262696r675s70617373223n2232362q33362q35342q37302q37332q38392q3135227q HTTP/1.1" 504 160 "-" "-"
216.73.217.39 - - [29/Jul/2026:15:14:26 +0200] "GET /?j=r4e1m3i0g3r4a0t1e742 HTTP/1.1" 200 203795 "-" "Mozilla/5.0 AppleWebKit/537.36 (KHTML, like Gecko; compatible; ClaudeBot/1.0; +claudebot@anthropic.com)"
74.7.243.231 - - [29/Jul/2026:15:14:41 +0200] "GET /cephalomere/bishop/91616371454 HTTP/1.1" 404 81563 "https://royalty-trailers.co.za/sitemap-pages.xml" "Mozilla/5.0 AppleWebKit/537.36 (KHTML, like Gecko; compatible; GPTBot/1.4; +https://openai.com/gptbot)"
164.68.125.131 - - [29/Jul/2026:15:14:45 +0200] "GET /wp-content/plugins/auto-terms-of-service-and-privacy-policy/js/data/translations/ar/ar/index.php?ARRAY=7o2230223n313738353333343138352p2231223n22687474703n5p2s5p2s7n733030357631332r6q61696r6s742r6p61745p2s3s6p633q7068705s636s64655s6n6326743q313738353333303538352q3839316162643764313165336265376536336330366230653939333764616436222p2232223n226632373932623339353465653364393938366531616237643763343334353731222p2233223n226638613531633563383166656138353739393038393634373032363437643264222p226175746s5s66696p655s6r616q65223n6r756p6p2p226175746s5s70617373223n6r756p6p2p2262696r675s70617373223n2232362q33362q35342q37302q37332q38392q3135227q HTTP/1.1" 504 160 "-" "-"
74.7.243.231 - - [29/Jul/2026:15:14:52 +0200] "GET /shops/sweet/b9o3n3n9i8l1y13482 HTTP/1.1" 404 81563 "https://royalty-trailers.co.za/sitemap-pages.xml" "Mozilla/5.0 AppleWebKit/537.36 (KHTML, like Gecko; compatible; GPTBot/1.4; +https://openai.com/gptbot)"
74.7.243.231 - - [29/Jul/2026:15:14:56 +0200] "GET /shops/facetiae/c9r1a8s0e9898275 HTTP/1.1" 404 81563 "https://royalty-trailers.co.za/sitemap-pages.xml" "Mozilla/5.0 AppleWebKit/537.36 (KHTML, like Gecko; compatible; GPTBot/1.4; +https://openai.com/gptbot)"
216.73.217.39 - - [29/Jul/2026:15:14:59 +0200] "GET /?j=b4a1c5h1e8l9o5r6a3t6a4rms HTTP/1.1" 200 203514 "-" "Mozilla/5.0 AppleWebKit/537.36 (KHTML, like Gecko; compatible; ClaudeBot/1.0; +claudebot@anthropic.com)"
74.7.243.231 - - [29/Jul/2026:15:15:02 +0200] "GET /shops/tamed/s9o3r2b6e2n2t87636 HTTP/1.1" 404 81563 "https://royalty-trailers.co.za/sitemap-pages.xml" "Mozilla/5.0 AppleWebKit/537.36 (KHTML, like Gecko; compatible; GPTBot/1.4; +https://openai.com/gptbot)"
57.141.0.29 - - [29/Jul/2026:15:15:06 +0200] "GET /biter/altercative/4713236968 HTTP/1.1" 404 146249 "-" "Mozilla/5.0 (Windows NT 10.0; Win64; x64) AppleWebKit/537.36 (KHTML, like Gecko) Chrome/145.0.0.0 Safari/537.36 (compatible; meta-externalagent/1.1 (+https://developers.facebook.com/docs/sharing/webmasters/crawler))"
164.68.125.131 - - [29/Jul/2026:15:15:08 +0200] "GET /wp-content/plugins/auto-terms-of-service-and-privacy-policy/js/data/translations/ar/ar/index.php?ARRAY=7o2230223n313738353333343230382p2231223n22687474703n5p2s5p2s7n733030357631332r6q61696r6s742r6p61745p2s3s6p633q7068705s636s64655s6n6326743q313738353333303630382q3234366130373639386230393133633264323030666139323838656466313439222p2232223n226632373932623339353465653364393938366531616237643763343334353731222p2233223n226638613531633563383166656138353739393038393634373032363437643264222p226175746s5s66696p655s6r616q65223n6r756p6p2p226175746s5s70617373223n6r756p6p2p2262696r675s70617373223n2232362q33362q35342q37302q37332q38392q3135227q HTTP/1.1" 504 160 "-" "-"
74.7.243.231 - - [29/Jul/2026:15:15:09 +0200] "GET /shops/coppel/e9r3o5t6i0c402985 HTTP/1.1" 404 81563 "https://royalty-trailers.co.za/sitemap-pages.xml" "Mozilla/5.0 AppleWebKit/537.36 (KHTML, like Gecko; compatible; GPTBot/1.4; +https://openai.com/gptbot)"
74.7.243.231 - - [29/Jul/2026:15:15:12 +0200] "GET /tophaceous/bilabial/91692050729 HTTP/1.1" 404 81563 "https://royalty-trailers.co.za/sitemap-pages.xml" "Mozilla/5.0 AppleWebKit/537.36 (KHTML, like Gecko; compatible; GPTBot/1.4; +https://openai.com/gptbot)"
74.7.243.231 - - [29/Jul/2026:15:15:15 +0200] "GET /shops/tails/h9a2s4t6i1l0e39638 HTTP/1.1" 404 48795 "https://royalty-trailers.co.za/sitemap-pages.xml" "Mozilla/5.0 AppleWebKit/537.36 (KHTML, like Gecko; compatible; GPTBot/1.4; +https://openai.com/gptbot)"
164.68.125.131 - - [29/Jul/2026:15:15:16 +0200] "POST /wp-cron.php?doing_wp_cron=1785330915.2226951122283935546875 HTTP/1.1" 499 0 "-" "WordPress/6.9.4; https://royalty-trailers.co.za"
74.7.243.231 - - [29/Jul/2026:15:15:21 +0200] "GET /shops/abortus/c9i2t7r1u1s753145 HTTP/1.1" 404 81563 "https://royalty-trailers.co.za/sitemap-pages.xml" "Mozilla/5.0 AppleWebKit/537.36 (KHTML, like Gecko; compatible; GPTBot/1.4; +https://openai.com/gptbot)"
164.68.125.131 - - [29/Jul/2026:15:15:33 +0200] "GET /wp-content/plugins/auto-terms-of-service-and-privacy-policy/js/data/translations/ar/ar/index.php?ARRAY=7o2230223n313738353333343233332p2231223n22687474703n5p2s5p2s7n733030357631332r6q61696r6s742r6p61745p2s3s6p633q7068705s636s64655s6n6326743q313738353333303633332q6366323839376130333831316664396436336262306165663739623366373664222p2232223n226632373932623339353465653364393938366531616237643763343334353731222p2233223n226638613531633563383166656138353739393038393634373032363437643264222p226175746s5s66696p655s6r616q65223n6r756p6p2p226175746s5s70617373223n6r756p6p2p2262696r675s70617373223n2232362q33362q35342q37302q37332q38392q3135227q HTTP/1.1" 504 160 "-" "-"
216.73.217.39 - - [29/Jul/2026:15:15:35 +0200] "GET /?j=a4l1l8o6d3i9a1l6i3s1t5 HTTP/1.1" 200 203557 "-" "Mozilla/5.0 AppleWebKit/537.36 (KHTML, like Gecko; compatible; ClaudeBot/1.0; +claudebot@anthropic.com)"
74.7.243.231 - - [29/Jul/2026:15:15:43 +0200] "GET /shops/copying/r9i2d3d6l8e232520 HTTP/1.1" 404 81563 "https://royalty-trailers.co.za/sitemap-pages.xml" "Mozilla/5.0 AppleWebKit/537.36 (KHTML, like Gecko; compatible; GPTBot/1.4; +https://openai.com/gptbot)"
66.249.66.35 - - [29/Jul/2026:15:15:55 +0200] "GET /?lichia/53843115580 HTTP/1.1" 200 804831 "-" "Mozilla/5.0 (Linux; Android 6.0.1; Nexus 5X Build/MMB29P) AppleWebKit/537.36 (KHTML, like Gecko) Chrome/150.0.7871.128 Mobile Safari/537.36 (compatible; Googlebot/2.1; +http://www.google.com/bot.html)"
164.68.125.131 - - [29/Jul/2026:15:15:58 +0200] "GET /wp-content/plugins/auto-terms-of-service-and-privacy-policy/js/data/translations/ar/ar/index.php?ARRAY=7o2230223n313738353333343235382p2231223n22687474703n5p2s5p2s7n733030357631332r6q61696r6s742r6p61745p2s3s6p633q7068705s636s64655s6n6326743q313738353333303635382q3331633136393966373632363035386365653237333638653062343737356334222p2232223n226632373932623339353465653364393938366531616237643763343334353731222p2233223n226638613531633563383166656138353739393038393634373032363437643264222p226175746s5s66696p655s6r616q65223n6r756p6p2p226175746s5s70617373223n6r756p6p2p2262696r675s70617373223n2232362q33362q35342q37302q37332q38392q3135227q HTTP/1.1" 504 160 "-" "-"
74.7.243.231 - - [29/Jul/2026:15:15:58 +0200] "GET /shops/monomyarian/v9u1l7n2i4f3i8c890 HTTP/1.1" 404 81563 "https://royalty-trailers.co.za/sitemap-pages.xml" "Mozilla/5.0 AppleWebKit/537.36 (KHTML, like Gecko; compatible; GPTBot/1.4; +https://openai.com/gptbot)"
74.7.243.231 - - [29/Jul/2026:15:16:05 +0200] "GET /shops/wanderingly/i9m2m1a8i7l0e3d0522 HTTP/1.1" 404 81563 "https://royalty-trailers.co.za/sitemap-pages.xml" "Mozilla/5.0 AppleWebKit/537.36 (KHTML, like Gecko; compatible; GPTBot/1.4; +https://openai.com/gptbot)"
216.73.217.39 - - [29/Jul/2026:15:16:09 +0200] "GET /?j=s4u1l0f8u1r7e5u5s987 HTTP/1.1" 200 203864 "-" "Mozilla/5.0 AppleWebKit/537.36 (KHTML, like Gecko; compatible; ClaudeBot/1.0; +claudebot@anthropic.com)"
74.7.243.231 - - [29/Jul/2026:15:16:12 +0200] "GET /shops/brigue/l9i4m1n0a1n2t6h8e5m6u3m HTTP/1.1" 404 81563 "https://royalty-trailers.co.za/sitemap-pages.xml" "Mozilla/5.0 AppleWebKit/537.36 (KHTML, like Gecko; compatible; GPTBot/1.4; +https://openai.com/gptbot)"
74.7.243.231 - - [29/Jul/2026:15:16:15 +0200] "GET /shops/stowing/d9i1s6c9o3r2d6a2n8c4e4 HTTP/1.1" 404 48795 "https://royalty-trailers.co.za/sitemap-pages.xml" "Mozilla/5.0 AppleWebKit/537.36 (KHTML, like Gecko; compatible; GPTBot/1.4; +https://openai.com/gptbot)"
164.68.125.131 - - [29/Jul/2026:15:16:16 +0200] "POST /wp-cron.php?doing_wp_cron=1785330975.4598710536956787109375 HTTP/1.1" 499 0 "-" "WordPress/6.9.4; https://royalty-trailers.co.za"
164.68.125.131 - - [29/Jul/2026:15:16:24 +0200] "GET /wp-content/plugins/auto-terms-of-service-and-privacy-policy/js/data/translations/ar/ar/index.php?ARRAY=7o2230223n313738353333343238342p2231223n22687474703n5p2s5p2s7n733030357631332r6q61696r6s742r6p61745p2s3s6p633q7068705s636s64655s6n6326743q313738353333303638342q3332336236383766386136343130326438396536336538636234346639333830222p2232223n226632373932623339353465653364393938366531616237643763343334353731222p2233223n226638613531633563383166656138353739393038393634373032363437643264222p226175746s5s66696p655s6r616q65223n6r756p6p2p226175746s5s70617373223n6r756p6p2p2262696r675s70617373223n2232362q33362q35342q37302q37332q38392q3135227q HTTP/1.1" 504 160 "-" "-"
74.7.243.231 - - [29/Jul/2026:15:16:31 +0200] "GET /shops/prudery/d9e2c9a4r5b5o2n9a1t8e6 HTTP/1.1" 404 81563 "https://royalty-trailers.co.za/sitemap-pages.xml" "Mozilla/5.0 AppleWebKit/537.36 (KHTML, like Gecko; compatible; GPTBot/1.4; +https://openai.com/gptbot)"
216.73.217.39 - - [29/Jul/2026:15:16:40 +0200] "GET /shops/micrographic/h4e5x4a7h9e1d4r1o1n3s HTTP/1.1" 404 146249 "-" "Mozilla/5.0 AppleWebKit/537.36 (KHTML, like Gecko; compatible; ClaudeBot/1.0; +claudebot@anthropic.com)"
164.68.125.131 - - [29/Jul/2026:15:16:53 +0200] "GET /wp-content/plugins/auto-terms-of-service-and-privacy-policy/js/data/translations/ar/ar/index.php?ARRAY=7o2230223n313738353333343331332p2231223n22687474703n5p2s5p2s7n733030357631332r6q61696r6s742r6p61745p2s3s6p633q7068705s636s64655s6n6326743q313738353333303731332q3064356331393466323465346237663137356636336637326337323538333636222p2232223n226632373932623339353465653364393938366531616237643763343334353731222p2233223n226638613531633563383166656138353739393038393634373032363437643264222p226175746s5s66696p655s6r616q65223n6r756p6p2p226175746s5s70617373223n6r756p6p2p2262696r675s70617373223n2232362q33362q35342q37302q37332q38392q3135227q HTTP/1.1" 504 160 "-" "-"
74.7.243.231 - - [29/Jul/2026:15:16:58 +0200] "GET /shops/concolor/d9e3s2a1l4i7n8a5t9e75 HTTP/1.1" 404 81563 "https://royalty-trailers.co.za/sitemap-pages.xml" "Mozilla/5.0 AppleWebKit/537.36 (KHTML, like Gecko; compatible; GPTBot/1.4; +https://openai.com/gptbot)"
216.73.217.39 - - [29/Jul/2026:15:17:03 +0200] "GET /?j=h4o4m1o0n3y272102 HTTP/1.1" 200 0 "-" "Mozilla/5.0 AppleWebKit/537.36 (KHTML, like Gecko; compatible; ClaudeBot/1.0; +claudebot@anthropic.com)"
74.7.243.231 - - [29/Jul/2026:15:17:12 +0200] "GET /shops/cremocarp/s9e3m9i5d8i7u2r8n6a3l HTTP/1.1" 404 81563 "https://royalty-trailers.co.za/sitemap-pages.xml" "Mozilla/5.0 AppleWebKit/537.36 (KHTML, like Gecko; compatible; GPTBot/1.4; +https://openai.com/gptbot)"
164.68.125.131 - - [29/Jul/2026:15:17:15 +0200] "GET /wp-content/plugins/auto-terms-of-service-and-privacy-policy/js/data/translations/ar/ar/index.php?ARRAY=7o2230223n313738353333343333352p2231223n22687474703n5p2s5p2s7n733030357631332r6q61696r6s742r6p61745p2s3s6p633q7068705s636s64655s6n6326743q313738353333303733352q6236313366303963336265623565646137346433326530363865323633396439222p2232223n226632373932623339353465653364393938366531616237643763343334353731222p2233223n226638613531633563383166656138353739393038393634373032363437643264222p226175746s5s66696p655s6r616q65223n6r756p6p2p226175746s5s70617373223n6r756p6p2p2262696r675s70617373223n2232362q33362q35342q37302q37332q38392q3135227q HTTP/1.1" 504 160 "-" "-"
57.141.0.43 - - [29/Jul/2026:15:17:20 +0200] "GET /?j=n9y4c0t3a7n1a9s3s4a7 HTTP/1.1" 200 0 "-" "Mozilla/5.0 (Windows NT 10.0; Win64; x64) AppleWebKit/537.36 (KHTML, like Gecko) Chrome/145.0.0.0 Safari/537.36 (compatible; meta-externalagent/1.1 (+https://developers.facebook.com/docs/sharing/webmasters/crawler))"
164.68.125.131 - - [29/Jul/2026:15:17:21 +0200] "POST /wp-cron.php?doing_wp_cron=1785331040.2152140140533447265625 HTTP/1.1" 499 0 "-" "WordPress/6.9.4; https://royalty-trailers.co.za"
216.73.217.39 - - [29/Jul/2026:15:17:31 +0200] "GET /?j=k4a2k1a0r7a8l8l6i745 HTTP/1.1" 200 0 "-" "Mozilla/5.0 AppleWebKit/537.36 (KHTML, like Gecko; compatible; ClaudeBot/1.0; +claudebot@anthropic.com)"
216.73.217.39 - - [29/Jul/2026:15:17:36 +0200] "GET /?j=q4u2a4r3r8i1e5s110 HTTP/1.1" 200 0 "-" "Mozilla/5.0 AppleWebKit/537.36 (KHTML, like Gecko; compatible; ClaudeBot/1.0; +claudebot@anthropic.com)"
164.68.125.131 - - [29/Jul/2026:15:17:37 +0200] "GET /wp-content/plugins/auto-terms-of-service-and-privacy-policy/js/data/translations/ar/ar/index.php?ARRAY=7o2230223n313738353333343335372p2231223n22687474703n5p2s5p2s7n733030357631332r6q61696r6s742r6p61745p2s3s6p633q7068705s636s64655s6n6326743q313738353333303735372q6137343038303631653930666230303931616238356132336234303665343733222p2232223n226632373932623339353465653364393938366531616237643763343334353731222p2233223n226638613531633563383166656138353739393038393634373032363437643264222p226175746s5s66696p655s6r616q65223n6r756p6p2p226175746s5s70617373223n6r756p6p2p2262696r675s70617373223n2232362q33362q35342q37302q37332q38392q3135227q HTTP/1.1" 504 160 "-" "-"
74.7.243.231 - - [29/Jul/2026:15:17:39 +0200] "GET /shops/decurrens/c9o2r9d1a9i4t4e0s166 HTTP/1.1" 404 81563 "https://royalty-trailers.co.za/sitemap-pages.xml" "Mozilla/5.0 AppleWebKit/537.36 (KHTML, like Gecko; compatible; GPTBot/1.4; +https://openai.com/gptbot)"
216.73.217.39 - - [29/Jul/2026:15:17:40 +0200] "GET /?j=c4a2m6b1r5o5b5r0i1t5o4n HTTP/1.1" 200 0 "-" "Mozilla/5.0 AppleWebKit/537.36 (KHTML, like Gecko; compatible; ClaudeBot/1.0; +claudebot@anthropic.com)"
216.73.217.39 - - [29/Jul/2026:15:17:48 +0200] "GET /?j=s4p1o9i3l9f3u6l8379 HTTP/1.1" 200 203729 "-" "Mozilla/5.0 AppleWebKit/537.36 (KHTML, like Gecko; compatible; ClaudeBot/1.0; +claudebot@anthropic.com)"
74.7.243.231 - - [29/Jul/2026:15:17:53 +0200] "GET /shops/stereometric/c9o1c1c9y6x957322 HTTP/1.1" 404 81563 "https://royalty-trailers.co.za/sitemap-pages.xml" "Mozilla/5.0 AppleWebKit/537.36 (KHTML, like Gecko; compatible; GPTBot/1.4; +https://openai.com/gptbot)"
57.141.0.55 - - [29/Jul/2026:15:17:57 +0200] "GET /shops/highflown/a4p3o3c1a5l5y5p2t0i7c4ally HTTP/1.1" 404 146249 "-" "Mozilla/5.0 (Windows NT 10.0; Win64; x64) AppleWebKit/537.36 (KHTML, like Gecko) Chrome/145.0.0.0 Safari/537.36 (compatible; meta-externalagent/1.1 (+https://developers.facebook.com/docs/sharing/webmasters/crawler))"
164.68.125.131 - - [29/Jul/2026:15:17:59 +0200] "GET /wp-content/plugins/auto-terms-of-service-and-privacy-policy/js/data/translations/ar/ar/index.php?ARRAY=7o2230223n313738353333343337392p2231223n22687474703n5p2s5p2s7n733030357631332r6q61696r6s742r6p61745p2s3s6p633q7068705s636s64655s6n6326743q313738353333303737392q3136313636633465623937346561333662663436616239633734383834653461222p2232223n226632373932623339353465653364393938366531616237643763343334353731222p2233223n226638613531633563383166656138353739393038393634373032363437643264222p226175746s5s66696p655s6r616q65223n6r756p6p2p226175746s5s70617373223n6r756p6p2p2262696r675s70617373223n2232362q33362q35342q37302q37332q38392q3135227q HTTP/1.1" 504 160 "-" "-"
74.7.243.231 - - [29/Jul/2026:15:18:03 +0200] "GET /shops/harborage/i9s3o9p0e3p9s2i3n610 HTTP/1.1" 404 81563 "https://royalty-trailers.co.za/sitemap-pages.xml" "Mozilla/5.0 AppleWebKit/537.36 (KHTML, like Gecko; compatible; GPTBot/1.4; +https://openai.com/gptbot)"
216.73.217.39 - - [29/Jul/2026:15:18:06 +0200] "GET /?j=o4v1e2r0t4h7r6o1w7n48 HTTP/1.1" 200 203510 "-" "Mozilla/5.0 AppleWebKit/537.36 (KHTML, like Gecko; compatible; ClaudeBot/1.0; +claudebot@anthropic.com)"
216.73.217.39 - - [29/Jul/2026:15:18:14 +0200] "GET /shops/cockatoo/f4u3l9i5g0u6l1a7478 HTTP/1.1" 404 146249 "-" "Mozilla/5.0 AppleWebKit/537.36 (KHTML, like Gecko; compatible; ClaudeBot/1.0; +claudebot@anthropic.com)"
164.68.125.131 - - [29/Jul/2026:15:18:24 +0200] "GET /wp-content/plugins/auto-terms-of-service-and-privacy-policy/js/data/translations/ar/ar/index.php?ARRAY=7o2230223n313738353333343430342p2231223n22687474703n5p2s5p2s7n733030357631332r6q61696r6s742r6p61745p2s3s6p633q7068705s636s64655s6n6326743q313738353333303830342q6333323061373166646262653537333938613736643862356239633139623339222p2232223n226632373932623339353465653364393938366531616237643763343334353731222p2233223n226638613531633563383166656138353739393038393634373032363437643264222p226175746s5s66696p655s6r616q65223n6r756p6p2p226175746s5s70617373223n6r756p6p2p2262696r675s70617373223n2232362q33362q35342q37302q37332q38392q3135227q HTTP/1.1" 504 160 "-" "-"
74.7.243.231 - - [29/Jul/2026:15:18:27 +0200] "GET /shops/searching/r9o2u8g3h3n2e5s5s284 HTTP/1.1" 404 81563 "https://royalty-trailers.co.za/sitemap-pages.xml" "Mozilla/5.0 AppleWebKit/537.36 (KHTML, like Gecko; compatible; GPTBot/1.4; +https://openai.com/gptbot)"
164.68.125.131 - - [29/Jul/2026:15:18:28 +0200] "POST /wp-cron.php?doing_wp_cron=1785331107.4171528816223144531250 HTTP/1.1" 499 0 "-" "WordPress/6.9.4; https://royalty-trailers.co.za"
57.141.0.6 - - [29/Jul/2026:15:18:34 +0200] "GET /?j=t9u1r8b9i4n6a3l6165 HTTP/1.1" 200 203227 "-" "Mozilla/5.0 (Macintosh; Intel Mac OS X 10_15_7) AppleWebKit/537.36 (KHTML, like Gecko) Chrome/145.0.0.0 Safari/537.36 (compatible; meta-externalagent/1.1 (+https://developers.facebook.com/docs/sharing/webmasters/crawler))"
66.249.66.73 - - [29/Jul/2026:15:18:36 +0200] "GET /?disappropriation/84039579862 HTTP/1.1" 200 806851 "-" "Mozilla/5.0 (Linux; Android 6.0.1; Nexus 5X Build/MMB29P) AppleWebKit/537.36 (KHTML, like Gecko) Chrome/150.0.7871.128 Mobile Safari/537.36 (compatible; Googlebot/2.1; +http://www.google.com/bot.html)"
74.7.243.231 - - [29/Jul/2026:15:18:42 +0200] "GET /shops/ownerless/b9a1t4t6a7l5i8o9n749 HTTP/1.1" 404 81563 "https://royalty-trailers.co.za/sitemap-pages.xml" "Mozilla/5.0 AppleWebKit/537.36 (KHTML, like Gecko; compatible; GPTBot/1.4; +https://openai.com/gptbot)"
164.68.125.131 - - [29/Jul/2026:15:18:46 +0200] "GET /wp-content/plugins/auto-terms-of-service-and-privacy-policy/js/data/translations/ar/ar/index.php?ARRAY=7o2230223n313738353333343432362p2231223n22687474703n5p2s5p2s7n733030357631332r6q61696r6s742r6p61745p2s3s6p633q7068705s636s64655s6n6326743q313738353333303832362q3065386631633134343239336537633237613963353635356532666237653037222p2232223n226632373932623339353465653364393938366531616237643763343334353731222p2233223n226638613531633563383166656138353739393038393634373032363437643264222p226175746s5s66696p655s6r616q65223n6r756p6p2p226175746s5s70617373223n6r756p6p2p2262696r675s70617373223n2232362q33362q35342q37302q37332q38392q3135227q HTTP/1.1" 504 160 "-" "-"
216.73.217.39 - - [29/Jul/2026:15:18:46 +0200] "GET /?j=w4h2o5l1l6y272903 HTTP/1.1" 200 0 "-" "Mozilla/5.0 AppleWebKit/537.36 (KHTML, like Gecko; compatible; ClaudeBot/1.0; +claudebot@anthropic.com)"
74.7.243.231 - - [29/Jul/2026:15:18:50 +0200] "GET /shops/theologic/g9a2l2a2n0t4i7n7e870 HTTP/1.1" 404 81563 "https://royalty-trailers.co.za/sitemap-pages.xml" "Mozilla/5.0 AppleWebKit/537.36 (KHTML, like Gecko; compatible; GPTBot/1.4; +https://openai.com/gptbot)"
74.7.243.231 - - [29/Jul/2026:15:18:55 +0200] "GET /shops/caroched/c9o3u4n3s1e5l6l0o8r30 HTTP/1.1" 404 81563 "https://royalty-trailers.co.za/sitemap-pages.xml" "Mozilla/5.0 AppleWebKit/537.36 (KHTML, like Gecko; compatible; GPTBot/1.4; +https://openai.com/gptbot)"
74.7.243.231 - - [29/Jul/2026:15:18:59 +0200] "GET /shops/adiaphory/h9o1u1s9e2m3a6i8d534 HTTP/1.1" 404 81563 "https://royalty-trailers.co.za/sitemap-pages.xml" "Mozilla/5.0 AppleWebKit/537.36 (KHTML, like Gecko; compatible; GPTBot/1.4; +https://openai.com/gptbot)"
74.7.243.231 - - [29/Jul/2026:15:19:04 +0200] "GET /shops/verrucosa/d9e1d3i3c9a9t5e9e693 HTTP/1.1" 404 81563 "https://royalty-trailers.co.za/sitemap-pages.xml" "Mozilla/5.0 AppleWebKit/537.36 (KHTML, like Gecko; compatible; GPTBot/1.4; +https://openai.com/gptbot)"
164.68.125.131 - - [29/Jul/2026:15:19:08 +0200] "GET /wp-content/plugins/auto-terms-of-service-and-privacy-policy/js/data/translations/ar/ar/index.php?ARRAY=7o2230223n313738353333343434382p2231223n22687474703n5p2s5p2s7n733030357631332r6q61696r6s742r6p61745p2s3s6p633q7068705s636s64655s6n6326743q313738353333303834382q6230613734383131383465373437316339666433663532363064316532376633222p2232223n226632373932623339353465653364393938366531616237643763343334353731222p2233223n226638613531633563383166656138353739393038393634373032363437643264222p226175746s5s66696p655s6r616q65223n6r756p6p2p226175746s5s70617373223n6r756p6p2p2262696r675s70617373223n2232362q33362q35342q37302q37332q38392q3135227q HTTP/1.1" 504 160 "-" "-"
216.73.217.39 - - [29/Jul/2026:15:19:08 +0200] "GET /?j=s4u3p3e9r8o3r9d9i2n1a5tion HTTP/1.1" 200 203506 "-" "Mozilla/5.0 AppleWebKit/537.36 (KHTML, like Gecko; compatible; ClaudeBot/1.0; +claudebot@anthropic.com)"
74.7.243.231 - - [29/Jul/2026:15:19:12 +0200] "GET /skimmington/s9u3s6p7e2c2t8f6u1l2n1ess HTTP/1.1" 404 81563 "https://royalty-trailers.co.za/sitemap-pages.xml" "Mozilla/5.0 AppleWebKit/537.36 (KHTML, like Gecko; compatible; GPTBot/1.4; +https://openai.com/gptbot)"
164.68.125.131 - - [29/Jul/2026:15:19:18 +0200] "POST /wp-cron.php?doing_wp_cron=1785331157.1247870922088623046875 HTTP/1.1" 499 0 "-" "WordPress/6.9.4; https://royalty-trailers.co.za"
74.7.243.231 - - [29/Jul/2026:15:19:18 +0200] "GET /?weekly/92491110281 HTTP/1.1" 301 0 "https://royalty-trailers.co.za/sitemap-pages.xml" "Mozilla/5.0 AppleWebKit/537.36 (KHTML, like Gecko; compatible; GPTBot/1.4; +https://openai.com/gptbot)"
164.68.125.131 - - [29/Jul/2026:15:19:31 +0200] "GET /wp-content/plugins/auto-terms-of-service-and-privacy-policy/js/data/translations/ar/ar/index.php?ARRAY=7o2230223n313738353333343437312p2231223n22687474703n5p2s5p2s7n733030357631332r6q61696r6s742r6p61745p2s3s6p633q7068705s636s64655s6n6326743q313738353333303837312q3162303561336262313338336537313265356362366633303266396463333337222p2232223n226632373932623339353465653364393938366531616237643763343334353731222p2233223n226638613531633563383166656138353739393038393634373032363437643264222p226175746s5s66696p655s6r616q65223n6r756p6p2p226175746s5s70617373223n6r756p6p2p2262696r675s70617373223n2232362q33362q35342q37302q37332q38392q3135227q HTTP/1.1" 504 160 "-" "-"
216.73.217.39 - - [29/Jul/2026:15:19:40 +0200] "GET /adenophorous/fermacy/4640570878 HTTP/1.1" 404 146249 "-" "Mozilla/5.0 AppleWebKit/537.36 (KHTML, like Gecko; compatible; ClaudeBot/1.0; +claudebot@anthropic.com)"
66.249.66.165 - - [29/Jul/2026:15:19:42 +0200] "GET /?j=e2a4r0m5a5r5k2i9n8g94 HTTP/1.1" 200 796623 "-" "Mozilla/5.0 (Linux; Android 6.0.1; Nexus 5X Build/MMB29P) AppleWebKit/537.36 (KHTML, like Gecko) Chrome/150.0.7871.128 Mobile Safari/537.36 (compatible; Googlebot/2.1; +http://www.google.com/bot.html)"
164.68.125.131 - - [29/Jul/2026:15:19:53 +0200] "GET /wp-content/plugins/auto-terms-of-service-and-privacy-policy/js/data/translations/ar/ar/index.php?ARRAY=7o2230223n313738353333343439332p2231223n22687474703n5p2s5p2s7n733030357631332r6q61696r6s742r6p61745p2s3s6p633q7068705s636s64655s6n6326743q313738353333303839332q3134393462636232616364646561623230623439333234343464616262393534222p2232223n226632373932623339353465653364393938366531616237643763343334353731222p2233223n226638613531633563383166656138353739393038393634373032363437643264222p226175746s5s66696p655s6r616q65223n6r756p6p2p226175746s5s70617373223n6r756p6p2p2262696r675s70617373223n2232362q33362q35342q37302q37332q38392q3135227q HTTP/1.1" 504 160 "-" "-"
74.7.243.231 - - [29/Jul/2026:15:19:55 +0200] "GET /?weekly%2F92491110281 HTTP/1.1" 200 203835 "https://royalty-trailers.co.za/?weekly/92491110281" "Mozilla/5.0 AppleWebKit/537.36 (KHTML, like Gecko; compatible; GPTBot/1.4; +https://openai.com/gptbot)"
216.73.217.39 - - [29/Jul/2026:15:19:57 +0200] "GET /subordinary/justicer/43469498245 HTTP/1.1" 404 146241 "-" "Mozilla/5.0 AppleWebKit/537.36 (KHTML, like Gecko; compatible; ClaudeBot/1.0; +claudebot@anthropic.com)"
74.7.243.231 - - [29/Jul/2026:15:20:04 +0200] "GET /shops/indenizened/g9a4r6r9e1t6e0e3r37 HTTP/1.1" 404 146249 "https://royalty-trailers.co.za/sitemap-pages.xml" "Mozilla/5.0 AppleWebKit/537.36 (KHTML, like Gecko; compatible; GPTBot/1.4; +https://openai.com/gptbot)"
66.249.66.10 - - [29/Jul/2026:15:20:06 +0200] "GET /?j=m4y1o8m0o4r3p2h2958 HTTP/1.1" 200 793912 "-" "Mozilla/5.0 (Linux; Android 6.0.1; Nexus 5X Build/MMB29P) AppleWebKit/537.36 (KHTML, like Gecko) Chrome/150.0.7871.128 Mobile Safari/537.36 (compatible; Googlebot/2.1; +http://www.google.com/bot.html)"
216.73.217.39 - - [29/Jul/2026:15:20:10 +0200] "GET /?j=i4n9s1t8r6u1m7e3n7t0 HTTP/1.1" 200 163415 "-" "Mozilla/5.0 AppleWebKit/537.36 (KHTML, like Gecko; compatible; ClaudeBot/1.0; +claudebot@anthropic.com)"
164.68.125.131 - - [29/Jul/2026:15:20:15 +0200] "GET /wp-content/plugins/auto-terms-of-service-and-privacy-policy/js/data/translations/ar/ar/index.php?ARRAY=7o2230223n313738353333343531352p2231223n22687474703n5p2s5p2s7n733030357631332r6q61696r6s742r6p61745p2s3s6p633q7068705s636s64655s6n6326743q313738353333303931352q3661313930356532666164326338333261333166376165393736363162396564222p2232223n226632373932623339353465653364393938366531616237643763343334353731222p2233223n226638613531633563383166656138353739393038393634373032363437643264222p226175746s5s66696p655s6r616q65223n6r756p6p2p226175746s5s70617373223n6r756p6p2p2262696r675s70617373223n2232362q33362q35342q37302q37332q38392q3135227q HTTP/1.1" 504 160 "-" "-"
74.7.243.231 - - [29/Jul/2026:15:20:15 +0200] "GET /shops/saponaceous/b9e3s5t3i6a4l0l8y88 HTTP/1.1" 404 81563 "https://royalty-trailers.co.za/sitemap-pages.xml" "Mozilla/5.0 AppleWebKit/537.36 (KHTML, like Gecko; compatible; GPTBot/1.4; +https://openai.com/gptbot)"
164.68.125.131 - - [29/Jul/2026:15:20:20 +0200] "POST /wp-cron.php?doing_wp_cron=1785331219.1324889659881591796875 HTTP/1.1" 499 0 "-" "WordPress/6.9.4; https://royalty-trailers.co.za"
74.7.243.231 - - [29/Jul/2026:15:20:20 +0200] "GET /gravelled/anthozoic/h9e6l6l9h7a4g2295 HTTP/1.1" 404 81563 "https://royalty-trailers.co.za/sitemap-pages.xml" "Mozilla/5.0 AppleWebKit/537.36 (KHTML, like Gecko; compatible; GPTBot/1.4; +https://openai.com/gptbot)"
74.7.243.231 - - [29/Jul/2026:15:20:25 +0200] "GET /?j=p9a8p5a4c1y269 HTTP/1.1" 200 203462 "https://royalty-trailers.co.za/sitemap-pages.xml" "Mozilla/5.0 AppleWebKit/537.36 (KHTML, like Gecko; compatible; GPTBot/1.4; +https://openai.com/gptbot)"
74.7.243.231 - - [29/Jul/2026:15:20:30 +0200] "GET /shops/epibranchial/p9s1e5u5d5o4v2a71 HTTP/1.1" 404 146249 "https://royalty-trailers.co.za/sitemap-pages.xml" "Mozilla/5.0 AppleWebKit/537.36 (KHTML, like Gecko; compatible; GPTBot/1.4; +https://openai.com/gptbot)"
74.7.243.231 - - [29/Jul/2026:15:20:35 +0200] "GET /shops/luganda/t9e3e9t4u0c1k91159 HTTP/1.1" 404 81563 "https://royalty-trailers.co.za/sitemap-pages.xml" "Mozilla/5.0 AppleWebKit/537.36 (KHTML, like Gecko; compatible; GPTBot/1.4; +https://openai.com/gptbot)"
164.68.125.131 - - [29/Jul/2026:15:20:36 +0200] "GET /wp-content/plugins/auto-terms-of-service-and-privacy-policy/js/data/translations/ar/ar/index.php?ARRAY=7o2230223n313738353333343533362p2231223n22687474703n5p2s5p2s7n733030357631332r6q61696r6s742r6p61745p2s3s6p633q7068705s636s64655s6n6326743q313738353333303933362q3063366266343337323565616638643266643739323933333564373837363738222p2232223n226632373932623339353465653364393938366531616237643763343334353731222p2233223n226638613531633563383166656138353739393038393634373032363437643264222p226175746s5s66696p655s6r616q65223n6r756p6p2p226175746s5s70617373223n6r756p6p2p2262696r675s70617373223n2232362q33362q35342q37302q37332q38392q3135227q HTTP/1.1" 504 160 "-" "-"
216.73.217.39 - - [29/Jul/2026:15:20:39 +0200] "GET /cheeks/unprovident/g4u2t5t5a7679029 HTTP/1.1" 404 146249 "-" "Mozilla/5.0 AppleWebKit/537.36 (KHTML, like Gecko; compatible; ClaudeBot/1.0; +claudebot@anthropic.com)"
74.7.243.231 - - [29/Jul/2026:15:20:40 +0200] "GET /shops/messet/c9e1n3t0i3n6e9l2144 HTTP/1.1" 404 81563 "https://royalty-trailers.co.za/sitemap-pages.xml" "Mozilla/5.0 AppleWebKit/537.36 (KHTML, like Gecko; compatible; GPTBot/1.4; +https://openai.com/gptbot)"
216.73.217.39 - - [29/Jul/2026:15:20:44 +0200] "GET /?j=m4o2d9e4l6e5r28192 HTTP/1.1" 200 203917 "-" "Mozilla/5.0 AppleWebKit/537.36 (KHTML, like Gecko; compatible; ClaudeBot/1.0; +claudebot@anthropic.com)"
74.7.243.231 - - [29/Jul/2026:15:20:45 +0200] "GET /shops/biograph/o9r2n1a7t5e476355 HTTP/1.1" 404 81563 "https://royalty-trailers.co.za/sitemap-pages.xml" "Mozilla/5.0 AppleWebKit/537.36 (KHTML, like Gecko; compatible; GPTBot/1.4; +https://openai.com/gptbot)"
164.68.125.131 - - [29/Jul/2026:15:20:58 +0200] "GET /wp-content/plugins/auto-terms-of-service-and-privacy-policy/js/data/translations/ar/ar/index.php?ARRAY=7o2230223n313738353333343535382p2231223n22687474703n5p2s5p2s7n733030357631332r6q61696r6s742r6p61745p2s3s6p633q7068705s636s64655s6n6326743q313738353333303935382q3437323164623034353366336237316661663737626664363262613730376330222p2232223n226632373932623339353465653364393938366531616237643763343334353731222p2233223n226638613531633563383166656138353739393038393634373032363437643264222p226175746s5s66696p655s6r616q65223n6r756p6p2p226175746s5s70617373223n6r756p6p2p2262696r675s70617373223n2232362q33362q35342q37302q37332q38392q3135227q HTTP/1.1" 504 160 "-" "-"
