57.141.0.36 - - [29/Jul/2026:16:52:55 +0200] "GET /?firecracker/42607438256 HTTP/1.1" 301 0 "-" "Mozilla/5.0 (Macintosh; Intel Mac OS X 10_15_7) AppleWebKit/537.36 (KHTML, like Gecko) Chrome/145.0.0.0 Safari/537.36 (compatible; meta-externalagent/1.1 (+https://developers.facebook.com/docs/sharing/webmasters/crawler))"
57.141.0.60 - - [29/Jul/2026:16:52:55 +0200] "GET /?j=e4n3t5e6r3t6a3k5e725 HTTP/1.1" 200 203472 "-" "Mozilla/5.0 (Windows NT 10.0; Win64; x64) AppleWebKit/537.36 (KHTML, like Gecko) Chrome/145.0.0.0 Safari/537.36 (compatible; meta-externalagent/1.1 (+https://developers.facebook.com/docs/sharing/webmasters/crawler))"
57.141.0.59 - - [29/Jul/2026:16:52:56 +0200] "GET /?j=t4i3t3l6i5n0g78673 HTTP/1.1" 200 203524 "-" "Mozilla/5.0 (Windows NT 10.0; Win64; x64) AppleWebKit/537.36 (KHTML, like Gecko) Chrome/145.0.0.0 Safari/537.36 (compatible; meta-externalagent/1.1 (+https://developers.facebook.com/docs/sharing/webmasters/crawler))"
216.73.217.39 - - [29/Jul/2026:16:53:07 +0200] "GET /octahedron/d4e2p8r0a1v7e05061 HTTP/1.1" 404 146249 "-" "Mozilla/5.0 AppleWebKit/537.36 (KHTML, like Gecko; compatible; ClaudeBot/1.0; +claudebot@anthropic.com)"
164.68.125.131 - - [29/Jul/2026:16:53:19 +0200] "POST /wp-cron.php?doing_wp_cron=1785336799.0637528896331787109375 HTTP/1.1" 200 0 "-" "WordPress/6.9.4; https://royalty-trailers.co.za"
74.7.243.231 - - [29/Jul/2026:16:53:19 +0200] "GET /?j=c4o3l2l8i4n7g14368 HTTP/1.1" 200 203611 "https://royalty-trailers.co.za/sitemap.xml" "Mozilla/5.0 AppleWebKit/537.36 (KHTML, like Gecko; compatible; GPTBot/1.4; +https://openai.com/gptbot)"
216.73.217.39 - - [29/Jul/2026:16:53:21 +0200] "GET /gutturize/r4i9b7a2u4l4d2951 HTTP/1.1" 404 146249 "-" "Mozilla/5.0 AppleWebKit/537.36 (KHTML, like Gecko; compatible; ClaudeBot/1.0; +claudebot@anthropic.com)"
57.141.0.54 - - [29/Jul/2026:16:53:31 +0200] "GET /?j=t8r4a1v5o8y693764 HTTP/1.1" 200 203735 "-" "Mozilla/5.0 (Windows NT 10.0; Win64; x64) AppleWebKit/537.36 (KHTML, like Gecko) Chrome/145.0.0.0 Safari/537.36 (compatible; meta-externalagent/1.1 (+https://developers.facebook.com/docs/sharing/webmasters/crawler))"
57.141.0.9 - - [29/Jul/2026:16:53:31 +0200] "GET /wp-content/uploads/elementor/css/post-7.css?ver=1785280153 HTTP/1.1" 200 1164 "https://royalty-trailers.co.za/?j=t8r4a1v5o8y693764" "Mozilla/5.0 (Windows NT 10.0; Win64; x64) AppleWebKit/537.36 (KHTML, like Gecko) Chrome/145.0.0.0 Safari/537.36 (compatible; meta-externalagent/1.1 (+https://developers.facebook.com/docs/sharing/webmasters/crawler))"
57.141.0.24 - - [29/Jul/2026:16:53:31 +0200] "GET /wp-content/plugins/woocommerce/assets/client/blocks/wc-blocks.css?ver=wc-10.9.4 HTTP/1.1" 200 14006 "https://royalty-trailers.co.za/?j=t8r4a1v5o8y693764" "Mozilla/5.0 (Windows NT 10.0; Win64; x64) AppleWebKit/537.36 (KHTML, like Gecko) Chrome/145.0.0.0 Safari/537.36 (compatible; meta-externalagent/1.1 (+https://developers.facebook.com/docs/sharing/webmasters/crawler))"
57.141.0.52 - - [29/Jul/2026:16:53:31 +0200] "GET /wp-content/uploads/elementor/css/post-492.css?ver=1785280153 HTTP/1.1" 200 31465 "https://royalty-trailers.co.za/?j=t8r4a1v5o8y693764" "Mozilla/5.0 (Windows NT 10.0; Win64; x64) AppleWebKit/537.36 (KHTML, like Gecko) Chrome/145.0.0.0 Safari/537.36 (compatible; meta-externalagent/1.1 (+https://developers.facebook.com/docs/sharing/webmasters/crawler))"
57.141.0.35 - - [29/Jul/2026:16:53:31 +0200] "GET /wp-content/plugins/click-to-chat-for-whatsapp/new/inc/assets/css/main.css?ver=4.41 HTTP/1.1" 200 3015 "https://royalty-trailers.co.za/?j=t8r4a1v5o8y693764" "Mozilla/5.0 (Windows NT 10.0; Win64; x64) AppleWebKit/537.36 (KHTML, like Gecko) Chrome/145.0.0.0 Safari/537.36 (compatible; meta-externalagent/1.1 (+https://developers.facebook.com/docs/sharing/webmasters/crawler))"
57.141.0.8 - - [29/Jul/2026:16:53:31 +0200] "GET /wp-content/plugins/new-social-media-widget/css/hover-min.css?ver=3.5.2 HTTP/1.1" 200 5981 "https://royalty-trailers.co.za/?j=t8r4a1v5o8y693764" "Mozilla/5.0 (Windows NT 10.0; Win64; x64) AppleWebKit/537.36 (KHTML, like Gecko) Chrome/145.0.0.0 Safari/537.36 (compatible; meta-externalagent/1.1 (+https://developers.facebook.com/docs/sharing/webmasters/crawler))"
57.141.0.59 - - [29/Jul/2026:16:53:31 +0200] "GET /wp-content/plugins/woocommerce/assets/js/jquery-blockui/jquery.blockUI.min.js?ver=2.7.0-wc.10.9.4 HTTP/1.1" 200 9636 "https://royalty-trailers.co.za/?j=t8r4a1v5o8y693764" "Mozilla/5.0 (Windows NT 10.0; Win64; x64) AppleWebKit/537.36 (KHTML, like Gecko) Chrome/145.0.0.0 Safari/537.36 (compatible; meta-externalagent/1.1 (+https://developers.facebook.com/docs/sharing/webmasters/crawler))"
57.141.0.47 - - [29/Jul/2026:16:53:31 +0200] "GET /wp-content/plugins/woocommerce/assets/js/frontend/add-to-cart.min.js?ver=10.9.4 HTTP/1.1" 200 4350 "https://royalty-trailers.co.za/?j=t8r4a1v5o8y693764" "Mozilla/5.0 (Windows NT 10.0; Win64; x64) AppleWebKit/537.36 (KHTML, like Gecko) Chrome/145.0.0.0 Safari/537.36 (compatible; meta-externalagent/1.1 (+https://developers.facebook.com/docs/sharing/webmasters/crawler))"
57.141.0.47 - - [29/Jul/2026:16:53:31 +0200] "GET /wp-content/plugins/new-social-media-widget/css/nsmw-grid.css?ver=3.5.2 HTTP/1.1" 200 2592 "https://royalty-trailers.co.za/?j=t8r4a1v5o8y693764" "Mozilla/5.0 (Windows NT 10.0; Win64; x64) AppleWebKit/537.36 (KHTML, like Gecko) Chrome/145.0.0.0 Safari/537.36 (compatible; meta-externalagent/1.1 (+https://developers.facebook.com/docs/sharing/webmasters/crawler))"
57.141.0.36 - - [29/Jul/2026:16:53:32 +0200] "GET /wp-content/plugins/gdpr-cookie-compliance/dist/styles/gdpr-main.css?ver=5.1.0 HTTP/1.1" 206 88483 "https://royalty-trailers.co.za/?j=t8r4a1v5o8y693764" "Mozilla/5.0 (Windows NT 10.0; Win64; x64) AppleWebKit/537.36 (KHTML, like Gecko) Chrome/145.0.0.0 Safari/537.36 (compatible; meta-externalagent/1.1 (+https://developers.facebook.com/docs/sharing/webmasters/crawler))"
57.141.0.26 - - [29/Jul/2026:16:53:32 +0200] "GET /wp-content/plugins/woocommerce/assets/js/frontend/woocommerce.min.js?ver=10.9.4 HTTP/1.1" 200 4270 "https://royalty-trailers.co.za/?j=t8r4a1v5o8y693764" "Mozilla/5.0 (Windows NT 10.0; Win64; x64) AppleWebKit/537.36 (KHTML, like Gecko) Chrome/145.0.0.0 Safari/537.36 (compatible; meta-externalagent/1.1 (+https://developers.facebook.com/docs/sharing/webmasters/crawler))"
57.141.0.9 - - [29/Jul/2026:16:53:32 +0200] "GET /wp-content/plugins/woocommerce/assets/js/js-cookie/js.cookie.min.js?ver=2.1.4-wc.10.9.4 HTTP/1.1" 200 1720 "https://royalty-trailers.co.za/?j=t8r4a1v5o8y693764" "Mozilla/5.0 (Windows NT 10.0; Win64; x64) AppleWebKit/537.36 (KHTML, like Gecko) Chrome/145.0.0.0 Safari/537.36 (compatible; meta-externalagent/1.1 (+https://developers.facebook.com/docs/sharing/webmasters/crawler))"
57.141.0.13 - - [29/Jul/2026:16:53:32 +0200] "GET /wp-content/plugins/gdpr-cookie-compliance/dist/scripts/main.js?ver=5.1.0 HTTP/1.1" 206 72127 "https://royalty-trailers.co.za/?j=t8r4a1v5o8y693764" "Mozilla/5.0 (Windows NT 10.0; Win64; x64) AppleWebKit/537.36 (KHTML, like Gecko) Chrome/145.0.0.0 Safari/537.36 (compatible; meta-externalagent/1.1 (+https://developers.facebook.com/docs/sharing/webmasters/crawler))"
57.141.0.67 - - [29/Jul/2026:16:53:32 +0200] "GET /wp-content/plugins/woocommerce/assets/js/frontend/order-attribution.min.js?ver=10.9.4 HTTP/1.1" 200 2439 "https://royalty-trailers.co.za/?j=t8r4a1v5o8y693764" "Mozilla/5.0 (Windows NT 10.0; Win64; x64) AppleWebKit/537.36 (KHTML, like Gecko) Chrome/145.0.0.0 Safari/537.36 (compatible; meta-externalagent/1.1 (+https://developers.facebook.com/docs/sharing/webmasters/crawler))"
57.141.0.50 - - [29/Jul/2026:16:53:32 +0200] "GET /wp-content/plugins/woocommerce/assets/js/sourcebuster/sourcebuster.min.js?ver=10.9.4 HTTP/1.1" 200 15315 "https://royalty-trailers.co.za/?j=t8r4a1v5o8y693764" "Mozilla/5.0 (Windows NT 10.0; Win64; x64) AppleWebKit/537.36 (KHTML, like Gecko) Chrome/145.0.0.0 Safari/537.36 (compatible; meta-externalagent/1.1 (+https://developers.facebook.com/docs/sharing/webmasters/crawler))"
57.141.0.24 - - [29/Jul/2026:16:53:33 +0200] "GET /wp-content/plugins/click-to-chat-for-whatsapp/new/inc/assets/js/app.js?ver=4.41 HTTP/1.1" 200 15818 "https://royalty-trailers.co.za/?j=t8r4a1v5o8y693764" "Mozilla/5.0 (Windows NT 10.0; Win64; x64) AppleWebKit/537.36 (KHTML, like Gecko) Chrome/145.0.0.0 Safari/537.36 (compatible; meta-externalagent/1.1 (+https://developers.facebook.com/docs/sharing/webmasters/crawler))"
57.141.0.42 - - [29/Jul/2026:16:53:33 +0200] "GET /wp-content/plugins/woocommerce/assets/js/select2/select2.full.min.js?ver=4.0.3-wc.10.9.4 HTTP/1.1" 206 74620 "https://royalty-trailers.co.za/?j=t8r4a1v5o8y693764" "Mozilla/5.0 (Windows NT 10.0; Win64; x64) AppleWebKit/537.36 (KHTML, like Gecko) Chrome/145.0.0.0 Safari/537.36 (compatible; meta-externalagent/1.1 (+https://developers.facebook.com/docs/sharing/webmasters/crawler))"
57.141.0.1 - - [29/Jul/2026:16:53:35 +0200] "GET /wp-content/plugins/gdpr-cookie-compliance/dist/fonts/nunito-v8-latin-regular.woff2 HTTP/1.1" 200 18796 "https://royalty-trailers.co.za/wp-content/plugins/gdpr-cookie-compliance/dist/styles/gdpr-main.css?ver=5.1.0" "Mozilla/5.0 (Windows NT 10.0; Win64; x64) AppleWebKit/537.36 (KHTML, like Gecko) Chrome/145.0.0.0 Safari/537.36 (compatible; meta-externalagent/1.1 (+https://developers.facebook.com/docs/sharing/webmasters/crawler))"
74.7.243.231 - - [29/Jul/2026:16:53:38 +0200] "GET /?j=b4o1u2d0o1i6r83642 HTTP/1.1" 200 203853 "https://royalty-trailers.co.za/sitemap.xml" "Mozilla/5.0 AppleWebKit/537.36 (KHTML, like Gecko; compatible; GPTBot/1.4; +https://openai.com/gptbot)"
216.73.217.39 - - [29/Jul/2026:16:53:44 +0200] "GET /shops/trinitarian/o4x2y7e2t9h5e6r5998 HTTP/1.1" 404 146249 "-" "Mozilla/5.0 AppleWebKit/537.36 (KHTML, like Gecko; compatible; ClaudeBot/1.0; +claudebot@anthropic.com)"
74.7.243.231 - - [29/Jul/2026:16:53:44 +0200] "GET /?j=n4y1m3p0h1a2e41939 HTTP/1.1" 200 203718 "https://royalty-trailers.co.za/sitemap.xml" "Mozilla/5.0 AppleWebKit/537.36 (KHTML, like Gecko; compatible; GPTBot/1.4; +https://openai.com/gptbot)"
57.141.0.67 - - [29/Jul/2026:16:53:49 +0200] "GET /null HTTP/1.1" 404 146249 "https://royalty-trailers.co.za/?j=t8r4a1v5o8y693764" "Mozilla/5.0 (Windows NT 10.0; Win64; x64) AppleWebKit/537.36 (KHTML, like Gecko) Chrome/145.0.0.0 Safari/537.36 (compatible; meta-externalagent/1.1 (+https://developers.facebook.com/docs/sharing/webmasters/crawler))"
74.7.243.231 - - [29/Jul/2026:16:53:50 +0200] "GET /?j=k4r1e1a8t1i5c59048 HTTP/1.1" 200 203844 "https://royalty-trailers.co.za/sitemap.xml" "Mozilla/5.0 AppleWebKit/537.36 (KHTML, like Gecko; compatible; GPTBot/1.4; +https://openai.com/gptbot)"
74.7.243.231 - - [29/Jul/2026:16:53:55 +0200] "GET /?j=m9i2s4b8o5r1n45887 HTTP/1.1" 200 203940 "https://royalty-trailers.co.za/sitemap-pages.xml" "Mozilla/5.0 AppleWebKit/537.36 (KHTML, like Gecko; compatible; GPTBot/1.4; +https://openai.com/gptbot)"
74.7.243.231 - - [29/Jul/2026:16:54:00 +0200] "GET /?j=o9p2t7i6m1a3l43432 HTTP/1.1" 200 203347 "https://royalty-trailers.co.za/sitemap-pages.xml" "Mozilla/5.0 AppleWebKit/537.36 (KHTML, like Gecko; compatible; GPTBot/1.4; +https://openai.com/gptbot)"
216.73.217.39 - - [29/Jul/2026:16:54:05 +0200] "GET /shops/trifler/p4r7e3l8a9t1i7s0t60 HTTP/1.1" 404 146249 "-" "Mozilla/5.0 AppleWebKit/537.36 (KHTML, like Gecko; compatible; ClaudeBot/1.0; +claudebot@anthropic.com)"
74.7.243.231 - - [29/Jul/2026:16:54:06 +0200] "GET /?j=a4i2l1m9e6n5t09169 HTTP/1.1" 200 203611 "https://royalty-trailers.co.za/sitemap.xml" "Mozilla/5.0 AppleWebKit/537.36 (KHTML, like Gecko; compatible; GPTBot/1.4; +https://openai.com/gptbot)"
74.7.243.231 - - [29/Jul/2026:16:54:11 +0200] "GET /?j=g9e1t4u9l1u4s68755 HTTP/1.1" 200 203772 "https://royalty-trailers.co.za/sitemap-pages.xml" "Mozilla/5.0 AppleWebKit/537.36 (KHTML, like Gecko; compatible; GPTBot/1.4; +https://openai.com/gptbot)"
164.68.125.131 - - [29/Jul/2026:16:54:16 +0200] "POST /wp-cron.php?doing_wp_cron=1785336856.3156120777130126953125 HTTP/1.1" 200 0 "-" "WordPress/6.9.4; https://royalty-trailers.co.za"
216.73.217.39 - - [29/Jul/2026:16:54:16 +0200] "GET /shops/sclav/t4r2a4n0s4f9o5r7m8a6t8ive HTTP/1.1" 404 146249 "-" "Mozilla/5.0 AppleWebKit/537.36 (KHTML, like Gecko; compatible; ClaudeBot/1.0; +claudebot@anthropic.com)"
74.7.243.231 - - [29/Jul/2026:16:54:16 +0200] "GET /?j=m9u3n5g2o5o7s43570 HTTP/1.1" 200 203534 "https://royalty-trailers.co.za/sitemap-pages.xml" "Mozilla/5.0 AppleWebKit/537.36 (KHTML, like Gecko; compatible; GPTBot/1.4; +https://openai.com/gptbot)"
74.7.243.231 - - [29/Jul/2026:16:54:22 +0200] "GET /?j=c9o2l9l0o7i8d86015 HTTP/1.1" 200 203640 "https://royalty-trailers.co.za/sitemap-pages.xml" "Mozilla/5.0 AppleWebKit/537.36 (KHTML, like Gecko; compatible; GPTBot/1.4; +https://openai.com/gptbot)"
66.249.66.164 - - [29/Jul/2026:16:54:27 +0200] "GET /?hough/82927889477 HTTP/1.1" 200 787413 "-" "Mozilla/5.0 (Linux; Android 6.0.1; Nexus 5X Build/MMB29P) AppleWebKit/537.36 (KHTML, like Gecko) Chrome/150.0.7871.128 Mobile Safari/537.36 (compatible; Googlebot/2.1; +http://www.google.com/bot.html)"
74.7.243.231 - - [29/Jul/2026:16:54:29 +0200] "GET /?j=c9o1p1p0l6e3d47175 HTTP/1.1" 200 203478 "https://royalty-trailers.co.za/sitemap-pages.xml" "Mozilla/5.0 AppleWebKit/537.36 (KHTML, like Gecko; compatible; GPTBot/1.4; +https://openai.com/gptbot)"
74.7.243.231 - - [29/Jul/2026:16:54:35 +0200] "GET /?j=m4e2l0i0s4s9a56578 HTTP/1.1" 200 203531 "https://royalty-trailers.co.za/sitemap.xml" "Mozilla/5.0 AppleWebKit/537.36 (KHTML, like Gecko; compatible; GPTBot/1.4; +https://openai.com/gptbot)"
216.73.217.39 - - [29/Jul/2026:16:54:39 +0200] "GET /?j=a4c1c3o4m2m7o9d6a2b5l0eness HTTP/1.1" 200 203463 "-" "Mozilla/5.0 AppleWebKit/537.36 (KHTML, like Gecko; compatible; ClaudeBot/1.0; +claudebot@anthropic.com)"
74.7.243.231 - - [29/Jul/2026:16:54:40 +0200] "GET /?j=c4o3b3w6o4r1k48055 HTTP/1.1" 200 203648 "https://royalty-trailers.co.za/sitemap.xml" "Mozilla/5.0 AppleWebKit/537.36 (KHTML, like Gecko; compatible; GPTBot/1.4; +https://openai.com/gptbot)"
74.7.243.231 - - [29/Jul/2026:16:54:46 +0200] "GET /?j=d4o1v7e4l6e3t03648 HTTP/1.1" 200 203380 "https://royalty-trailers.co.za/sitemap.xml" "Mozilla/5.0 AppleWebKit/537.36 (KHTML, like Gecko; compatible; GPTBot/1.4; +https://openai.com/gptbot)"
216.73.217.39 - - [29/Jul/2026:16:54:47 +0200] "GET /?j=t4r1u7c6k8m6a6n5322 HTTP/1.1" 200 203429 "-" "Mozilla/5.0 AppleWebKit/537.36 (KHTML, like Gecko; compatible; ClaudeBot/1.0; +claudebot@anthropic.com)"
216.73.217.39 - - [29/Jul/2026:16:55:10 +0200] "GET /shops/elcaja/u4n3h3a3r0n1e3s2s203 HTTP/1.1" 404 146249 "-" "Mozilla/5.0 AppleWebKit/537.36 (KHTML, like Gecko; compatible; ClaudeBot/1.0; +claudebot@anthropic.com)"
74.7.243.231 - - [29/Jul/2026:16:55:10 +0200] "GET /?j=p4i1c0c8a9g7e36818 HTTP/1.1" 200 203584 "https://royalty-trailers.co.za/sitemap.xml" "Mozilla/5.0 AppleWebKit/537.36 (KHTML, like Gecko; compatible; GPTBot/1.4; +https://openai.com/gptbot)"
164.68.125.131 - - [29/Jul/2026:16:55:18 +0200] "POST /wp-cron.php?doing_wp_cron=1785336918.2280080318450927734375 HTTP/1.1" 200 0 "-" "WordPress/6.9.4; https://royalty-trailers.co.za"
216.73.217.39 - - [29/Jul/2026:16:55:18 +0200] "GET /shops/phanariot/i4n9t0e8r7p7l9e0a9d1 HTTP/1.1" 404 146249 "-" "Mozilla/5.0 AppleWebKit/537.36 (KHTML, like Gecko; compatible; ClaudeBot/1.0; +claudebot@anthropic.com)"
74.7.243.231 - - [29/Jul/2026:16:55:19 +0200] "GET /?wodegeld/91425357806 HTTP/1.1" 301 0 "https://royalty-trailers.co.za/sitemap-pages.xml" "Mozilla/5.0 AppleWebKit/537.36 (KHTML, like Gecko; compatible; GPTBot/1.4; +https://openai.com/gptbot)"
74.7.243.231 - - [29/Jul/2026:16:55:25 +0200] "GET /?wodegeld%2F91425357806 HTTP/1.1" 200 203939 "https://royalty-trailers.co.za/?wodegeld/91425357806" "Mozilla/5.0 AppleWebKit/537.36 (KHTML, like Gecko; compatible; GPTBot/1.4; +https://openai.com/gptbot)"
66.249.66.163 - - [29/Jul/2026:16:55:25 +0200] "GET /?j=s4e2m7i0s6t8e3e1l240 HTTP/1.1" 200 809924 "-" "Mozilla/5.0 (Linux; Android 6.0.1; Nexus 5X Build/MMB29P) AppleWebKit/537.36 (KHTML, like Gecko) Chrome/150.0.7871.128 Mobile Safari/537.36 (compatible; Googlebot/2.1; +http://www.google.com/bot.html)"
74.7.243.231 - - [29/Jul/2026:16:55:31 +0200] "GET /?j=q4u2e0t4z1a8l12964 HTTP/1.1" 200 203445 "https://royalty-trailers.co.za/sitemap.xml" "Mozilla/5.0 AppleWebKit/537.36 (KHTML, like Gecko; compatible; GPTBot/1.4; +https://openai.com/gptbot)"
74.7.243.231 - - [29/Jul/2026:16:55:37 +0200] "GET /?j=a4n4e2l4a5c3e60957 HTTP/1.1" 200 203383 "https://royalty-trailers.co.za/sitemap.xml" "Mozilla/5.0 AppleWebKit/537.36 (KHTML, like Gecko; compatible; GPTBot/1.4; +https://openai.com/gptbot)"
216.73.217.39 - - [29/Jul/2026:16:55:40 +0200] "GET /shops/fulfil/c4e1n8t5r6i0f6u2g3a1t9e HTTP/1.1" 404 146249 "-" "Mozilla/5.0 AppleWebKit/537.36 (KHTML, like Gecko; compatible; ClaudeBot/1.0; +claudebot@anthropic.com)"
74.7.243.231 - - [29/Jul/2026:16:55:42 +0200] "GET /?j=p4o3l8y3z4o1a50357 HTTP/1.1" 200 203718 "https://royalty-trailers.co.za/sitemap.xml" "Mozilla/5.0 AppleWebKit/537.36 (KHTML, like Gecko; compatible; GPTBot/1.4; +https://openai.com/gptbot)"
74.7.243.231 - - [29/Jul/2026:16:55:48 +0200] "GET /?j=n9e1p3h9i1l9a10458 HTTP/1.1" 200 203758 "https://royalty-trailers.co.za/sitemap-pages.xml" "Mozilla/5.0 AppleWebKit/537.36 (KHTML, like Gecko; compatible; GPTBot/1.4; +https://openai.com/gptbot)"
216.73.217.39 - - [29/Jul/2026:16:55:49 +0200] "GET /?j=t4u3r6r6e6t6h0e7a4d28 HTTP/1.1" 200 203496 "-" "Mozilla/5.0 AppleWebKit/537.36 (KHTML, like Gecko; compatible; ClaudeBot/1.0; +claudebot@anthropic.com)"
74.7.243.231 - - [29/Jul/2026:16:55:54 +0200] "GET /?j=s9u2e5n3t2l1y30157 HTTP/1.1" 200 203474 "https://royalty-trailers.co.za/sitemap-pages.xml" "Mozilla/5.0 AppleWebKit/537.36 (KHTML, like Gecko; compatible; GPTBot/1.4; +https://openai.com/gptbot)"
74.7.243.231 - - [29/Jul/2026:16:55:59 +0200] "GET /?j=s9p1e4c2t1r8e17578 HTTP/1.1" 200 203610 "https://royalty-trailers.co.za/sitemap-pages.xml" "Mozilla/5.0 AppleWebKit/537.36 (KHTML, like Gecko; compatible; GPTBot/1.4; +https://openai.com/gptbot)"
74.7.243.231 - - [29/Jul/2026:16:56:04 +0200] "GET /?j=j9a2c8k7e5t6s50782 HTTP/1.1" 200 203719 "https://royalty-trailers.co.za/sitemap-pages.xml" "Mozilla/5.0 AppleWebKit/537.36 (KHTML, like Gecko; compatible; GPTBot/1.4; +https://openai.com/gptbot)"
74.7.243.231 - - [29/Jul/2026:16:56:10 +0200] "GET /?j=i4n3d7r5a2w6n91732 HTTP/1.1" 200 203845 "https://royalty-trailers.co.za/sitemap.xml" "Mozilla/5.0 AppleWebKit/537.36 (KHTML, like Gecko; compatible; GPTBot/1.4; +https://openai.com/gptbot)"
216.73.217.39 - - [29/Jul/2026:16:56:11 +0200] "GET /shops/drosky/s4u3b2d5i8v6i7s5i8o0n HTTP/1.1" 404 146249 "-" "Mozilla/5.0 AppleWebKit/537.36 (KHTML, like Gecko; compatible; ClaudeBot/1.0; +claudebot@anthropic.com)"
164.68.125.131 - - [29/Jul/2026:16:56:16 +0200] "POST /wp-cron.php?doing_wp_cron=1785336976.6209158897399902343750 HTTP/1.1" 200 0 "-" "WordPress/6.9.4; https://royalty-trailers.co.za"
74.7.243.231 - - [29/Jul/2026:16:56:16 +0200] "GET /?j=c4o2o0l9a2n6t15350 HTTP/1.1" 200 203744 "https://royalty-trailers.co.za/sitemap.xml" "Mozilla/5.0 AppleWebKit/537.36 (KHTML, like Gecko; compatible; GPTBot/1.4; +https://openai.com/gptbot)"
216.73.217.39 - - [29/Jul/2026:16:56:22 +0200] "GET /shops/knockedoutprenominal/d4i2s0j1u5n2c6t1i8v7e0ly HTTP/1.1" 404 146249 "-" "Mozilla/5.0 AppleWebKit/537.36 (KHTML, like Gecko; compatible; ClaudeBot/1.0; +claudebot@anthropic.com)"
66.249.66.165 - - [29/Jul/2026:16:56:33 +0200] "GET /?j=h9a1l9i0o9g8r4a5p6h6y5 HTTP/1.1" 200 802306 "-" "Mozilla/5.0 (compatible; Googlebot/2.1; +http://www.google.com/bot.html)"
74.7.243.231 - - [29/Jul/2026:16:56:41 +0200] "GET /?j=l4i1n7g1u6a6e23755 HTTP/1.1" 200 203389 "https://royalty-trailers.co.za/sitemap.xml" "Mozilla/5.0 AppleWebKit/537.36 (KHTML, like Gecko; compatible; GPTBot/1.4; +https://openai.com/gptbot)"
216.73.217.39 - - [29/Jul/2026:16:56:45 +0200] "GET /shops/chigoe/a4n4t1i5p1h4l6o8g4i7s1tic HTTP/1.1" 404 146249 "-" "Mozilla/5.0 AppleWebKit/537.36 (KHTML, like Gecko; compatible; ClaudeBot/1.0; +claudebot@anthropic.com)"
74.7.243.231 - - [29/Jul/2026:16:56:50 +0200] "GET /?j=c4a2n5t8i6n3e83044 HTTP/1.1" 200 203728 "https://royalty-trailers.co.za/sitemap.xml" "Mozilla/5.0 AppleWebKit/537.36 (KHTML, like Gecko; compatible; GPTBot/1.4; +https://openai.com/gptbot)"
216.73.217.39 - - [29/Jul/2026:16:56:55 +0200] "GET /?j=a4z3o5t6i1z1i9n4g425 HTTP/1.1" 200 203391 "-" "Mozilla/5.0 AppleWebKit/537.36 (KHTML, like Gecko; compatible; ClaudeBot/1.0; +claudebot@anthropic.com)"
74.7.243.231 - - [29/Jul/2026:16:56:55 +0200] "GET /?j=y4a2f6f8l2e3r50452 HTTP/1.1" 200 203584 "https://royalty-trailers.co.za/sitemap.xml" "Mozilla/5.0 AppleWebKit/537.36 (KHTML, like Gecko; compatible; GPTBot/1.4; +https://openai.com/gptbot)"
74.7.243.231 - - [29/Jul/2026:16:57:00 +0200] "GET /?extremum/91245367891 HTTP/1.1" 301 0 "https://royalty-trailers.co.za/sitemap-pages.xml" "Mozilla/5.0 AppleWebKit/537.36 (KHTML, like Gecko; compatible; GPTBot/1.4; +https://openai.com/gptbot)"
74.7.243.231 - - [29/Jul/2026:16:57:05 +0200] "GET /?extremum%2F91245367891 HTTP/1.1" 200 203421 "https://royalty-trailers.co.za/?extremum/91245367891" "Mozilla/5.0 AppleWebKit/537.36 (KHTML, like Gecko; compatible; GPTBot/1.4; +https://openai.com/gptbot)"
74.7.243.231 - - [29/Jul/2026:16:57:10 +0200] "GET /?j=c9a2s9t2l6e4d53168 HTTP/1.1" 200 203380 "https://royalty-trailers.co.za/sitemap-pages.xml" "Mozilla/5.0 AppleWebKit/537.36 (KHTML, like Gecko; compatible; GPTBot/1.4; +https://openai.com/gptbot)"
164.68.125.131 - - [29/Jul/2026:16:57:15 +0200] "POST /wp-cron.php?doing_wp_cron=1785337035.4299590587615966796875 HTTP/1.1" 200 0 "-" "WordPress/6.9.4; https://royalty-trailers.co.za"
74.7.243.231 - - [29/Jul/2026:16:57:15 +0200] "GET /shops/metatungstate/s9e6l4f2e4l4e1c1t9i2ve HTTP/1.1" 404 146249 "https://royalty-trailers.co.za/sitemap-pages.xml" "Mozilla/5.0 AppleWebKit/537.36 (KHTML, like Gecko; compatible; GPTBot/1.4; +https://openai.com/gptbot)"
216.73.217.39 - - [29/Jul/2026:16:57:17 +0200] "GET /?j=c4o4r1r5o1b3o0r4a9t4i8ve HTTP/1.1" 200 147031 "-" "Mozilla/5.0 AppleWebKit/537.36 (KHTML, like Gecko; compatible; ClaudeBot/1.0; +claudebot@anthropic.com)"
74.7.243.231 - - [29/Jul/2026:16:57:19 +0200] "GET /?xanthate/94192092926 HTTP/1.1" 301 0 "https://royalty-trailers.co.za/sitemap-pages.xml" "Mozilla/5.0 AppleWebKit/537.36 (KHTML, like Gecko; compatible; GPTBot/1.4; +https://openai.com/gptbot)"
74.7.243.231 - - [29/Jul/2026:16:57:24 +0200] "GET /?xanthate%2F94192092926 HTTP/1.1" 200 203690 "https://royalty-trailers.co.za/?xanthate/94192092926" "Mozilla/5.0 AppleWebKit/537.36 (KHTML, like Gecko; compatible; GPTBot/1.4; +https://openai.com/gptbot)"
216.73.217.39 - - [29/Jul/2026:16:57:25 +0200] "GET /?j=o4d3o7c8o2i3l1e8u1s87 HTTP/1.1" 200 203489 "-" "Mozilla/5.0 AppleWebKit/537.36 (KHTML, like Gecko; compatible; ClaudeBot/1.0; +claudebot@anthropic.com)"
74.7.243.231 - - [29/Jul/2026:16:57:29 +0200] "GET /?wrestler/42512488421 HTTP/1.1" 301 0 "https://royalty-trailers.co.za/sitemap.xml" "Mozilla/5.0 AppleWebKit/537.36 (KHTML, like Gecko; compatible; GPTBot/1.4; +https://openai.com/gptbot)"
74.7.243.231 - - [29/Jul/2026:16:57:34 +0200] "GET /?wrestler%2F42512488421 HTTP/1.1" 200 203766 "https://royalty-trailers.co.za/?wrestler/42512488421" "Mozilla/5.0 AppleWebKit/537.36 (KHTML, like Gecko; compatible; GPTBot/1.4; +https://openai.com/gptbot)"
74.7.243.231 - - [29/Jul/2026:16:57:39 +0200] "GET /?simonial/42223992091 HTTP/1.1" 301 0 "https://royalty-trailers.co.za/sitemap.xml" "Mozilla/5.0 AppleWebKit/537.36 (KHTML, like Gecko; compatible; GPTBot/1.4; +https://openai.com/gptbot)"
74.7.243.231 - - [29/Jul/2026:16:57:43 +0200] "GET /?simonial%2F42223992091 HTTP/1.1" 200 203450 "https://royalty-trailers.co.za/?simonial/42223992091" "Mozilla/5.0 AppleWebKit/537.36 (KHTML, like Gecko; compatible; GPTBot/1.4; +https://openai.com/gptbot)"
216.73.217.39 - - [29/Jul/2026:16:57:47 +0200] "GET /pipistrellus/fasciculate/4394720987 HTTP/1.1" 404 146249 "-" "Mozilla/5.0 AppleWebKit/537.36 (KHTML, like Gecko; compatible; ClaudeBot/1.0; +claudebot@anthropic.com)"
74.7.243.231 - - [29/Jul/2026:16:57:48 +0200] "GET /shops/warlikeness/b9e4t9a7d8g5l5u3c5o8pyranoside HTTP/1.1" 404 146249 "https://royalty-trailers.co.za/sitemap-pages.xml" "Mozilla/5.0 AppleWebKit/537.36 (KHTML, like Gecko; compatible; GPTBot/1.4; +https://openai.com/gptbot)"
74.7.243.231 - - [29/Jul/2026:16:57:53 +0200] "GET /ruthlessly/prognosticated/l4a2n4d2l3e6a9p7e5r38 HTTP/1.1" 404 81563 "https://royalty-trailers.co.za/sitemap.xml" "Mozilla/5.0 AppleWebKit/537.36 (KHTML, like Gecko; compatible; GPTBot/1.4; +https://openai.com/gptbot)"
216.73.217.39 - - [29/Jul/2026:16:57:56 +0200] "GET /?j=h4a3r8r2o4w7i7n5g624 HTTP/1.1" 200 203534 "-" "Mozilla/5.0 AppleWebKit/537.36 (KHTML, like Gecko; compatible; ClaudeBot/1.0; +claudebot@anthropic.com)"
74.7.243.231 - - [29/Jul/2026:16:57:59 +0200] "GET /shops/internationalization/u4n7c7h4a7s9t7i6t0y0 HTTP/1.1" 404 81563 "https://royalty-trailers.co.za/sitemap.xml" "Mozilla/5.0 AppleWebKit/537.36 (KHTML, like Gecko; compatible; GPTBot/1.4; +https://openai.com/gptbot)"
57.141.0.50 - - [29/Jul/2026:16:58:13 +0200] "GET /capuccio/capsulated/m4o3u9t9h4f3u8l9808 HTTP/1.1" 404 145748 "-" "Mozilla/5.0 (Macintosh; Intel Mac OS X 10_15_7) AppleWebKit/537.36 (KHTML, like Gecko) Chrome/145.0.0.0 Safari/537.36 (compatible; meta-externalagent/1.1 (+https://developers.facebook.com/docs/sharing/webmasters/crawler))"
57.141.0.14 - - [29/Jul/2026:16:58:14 +0200] "GET /?archeologist/43727533346 HTTP/1.1" 301 0 "-" "Mozilla/5.0 (Windows NT 10.0; Win64; x64) AppleWebKit/537.36 (KHTML, like Gecko) Chrome/145.0.0.0 Safari/537.36 (compatible; meta-externalagent/1.1 (+https://developers.facebook.com/docs/sharing/webmasters/crawler))"
164.68.125.131 - - [29/Jul/2026:16:58:19 +0200] "POST /wp-cron.php?doing_wp_cron=1785337099.0099160671234130859375 HTTP/1.1" 200 0 "-" "WordPress/6.9.4; https://royalty-trailers.co.za"
216.73.217.39 - - [29/Jul/2026:16:58:19 +0200] "GET /?j=g4r6u5d2g8i3n3g3l5y5 HTTP/1.1" 200 97879 "-" "Mozilla/5.0 AppleWebKit/537.36 (KHTML, like Gecko; compatible; ClaudeBot/1.0; +claudebot@anthropic.com)"
74.7.243.231 - - [29/Jul/2026:16:58:20 +0200] "GET /?j=l4a3m1e9l8l1a7s5618 HTTP/1.1" 200 203524 "https://royalty-trailers.co.za/sitemap.xml" "Mozilla/5.0 AppleWebKit/537.36 (KHTML, like Gecko; compatible; GPTBot/1.4; +https://openai.com/gptbot)"
216.73.217.39 - - [29/Jul/2026:16:58:27 +0200] "GET /?j=t4a7s8t9e0d43998 HTTP/1.1" 200 203789 "-" "Mozilla/5.0 AppleWebKit/537.36 (KHTML, like Gecko; compatible; ClaudeBot/1.0; +claudebot@anthropic.com)"
74.7.243.231 - - [29/Jul/2026:16:58:33 +0200] "GET /?j=d4e3v8e3s7t7e8d6670 HTTP/1.1" 200 203774 "https://royalty-trailers.co.za/sitemap.xml" "Mozilla/5.0 AppleWebKit/537.36 (KHTML, like Gecko; compatible; GPTBot/1.4; +https://openai.com/gptbot)"
74.7.243.231 - - [29/Jul/2026:16:58:39 +0200] "GET /?j=c9o3c5c0y2z4u2s4090 HTTP/1.1" 200 203476 "https://royalty-trailers.co.za/sitemap-pages.xml" "Mozilla/5.0 AppleWebKit/537.36 (KHTML, like Gecko; compatible; GPTBot/1.4; +https://openai.com/gptbot)"
74.7.243.231 - - [29/Jul/2026:16:58:44 +0200] "GET /?tegmental/93897959216 HTTP/1.1" 301 0 "https://royalty-trailers.co.za/sitemap-pages.xml" "Mozilla/5.0 AppleWebKit/537.36 (KHTML, like Gecko; compatible; GPTBot/1.4; +https://openai.com/gptbot)"
216.73.217.39 - - [29/Jul/2026:16:58:50 +0200] "GET /shops/hemicrania/f4l1e8e1t3776614 HTTP/1.1" 404 146249 "-" "Mozilla/5.0 AppleWebKit/537.36 (KHTML, like Gecko; compatible; ClaudeBot/1.0; +claudebot@anthropic.com)"
74.7.243.231 - - [29/Jul/2026:16:58:50 +0200] "GET /?tegmental%2F93897959216 HTTP/1.1" 200 203473 "https://royalty-trailers.co.za/?tegmental/93897959216" "Mozilla/5.0 AppleWebKit/537.36 (KHTML, like Gecko; compatible; GPTBot/1.4; +https://openai.com/gptbot)"
74.7.243.231 - - [29/Jul/2026:16:58:55 +0200] "GET /?j=m4o3o9n9l8e0s4s7978 HTTP/1.1" 200 203420 "https://royalty-trailers.co.za/sitemap.xml" "Mozilla/5.0 AppleWebKit/537.36 (KHTML, like Gecko; compatible; GPTBot/1.4; +https://openai.com/gptbot)"
216.73.217.39 - - [29/Jul/2026:16:58:59 +0200] "GET /?j=e4n4c0r6o5a2c9h3733 HTTP/1.1" 200 203428 "-" "Mozilla/5.0 AppleWebKit/537.36 (KHTML, like Gecko; compatible; ClaudeBot/1.0; +claudebot@anthropic.com)"
74.7.243.231 - - [29/Jul/2026:16:59:00 +0200] "GET /?j=z9i1g3z4a2g5g0y1990 HTTP/1.1" 200 203407 "https://royalty-trailers.co.za/sitemap-pages.xml" "Mozilla/5.0 AppleWebKit/537.36 (KHTML, like Gecko; compatible; GPTBot/1.4; +https://openai.com/gptbot)"
74.7.243.231 - - [29/Jul/2026:16:59:06 +0200] "GET /?j=a9s2s5a1s3s5i6n3004 HTTP/1.1" 200 203505 "https://royalty-trailers.co.za/sitemap-pages.xml" "Mozilla/5.0 AppleWebKit/537.36 (KHTML, like Gecko; compatible; GPTBot/1.4; +https://openai.com/gptbot)"
164.68.125.131 - - [29/Jul/2026:16:59:12 +0200] "POST /wp-cron.php?doing_wp_cron=1785337152.1892969608306884765625 HTTP/1.1" 200 0 "-" "WordPress/6.9.4; https://royalty-trailers.co.za"
74.7.243.231 - - [29/Jul/2026:16:59:12 +0200] "GET /?j=h4a3n7d2h6o7l6e6267 HTTP/1.1" 200 203829 "https://royalty-trailers.co.za/sitemap.xml" "Mozilla/5.0 AppleWebKit/537.36 (KHTML, like Gecko; compatible; GPTBot/1.4; +https://openai.com/gptbot)"
164.68.125.131 - - [29/Jul/2026:16:59:17 +0200] "POST /wp-cron.php?doing_wp_cron=1785337157.0965878963470458984375 HTTP/1.1" 200 0 "-" "WordPress/6.9.4; https://royalty-trailers.co.za"
74.7.243.231 - - [29/Jul/2026:16:59:17 +0200] "GET /?tolerated/41517090341 HTTP/1.1" 301 0 "https://royalty-trailers.co.za/sitemap.xml" "Mozilla/5.0 AppleWebKit/537.36 (KHTML, like Gecko; compatible; GPTBot/1.4; +https://openai.com/gptbot)"
216.73.217.39 - - [29/Jul/2026:16:59:19 +0200] "GET /?j=b4r8a1i8n7s23875 HTTP/1.1" 200 196183 "-" "Mozilla/5.0 AppleWebKit/537.36 (KHTML, like Gecko; compatible; ClaudeBot/1.0; +claudebot@anthropic.com)"
74.7.243.231 - - [29/Jul/2026:16:59:22 +0200] "GET /?tolerated%2F41517090341 HTTP/1.1" 200 203730 "https://royalty-trailers.co.za/?tolerated/41517090341" "Mozilla/5.0 AppleWebKit/537.36 (KHTML, like Gecko; compatible; GPTBot/1.4; +https://openai.com/gptbot)"
216.73.217.39 - - [29/Jul/2026:16:59:23 +0200] "GET /?j=d4i3f7f4e9r2e3n7t7i3a4te HTTP/1.1" 200 203585 "-" "Mozilla/5.0 AppleWebKit/537.36 (KHTML, like Gecko; compatible; ClaudeBot/1.0; +claudebot@anthropic.com)"
74.7.243.231 - - [29/Jul/2026:16:59:28 +0200] "GET /?j=e9u2p9e5p6s2i9a6568 HTTP/1.1" 200 203382 "https://royalty-trailers.co.za/sitemap-pages.xml" "Mozilla/5.0 AppleWebKit/537.36 (KHTML, like Gecko; compatible; GPTBot/1.4; +https://openai.com/gptbot)"
57.141.0.2 - - [29/Jul/2026:16:59:33 +0200] "GET /shops/closefisted/d4o4n1a4t6i7s3t3262 HTTP/1.1" 404 145748 "-" "Mozilla/5.0 (Macintosh; Intel Mac OS X 10_15_7) AppleWebKit/537.36 (KHTML, like Gecko) Chrome/145.0.0.0 Safari/537.36 (compatible; meta-externalagent/1.1 (+https://developers.facebook.com/docs/sharing/webmasters/crawler))"
74.7.243.231 - - [29/Jul/2026:16:59:33 +0200] "GET /?j=c9e2r1n5u0o5u9s9450 HTTP/1.1" 200 203507 "https://royalty-trailers.co.za/sitemap-pages.xml" "Mozilla/5.0 AppleWebKit/537.36 (KHTML, like Gecko; compatible; GPTBot/1.4; +https://openai.com/gptbot)"
74.7.243.231 - - [29/Jul/2026:16:59:38 +0200] "GET /?j=a9c1t7i1n5i3a7n0209 HTTP/1.1" 200 203397 "https://royalty-trailers.co.za/sitemap-pages.xml" "Mozilla/5.0 AppleWebKit/537.36 (KHTML, like Gecko; compatible; GPTBot/1.4; +https://openai.com/gptbot)"
74.7.243.231 - - [29/Jul/2026:16:59:44 +0200] "GET /?j=p9i3s3t5a3c3i3a9210 HTTP/1.1" 200 203460 "https://royalty-trailers.co.za/sitemap-pages.xml" "Mozilla/5.0 AppleWebKit/537.36 (KHTML, like Gecko; compatible; GPTBot/1.4; +https://openai.com/gptbot)"
216.73.217.39 - - [29/Jul/2026:16:59:44 +0200] "GET /loathliness/f4l5u2e0w0o2r2k946 HTTP/1.1" 404 146249 "-" "Mozilla/5.0 AppleWebKit/537.36 (KHTML, like Gecko; compatible; ClaudeBot/1.0; +claudebot@anthropic.com)"
74.7.243.231 - - [29/Jul/2026:16:59:49 +0200] "GET /?j=s9c3e1n9e0m0e7n2609 HTTP/1.1" 200 203629 "https://royalty-trailers.co.za/sitemap-pages.xml" "Mozilla/5.0 AppleWebKit/537.36 (KHTML, like Gecko; compatible; GPTBot/1.4; +https://openai.com/gptbot)"
216.73.217.39 - - [29/Jul/2026:16:59:53 +0200] "GET /shops/inutterable/f4i1b0r5i9l6l7a6t4i0o9n HTTP/1.1" 404 146249 "-" "Mozilla/5.0 AppleWebKit/537.36 (KHTML, like Gecko; compatible; ClaudeBot/1.0; +claudebot@anthropic.com)"
74.7.243.231 - - [29/Jul/2026:16:59:55 +0200] "GET /?jacobaean/42386841136 HTTP/1.1" 301 0 "https://royalty-trailers.co.za/sitemap.xml" "Mozilla/5.0 AppleWebKit/537.36 (KHTML, like Gecko; compatible; GPTBot/1.4; +https://openai.com/gptbot)"
216.73.217.39 - - [29/Jul/2026:16:59:58 +0200] "GET /?j=l4a1y0n8e3r507997 HTTP/1.1" 200 203735 "-" "Mozilla/5.0 AppleWebKit/537.36 (KHTML, like Gecko; compatible; ClaudeBot/1.0; +claudebot@anthropic.com)"
74.7.243.231 - - [29/Jul/2026:17:00:02 +0200] "GET /?jacobaean%2F42386841136 HTTP/1.1" 200 203855 "https://royalty-trailers.co.za/?jacobaean/42386841136" "Mozilla/5.0 AppleWebKit/537.36 (KHTML, like Gecko; compatible; GPTBot/1.4; +https://openai.com/gptbot)"
74.7.243.231 - - [29/Jul/2026:17:00:11 +0200] "GET /?j=p9a2g8i5n5a5t2e6188 HTTP/1.1" 200 203348 "https://royalty-trailers.co.za/sitemap-pages.xml" "Mozilla/5.0 AppleWebKit/537.36 (KHTML, like Gecko; compatible; GPTBot/1.4; +https://openai.com/gptbot)"
66.249.66.165 - - [29/Jul/2026:17:00:13 +0200] "GET /?j=d7e4v1a9n2a6g4a5r5i10 HTTP/1.1" 200 786997 "-" "Mozilla/5.0 (Linux; Android 6.0.1; Nexus 5X Build/MMB29P) AppleWebKit/537.36 (KHTML, like Gecko) Chrome/150.0.7871.128 Mobile Safari/537.36 (compatible; Googlebot/2.1; +http://www.google.com/bot.html)"
164.68.125.131 - - [29/Jul/2026:17:00:19 +0200] "POST /wp-cron.php?doing_wp_cron=1785337219.5365760326385498046875 HTTP/1.1" 200 0 "-" "WordPress/6.9.4; https://royalty-trailers.co.za"
74.7.243.231 - - [29/Jul/2026:17:00:19 +0200] "GET /?j=z4a3m4b4o2n2i5s1544 HTTP/1.1" 200 203501 "https://royalty-trailers.co.za/sitemap.xml" "Mozilla/5.0 AppleWebKit/537.36 (KHTML, like Gecko; compatible; GPTBot/1.4; +https://openai.com/gptbot)"
216.73.217.39 - - [29/Jul/2026:17:00:19 +0200] "GET /shops/sioux/u4n4e2l6a5s2t2i6c4i0t7y HTTP/1.1" 404 146249 "-" "Mozilla/5.0 AppleWebKit/537.36 (KHTML, like Gecko; compatible; ClaudeBot/1.0; +claudebot@anthropic.com)"
74.7.243.231 - - [29/Jul/2026:17:00:27 +0200] "GET /?j=p4l3a4g4i1a0r3y9445 HTTP/1.1" 200 203517 "https://royalty-trailers.co.za/sitemap.xml" "Mozilla/5.0 AppleWebKit/537.36 (KHTML, like Gecko; compatible; GPTBot/1.4; +https://openai.com/gptbot)"
216.73.217.39 - - [29/Jul/2026:17:00:29 +0200] "GET /?j=k4e3l7o1t6o8m1y1208 HTTP/1.1" 200 203618 "-" "Mozilla/5.0 AppleWebKit/537.36 (KHTML, like Gecko; compatible; ClaudeBot/1.0; +claudebot@anthropic.com)"
74.7.243.231 - - [29/Jul/2026:17:00:32 +0200] "GET /?noiseless/41372105231 HTTP/1.1" 301 0 "https://royalty-trailers.co.za/sitemap.xml" "Mozilla/5.0 AppleWebKit/537.36 (KHTML, like Gecko; compatible; GPTBot/1.4; +https://openai.com/gptbot)"
216.73.217.39 - - [29/Jul/2026:17:00:36 +0200] "GET /?j=c4o1n8f8e0r2m8e5n1t39 HTTP/1.1" 200 203563 "-" "Mozilla/5.0 AppleWebKit/537.36 (KHTML, like Gecko; compatible; ClaudeBot/1.0; +claudebot@anthropic.com)"
74.7.243.231 - - [29/Jul/2026:17:00:41 +0200] "GET /?noiseless%2F41372105231 HTTP/1.1" 200 203544 "https://royalty-trailers.co.za/?noiseless/41372105231" "Mozilla/5.0 AppleWebKit/537.36 (KHTML, like Gecko; compatible; GPTBot/1.4; +https://openai.com/gptbot)"
216.73.217.39 - - [29/Jul/2026:17:00:42 +0200] "GET /shops/duskness/a4n3t5h0r3o9p3o0i4d6e5s HTTP/1.1" 404 146249 "-" "Mozilla/5.0 AppleWebKit/537.36 (KHTML, like Gecko; compatible; ClaudeBot/1.0; +claudebot@anthropic.com)"
74.7.243.231 - - [29/Jul/2026:17:00:47 +0200] "GET /?j=r4e4c0o2r7d8e9r1410 HTTP/1.1" 200 203785 "https://royalty-trailers.co.za/sitemap.xml" "Mozilla/5.0 AppleWebKit/537.36 (KHTML, like Gecko; compatible; GPTBot/1.4; +https://openai.com/gptbot)"
216.73.217.39 - - [29/Jul/2026:17:00:49 +0200] "GET /?j=c4a2m9p2e2p1h5i8l6u4s0 HTTP/1.1" 200 203597 "-" "Mozilla/5.0 AppleWebKit/537.36 (KHTML, like Gecko; compatible; ClaudeBot/1.0; +claudebot@anthropic.com)"
74.7.243.231 - - [29/Jul/2026:17:00:52 +0200] "GET /?j=l9e1u0c0o4n0i6c1505 HTTP/1.1" 200 203571 "https://royalty-trailers.co.za/sitemap-pages.xml" "Mozilla/5.0 AppleWebKit/537.36 (KHTML, like Gecko; compatible; GPTBot/1.4; +https://openai.com/gptbot)"
216.73.217.39 - - [29/Jul/2026:17:00:54 +0200] "GET /?j=c4a3c3t3a0c8e5o0u6s57 HTTP/1.1" 200 203629 "-" "Mozilla/5.0 AppleWebKit/537.36 (KHTML, like Gecko; compatible; ClaudeBot/1.0; +claudebot@anthropic.com)"
74.7.243.231 - - [29/Jul/2026:17:00:57 +0200] "GET /?excisable/92125532201 HTTP/1.1" 301 0 "https://royalty-trailers.co.za/sitemap-pages.xml" "Mozilla/5.0 AppleWebKit/537.36 (KHTML, like Gecko; compatible; GPTBot/1.4; +https://openai.com/gptbot)"
216.73.217.39 - - [29/Jul/2026:17:01:00 +0200] "GET /shops/steroisomerism/l4i2c2e2n5s2e9e0388 HTTP/1.1" 404 146249 "-" "Mozilla/5.0 AppleWebKit/537.36 (KHTML, like Gecko; compatible; ClaudeBot/1.0; +claudebot@anthropic.com)"
74.7.243.231 - - [29/Jul/2026:17:01:02 +0200] "GET /?excisable%2F92125532201 HTTP/1.1" 200 203980 "https://royalty-trailers.co.za/?excisable/92125532201" "Mozilla/5.0 AppleWebKit/537.36 (KHTML, like Gecko; compatible; GPTBot/1.4; +https://openai.com/gptbot)"
57.141.0.2 - - [29/Jul/2026:17:01:03 +0200] "GET /?j=r4o1s1e7a6t6e88779 HTTP/1.1" 200 202855 "-" "Mozilla/5.0 (Macintosh; Intel Mac OS X 10_15_7) AppleWebKit/537.36 (KHTML, like Gecko) Chrome/145.0.0.0 Safari/537.36 (compatible; meta-externalagent/1.1 (+https://developers.facebook.com/docs/sharing/webmasters/crawler))"
216.73.217.39 - - [29/Jul/2026:17:01:08 +0200] "GET /shops/lipogrammatist/p4o2m6p0i1l8i4d1a5e41 HTTP/1.1" 404 146249 "-" "Mozilla/5.0 AppleWebKit/537.36 (KHTML, like Gecko; compatible; ClaudeBot/1.0; +claudebot@anthropic.com)"
74.7.243.231 - - [29/Jul/2026:17:01:08 +0200] "GET /?j=b4o1o1t8l2e7s7s1163 HTTP/1.1" 200 203518 "https://royalty-trailers.co.za/sitemap.xml" "Mozilla/5.0 AppleWebKit/537.36 (KHTML, like Gecko; compatible; GPTBot/1.4; +https://openai.com/gptbot)"
164.68.125.131 - - [29/Jul/2026:17:01:16 +0200] "POST /wp-cron.php?doing_wp_cron=1785337276.5965108871459960937500 HTTP/1.1" 200 0 "-" "WordPress/6.9.4; https://royalty-trailers.co.za"
74.7.243.231 - - [29/Jul/2026:17:01:16 +0200] "GET /?j=e9n2d1a0n2g0e4r9230 HTTP/1.1" 200 203507 "https://royalty-trailers.co.za/sitemap-pages.xml" "Mozilla/5.0 AppleWebKit/537.36 (KHTML, like Gecko; compatible; GPTBot/1.4; +https://openai.com/gptbot)"
216.73.217.39 - - [29/Jul/2026:17:01:19 +0200] "GET /shops/notion/f4l4o4w0e7r0d7e3l5u8ce HTTP/1.1" 404 146249 "-" "Mozilla/5.0 AppleWebKit/537.36 (KHTML, like Gecko; compatible; ClaudeBot/1.0; +claudebot@anthropic.com)"
74.7.243.231 - - [29/Jul/2026:17:01:22 +0200] "GET /?j=g9a3l9a2c4t0i4c8220 HTTP/1.1" 200 203384 "https://royalty-trailers.co.za/sitemap-pages.xml" "Mozilla/5.0 AppleWebKit/537.36 (KHTML, like Gecko; compatible; GPTBot/1.4; +https://openai.com/gptbot)"
74.7.243.231 - - [29/Jul/2026:17:01:28 +0200] "GET /?j=m9u1h6a1r0r5a9m2104 HTTP/1.1" 200 203604 "https://royalty-trailers.co.za/sitemap-pages.xml" "Mozilla/5.0 AppleWebKit/537.36 (KHTML, like Gecko; compatible; GPTBot/1.4; +https://openai.com/gptbot)"
216.73.217.39 - - [29/Jul/2026:17:01:31 +0200] "GET /?j=e4l3i3x2a1t7i2o0n688 HTTP/1.1" 200 179799 "-" "Mozilla/5.0 AppleWebKit/537.36 (KHTML, like Gecko; compatible; ClaudeBot/1.0; +claudebot@anthropic.com)"
74.7.243.231 - - [29/Jul/2026:17:01:34 +0200] "GET /?ceilinged/43556904236 HTTP/1.1" 301 0 "https://royalty-trailers.co.za/sitemap.xml" "Mozilla/5.0 AppleWebKit/537.36 (KHTML, like Gecko; compatible; GPTBot/1.4; +https://openai.com/gptbot)"
216.73.217.39 - - [29/Jul/2026:17:01:35 +0200] "GET /?j=s4t3a7l8k0e9d42549 HTTP/1.1" 200 203560 "-" "Mozilla/5.0 AppleWebKit/537.36 (KHTML, like Gecko; compatible; ClaudeBot/1.0; +claudebot@anthropic.com)"
74.7.243.231 - - [29/Jul/2026:17:01:41 +0200] "GET /?ceilinged%2F43556904236 HTTP/1.1" 200 203732 "https://royalty-trailers.co.za/?ceilinged/43556904236" "Mozilla/5.0 AppleWebKit/537.36 (KHTML, like Gecko; compatible; GPTBot/1.4; +https://openai.com/gptbot)"
74.7.243.231 - - [29/Jul/2026:17:01:47 +0200] "GET /?j=c4r3a4c8k3l4e3d4943 HTTP/1.1" 200 203853 "https://royalty-trailers.co.za/sitemap.xml" "Mozilla/5.0 AppleWebKit/537.36 (KHTML, like Gecko; compatible; GPTBot/1.4; +https://openai.com/gptbot)"
74.7.243.231 - - [29/Jul/2026:17:01:53 +0200] "GET /?j=a9r2a4r8a3u9n3a3788 HTTP/1.1" 200 203535 "https://royalty-trailers.co.za/sitemap-pages.xml" "Mozilla/5.0 AppleWebKit/537.36 (KHTML, like Gecko; compatible; GPTBot/1.4; +https://openai.com/gptbot)"
216.73.217.39 - - [29/Jul/2026:17:01:55 +0200] "GET /?j=n4o3u0l3e0823999 HTTP/1.1" 200 203647 "-" "Mozilla/5.0 AppleWebKit/537.36 (KHTML, like Gecko; compatible; ClaudeBot/1.0; +claudebot@anthropic.com)"
57.141.0.16 - - [29/Jul/2026:17:01:55 +0200] "GET /shops/sopor/a4c4t1i4n1i0a0r8i8a24 HTTP/1.1" 404 145748 "-" "Mozilla/5.0 (Macintosh; Intel Mac OS X 10_15_7) AppleWebKit/537.36 (KHTML, like Gecko) Chrome/145.0.0.0 Safari/537.36 (compatible; meta-externalagent/1.1 (+https://developers.facebook.com/docs/sharing/webmasters/crawler))"
74.7.243.231 - - [29/Jul/2026:17:01:58 +0200] "GET /?exosseous/43949669806 HTTP/1.1" 301 0 "https://royalty-trailers.co.za/sitemap.xml" "Mozilla/5.0 AppleWebKit/537.36 (KHTML, like Gecko; compatible; GPTBot/1.4; +https://openai.com/gptbot)"
74.7.243.231 - - [29/Jul/2026:17:02:04 +0200] "GET /?exosseous%2F43949669806 HTTP/1.1" 200 203502 "https://royalty-trailers.co.za/?exosseous/43949669806" "Mozilla/5.0 AppleWebKit/537.36 (KHTML, like Gecko; compatible; GPTBot/1.4; +https://openai.com/gptbot)"
74.7.243.231 - - [29/Jul/2026:17:02:11 +0200] "GET /mezquita/c9o2r4e5l6i4g5i0o8n6i6stljnst HTTP/1.1" 404 146249 "https://royalty-trailers.co.za/sitemap-pages.xml" "Mozilla/5.0 AppleWebKit/537.36 (KHTML, like Gecko; compatible; GPTBot/1.4; +https://openai.com/gptbot)"
164.68.125.131 - - [29/Jul/2026:17:02:18 +0200] "POST /wp-cron.php?doing_wp_cron=1785337338.9635128974914550781250 HTTP/1.1" 200 0 "-" "WordPress/6.9.4; https://royalty-trailers.co.za"
74.7.243.231 - - [29/Jul/2026:17:02:19 +0200] "GET /?j=d4e2f8r5a3y0e7r5999 HTTP/1.1" 200 203915 "https://royalty-trailers.co.za/sitemap.xml" "Mozilla/5.0 AppleWebKit/537.36 (KHTML, like Gecko; compatible; GPTBot/1.4; +https://openai.com/gptbot)"
216.73.217.39 - - [29/Jul/2026:17:02:20 +0200] "GET /?j=c4o2u4n8t8e7r4t6i3m2e2 HTTP/1.1" 200 203474 "-" "Mozilla/5.0 AppleWebKit/537.36 (KHTML, like Gecko; compatible; ClaudeBot/1.0; +claudebot@anthropic.com)"
74.7.243.231 - - [29/Jul/2026:17:02:24 +0200] "GET /?pactional/93405289991 HTTP/1.1" 301 0 "https://royalty-trailers.co.za/sitemap-pages.xml" "Mozilla/5.0 AppleWebKit/537.36 (KHTML, like Gecko; compatible; GPTBot/1.4; +https://openai.com/gptbot)"
216.73.217.39 - - [29/Jul/2026:17:02:25 +0200] "GET /?j=a4m2n9i1o0n370420 HTTP/1.1" 200 203523 "-" "Mozilla/5.0 AppleWebKit/537.36 (KHTML, like Gecko; compatible; ClaudeBot/1.0; +claudebot@anthropic.com)"
74.7.243.231 - - [29/Jul/2026:17:02:30 +0200] "GET /?pactional%2F93405289991 HTTP/1.1" 200 203542 "https://royalty-trailers.co.za/?pactional/93405289991" "Mozilla/5.0 AppleWebKit/537.36 (KHTML, like Gecko; compatible; GPTBot/1.4; +https://openai.com/gptbot)"
74.7.243.231 - - [29/Jul/2026:17:02:35 +0200] "GET /?j=t4e5n9e7b5r7a7e225 HTTP/1.1" 200 203502 "https://royalty-trailers.co.za/sitemap.xml" "Mozilla/5.0 AppleWebKit/537.36 (KHTML, like Gecko; compatible; GPTBot/1.4; +https://openai.com/gptbot)"
66.249.66.163 - - [29/Jul/2026:17:02:37 +0200] "GET /?j=o1b2s4e4q2u3i0o2u9s07 HTTP/1.1" 200 833392 "-" "Mozilla/5.0 (compatible; Googlebot/2.1; +http://www.google.com/bot.html)"
74.7.243.231 - - [29/Jul/2026:17:02:41 +0200] "GET /?j=b4i8b0i0t8o8r6y604 HTTP/1.1" 200 203436 "https://royalty-trailers.co.za/sitemap.xml" "Mozilla/5.0 AppleWebKit/537.36 (KHTML, like Gecko; compatible; GPTBot/1.4; +https://openai.com/gptbot)"
74.7.243.231 - - [29/Jul/2026:17:02:47 +0200] "GET /?j=t4r3i7l6o0g8y95280 HTTP/1.1" 200 203534 "https://royalty-trailers.co.za/sitemap.xml" "Mozilla/5.0 AppleWebKit/537.36 (KHTML, like Gecko; compatible; GPTBot/1.4; +https://openai.com/gptbot)"
216.73.217.39 - - [29/Jul/2026:17:02:49 +0200] "GET /shops/myotomic/m4e3d9i4t0a6t4i8s9t58 HTTP/1.1" 404 146249 "-" "Mozilla/5.0 AppleWebKit/537.36 (KHTML, like Gecko; compatible; ClaudeBot/1.0; +claudebot@anthropic.com)"
74.7.243.231 - - [29/Jul/2026:17:02:52 +0200] "GET /?j=f4a1c1i6e0n8d27305 HTTP/1.1" 200 203407 "https://royalty-trailers.co.za/sitemap.xml" "Mozilla/5.0 AppleWebKit/537.36 (KHTML, like Gecko; compatible; GPTBot/1.4; +https://openai.com/gptbot)"
216.73.217.39 - - [29/Jul/2026:17:02:58 +0200] "GET /shops/adulterer/v4e1n2e7f6i4c5i1o2u6s4ly HTTP/1.1" 404 146249 "-" "Mozilla/5.0 AppleWebKit/537.36 (KHTML, like Gecko; compatible; ClaudeBot/1.0; +claudebot@anthropic.com)"
66.249.66.201 - - [29/Jul/2026:17:03:10 +0200] "GET /review/goods/R1673977000 HTTP/1.1" 200 826745 "-" "Mozilla/5.0 (Linux; Android 6.0.1; Nexus 5X Build/MMB29P) AppleWebKit/537.36 (KHTML, like Gecko) Chrome/150.0.7871.128 Mobile Safari/537.36 (compatible; Googlebot/2.1; +http://www.google.com/bot.html)"
164.68.125.131 - - [29/Jul/2026:17:03:15 +0200] "POST /wp-cron.php?doing_wp_cron=1785337395.9362590312957763671875 HTTP/1.1" 200 0 "-" "WordPress/6.9.4; https://royalty-trailers.co.za"
216.73.217.39 - - [29/Jul/2026:17:03:16 +0200] "GET /inhiation/somewhither/s4h2e5w1e6r047425 HTTP/1.1" 404 146249 "-" "Mozilla/5.0 AppleWebKit/537.36 (KHTML, like Gecko; compatible; ClaudeBot/1.0; +claudebot@anthropic.com)"
74.7.243.231 - - [29/Jul/2026:17:03:20 +0200] "GET /?j=c4h1o9l3e3r8a66075 HTTP/1.1" 200 203782 "https://royalty-trailers.co.za/sitemap.xml" "Mozilla/5.0 AppleWebKit/537.36 (KHTML, like Gecko; compatible; GPTBot/1.4; +https://openai.com/gptbot)"
216.73.217.39 - - [29/Jul/2026:17:03:22 +0200] "GET /?j=m4a2r3t8y9r1s8h8i0p09 HTTP/1.1" 200 203769 "-" "Mozilla/5.0 AppleWebKit/537.36 (KHTML, like Gecko; compatible; ClaudeBot/1.0; +claudebot@anthropic.com)"
74.7.243.231 - - [29/Jul/2026:17:03:26 +0200] "GET /sitemap-product.xml HTTP/1.1" 200 176179 "-" "Mozilla/5.0 AppleWebKit/537.36 (KHTML, like Gecko; compatible; GPTBot/1.4; +https://openai.com/gptbot)"
164.68.125.131 - - [29/Jul/2026:17:03:32 +0200] "POST /wp-cron.php?doing_wp_cron=1785337412.6812601089477539062500 HTTP/1.1" 200 0 "-" "WordPress/6.9.4; https://royalty-trailers.co.za"
74.7.243.231 - - [29/Jul/2026:17:03:32 +0200] "GET /?j=o9l5n0e7y7a3244 HTTP/1.1" 200 203544 "https://royalty-trailers.co.za/sitemap-pages.xml" "Mozilla/5.0 AppleWebKit/537.36 (KHTML, like Gecko; compatible; GPTBot/1.4; +https://openai.com/gptbot)"
74.7.243.231 - - [29/Jul/2026:17:03:38 +0200] "GET /?j=a9l3c2a2r6r1a7z7a54 HTTP/1.1" 200 203757 "https://royalty-trailers.co.za/sitemap-pages.xml" "Mozilla/5.0 AppleWebKit/537.36 (KHTML, like Gecko; compatible; GPTBot/1.4; +https://openai.com/gptbot)"
216.73.217.39 - - [29/Jul/2026:17:03:40 +0200] "GET /repetitioner/w4r2a0c3k5771261 HTTP/1.1" 404 146249 "-" "Mozilla/5.0 AppleWebKit/537.36 (KHTML, like Gecko; compatible; ClaudeBot/1.0; +claudebot@anthropic.com)"
74.7.243.231 - - [29/Jul/2026:17:03:43 +0200] "GET /?tutworkmen/4428018401 HTTP/1.1" 301 0 "https://royalty-trailers.co.za/sitemap.xml" "Mozilla/5.0 AppleWebKit/537.36 (KHTML, like Gecko; compatible; GPTBot/1.4; +https://openai.com/gptbot)"
74.7.243.231 - - [29/Jul/2026:17:03:48 +0200] "GET /?tutworkmen%2F4428018401 HTTP/1.1" 200 203501 "https://royalty-trailers.co.za/?tutworkmen/4428018401" "Mozilla/5.0 AppleWebKit/537.36 (KHTML, like Gecko; compatible; GPTBot/1.4; +https://openai.com/gptbot)"
74.7.243.231 - - [29/Jul/2026:17:03:53 +0200] "GET /?j=e4p4o4n5y3m7i3s4t55 HTTP/1.1" 200 203487 "https://royalty-trailers.co.za/sitemap.xml" "Mozilla/5.0 AppleWebKit/537.36 (KHTML, like Gecko; compatible; GPTBot/1.4; +https://openai.com/gptbot)"
57.141.0.34 - - [29/Jul/2026:17:03:55 +0200] "GET /thienamycins/trochaic/s4p1r4i7n2g0t3i4m5e88 HTTP/1.1" 404 145748 "-" "Mozilla/5.0 (Macintosh; Intel Mac OS X 10_15_7) AppleWebKit/537.36 (KHTML, like Gecko) Chrome/145.0.0.0 Safari/537.36 (compatible; meta-externalagent/1.1 (+https://developers.facebook.com/docs/sharing/webmasters/crawler))"
216.73.217.39 - - [29/Jul/2026:17:03:57 +0200] "GET /?j=l4a3v5i9s9h0l5y8870 HTTP/1.1" 200 203624 "-" "Mozilla/5.0 AppleWebKit/537.36 (KHTML, like Gecko; compatible; ClaudeBot/1.0; +claudebot@anthropic.com)"
74.7.243.231 - - [29/Jul/2026:17:04:07 +0200] "GET /?indefinite/9350100676 HTTP/1.1" 301 0 "https://royalty-trailers.co.za/sitemap-pages.xml" "Mozilla/5.0 AppleWebKit/537.36 (KHTML, like Gecko; compatible; GPTBot/1.4; +https://openai.com/gptbot)"
57.141.0.48 - - [29/Jul/2026:17:04:11 +0200] "GET /shops/conclave/d8r4o1v3e2n441237 HTTP/1.1" 404 145748 "-" "Mozilla/5.0 (Macintosh; Intel Mac OS X 10_15_7) AppleWebKit/537.36 (KHTML, like Gecko) Chrome/145.0.0.0 Safari/537.36 (compatible; meta-externalagent/1.1 (+https://developers.facebook.com/docs/sharing/webmasters/crawler))"
164.68.125.131 - - [29/Jul/2026:17:04:21 +0200] "POST /wp-cron.php?doing_wp_cron=1785337461.8841640949249267578125 HTTP/1.1" 200 0 "-" "WordPress/6.9.4; https://royalty-trailers.co.za"
216.73.217.39 - - [29/Jul/2026:17:04:21 +0200] "GET /shops/frenchman/u4n8c9o4n5f6o6r7m0i5st HTTP/1.1" 404 146249 "-" "Mozilla/5.0 AppleWebKit/537.36 (KHTML, like Gecko; compatible; ClaudeBot/1.0; +claudebot@anthropic.com)"
216.73.217.39 - - [29/Jul/2026:17:04:30 +0200] "GET /?j=o4u3t2b8r8a6y18682 HTTP/1.1" 200 203505 "-" "Mozilla/5.0 AppleWebKit/537.36 (KHTML, like Gecko; compatible; ClaudeBot/1.0; +claudebot@anthropic.com)"
