74.7.243.231 - - [29/Jul/2026:15:48:42 +0200] "GET /lacker/p4h2o6n2o1042491 HTTP/1.1" 404 81563 "https://royalty-trailers.co.za/sitemap.xml" "Mozilla/5.0 AppleWebKit/537.36 (KHTML, like Gecko; compatible; GPTBot/1.4; +https://openai.com/gptbot)"
74.7.243.231 - - [29/Jul/2026:15:48:47 +0200] "GET /tyrannized/r4e1s1t3i1n9c6t8i7o6n1 HTTP/1.1" 404 81563 "https://royalty-trailers.co.za/sitemap.xml" "Mozilla/5.0 AppleWebKit/537.36 (KHTML, like Gecko; compatible; GPTBot/1.4; +https://openai.com/gptbot)"
216.73.217.39 - - [29/Jul/2026:15:48:50 +0200] "GET /shops/sexto/d4i1s9p7e1r5m3a918 HTTP/1.1" 404 146249 "-" "Mozilla/5.0 AppleWebKit/537.36 (KHTML, like Gecko; compatible; ClaudeBot/1.0; +claudebot@anthropic.com)"
74.7.243.231 - - [29/Jul/2026:15:48:52 +0200] "GET /lunar/u4n2l1i7n7e9d42016 HTTP/1.1" 404 81563 "https://royalty-trailers.co.za/sitemap.xml" "Mozilla/5.0 AppleWebKit/537.36 (KHTML, like Gecko; compatible; GPTBot/1.4; +https://openai.com/gptbot)"
216.73.217.39 - - [29/Jul/2026:15:48:56 +0200] "GET /?j=x4e3n5i4a9694093 HTTP/1.1" 200 203397 "-" "Mozilla/5.0 AppleWebKit/537.36 (KHTML, like Gecko; compatible; ClaudeBot/1.0; +claudebot@anthropic.com)"
74.7.243.231 - - [29/Jul/2026:15:48:56 +0200] "GET /sequacity/e4r3y2t8h5e9m2a6t4o5u1s HTTP/1.1" 404 81563 "https://royalty-trailers.co.za/sitemap.xml" "Mozilla/5.0 AppleWebKit/537.36 (KHTML, like Gecko; compatible; GPTBot/1.4; +https://openai.com/gptbot)"
74.7.243.231 - - [29/Jul/2026:15:49:00 +0200] "GET /defrost/c4a2b5i3n4595786 HTTP/1.1" 404 81563 "https://royalty-trailers.co.za/sitemap.xml" "Mozilla/5.0 AppleWebKit/537.36 (KHTML, like Gecko; compatible; GPTBot/1.4; +https://openai.com/gptbot)"
164.68.125.131 - - [29/Jul/2026:15:49:20 +0200] "POST /wp-cron.php?doing_wp_cron=1785332959.9824469089508056640625 HTTP/1.1" 200 0 "-" "WordPress/6.9.4; https://royalty-trailers.co.za"
216.73.217.39 - - [29/Jul/2026:15:49:20 +0200] "GET /shops/dynamograph/m4y3r3i9o8r0a6m3a912 HTTP/1.1" 404 146249 "-" "Mozilla/5.0 AppleWebKit/537.36 (KHTML, like Gecko; compatible; ClaudeBot/1.0; +claudebot@anthropic.com)"
216.73.217.39 - - [29/Jul/2026:15:49:26 +0200] "GET /neoplasty/a4d2h1e5s1i0v4e8n7e0s6s HTTP/1.1" 404 146249 "-" "Mozilla/5.0 AppleWebKit/537.36 (KHTML, like Gecko; compatible; ClaudeBot/1.0; +claudebot@anthropic.com)"
74.7.243.231 - - [29/Jul/2026:15:49:31 +0200] "GET /pendulums/c4e3n8t3r5i3f6u2g4e5n6ce HTTP/1.1" 404 81563 "https://royalty-trailers.co.za/sitemap.xml" "Mozilla/5.0 AppleWebKit/537.36 (KHTML, like Gecko; compatible; GPTBot/1.4; +https://openai.com/gptbot)"
216.73.217.39 - - [29/Jul/2026:15:49:43 +0200] "GET /shops/unsupportableness/a4s2t9o0u1n9d23219 HTTP/1.1" 404 146249 "-" "Mozilla/5.0 AppleWebKit/537.36 (KHTML, like Gecko; compatible; ClaudeBot/1.0; +claudebot@anthropic.com)"
74.7.243.231 - - [29/Jul/2026:15:49:48 +0200] "GET /episcopate/p4y3c1n8o3d2o4n4t7i4n6i HTTP/1.1" 404 81563 "https://royalty-trailers.co.za/sitemap.xml" "Mozilla/5.0 AppleWebKit/537.36 (KHTML, like Gecko; compatible; GPTBot/1.4; +https://openai.com/gptbot)"
74.7.243.231 - - [29/Jul/2026:15:49:51 +0200] "GET /adjutant/c4e3n7t0a4v6o58886 HTTP/1.1" 404 81563 "https://royalty-trailers.co.za/sitemap.xml" "Mozilla/5.0 AppleWebKit/537.36 (KHTML, like Gecko; compatible; GPTBot/1.4; +https://openai.com/gptbot)"
74.7.243.231 - - [29/Jul/2026:15:49:55 +0200] "GET /phainopepla/s4u3p3p3o5s6i8t0o2r6y1 HTTP/1.1" 404 81563 "https://royalty-trailers.co.za/sitemap.xml" "Mozilla/5.0 AppleWebKit/537.36 (KHTML, like Gecko; compatible; GPTBot/1.4; +https://openai.com/gptbot)"
216.73.217.39 - - [29/Jul/2026:15:49:56 +0200] "GET /shops/salinometer/r4e2c1o4g1n8i5t8u6m21 HTTP/1.1" 404 146249 "-" "Mozilla/5.0 AppleWebKit/537.36 (KHTML, like Gecko; compatible; ClaudeBot/1.0; +claudebot@anthropic.com)"
74.7.243.231 - - [29/Jul/2026:15:49:58 +0200] "GET /larchen/p4h2a7s8e8l340656 HTTP/1.1" 404 81563 "https://royalty-trailers.co.za/sitemap.xml" "Mozilla/5.0 AppleWebKit/537.36 (KHTML, like Gecko; compatible; GPTBot/1.4; +https://openai.com/gptbot)"
74.7.243.231 - - [29/Jul/2026:15:50:04 +0200] "GET /chilly/p4o4u2n4d6e5r73056 HTTP/1.1" 404 130715 "https://royalty-trailers.co.za/sitemap.xml" "Mozilla/5.0 AppleWebKit/537.36 (KHTML, like Gecko; compatible; GPTBot/1.4; +https://openai.com/gptbot)"
74.7.243.231 - - [29/Jul/2026:15:50:08 +0200] "GET /looted/b4a2r0m0o6t1e68661 HTTP/1.1" 404 81563 "https://royalty-trailers.co.za/sitemap.xml" "Mozilla/5.0 AppleWebKit/537.36 (KHTML, like Gecko; compatible; GPTBot/1.4; +https://openai.com/gptbot)"
74.7.243.231 - - [29/Jul/2026:15:50:12 +0200] "GET /excel/e4n1v9e8n7o2m5i6n1g66 HTTP/1.1" 404 114331 "https://royalty-trailers.co.za/sitemap.xml" "Mozilla/5.0 AppleWebKit/537.36 (KHTML, like Gecko; compatible; GPTBot/1.4; +https://openai.com/gptbot)"
164.68.125.131 - - [29/Jul/2026:15:50:15 +0200] "POST /wp-cron.php?doing_wp_cron=1785333015.6210410594940185546875 HTTP/1.1" 200 0 "-" "WordPress/6.9.4; https://royalty-trailers.co.za"
74.7.243.231 - - [29/Jul/2026:15:50:15 +0200] "GET /oozed/h4a2m3a5l2834246 HTTP/1.1" 404 81563 "https://royalty-trailers.co.za/sitemap.xml" "Mozilla/5.0 AppleWebKit/537.36 (KHTML, like Gecko; compatible; GPTBot/1.4; +https://openai.com/gptbot)"
74.7.243.231 - - [29/Jul/2026:15:50:19 +0200] "GET /tobine/p4o3l6i3c5a9t9e2581 HTTP/1.1" 404 81563 "https://royalty-trailers.co.za/sitemap.xml" "Mozilla/5.0 AppleWebKit/537.36 (KHTML, like Gecko; compatible; GPTBot/1.4; +https://openai.com/gptbot)"
216.73.217.39 - - [29/Jul/2026:15:50:20 +0200] "GET /shops/appurtenances/u4n4t0i8l4e311158 HTTP/1.1" 404 146249 "-" "Mozilla/5.0 AppleWebKit/537.36 (KHTML, like Gecko; compatible; ClaudeBot/1.0; +claudebot@anthropic.com)"
74.7.243.231 - - [29/Jul/2026:15:50:22 +0200] "GET /graceful/d4o4m2a1g6e665936 HTTP/1.1" 404 81563 "https://royalty-trailers.co.za/sitemap.xml" "Mozilla/5.0 AppleWebKit/537.36 (KHTML, like Gecko; compatible; GPTBot/1.4; +https://openai.com/gptbot)"
74.7.243.231 - - [29/Jul/2026:15:50:25 +0200] "GET /grossulin/c4u2f6i9c6354871 HTTP/1.1" 404 81563 "https://royalty-trailers.co.za/sitemap.xml" "Mozilla/5.0 AppleWebKit/537.36 (KHTML, like Gecko; compatible; GPTBot/1.4; +https://openai.com/gptbot)"
216.73.217.39 - - [29/Jul/2026:15:50:27 +0200] "GET /?j=c4a3r9a2n9g2i4d6613 HTTP/1.1" 200 203729 "-" "Mozilla/5.0 AppleWebKit/537.36 (KHTML, like Gecko; compatible; ClaudeBot/1.0; +claudebot@anthropic.com)"
74.7.243.231 - - [29/Jul/2026:15:50:28 +0200] "GET /veratralbine/a4u3t1o0m7a5t6e5471 HTTP/1.1" 404 81563 "https://royalty-trailers.co.za/sitemap.xml" "Mozilla/5.0 AppleWebKit/537.36 (KHTML, like Gecko; compatible; GPTBot/1.4; +https://openai.com/gptbot)"
74.7.243.231 - - [29/Jul/2026:15:50:32 +0200] "GET /spire/g4r1a5v4i3m1e7t9r3i6c1ally HTTP/1.1" 404 81563 "https://royalty-trailers.co.za/sitemap.xml" "Mozilla/5.0 AppleWebKit/537.36 (KHTML, like Gecko; compatible; GPTBot/1.4; +https://openai.com/gptbot)"
74.7.243.231 - - [29/Jul/2026:15:50:35 +0200] "GET /bunkmate/b4r2a7c3h8e5l8y6t8r4a6 HTTP/1.1" 404 81563 "https://royalty-trailers.co.za/sitemap.xml" "Mozilla/5.0 AppleWebKit/537.36 (KHTML, like Gecko; compatible; GPTBot/1.4; +https://openai.com/gptbot)"
74.7.243.231 - - [29/Jul/2026:15:50:38 +0200] "GET /hindbrain/c4o4r1i4v7a1l7r8y266 HTTP/1.1" 404 81563 "https://royalty-trailers.co.za/sitemap.xml" "Mozilla/5.0 AppleWebKit/537.36 (KHTML, like Gecko; compatible; GPTBot/1.4; +https://openai.com/gptbot)"
66.249.66.165 - - [29/Jul/2026:15:50:45 +0200] "GET /shops/gileadense/l4a3u3g0h5i6n9g5t4h5r7ush HTTP/1.1" 200 808607 "-" "Mozilla/5.0 (compatible; Googlebot/2.1; +http://www.google.com/bot.html)"
57.141.0.59 - - [29/Jul/2026:15:50:50 +0200] "GET /patronomatology/n4e4m8a2t1h7e5c5i7u1m HTTP/1.1" 404 146249 "-" "Mozilla/5.0 (Windows NT 10.0; Win64; x64) AppleWebKit/537.36 (KHTML, like Gecko) Chrome/145.0.0.0 Safari/537.36 (compatible; meta-externalagent/1.1 (+https://developers.facebook.com/docs/sharing/webmasters/crawler))"
216.73.217.39 - - [29/Jul/2026:15:50:52 +0200] "GET /shops/feelings/c4o4u7r1t0e0s3i4e7s9 HTTP/1.1" 404 146249 "-" "Mozilla/5.0 AppleWebKit/537.36 (KHTML, like Gecko; compatible; ClaudeBot/1.0; +claudebot@anthropic.com)"
74.7.243.231 - - [29/Jul/2026:15:50:57 +0200] "GET /memorialise/m4e3a7s4l6e8d90861 HTTP/1.1" 404 81563 "https://royalty-trailers.co.za/sitemap.xml" "Mozilla/5.0 AppleWebKit/537.36 (KHTML, like Gecko; compatible; GPTBot/1.4; +https://openai.com/gptbot)"
57.141.0.53 - - [29/Jul/2026:15:50:57 +0200] "GET /?imponderable/4447516156 HTTP/1.1" 301 0 "-" "Mozilla/5.0 (Windows NT 10.0; Win64; x64) AppleWebKit/537.36 (KHTML, like Gecko) Chrome/145.0.0.0 Safari/537.36 (compatible; meta-externalagent/1.1 (+https://developers.facebook.com/docs/sharing/webmasters/crawler))"
216.73.217.39 - - [29/Jul/2026:15:50:57 +0200] "GET /?j=w4o1o5l7l9e4n2e4t407 HTTP/1.1" 200 203650 "-" "Mozilla/5.0 AppleWebKit/537.36 (KHTML, like Gecko; compatible; ClaudeBot/1.0; +claudebot@anthropic.com)"
57.141.0.28 - - [29/Jul/2026:15:50:59 +0200] "GET /shops/doily/m4e2s6i4a2l0l9y7671 HTTP/1.1" 404 145748 "-" "Mozilla/5.0 (Macintosh; Intel Mac OS X 10_15_7) AppleWebKit/537.36 (KHTML, like Gecko) Chrome/145.0.0.0 Safari/537.36 (compatible; meta-externalagent/1.1 (+https://developers.facebook.com/docs/sharing/webmasters/crawler))"
74.7.243.231 - - [29/Jul/2026:15:51:15 +0200] "GET /tolstoyan/d4i2s6h8o3n5e6s2t551 HTTP/1.1" 404 81563 "https://royalty-trailers.co.za/sitemap.xml" "Mozilla/5.0 AppleWebKit/537.36 (KHTML, like Gecko; compatible; GPTBot/1.4; +https://openai.com/gptbot)"
164.68.125.131 - - [29/Jul/2026:15:51:16 +0200] "POST /wp-cron.php?doing_wp_cron=1785333076.5500719547271728515625 HTTP/1.1" 200 0 "-" "WordPress/6.9.4; https://royalty-trailers.co.za"
57.141.0.30 - - [29/Jul/2026:15:51:16 +0200] "GET /?j=r4e1b4o2u9n8d02613 HTTP/1.1" 200 203803 "-" "Mozilla/5.0 (Windows NT 10.0; Win64; x64) AppleWebKit/537.36 (KHTML, like Gecko) Chrome/145.0.0.0 Safari/537.36 (compatible; meta-externalagent/1.1 (+https://developers.facebook.com/docs/sharing/webmasters/crawler))"
74.7.243.231 - - [29/Jul/2026:15:51:20 +0200] "GET /turnstile/g4a1t6t3o0o6t0h2e3d96 HTTP/1.1" 404 81563 "https://royalty-trailers.co.za/sitemap.xml" "Mozilla/5.0 AppleWebKit/537.36 (KHTML, like Gecko; compatible; GPTBot/1.4; +https://openai.com/gptbot)"
216.73.217.39 - - [29/Jul/2026:15:51:22 +0200] "GET /peptic/nouthe/s4t2a4r0c6h4n3e8s7s5 HTTP/1.1" 404 146249 "-" "Mozilla/5.0 AppleWebKit/537.36 (KHTML, like Gecko; compatible; ClaudeBot/1.0; +claudebot@anthropic.com)"
74.7.243.231 - - [29/Jul/2026:15:51:24 +0200] "GET /petals/s4p3e2c6t1r0o4g9r5a4p6h HTTP/1.1" 404 81563 "https://royalty-trailers.co.za/sitemap.xml" "Mozilla/5.0 AppleWebKit/537.36 (KHTML, like Gecko; compatible; GPTBot/1.4; +https://openai.com/gptbot)"
74.7.243.231 - - [29/Jul/2026:15:51:27 +0200] "GET /drainboard/b4i3r5d9e0y0e0d6226 HTTP/1.1" 404 81563 "https://royalty-trailers.co.za/sitemap.xml" "Mozilla/5.0 AppleWebKit/537.36 (KHTML, like Gecko; compatible; GPTBot/1.4; +https://openai.com/gptbot)"
216.73.217.39 - - [29/Jul/2026:15:51:29 +0200] "GET /dietaries/xanthorhoea/u4n1s2c9a9p3a8b9l0e73 HTTP/1.1" 404 146249 "-" "Mozilla/5.0 AppleWebKit/537.36 (KHTML, like Gecko; compatible; ClaudeBot/1.0; +claudebot@anthropic.com)"
74.7.243.231 - - [29/Jul/2026:15:51:31 +0200] "GET /catercornered/t4a3c7k2e7r978366 HTTP/1.1" 404 81563 "https://royalty-trailers.co.za/sitemap.xml" "Mozilla/5.0 AppleWebKit/537.36 (KHTML, like Gecko; compatible; GPTBot/1.4; +https://openai.com/gptbot)"
74.7.243.231 - - [29/Jul/2026:15:51:35 +0200] "GET /extraneity/t4r4a1n7s4a4c3t3961 HTTP/1.1" 404 81563 "https://royalty-trailers.co.za/sitemap.xml" "Mozilla/5.0 AppleWebKit/537.36 (KHTML, like Gecko; compatible; GPTBot/1.4; +https://openai.com/gptbot)"
74.7.243.231 - - [29/Jul/2026:15:51:39 +0200] "GET /plowhead/m4y2s3t2i2f9i2c7a1t2o6r HTTP/1.1" 404 81563 "https://royalty-trailers.co.za/sitemap.xml" "Mozilla/5.0 AppleWebKit/537.36 (KHTML, like Gecko; compatible; GPTBot/1.4; +https://openai.com/gptbot)"
74.7.243.231 - - [29/Jul/2026:15:51:44 +0200] "GET /expensiveness/r4u2p9e6r4t5s63116 HTTP/1.1" 404 81563 "https://royalty-trailers.co.za/sitemap.xml" "Mozilla/5.0 AppleWebKit/537.36 (KHTML, like Gecko; compatible; GPTBot/1.4; +https://openai.com/gptbot)"
216.73.217.39 - - [29/Jul/2026:15:51:44 +0200] "GET /shops/dosology/a4u1r3i5c8h6a9l5c0e4a0 HTTP/1.1" 404 146249 "-" "Mozilla/5.0 AppleWebKit/537.36 (KHTML, like Gecko; compatible; ClaudeBot/1.0; +claudebot@anthropic.com)"
74.7.243.231 - - [29/Jul/2026:15:51:48 +0200] "GET /corradial/l4a1m7e8l8l5a3e5591 HTTP/1.1" 404 81563 "https://royalty-trailers.co.za/sitemap.xml" "Mozilla/5.0 AppleWebKit/537.36 (KHTML, like Gecko; compatible; GPTBot/1.4; +https://openai.com/gptbot)"
74.7.243.231 - - [29/Jul/2026:15:51:52 +0200] "GET /usnic/t4r6a4c7e3a3b1l0y51 HTTP/1.1" 404 81563 "https://royalty-trailers.co.za/sitemap.xml" "Mozilla/5.0 AppleWebKit/537.36 (KHTML, like Gecko; compatible; GPTBot/1.4; +https://openai.com/gptbot)"
74.7.243.231 - - [29/Jul/2026:15:51:56 +0200] "GET /experimentalist/s4t3a6c7k8224556 HTTP/1.1" 404 146249 "https://royalty-trailers.co.za/sitemap.xml" "Mozilla/5.0 AppleWebKit/537.36 (KHTML, like Gecko; compatible; GPTBot/1.4; +https://openai.com/gptbot)"
74.7.243.231 - - [29/Jul/2026:15:52:01 +0200] "GET /hairsplitter/r4h3o8d7a7n5i9c4431 HTTP/1.1" 404 81563 "https://royalty-trailers.co.za/sitemap.xml" "Mozilla/5.0 AppleWebKit/537.36 (KHTML, like Gecko; compatible; GPTBot/1.4; +https://openai.com/gptbot)"
74.7.243.231 - - [29/Jul/2026:15:52:06 +0200] "GET /bloodrelated/s4t4a0r5n3o8s1e6891 HTTP/1.1" 404 81563 "https://royalty-trailers.co.za/sitemap.xml" "Mozilla/5.0 AppleWebKit/537.36 (KHTML, like Gecko; compatible; GPTBot/1.4; +https://openai.com/gptbot)"
216.73.217.39 - - [29/Jul/2026:15:52:08 +0200] "GET /robots.txt HTTP/1.1" 200 87 "-" "Mozilla/5.0 AppleWebKit/537.36 (KHTML, like Gecko; compatible; ClaudeBot/1.0; +claudebot@anthropic.com)"
216.73.217.39 - - [29/Jul/2026:15:52:09 +0200] "GET /?j=t4u3g1a3n4259934 HTTP/1.1" 200 203592 "-" "Mozilla/5.0 AppleWebKit/537.36 (KHTML, like Gecko; compatible; ClaudeBot/1.0; +claudebot@anthropic.com)"
74.7.243.231 - - [29/Jul/2026:15:52:11 +0200] "GET /pteridophyte/c4l3i9c5k4i4n2g2101 HTTP/1.1" 404 81563 "https://royalty-trailers.co.za/sitemap.xml" "Mozilla/5.0 AppleWebKit/537.36 (KHTML, like Gecko; compatible; GPTBot/1.4; +https://openai.com/gptbot)"
164.68.125.131 - - [29/Jul/2026:15:52:15 +0200] "POST /wp-cron.php?doing_wp_cron=1785333135.2141621112823486328125 HTTP/1.1" 200 0 "-" "WordPress/6.9.4; https://royalty-trailers.co.za"
74.7.243.231 - - [29/Jul/2026:15:52:15 +0200] "GET /menses/i4n3v0o6k0i0n7g381 HTTP/1.1" 404 81563 "https://royalty-trailers.co.za/sitemap.xml" "Mozilla/5.0 AppleWebKit/537.36 (KHTML, like Gecko; compatible; GPTBot/1.4; +https://openai.com/gptbot)"
216.73.217.39 - - [29/Jul/2026:15:52:16 +0200] "GET /?j=p4e2r5s6o9n7i7f7i9e9d9 HTTP/1.1" 200 203402 "-" "Mozilla/5.0 AppleWebKit/537.36 (KHTML, like Gecko; compatible; ClaudeBot/1.0; +claudebot@anthropic.com)"
74.7.243.231 - - [29/Jul/2026:15:52:19 +0200] "GET /smothery/d4u1n2d8e1r1h1e7a3d61 HTTP/1.1" 404 81563 "https://royalty-trailers.co.za/sitemap.xml" "Mozilla/5.0 AppleWebKit/537.36 (KHTML, like Gecko; compatible; GPTBot/1.4; +https://openai.com/gptbot)"
74.7.243.231 - - [29/Jul/2026:15:52:22 +0200] "GET /commentator/p4e3n2d6a7n0t13956 HTTP/1.1" 404 81563 "https://royalty-trailers.co.za/sitemap.xml" "Mozilla/5.0 AppleWebKit/537.36 (KHTML, like Gecko; compatible; GPTBot/1.4; +https://openai.com/gptbot)"
74.7.243.231 - - [29/Jul/2026:15:52:26 +0200] "GET /forcipation/p4o3y4n5a9d7o70121 HTTP/1.1" 404 81563 "https://royalty-trailers.co.za/sitemap.xml" "Mozilla/5.0 AppleWebKit/537.36 (KHTML, like Gecko; compatible; GPTBot/1.4; +https://openai.com/gptbot)"
74.7.243.231 - - [29/Jul/2026:15:52:29 +0200] "GET /prunelle/g4r3u9n8t4i3n2g9l2y21 HTTP/1.1" 404 81563 "https://royalty-trailers.co.za/sitemap.xml" "Mozilla/5.0 AppleWebKit/537.36 (KHTML, like Gecko; compatible; GPTBot/1.4; +https://openai.com/gptbot)"
216.73.217.39 - - [29/Jul/2026:15:52:40 +0200] "GET /shops/belfry/s4u4b0c2h5a0n5t0e5r14 HTTP/1.1" 404 146249 "-" "Mozilla/5.0 AppleWebKit/537.36 (KHTML, like Gecko; compatible; ClaudeBot/1.0; +claudebot@anthropic.com)"
216.73.217.39 - - [29/Jul/2026:15:52:46 +0200] "GET /?j=l4o3y7a0l2t4y78974 HTTP/1.1" 200 179799 "-" "Mozilla/5.0 AppleWebKit/537.36 (KHTML, like Gecko; compatible; ClaudeBot/1.0; +claudebot@anthropic.com)"
74.7.243.231 - - [29/Jul/2026:15:52:51 +0200] "GET /drowsiness/s4u2b3p7e1r7i4t6o7n4e1al HTTP/1.1" 404 81563 "https://royalty-trailers.co.za/sitemap.xml" "Mozilla/5.0 AppleWebKit/537.36 (KHTML, like Gecko; compatible; GPTBot/1.4; +https://openai.com/gptbot)"
216.73.217.39 - - [29/Jul/2026:15:52:54 +0200] "GET /?j=s4e1m5p3s8t7r3e8s7s42 HTTP/1.1" 200 203417 "-" "Mozilla/5.0 AppleWebKit/537.36 (KHTML, like Gecko; compatible; ClaudeBot/1.0; +claudebot@anthropic.com)"
74.7.243.231 - - [29/Jul/2026:15:53:05 +0200] "GET /dentatus/d4i4s0t2i6n5g6u1i1s9h6able HTTP/1.1" 404 130715 "https://royalty-trailers.co.za/sitemap.xml" "Mozilla/5.0 AppleWebKit/537.36 (KHTML, like Gecko; compatible; GPTBot/1.4; +https://openai.com/gptbot)"
74.7.243.231 - - [29/Jul/2026:15:53:08 +0200] "GET /papooseroot/l4e2g7i1t5i2m6a7t3e6l6y HTTP/1.1" 404 81563 "https://royalty-trailers.co.za/sitemap.xml" "Mozilla/5.0 AppleWebKit/537.36 (KHTML, like Gecko; compatible; GPTBot/1.4; +https://openai.com/gptbot)"
74.7.243.231 - - [29/Jul/2026:15:53:12 +0200] "GET /outfitted/p4o3l0y8t2y4p7e4366 HTTP/1.1" 404 81563 "https://royalty-trailers.co.za/sitemap.xml" "Mozilla/5.0 AppleWebKit/537.36 (KHTML, like Gecko; compatible; GPTBot/1.4; +https://openai.com/gptbot)"
164.68.125.131 - - [29/Jul/2026:15:53:16 +0200] "POST /wp-cron.php?doing_wp_cron=1785333196.1804521083831787109375 HTTP/1.1" 200 0 "-" "WordPress/6.9.4; https://royalty-trailers.co.za"
74.7.243.231 - - [29/Jul/2026:15:53:16 +0200] "GET /disseizin/o4p3e1n7b6i2l3l1776 HTTP/1.1" 404 81563 "https://royalty-trailers.co.za/sitemap.xml" "Mozilla/5.0 AppleWebKit/537.36 (KHTML, like Gecko; compatible; GPTBot/1.4; +https://openai.com/gptbot)"
216.73.217.39 - - [29/Jul/2026:15:53:18 +0200] "GET /shops/spawl/f4o1n3t5a1n5e1l8l5e15 HTTP/1.1" 404 146249 "-" "Mozilla/5.0 AppleWebKit/537.36 (KHTML, like Gecko; compatible; ClaudeBot/1.0; +claudebot@anthropic.com)"
74.7.243.231 - - [29/Jul/2026:15:53:19 +0200] "GET /sulpician/c4i2r8r1h4a2t6a6121 HTTP/1.1" 404 81563 "https://royalty-trailers.co.za/sitemap.xml" "Mozilla/5.0 AppleWebKit/537.36 (KHTML, like Gecko; compatible; GPTBot/1.4; +https://openai.com/gptbot)"
74.7.243.231 - - [29/Jul/2026:15:53:23 +0200] "GET /conquadrate/b4a2r3o4l1o8g3y9621 HTTP/1.1" 404 81563 "https://royalty-trailers.co.za/sitemap.xml" "Mozilla/5.0 AppleWebKit/537.36 (KHTML, like Gecko; compatible; GPTBot/1.4; +https://openai.com/gptbot)"
216.73.217.39 - - [29/Jul/2026:15:53:25 +0200] "GET /?j=t4i1g4e7r9f1o4o8t603 HTTP/1.1" 200 203430 "-" "Mozilla/5.0 AppleWebKit/537.36 (KHTML, like Gecko; compatible; ClaudeBot/1.0; +claudebot@anthropic.com)"
74.7.243.231 - - [29/Jul/2026:15:53:26 +0200] "GET /preindesignate/a4n1c0i1p6i3t0a9l676 HTTP/1.1" 404 81563 "https://royalty-trailers.co.za/sitemap.xml" "Mozilla/5.0 AppleWebKit/537.36 (KHTML, like Gecko; compatible; GPTBot/1.4; +https://openai.com/gptbot)"
74.7.243.231 - - [29/Jul/2026:15:53:30 +0200] "GET /cacaine/m4e3l7a5l9e6u8c3a181 HTTP/1.1" 404 81563 "https://royalty-trailers.co.za/sitemap.xml" "Mozilla/5.0 AppleWebKit/537.36 (KHTML, like Gecko; compatible; GPTBot/1.4; +https://openai.com/gptbot)"
74.7.243.231 - - [29/Jul/2026:15:53:33 +0200] "GET /diagrammatic/i4n3t6e5m4p9e0r5a0n7c6e HTTP/1.1" 404 81563 "https://royalty-trailers.co.za/sitemap.xml" "Mozilla/5.0 AppleWebKit/537.36 (KHTML, like Gecko; compatible; GPTBot/1.4; +https://openai.com/gptbot)"
74.7.243.231 - - [29/Jul/2026:15:53:37 +0200] "GET /mugwumpery/b4i1l6l2i4o6n37986 HTTP/1.1" 404 81563 "https://royalty-trailers.co.za/sitemap.xml" "Mozilla/5.0 AppleWebKit/537.36 (KHTML, like Gecko; compatible; GPTBot/1.4; +https://openai.com/gptbot)"
57.141.0.47 - - [29/Jul/2026:15:53:37 +0200] "GET /wp-json/oembed/1.0/embed?url=https%3A%2F%2Froyalty-trailers.co.za%2Fproduct%2Fred-triangle%2F HTTP/1.1" 200 2383 "-" "Mozilla/5.0 (Windows NT 10.0; Win64; x64) AppleWebKit/537.36 (KHTML, like Gecko) Chrome/145.0.0.0 Safari/537.36 (compatible; meta-externalagent/1.1 (+https://developers.facebook.com/docs/sharing/webmasters/crawler))"
74.7.243.231 - - [29/Jul/2026:15:53:40 +0200] "GET /piassava/c4a2m9e8l3e4o7n5611 HTTP/1.1" 404 81563 "https://royalty-trailers.co.za/sitemap.xml" "Mozilla/5.0 AppleWebKit/537.36 (KHTML, like Gecko; compatible; GPTBot/1.4; +https://openai.com/gptbot)"
74.7.243.231 - - [29/Jul/2026:15:53:43 +0200] "GET /whiteear/s4t3e7a5d3i9e0r3831 HTTP/1.1" 404 81563 "https://royalty-trailers.co.za/sitemap.xml" "Mozilla/5.0 AppleWebKit/537.36 (KHTML, like Gecko; compatible; GPTBot/1.4; +https://openai.com/gptbot)"
74.7.243.231 - - [29/Jul/2026:15:53:47 +0200] "GET /filmmake/p4r1o5p0o0r9t4i7o3n8a6bly HTTP/1.1" 404 81563 "https://royalty-trailers.co.za/sitemap.xml" "Mozilla/5.0 AppleWebKit/537.36 (KHTML, like Gecko; compatible; GPTBot/1.4; +https://openai.com/gptbot)"
216.73.217.39 - - [29/Jul/2026:15:53:49 +0200] "GET /shops/ruttishness/s4a2t0i2r3i9c4a7l3n7e1ss HTTP/1.1" 404 146249 "-" "Mozilla/5.0 AppleWebKit/537.36 (KHTML, like Gecko; compatible; ClaudeBot/1.0; +claudebot@anthropic.com)"
66.249.66.202 - - [29/Jul/2026:15:53:50 +0200] "GET /?j=b2a3r3g9e5l0l5o7120 HTTP/1.1" 200 837851 "-" "Mozilla/5.0 (Linux; Android 6.0.1; Nexus 5X Build/MMB29P) AppleWebKit/537.36 (KHTML, like Gecko) Chrome/150.0.7871.128 Mobile Safari/537.36 (compatible; Googlebot/2.1; +http://www.google.com/bot.html)"
74.7.243.231 - - [29/Jul/2026:15:53:51 +0200] "GET /ascaridia/p4l2a6t0i0n2a1026 HTTP/1.1" 404 81563 "https://royalty-trailers.co.za/sitemap.xml" "Mozilla/5.0 AppleWebKit/537.36 (KHTML, like Gecko; compatible; GPTBot/1.4; +https://openai.com/gptbot)"
74.7.243.231 - - [29/Jul/2026:15:53:54 +0200] "GET /persecutrix/n4a1r6d1i0n2e2271 HTTP/1.1" 404 81563 "https://royalty-trailers.co.za/sitemap.xml" "Mozilla/5.0 AppleWebKit/537.36 (KHTML, like Gecko; compatible; GPTBot/1.4; +https://openai.com/gptbot)"
216.73.217.39 - - [29/Jul/2026:15:53:58 +0200] "GET /?j=c4a2r4v6i3s0t43177 HTTP/1.1" 200 203388 "-" "Mozilla/5.0 AppleWebKit/537.36 (KHTML, like Gecko; compatible; ClaudeBot/1.0; +claudebot@anthropic.com)"
74.7.243.231 - - [29/Jul/2026:15:53:58 +0200] "GET /waitingly/a4z2y8g0o7u2s53151 HTTP/1.1" 404 81563 "https://royalty-trailers.co.za/sitemap.xml" "Mozilla/5.0 AppleWebKit/537.36 (KHTML, like Gecko; compatible; GPTBot/1.4; +https://openai.com/gptbot)"
74.7.243.231 - - [29/Jul/2026:15:54:03 +0200] "GET /delator/h4a6r0m5o0n9i9o0u7s6ness HTTP/1.1" 404 81563 "https://royalty-trailers.co.za/sitemap.xml" "Mozilla/5.0 AppleWebKit/537.36 (KHTML, like Gecko; compatible; GPTBot/1.4; +https://openai.com/gptbot)"
74.7.243.231 - - [29/Jul/2026:15:54:06 +0200] "GET /tradeswoman/d4i8s7h4f3u5l5s881 HTTP/1.1" 404 81563 "https://royalty-trailers.co.za/sitemap.xml" "Mozilla/5.0 AppleWebKit/537.36 (KHTML, like Gecko; compatible; GPTBot/1.4; +https://openai.com/gptbot)"
74.7.243.231 - - [29/Jul/2026:15:54:10 +0200] "GET /backsword/j4e8s4u4i4t4s8761 HTTP/1.1" 404 81563 "https://royalty-trailers.co.za/sitemap.xml" "Mozilla/5.0 AppleWebKit/537.36 (KHTML, like Gecko; compatible; GPTBot/1.4; +https://openai.com/gptbot)"
74.7.243.231 - - [29/Jul/2026:15:54:13 +0200] "GET /wreathy/m4i2l8l7e2n7a6r7y21 HTTP/1.1" 404 81563 "https://royalty-trailers.co.za/sitemap.xml" "Mozilla/5.0 AppleWebKit/537.36 (KHTML, like Gecko; compatible; GPTBot/1.4; +https://openai.com/gptbot)"
164.68.125.131 - - [29/Jul/2026:15:54:16 +0200] "POST /wp-cron.php?doing_wp_cron=1785333256.1211988925933837890625 HTTP/1.1" 200 0 "-" "WordPress/6.9.4; https://royalty-trailers.co.za"
74.7.243.231 - - [29/Jul/2026:15:54:16 +0200] "GET /clanking/g4r5e2e3n6h4o0r4n51 HTTP/1.1" 404 81563 "https://royalty-trailers.co.za/sitemap.xml" "Mozilla/5.0 AppleWebKit/537.36 (KHTML, like Gecko; compatible; GPTBot/1.4; +https://openai.com/gptbot)"
74.7.243.231 - - [29/Jul/2026:15:54:19 +0200] "GET /implacably/t4e1n4s2i1t0y9776 HTTP/1.1" 404 81563 "https://royalty-trailers.co.za/sitemap.xml" "Mozilla/5.0 AppleWebKit/537.36 (KHTML, like Gecko; compatible; GPTBot/1.4; +https://openai.com/gptbot)"
216.73.217.39 - - [29/Jul/2026:15:54:21 +0200] "GET /shops/disseise/u4n4s1t1r8a8i0n7066 HTTP/1.1" 404 146249 "-" "Mozilla/5.0 AppleWebKit/537.36 (KHTML, like Gecko; compatible; ClaudeBot/1.0; +claudebot@anthropic.com)"
74.7.243.231 - - [29/Jul/2026:15:54:23 +0200] "GET /rankly/a4l3l2p4o9w1e9r8f7u6l HTTP/1.1" 404 81563 "https://royalty-trailers.co.za/sitemap.xml" "Mozilla/5.0 AppleWebKit/537.36 (KHTML, like Gecko; compatible; GPTBot/1.4; +https://openai.com/gptbot)"
74.7.243.231 - - [29/Jul/2026:15:54:26 +0200] "GET /puttying/c4o6c8k1b5r9a9i7n1e6d HTTP/1.1" 404 81563 "https://royalty-trailers.co.za/sitemap.xml" "Mozilla/5.0 AppleWebKit/537.36 (KHTML, like Gecko; compatible; GPTBot/1.4; +https://openai.com/gptbot)"
74.7.243.231 - - [29/Jul/2026:15:54:29 +0200] "GET /glyptocephalus/t4u3r5g9e7s4c2i8n4g6 HTTP/1.1" 404 81563 "https://royalty-trailers.co.za/sitemap.xml" "Mozilla/5.0 AppleWebKit/537.36 (KHTML, like Gecko; compatible; GPTBot/1.4; +https://openai.com/gptbot)"
216.73.217.39 - - [29/Jul/2026:15:54:31 +0200] "GET /?j=m4o4n0o9a8x5i5a8l99 HTTP/1.1" 200 203745 "-" "Mozilla/5.0 AppleWebKit/537.36 (KHTML, like Gecko; compatible; ClaudeBot/1.0; +claudebot@anthropic.com)"
74.7.243.231 - - [29/Jul/2026:15:54:32 +0200] "GET /shops/maholi/j4u3s7t1i1c6e71888 HTTP/1.1" 404 81563 "https://royalty-trailers.co.za/sitemap.xml" "Mozilla/5.0 AppleWebKit/537.36 (KHTML, like Gecko; compatible; GPTBot/1.4; +https://openai.com/gptbot)"
57.141.0.39 - - [29/Jul/2026:15:54:34 +0200] "GET /shops/bellicose/s4u4b0s1c9r2i6p6t6i9v7ely HTTP/1.1" 404 146249 "-" "Mozilla/5.0 (Windows NT 10.0; Win64; x64) AppleWebKit/537.36 (KHTML, like Gecko) Chrome/145.0.0.0 Safari/537.36 (compatible; meta-externalagent/1.1 (+https://developers.facebook.com/docs/sharing/webmasters/crawler))"
57.141.0.23 - - [29/Jul/2026:15:54:34 +0200] "GET /shops/securement/e4n1g4l1a8n2d8i2s6m3 HTTP/1.1" 404 145748 "-" "Mozilla/5.0 (Macintosh; Intel Mac OS X 10_15_7) AppleWebKit/537.36 (KHTML, like Gecko) Chrome/145.0.0.0 Safari/537.36 (compatible; meta-externalagent/1.1 (+https://developers.facebook.com/docs/sharing/webmasters/crawler))"
74.7.243.231 - - [29/Jul/2026:15:54:36 +0200] "GET /hoared/herpetologic/43335516754 HTTP/1.1" 404 130715 "https://royalty-trailers.co.za/sitemap.xml" "Mozilla/5.0 AppleWebKit/537.36 (KHTML, like Gecko; compatible; GPTBot/1.4; +https://openai.com/gptbot)"
74.7.243.231 - - [29/Jul/2026:15:54:40 +0200] "GET /catchascatchcan/s4t3a1y5l7e3s1s9281 HTTP/1.1" 404 81563 "https://royalty-trailers.co.za/sitemap.xml" "Mozilla/5.0 AppleWebKit/537.36 (KHTML, like Gecko; compatible; GPTBot/1.4; +https://openai.com/gptbot)"
74.7.243.231 - - [29/Jul/2026:15:54:43 +0200] "GET /bebilya/reprimanded/4283900032 HTTP/1.1" 404 81563 "https://royalty-trailers.co.za/sitemap.xml" "Mozilla/5.0 AppleWebKit/537.36 (KHTML, like Gecko; compatible; GPTBot/1.4; +https://openai.com/gptbot)"
74.7.243.231 - - [29/Jul/2026:15:54:46 +0200] "GET /shops/steem/b4e4n1e2t6t2e8d3000 HTTP/1.1" 404 81563 "https://royalty-trailers.co.za/sitemap.xml" "Mozilla/5.0 AppleWebKit/537.36 (KHTML, like Gecko; compatible; GPTBot/1.4; +https://openai.com/gptbot)"
216.73.217.39 - - [29/Jul/2026:15:54:49 +0200] "GET /?j=p4o1t9b0e5l6l5y8398 HTTP/1.1" 200 203525 "-" "Mozilla/5.0 AppleWebKit/537.36 (KHTML, like Gecko; compatible; ClaudeBot/1.0; +claudebot@anthropic.com)"
74.7.243.231 - - [29/Jul/2026:15:54:49 +0200] "GET /shops/nodosity/v4e4r1s6u9a6l81666 HTTP/1.1" 404 81563 "https://royalty-trailers.co.za/sitemap.xml" "Mozilla/5.0 AppleWebKit/537.36 (KHTML, like Gecko; compatible; GPTBot/1.4; +https://openai.com/gptbot)"
74.7.243.231 - - [29/Jul/2026:15:54:52 +0200] "GET /shops/malignity/n4u2r0l7e8d080529 HTTP/1.1" 404 81563 "https://royalty-trailers.co.za/sitemap.xml" "Mozilla/5.0 AppleWebKit/537.36 (KHTML, like Gecko; compatible; GPTBot/1.4; +https://openai.com/gptbot)"
74.7.243.231 - - [29/Jul/2026:15:54:56 +0200] "GET /shops/offbroadway/s4i2r8r7a9h165003 HTTP/1.1" 404 81563 "https://royalty-trailers.co.za/sitemap.xml" "Mozilla/5.0 AppleWebKit/537.36 (KHTML, like Gecko; compatible; GPTBot/1.4; +https://openai.com/gptbot)"
74.7.243.231 - - [29/Jul/2026:15:55:00 +0200] "GET /shops/pitots/n4a3r7r5a8t4i7v1e0l6y6 HTTP/1.1" 404 81563 "https://royalty-trailers.co.za/sitemap.xml" "Mozilla/5.0 AppleWebKit/537.36 (KHTML, like Gecko; compatible; GPTBot/1.4; +https://openai.com/gptbot)"
57.141.0.49 - - [29/Jul/2026:15:55:01 +0200] "GET /?decard/92694508556 HTTP/1.1" 301 0 "-" "Mozilla/5.0 (Windows NT 10.0; Win64; x64) AppleWebKit/537.36 (KHTML, like Gecko) Chrome/145.0.0.0 Safari/537.36 (compatible; meta-externalagent/1.1 (+https://developers.facebook.com/docs/sharing/webmasters/crawler))"
74.7.243.231 - - [29/Jul/2026:15:55:04 +0200] "GET /shops/caging/h4e2r2e2i5n3a6f7t7e1r3 HTTP/1.1" 404 81563 "https://royalty-trailers.co.za/sitemap.xml" "Mozilla/5.0 AppleWebKit/537.36 (KHTML, like Gecko; compatible; GPTBot/1.4; +https://openai.com/gptbot)"
74.7.243.231 - - [29/Jul/2026:15:55:08 +0200] "GET /shops/blackfoot/c4l3u8b0b0i7n0g3041 HTTP/1.1" 404 130715 "https://royalty-trailers.co.za/sitemap.xml" "Mozilla/5.0 AppleWebKit/537.36 (KHTML, like Gecko; compatible; GPTBot/1.4; +https://openai.com/gptbot)"
74.7.243.231 - - [29/Jul/2026:15:55:12 +0200] "GET /gangboard/crate/b4o3l9d0n6e2s2s5732 HTTP/1.1" 404 81563 "https://royalty-trailers.co.za/sitemap.xml" "Mozilla/5.0 AppleWebKit/537.36 (KHTML, like Gecko; compatible; GPTBot/1.4; +https://openai.com/gptbot)"
216.73.217.39 - - [29/Jul/2026:15:55:14 +0200] "GET /?j=n4o3n9r7e2t7u1r2n1a2b5le HTTP/1.1" 200 203570 "-" "Mozilla/5.0 AppleWebKit/537.36 (KHTML, like Gecko; compatible; ClaudeBot/1.0; +claudebot@anthropic.com)"
164.68.125.131 - - [29/Jul/2026:15:55:16 +0200] "POST /wp-cron.php?doing_wp_cron=1785333316.8606219291687011718750 HTTP/1.1" 200 0 "-" "WordPress/6.9.4; https://royalty-trailers.co.za"
74.7.243.231 - - [29/Jul/2026:15:55:17 +0200] "GET /shops/exempting/s4t2i0p5p6l7e4d3836 HTTP/1.1" 404 81563 "https://royalty-trailers.co.za/sitemap.xml" "Mozilla/5.0 AppleWebKit/537.36 (KHTML, like Gecko; compatible; GPTBot/1.4; +https://openai.com/gptbot)"
74.7.243.231 - - [29/Jul/2026:15:55:20 +0200] "GET /shops/intrados/f4o2r7m6u6l2a3r3y291 HTTP/1.1" 404 81563 "https://royalty-trailers.co.za/sitemap.xml" "Mozilla/5.0 AppleWebKit/537.36 (KHTML, like Gecko; compatible; GPTBot/1.4; +https://openai.com/gptbot)"
216.73.217.39 - - [29/Jul/2026:15:55:23 +0200] "GET /?j=s4y3m1b6o1l4i4z5e963 HTTP/1.1" 200 203661 "-" "Mozilla/5.0 AppleWebKit/537.36 (KHTML, like Gecko; compatible; ClaudeBot/1.0; +claudebot@anthropic.com)"
74.7.243.231 - - [29/Jul/2026:15:55:24 +0200] "GET /epichiremata/twiner/4474231999 HTTP/1.1" 404 81563 "https://royalty-trailers.co.za/sitemap.xml" "Mozilla/5.0 AppleWebKit/537.36 (KHTML, like Gecko; compatible; GPTBot/1.4; +https://openai.com/gptbot)"
74.7.243.231 - - [29/Jul/2026:15:55:28 +0200] "GET /shops/fertile/p4e2r0v1e4r5s1e1l8y61 HTTP/1.1" 404 81563 "https://royalty-trailers.co.za/sitemap.xml" "Mozilla/5.0 AppleWebKit/537.36 (KHTML, like Gecko; compatible; GPTBot/1.4; +https://openai.com/gptbot)"
57.141.0.46 - - [29/Jul/2026:15:55:29 +0200] "GET /?decard%2F92694508556 HTTP/1.1" 200 203563 "-" "Mozilla/5.0 (Windows NT 10.0; Win64; x64) AppleWebKit/537.36 (KHTML, like Gecko) Chrome/145.0.0.0 Safari/537.36 (compatible; meta-externalagent/1.1 (+https://developers.facebook.com/docs/sharing/webmasters/crawler))"
74.7.243.231 - - [29/Jul/2026:15:55:31 +0200] "GET /shops/misproud/s4u2l6t5r5i0e4s9t349 HTTP/1.1" 404 81563 "https://royalty-trailers.co.za/sitemap.xml" "Mozilla/5.0 AppleWebKit/537.36 (KHTML, like Gecko; compatible; GPTBot/1.4; +https://openai.com/gptbot)"
74.7.243.231 - - [29/Jul/2026:15:55:36 +0200] "GET /shops/studios/a4n2g9o5l7e3n8s6i6s07 HTTP/1.1" 404 130715 "https://royalty-trailers.co.za/sitemap.xml" "Mozilla/5.0 AppleWebKit/537.36 (KHTML, like Gecko; compatible; GPTBot/1.4; +https://openai.com/gptbot)"
74.7.243.231 - - [29/Jul/2026:15:55:41 +0200] "GET /shops/myristate/m4y4c0o4p8t0e1s5988 HTTP/1.1" 404 81563 "https://royalty-trailers.co.za/sitemap.xml" "Mozilla/5.0 AppleWebKit/537.36 (KHTML, like Gecko; compatible; GPTBot/1.4; +https://openai.com/gptbot)"
216.73.217.39 - - [29/Jul/2026:15:55:41 +0200] "GET /?j=w4a3t0e3r2t7i6g7h2t99 HTTP/1.1" 200 203567 "-" "Mozilla/5.0 AppleWebKit/537.36 (KHTML, like Gecko; compatible; ClaudeBot/1.0; +claudebot@anthropic.com)"
74.7.243.231 - - [29/Jul/2026:15:55:46 +0200] "GET /shops/tagtail/b4u3m9b9l9e2b6e0e0s93 HTTP/1.1" 404 81563 "https://royalty-trailers.co.za/sitemap.xml" "Mozilla/5.0 AppleWebKit/537.36 (KHTML, like Gecko; compatible; GPTBot/1.4; +https://openai.com/gptbot)"
74.7.243.231 - - [29/Jul/2026:15:55:50 +0200] "GET /shops/intervital/i4n1n8a4r3d4s83139 HTTP/1.1" 404 81563 "https://royalty-trailers.co.za/sitemap.xml" "Mozilla/5.0 AppleWebKit/537.36 (KHTML, like Gecko; compatible; GPTBot/1.4; +https://openai.com/gptbot)"
74.7.243.231 - - [29/Jul/2026:15:55:54 +0200] "GET /shops/cetacean/m4i1o6h9i5p5p6u4s950 HTTP/1.1" 404 81563 "https://royalty-trailers.co.za/sitemap.xml" "Mozilla/5.0 AppleWebKit/537.36 (KHTML, like Gecko; compatible; GPTBot/1.4; +https://openai.com/gptbot)"
74.7.243.231 - - [29/Jul/2026:15:55:57 +0200] "GET /shops/whimsies/c4l3a5v1i0c6e9p0s638 HTTP/1.1" 404 81563 "https://royalty-trailers.co.za/sitemap.xml" "Mozilla/5.0 AppleWebKit/537.36 (KHTML, like Gecko; compatible; GPTBot/1.4; +https://openai.com/gptbot)"
216.73.217.39 - - [29/Jul/2026:15:56:01 +0200] "GET /?j=a4u1t8o2m2o8r9p6h4i3c9 HTTP/1.1" 200 203455 "-" "Mozilla/5.0 AppleWebKit/537.36 (KHTML, like Gecko; compatible; ClaudeBot/1.0; +claudebot@anthropic.com)"
74.7.243.231 - - [29/Jul/2026:15:56:02 +0200] "GET /shops/inantherate/s4p4r0e5a3d980414 HTTP/1.1" 404 81563 "https://royalty-trailers.co.za/sitemap.xml" "Mozilla/5.0 AppleWebKit/537.36 (KHTML, like Gecko; compatible; GPTBot/1.4; +https://openai.com/gptbot)"
74.7.243.231 - - [29/Jul/2026:15:56:06 +0200] "GET /shops/centinel/p4r2e1s7b9y1t5e4r099 HTTP/1.1" 404 81563 "https://royalty-trailers.co.za/sitemap.xml" "Mozilla/5.0 AppleWebKit/537.36 (KHTML, like Gecko; compatible; GPTBot/1.4; +https://openai.com/gptbot)"
74.7.243.231 - - [29/Jul/2026:15:56:10 +0200] "GET /unsufficient/wigwagging/43223569898 HTTP/1.1" 404 81563 "https://royalty-trailers.co.za/sitemap.xml" "Mozilla/5.0 AppleWebKit/537.36 (KHTML, like Gecko; compatible; GPTBot/1.4; +https://openai.com/gptbot)"
57.141.0.26 - - [29/Jul/2026:15:56:13 +0200] "GET /?j=f9a2l3a8n8o6u3c1102 HTTP/1.1" 200 203649 "-" "Mozilla/5.0 (Windows NT 10.0; Win64; x64) AppleWebKit/537.36 (KHTML, like Gecko) Chrome/145.0.0.0 Safari/537.36 (compatible; meta-externalagent/1.1 (+https://developers.facebook.com/docs/sharing/webmasters/crawler))"
74.7.243.231 - - [29/Jul/2026:15:56:14 +0200] "GET /shops/salient/r4e2v0e1r5e7n2c3e9d60 HTTP/1.1" 404 81563 "https://royalty-trailers.co.za/sitemap.xml" "Mozilla/5.0 AppleWebKit/537.36 (KHTML, like Gecko; compatible; GPTBot/1.4; +https://openai.com/gptbot)"
164.68.125.131 - - [29/Jul/2026:15:56:17 +0200] "POST /wp-cron.php?doing_wp_cron=1785333377.3540771007537841796875 HTTP/1.1" 200 0 "-" "WordPress/6.9.4; https://royalty-trailers.co.za"
74.7.243.231 - - [29/Jul/2026:15:56:17 +0200] "GET /shops/jeronymite/e4s1h3e2a6t7e5d89 HTTP/1.1" 404 81563 "https://royalty-trailers.co.za/sitemap.xml" "Mozilla/5.0 AppleWebKit/537.36 (KHTML, like Gecko; compatible; GPTBot/1.4; +https://openai.com/gptbot)"
74.7.243.231 - - [29/Jul/2026:15:56:20 +0200] "GET /shops/accubation/f4e2l9t3r5y931783 HTTP/1.1" 404 81563 "https://royalty-trailers.co.za/sitemap.xml" "Mozilla/5.0 AppleWebKit/537.36 (KHTML, like Gecko; compatible; GPTBot/1.4; +https://openai.com/gptbot)"
216.73.217.39 - - [29/Jul/2026:15:56:23 +0200] "GET /?j=a4m4p2h5i1s0t2y6l7i8c4 HTTP/1.1" 200 203850 "-" "Mozilla/5.0 AppleWebKit/537.36 (KHTML, like Gecko; compatible; ClaudeBot/1.0; +claudebot@anthropic.com)"
74.7.243.231 - - [29/Jul/2026:15:56:24 +0200] "GET /shops/softner/t4i1m8b6u5c4t2o6o981 HTTP/1.1" 404 81563 "https://royalty-trailers.co.za/sitemap.xml" "Mozilla/5.0 AppleWebKit/537.36 (KHTML, like Gecko; compatible; GPTBot/1.4; +https://openai.com/gptbot)"
74.7.243.231 - - [29/Jul/2026:15:56:27 +0200] "GET /shops/indra/t4r2a7d3u4c9e5m0e5n3t3 HTTP/1.1" 404 81563 "https://royalty-trailers.co.za/sitemap.xml" "Mozilla/5.0 AppleWebKit/537.36 (KHTML, like Gecko; compatible; GPTBot/1.4; +https://openai.com/gptbot)"
216.73.217.39 - - [29/Jul/2026:15:56:30 +0200] "GET /?j=s4u5r0p7a9s3s9i4n3g2ly HTTP/1.1" 200 203716 "-" "Mozilla/5.0 AppleWebKit/537.36 (KHTML, like Gecko; compatible; ClaudeBot/1.0; +claudebot@anthropic.com)"
74.7.243.231 - - [29/Jul/2026:15:56:31 +0200] "GET /diffusing/unpenetrable/43293284795 HTTP/1.1" 404 81563 "https://royalty-trailers.co.za/sitemap.xml" "Mozilla/5.0 AppleWebKit/537.36 (KHTML, like Gecko; compatible; GPTBot/1.4; +https://openai.com/gptbot)"
57.141.0.54 - - [29/Jul/2026:15:56:34 +0200] "GET /null HTTP/1.1" 404 146249 "https://royalty-trailers.co.za/?j=f9a2l3a8n8o6u3c1102" "Mozilla/5.0 (Windows NT 10.0; Win64; x64) AppleWebKit/537.36 (KHTML, like Gecko) Chrome/145.0.0.0 Safari/537.36 (compatible; meta-externalagent/1.1 (+https://developers.facebook.com/docs/sharing/webmasters/crawler))"
74.7.243.231 - - [29/Jul/2026:15:56:35 +0200] "GET /shops/oxalantin/f4i8e4l5d6f6a0r8e76 HTTP/1.1" 404 81563 "https://royalty-trailers.co.za/sitemap.xml" "Mozilla/5.0 AppleWebKit/537.36 (KHTML, like Gecko; compatible; GPTBot/1.4; +https://openai.com/gptbot)"
74.7.243.231 - - [29/Jul/2026:15:56:39 +0200] "GET /shops/cantlet/s4h1a4r0e0b1e7a7m006 HTTP/1.1" 404 81563 "https://royalty-trailers.co.za/sitemap.xml" "Mozilla/5.0 AppleWebKit/537.36 (KHTML, like Gecko; compatible; GPTBot/1.4; +https://openai.com/gptbot)"
74.7.243.231 - - [29/Jul/2026:15:56:42 +0200] "GET /coombe/prelook/l4a2x0a1t3i1o8n1663 HTTP/1.1" 404 81563 "https://royalty-trailers.co.za/sitemap.xml" "Mozilla/5.0 AppleWebKit/537.36 (KHTML, like Gecko; compatible; GPTBot/1.4; +https://openai.com/gptbot)"
66.249.66.163 - - [29/Jul/2026:15:56:46 +0200] "GET /?j=a9t2t2e5s6t3i4v5e512 HTTP/1.1" 200 787958 "-" "Mozilla/5.0 (compatible; Googlebot/2.1; +http://www.google.com/bot.html)"
74.7.243.231 - - [29/Jul/2026:15:56:47 +0200] "GET /shops/colinus/a4l2c4h6e5m9i2s9t481 HTTP/1.1" 404 81563 "https://royalty-trailers.co.za/sitemap.xml" "Mozilla/5.0 AppleWebKit/537.36 (KHTML, like Gecko; compatible; GPTBot/1.4; +https://openai.com/gptbot)"
216.73.217.39 - - [29/Jul/2026:15:56:50 +0200] "GET /?j=s4a4b0e9r2b9i8l3l869 HTTP/1.1" 200 203536 "-" "Mozilla/5.0 AppleWebKit/537.36 (KHTML, like Gecko; compatible; ClaudeBot/1.0; +claudebot@anthropic.com)"
74.7.243.231 - - [29/Jul/2026:15:56:52 +0200] "GET /shops/formulae/r4e1i7r4i3e9v2e4842 HTTP/1.1" 404 81563 "https://royalty-trailers.co.za/sitemap.xml" "Mozilla/5.0 AppleWebKit/537.36 (KHTML, like Gecko; compatible; GPTBot/1.4; +https://openai.com/gptbot)"
74.7.243.231 - - [29/Jul/2026:15:56:55 +0200] "GET /shops/oxyphony/t4e2t8r1a4b7o5r8i1c8 HTTP/1.1" 404 81563 "https://royalty-trailers.co.za/sitemap.xml" "Mozilla/5.0 AppleWebKit/537.36 (KHTML, like Gecko; compatible; GPTBot/1.4; +https://openai.com/gptbot)"
74.7.243.231 - - [29/Jul/2026:15:57:01 +0200] "GET /shops/fenghwang/o4r4i8c1a4l0c8h5e08 HTTP/1.1" 404 81563 "https://royalty-trailers.co.za/sitemap.xml" "Mozilla/5.0 AppleWebKit/537.36 (KHTML, like Gecko; compatible; GPTBot/1.4; +https://openai.com/gptbot)"
74.7.243.231 - - [29/Jul/2026:15:57:06 +0200] "GET /shops/fastigiate/f4u4s8i0l0e3e2r870 HTTP/1.1" 404 81563 "https://royalty-trailers.co.za/sitemap.xml" "Mozilla/5.0 AppleWebKit/537.36 (KHTML, like Gecko; compatible; GPTBot/1.4; +https://openai.com/gptbot)"
74.7.243.231 - - [29/Jul/2026:15:57:12 +0200] "GET /leucopterus/irreverently/4648543150 HTTP/1.1" 404 81563 "https://royalty-trailers.co.za/sitemap.xml" "Mozilla/5.0 AppleWebKit/537.36 (KHTML, like Gecko; compatible; GPTBot/1.4; +https://openai.com/gptbot)"
216.73.217.39 - - [29/Jul/2026:15:57:13 +0200] "GET /?j=h4e3x4a8n7g7u2l5a1r48 HTTP/1.1" 200 203678 "-" "Mozilla/5.0 AppleWebKit/537.36 (KHTML, like Gecko; compatible; ClaudeBot/1.0; +claudebot@anthropic.com)"
164.68.125.131 - - [29/Jul/2026:15:57:17 +0200] "POST /wp-cron.php?doing_wp_cron=1785333437.7817790508270263671875 HTTP/1.1" 200 0 "-" "WordPress/6.9.4; https://royalty-trailers.co.za"
74.7.243.231 - - [29/Jul/2026:15:57:17 +0200] "GET /shops/cathartin/s4t1a8r3t1l2i9n6g20 HTTP/1.1" 404 81563 "https://royalty-trailers.co.za/sitemap.xml" "Mozilla/5.0 AppleWebKit/537.36 (KHTML, like Gecko; compatible; GPTBot/1.4; +https://openai.com/gptbot)"
216.73.217.39 - - [29/Jul/2026:15:57:18 +0200] "GET /?j=g4r4u2d0g5e87232 HTTP/1.1" 200 203564 "-" "Mozilla/5.0 AppleWebKit/537.36 (KHTML, like Gecko; compatible; ClaudeBot/1.0; +claudebot@anthropic.com)"
74.7.243.231 - - [29/Jul/2026:15:57:22 +0200] "GET /shops/forcite/a4t6o0m4i9z3a5t5i6o9n HTTP/1.1" 404 130715 "https://royalty-trailers.co.za/sitemap.xml" "Mozilla/5.0 AppleWebKit/537.36 (KHTML, like Gecko; compatible; GPTBot/1.4; +https://openai.com/gptbot)"
74.7.243.231 - - [29/Jul/2026:15:57:25 +0200] "GET /shops/oraculousness/d4i4c5t1a337849 HTTP/1.1" 404 81563 "https://royalty-trailers.co.za/sitemap.xml" "Mozilla/5.0 AppleWebKit/537.36 (KHTML, like Gecko; compatible; GPTBot/1.4; +https://openai.com/gptbot)"
74.7.243.231 - - [29/Jul/2026:15:57:29 +0200] "GET /shops/orpheline/s4h7r9o3v7i1n0g095 HTTP/1.1" 404 130715 "https://royalty-trailers.co.za/sitemap.xml" "Mozilla/5.0 AppleWebKit/537.36 (KHTML, like Gecko; compatible; GPTBot/1.4; +https://openai.com/gptbot)"
74.7.243.231 - - [29/Jul/2026:15:57:33 +0200] "GET /shops/swarve/o4x3i6d7a5t8i0o0n342 HTTP/1.1" 404 81563 "https://royalty-trailers.co.za/sitemap.xml" "Mozilla/5.0 AppleWebKit/537.36 (KHTML, like Gecko; compatible; GPTBot/1.4; +https://openai.com/gptbot)"
74.7.243.231 - - [29/Jul/2026:15:57:37 +0200] "GET /shops/deponed/l4a3n9g8u3i1s1h7e1d38 HTTP/1.1" 404 81563 "https://royalty-trailers.co.za/sitemap.xml" "Mozilla/5.0 AppleWebKit/537.36 (KHTML, like Gecko; compatible; GPTBot/1.4; +https://openai.com/gptbot)"
74.7.243.231 - - [29/Jul/2026:15:57:42 +0200] "GET /shops/ratoon/j4o3y7l6e2s1s0n7e3s6s3 HTTP/1.1" 404 81563 "https://royalty-trailers.co.za/sitemap.xml" "Mozilla/5.0 AppleWebKit/537.36 (KHTML, like Gecko; compatible; GPTBot/1.4; +https://openai.com/gptbot)"
216.73.217.39 - - [29/Jul/2026:15:57:42 +0200] "GET /shops/incremable/t4h3i6c6k7i8s2h8070 HTTP/1.1" 404 146249 "-" "Mozilla/5.0 AppleWebKit/537.36 (KHTML, like Gecko; compatible; ClaudeBot/1.0; +claudebot@anthropic.com)"
74.7.243.231 - - [29/Jul/2026:15:57:46 +0200] "GET /shops/ovicell/c4a2l4o1t2h9o3r0a1x40 HTTP/1.1" 404 81563 "https://royalty-trailers.co.za/sitemap.xml" "Mozilla/5.0 AppleWebKit/537.36 (KHTML, like Gecko; compatible; GPTBot/1.4; +https://openai.com/gptbot)"
216.73.217.39 - - [29/Jul/2026:15:57:49 +0200] "GET /?j=s4a1p8p4a0d7i7l3l2o4 HTTP/1.1" 200 203334 "-" "Mozilla/5.0 AppleWebKit/537.36 (KHTML, like Gecko; compatible; ClaudeBot/1.0; +claudebot@anthropic.com)"
74.7.243.231 - - [29/Jul/2026:15:57:50 +0200] "GET /shops/laidly/a4m2o1n4t8i3l1l2a8d0o0 HTTP/1.1" 404 81563 "https://royalty-trailers.co.za/sitemap.xml" "Mozilla/5.0 AppleWebKit/537.36 (KHTML, like Gecko; compatible; GPTBot/1.4; +https://openai.com/gptbot)"
74.7.243.231 - - [29/Jul/2026:15:57:54 +0200] "GET /shops/wronglessly/b4o1c7k0e0y317277 HTTP/1.1" 404 81563 "https://royalty-trailers.co.za/sitemap.xml" "Mozilla/5.0 AppleWebKit/537.36 (KHTML, like Gecko; compatible; GPTBot/1.4; +https://openai.com/gptbot)"
216.73.217.39 - - [29/Jul/2026:15:58:13 +0200] "GET /straightly/cankerworm/n4u6r2s6e1p7o1n3d74 HTTP/1.1" 404 146249 "-" "Mozilla/5.0 AppleWebKit/537.36 (KHTML, like Gecko; compatible; ClaudeBot/1.0; +claudebot@anthropic.com)"
164.68.125.131 - - [29/Jul/2026:15:58:16 +0200] "POST /wp-cron.php?doing_wp_cron=1785333496.0385069847106933593750 HTTP/1.1" 200 0 "-" "WordPress/6.9.4; https://royalty-trailers.co.za"
74.7.243.231 - - [29/Jul/2026:15:58:16 +0200] "GET /shops/melisma/l4a4n0g5u5a1g9i2n5g13 HTTP/1.1" 404 81563 "https://royalty-trailers.co.za/sitemap.xml" "Mozilla/5.0 AppleWebKit/537.36 (KHTML, like Gecko; compatible; GPTBot/1.4; +https://openai.com/gptbot)"
216.73.217.39 - - [29/Jul/2026:15:58:19 +0200] "GET /?j=c4o1n8f1e2c7t9i0o0n0e9rs HTTP/1.1" 200 203798 "-" "Mozilla/5.0 AppleWebKit/537.36 (KHTML, like Gecko; compatible; ClaudeBot/1.0; +claudebot@anthropic.com)"
74.7.243.231 - - [29/Jul/2026:15:58:26 +0200] "GET /shops/tritiated/d4o2o3r9l4e0s1s7645 HTTP/1.1" 404 81563 "https://royalty-trailers.co.za/sitemap.xml" "Mozilla/5.0 AppleWebKit/537.36 (KHTML, like Gecko; compatible; GPTBot/1.4; +https://openai.com/gptbot)"
74.7.243.231 - - [29/Jul/2026:15:58:31 +0200] "GET /shops/requiting/a4l2u6m9i0n3u9m0477 HTTP/1.1" 404 146249 "https://royalty-trailers.co.za/sitemap.xml" "Mozilla/5.0 AppleWebKit/537.36 (KHTML, like Gecko; compatible; GPTBot/1.4; +https://openai.com/gptbot)"
74.7.243.231 - - [29/Jul/2026:15:58:35 +0200] "GET /shops/districtly/a4r9t4e4r0i0a7c074 HTTP/1.1" 404 130715 "https://royalty-trailers.co.za/sitemap.xml" "Mozilla/5.0 AppleWebKit/537.36 (KHTML, like Gecko; compatible; GPTBot/1.4; +https://openai.com/gptbot)"
74.7.243.231 - - [29/Jul/2026:15:58:39 +0200] "GET /shops/maltobiose/s4i4x0t4i3e5t3h595 HTTP/1.1" 404 81563 "https://royalty-trailers.co.za/sitemap.xml" "Mozilla/5.0 AppleWebKit/537.36 (KHTML, like Gecko; compatible; GPTBot/1.4; +https://openai.com/gptbot)"
74.7.243.231 - - [29/Jul/2026:15:58:43 +0200] "GET /shops/originator/p4e3r7e4n6n7i3s686 HTTP/1.1" 404 81563 "https://royalty-trailers.co.za/sitemap.xml" "Mozilla/5.0 AppleWebKit/537.36 (KHTML, like Gecko; compatible; GPTBot/1.4; +https://openai.com/gptbot)"
216.73.217.39 - - [29/Jul/2026:15:58:44 +0200] "GET /?j=j4a1c7q9u1e6r1i3e713 HTTP/1.1" 200 203526 "-" "Mozilla/5.0 AppleWebKit/537.36 (KHTML, like Gecko; compatible; ClaudeBot/1.0; +claudebot@anthropic.com)"
74.7.243.231 - - [29/Jul/2026:15:58:47 +0200] "GET /shops/advocacy/l4o1g8c8o8c0k93904 HTTP/1.1" 404 146249 "https://royalty-trailers.co.za/sitemap.xml" "Mozilla/5.0 AppleWebKit/537.36 (KHTML, like Gecko; compatible; GPTBot/1.4; +https://openai.com/gptbot)"
74.7.243.231 - - [29/Jul/2026:15:58:52 +0200] "GET /prickmadam/catalectic/41061918308 HTTP/1.1" 404 81563 "https://royalty-trailers.co.za/sitemap.xml" "Mozilla/5.0 AppleWebKit/537.36 (KHTML, like Gecko; compatible; GPTBot/1.4; +https://openai.com/gptbot)"
74.7.243.231 - - [29/Jul/2026:15:58:56 +0200] "GET /shops/subjugate/b4o3s1t9o9n551224 HTTP/1.1" 404 81563 "https://royalty-trailers.co.za/sitemap.xml" "Mozilla/5.0 AppleWebKit/537.36 (KHTML, like Gecko; compatible; GPTBot/1.4; +https://openai.com/gptbot)"
216.73.217.39 - - [29/Jul/2026:15:58:57 +0200] "GET /?j=a4n1g8u5i3l9l7a3r4i0s8 HTTP/1.1" 200 203621 "-" "Mozilla/5.0 AppleWebKit/537.36 (KHTML, like Gecko; compatible; ClaudeBot/1.0; +claudebot@anthropic.com)"
164.68.125.131 - - [29/Jul/2026:15:59:23 +0200] "POST /wp-cron.php?doing_wp_cron=1785333563.9182150363922119140625 HTTP/1.1" 200 0 "-" "WordPress/6.9.4; https://royalty-trailers.co.za"
74.7.243.231 - - [29/Jul/2026:15:59:24 +0200] "GET /shops/pungency/s4c1o6p4p7e9t57434 HTTP/1.1" 404 81563 "https://royalty-trailers.co.za/sitemap.xml" "Mozilla/5.0 AppleWebKit/537.36 (KHTML, like Gecko; compatible; GPTBot/1.4; +https://openai.com/gptbot)"
216.73.217.39 - - [29/Jul/2026:15:59:24 +0200] "GET /?j=n4u3m2m0u3l8a4r1i4a29 HTTP/1.1" 200 203447 "-" "Mozilla/5.0 AppleWebKit/537.36 (KHTML, like Gecko; compatible; ClaudeBot/1.0; +claudebot@anthropic.com)"
74.7.243.231 - - [29/Jul/2026:15:59:32 +0200] "GET /shops/armillary/c4u1s3t0o5s994250 HTTP/1.1" 404 81563 "https://royalty-trailers.co.za/sitemap.xml" "Mozilla/5.0 AppleWebKit/537.36 (KHTML, like Gecko; compatible; GPTBot/1.4; +https://openai.com/gptbot)"
74.7.243.231 - - [29/Jul/2026:15:59:36 +0200] "GET /shops/lauding/s4e4e1m4l5i8l0y2644 HTTP/1.1" 404 81563 "https://royalty-trailers.co.za/sitemap.xml" "Mozilla/5.0 AppleWebKit/537.36 (KHTML, like Gecko; compatible; GPTBot/1.4; +https://openai.com/gptbot)"
74.7.243.231 - - [29/Jul/2026:15:59:41 +0200] "GET /shops/fillet/s4h1a2c1k1l4i0n2g480 HTTP/1.1" 404 81563 "https://royalty-trailers.co.za/sitemap.xml" "Mozilla/5.0 AppleWebKit/537.36 (KHTML, like Gecko; compatible; GPTBot/1.4; +https://openai.com/gptbot)"
74.7.243.231 - - [29/Jul/2026:15:59:46 +0200] "GET /shops/honeycomb/c4u8d7w5e5e6d7996 HTTP/1.1" 404 81563 "https://royalty-trailers.co.za/sitemap.xml" "Mozilla/5.0 AppleWebKit/537.36 (KHTML, like Gecko; compatible; GPTBot/1.4; +https://openai.com/gptbot)"
57.141.0.33 - - [29/Jul/2026:15:59:49 +0200] "GET /?j=b9e3m4o4a1n780835 HTTP/1.1" 200 203338 "-" "Mozilla/5.0 (Windows NT 10.0; Win64; x64) AppleWebKit/537.36 (KHTML, like Gecko) Chrome/145.0.0.0 Safari/537.36 (compatible; meta-externalagent/1.1 (+https://developers.facebook.com/docs/sharing/webmasters/crawler))"
216.73.217.39 - - [29/Jul/2026:15:59:50 +0200] "GET /?j=i4r3r9i2g4a3t3i3n9g37 HTTP/1.1" 200 203918 "-" "Mozilla/5.0 AppleWebKit/537.36 (KHTML, like Gecko; compatible; ClaudeBot/1.0; +claudebot@anthropic.com)"
74.7.243.231 - - [29/Jul/2026:15:59:52 +0200] "GET /shops/corno/c4a8t2a4c7l6y5s5m9a4l HTTP/1.1" 404 81563 "https://royalty-trailers.co.za/sitemap.xml" "Mozilla/5.0 AppleWebKit/537.36 (KHTML, like Gecko; compatible; GPTBot/1.4; +https://openai.com/gptbot)"
216.73.217.39 - - [29/Jul/2026:15:59:57 +0200] "GET /?j=w4r3e1s0t2l9i7n6g02 HTTP/1.1" 200 203526 "-" "Mozilla/5.0 AppleWebKit/537.36 (KHTML, like Gecko; compatible; ClaudeBot/1.0; +claudebot@anthropic.com)"
